000
CDUS41 KALY 280621
CLIPOU


CLIMATE REPORT
NATIONAL WEATHER SERVICE ALBANY NY
221 AM EDT THU JUL 28 2016


...................................

...THE POUGHKEEPSIE NY CLIMATE SUMMARY FOR JULY 27 2016...

CLIMATE NORMAL PERIOD 1981 TO 2010
CLIMATE RECORD PERIOD 1949 TO 2016


WEATHER ITEM   OBSERVED TIME   RECORD YEAR NORMAL DEPARTURE LAST
                VALUE   (LST)  VALUE       VALUE  FROM      YEAR
                                                  NORMAL
..................................................................
TEMPERATURE (F)
 YESTERDAY
  MAXIMUM         92    352 PM  97    2005  85      7       88
  MINIMUM         62    451 AM  47    1977  61      1       67
  AVERAGE         77                        73      4       78

PRECIPITATION (IN)
  YESTERDAY        0.00          1.33 1974   0.16  -0.16     0.00
  MONTH TO DATE    3.19                      3.98  -0.79     1.74
  SINCE JUN 1      5.22                      8.41  -3.19     5.87
  SINCE JAN 1     17.38                     25.91  -8.53    16.54

DEGREE DAYS
 HEATING
  YESTERDAY        0                         0      0        0
  MONTH TO DATE    0                         0      0        0
  SINCE JUN 1      8                        49    -41       46
  SINCE JUL 1      0                         0      0        0

 COOLING
  YESTERDAY       12                         8      4       13
  MONTH TO DATE  312                       208    104      228
  SINCE JUN 1    483                       335    148      361
  SINCE JAN 1    564                       371    193      474
..................................................................


WIND (MPH)
  HIGHEST WIND SPEED    10   HIGHEST WIND DIRECTION    SW (240)
  HIGHEST GUST SPEED    14   HIGHEST GUST DIRECTION    NW (320)
  AVERAGE WIND SPEED     2.3


SKY COVER
  AVERAGE SKY COVER 0.0



RELATIVE HUMIDITY (PERCENT)
 HIGHEST    93           200 AM
 LOWEST     32           500 PM
 AVERAGE    63

..........................................................


THE POUGHKEEPSIE NY CLIMATE NORMALS FOR TODAY
                         NORMAL    RECORD    YEAR
 MAXIMUM TEMPERATURE (F)   85        96      1949
 MINIMUM TEMPERATURE (F)   61        47      1977


SUNRISE AND SUNSET
JULY 28 2016..........SUNRISE   546 AM EDT   SUNSET   817 PM EDT
JULY 29 2016..........SUNRISE   547 AM EDT   SUNSET   816 PM EDT


-  INDICATES NEGATIVE NUMBERS.
R  INDICATES RECORD WAS SET OR TIED.
MM INDICATES DATA IS MISSING.
T  INDICATES TRACE AMOUNT.




RECORDS FOR KPOU DATE BACK TO 1949...
HOWEVER...DATA IS MISSING FROM JANUARY 1993 - JULY 2000.
$$
