000
CDUS41 KALY 190625
CLIPOU


CLIMATE REPORT
NATIONAL WEATHER SERVICE ALBANY NY
124 AM EST SUN NOV 19 2017


...................................

...THE POUGHKEEPSIE NY CLIMATE SUMMARY FOR NOVEMBER 18 2017...

CLIMATE NORMAL PERIOD 1981 TO 2010
CLIMATE RECORD PERIOD 1949 TO 2017


WEATHER ITEM   OBSERVED TIME   RECORD YEAR NORMAL DEPARTURE LAST
                VALUE   (LST)  VALUE       VALUE  FROM      YEAR
                                                  NORMAL
..................................................................
TEMPERATURE (F)
 YESTERDAY
  MAXIMUM         46   1159 PM  69    1963  52     -6       58
                                      1953
  MINIMUM         20    633 AM  17    1959  30    -10       27
  AVERAGE         33                        41     -8       43

PRECIPITATION (IN)
  YESTERDAY        0.17          0.75 1980   0.11   0.06     0.00
  MONTH TO DATE    0.61                      2.04  -1.43     1.83
  SINCE SEP 1      6.23                     10.79  -4.56     5.30
  SINCE JAN 1     35.33                     41.57  -6.24    27.62

DEGREE DAYS
 HEATING
  YESTERDAY       32                        24      8       22
  MONTH TO DATE  434                       386     48      369
  SINCE SEP 1    751                       945   -194      829
  SINCE JUL 1    771                       962   -191      831

 COOLING
  YESTERDAY        0                         0      0        0
  MONTH TO DATE    0                         0      0        0
  SINCE SEP 1    144                        68     76      111
  SINCE JAN 1    718                       672     46     1053
..................................................................


WIND (MPH)
  HIGHEST WIND SPEED    13   HIGHEST WIND DIRECTION     S (170)
  HIGHEST GUST SPEED    20   HIGHEST GUST DIRECTION     S (180)
  AVERAGE WIND SPEED     2.9


SKY COVER
  AVERAGE SKY COVER 0.4



RELATIVE HUMIDITY (PERCENT)
 HIGHEST    89           600 PM
 LOWEST     53          1200 PM
 AVERAGE    71

..........................................................


THE POUGHKEEPSIE NY CLIMATE NORMALS FOR TODAY
                         NORMAL    RECORD    YEAR
 MAXIMUM TEMPERATURE (F)   51        67      1991
 MINIMUM TEMPERATURE (F)   30        16      1986


SUNRISE AND SUNSET
NOVEMBER 19 2017......SUNRISE   650 AM EST   SUNSET   432 PM EST
NOVEMBER 20 2017......SUNRISE   651 AM EST   SUNSET   431 PM EST


-  INDICATES NEGATIVE NUMBERS.
R  INDICATES RECORD WAS SET OR TIED.
MM INDICATES DATA IS MISSING.
T  INDICATES TRACE AMOUNT.




RECORDS FOR KPOU DATE BACK TO 1949...
HOWEVER...DATA IS MISSING FROM JANUARY 1993 - JULY 2000.
$$
