000
CDUS46 KLOX 310926
CLIPRB


CLIMATE REPORT
NATIONAL WEATHER SERVICE LOS ANGELES/OXNARD CA
225 AM PDT TUE MAY 31 2016


...................................

...THE PASO ROBLES AIRPORT CA CLIMATE SUMMARY FOR MAY 30 2016...

CLIMATE NORMAL PERIOD 1981 TO 2010
CLIMATE RECORD PERIOD 1948 TO 2016


WEATHER ITEM   OBSERVED TIME   RECORD YEAR NORMAL DEPARTURE LAST
                VALUE   (LST)  VALUE       VALUE  FROM      YEAR
                                                  NORMAL
..................................................................
TEMPERATURE (F)
 YESTERDAY
  MAXIMUM         93    137 PM 102    2001  84      9       91
  MINIMUM         49    459 AM  38    2011  48      1       48
  AVERAGE         71                        66      5       70

PRECIPITATION (IN)
  YESTERDAY        0.00          0.04 1973   0.01  -0.01     0.00
  MONTH TO DATE    T                         0.26  -0.26     0.15
  SINCE OCT 1      8.06                     12.43  -4.37     8.63
  SINCE JAN 1      6.00                      8.77  -2.77     2.91

SNOWFALL (IN)
  YESTERDAY        0.0
  MONTH TO DATE    0.0
  SINCE MAR 1      0.0
  SINCE JUL 1      0.0

DEGREE DAYS
 HEATING
  YESTERDAY        0                         2     -2        0
  MONTH TO DATE   69                       106    -37      115
  SINCE MAR 1    471                       725   -254      443
  SINCE JUL 1   2258                      2818   -560     1803

 COOLING
  YESTERDAY        6                         3      3        5
  MONTH TO DATE   46                        56    -10       31
  SINCE MAR 1     51                        65    -14       71
  SINCE JAN 1     51                        65    -14       71
..................................................................


WIND (MPH)
  HIGHEST WIND SPEED    23   HIGHEST WIND DIRECTION    NW (300)
  HIGHEST GUST SPEED    28   HIGHEST GUST DIRECTION    NW (310)
  AVERAGE WIND SPEED     6.7


SKY COVER
  POSSIBLE SUNSHINE  MM
  AVERAGE SKY COVER 0.1


WEATHER CONDITIONS
 THE FOLLOWING WEATHER WAS RECORDED YESTERDAY.
  FOG


RELATIVE HUMIDITY (PERCENT)
 HIGHEST    93           500 AM
 LOWEST     13           100 PM
 AVERAGE    53

..........................................................


THE PASO ROBLES AIRPORT CA CLIMATE NORMALS FOR TODAY
                         NORMAL    RECORD    YEAR
 MAXIMUM TEMPERATURE (F)   84       106      2001
 MINIMUM TEMPERATURE (F)   48        35      2011


SUNRISE AND SUNSET
MAY 31 2016...........SUNRISE   548 AM PDT   SUNSET   813 PM PDT
JUNE  1 2016..........SUNRISE   548 AM PDT   SUNSET   813 PM PDT


-  INDICATES NEGATIVE NUMBERS.
R  INDICATES RECORD WAS SET OR TIED.
MM INDICATES DATA IS MISSING.
T  INDICATES TRACE AMOUNT.




$$
