000
CDUS46 KLOX 290116
CLIPRB


CLIMATE REPORT
NATIONAL WEATHER SERVICE LOS ANGELES/OXNARD CA
516 PM PST WED JAN 28 2015


...................................

...THE PASO ROBLES AIRPORT CA CLIMATE SUMMARY FOR JANUARY 28 2015...
VALID TODAY AS OF 0500 PM LOCAL TIME.

CLIMATE NORMAL PERIOD 1981 TO 2010
CLIMATE RECORD PERIOD 1948 TO 2015


WEATHER ITEM   OBSERVED TIME   RECORD YEAR NORMAL DEPARTURE LAST
                VALUE   (LST)  VALUE       VALUE  FROM      YEAR
                                                  NORMAL
..................................................................
TEMPERATURE (F)
 TODAY
  MAXIMUM         61    232 PM  76    1976  60      1       74
  MINIMUM         40    839 AM  17    1975  36      4       36
  AVERAGE         51                        48      3       55

PRECIPITATION (IN)
  TODAY            0.00          0.46 1981   0.08  -0.08     0.00
  MONTH TO DATE    0.24                      2.47  -2.23     0.00
  SINCE OCT 1      5.96                      6.13  -0.17     0.46
  SINCE JAN 1      0.24                      2.47  -2.23     0.00

SNOWFALL (IN)
  TODAY            0.0
  MONTH TO DATE    0.0
  SINCE DEC 1      0.0
  SINCE JUL 1      0.0

DEGREE DAYS
 HEATING
  TODAY           14                        17     -3       10
  MONTH TO DATE  402                       501    -99      342
  SINCE DEC 1    791                      1076   -285      925
  SINCE JUL 1   1070                      1625   -555     1377

 COOLING
  TODAY            0                         0      0        0
  MONTH TO DATE    0                         0      0        0
  SINCE DEC 1      0                         0      0        0
  SINCE JAN 1      0                         0      0        0
..................................................................


WIND (MPH)
  HIGHEST WIND SPEED    15   HIGHEST WIND DIRECTION     E (90)
  HIGHEST GUST SPEED    23   HIGHEST GUST DIRECTION     E (70)
  AVERAGE WIND SPEED     3.5


SKY COVER
  POSSIBLE SUNSHINE  MM
  AVERAGE SKY COVER 0.2


WEATHER CONDITIONS
 THE FOLLOWING WEATHER WAS RECORDED TODAY.
  FOG
  FOG W/VISIBILITY <= 1/4 MILE


RELATIVE HUMIDITY (PERCENT)
 HIGHEST    96           300 AM
 LOWEST     64           300 PM
 AVERAGE    80

..........................................................


THE PASO ROBLES AIRPORT CA CLIMATE NORMALS FOR TOMORROW
                         NORMAL    RECORD    YEAR
 MAXIMUM TEMPERATURE (F)   60        77      1976
 MINIMUM TEMPERATURE (F)   36        22      1979


SUNRISE AND SUNSET
JANUARY 28 2015.......SUNRISE   705 AM PST   SUNSET   526 PM PST
JANUARY 29 2015.......SUNRISE   705 AM PST   SUNSET   527 PM PST


-  INDICATES NEGATIVE NUMBERS.
R  INDICATES RECORD WAS SET OR TIED.
MM INDICATES DATA IS MISSING.
T  INDICATES TRACE AMOUNT.




$$
