000
CDUS46 KLOX 291104
CLIPRB


CLIMATE REPORT
NATIONAL WEATHER SERVICE LOS ANGELES/OXNARD CA
404 AM PDT FRI AUG 29 2014


...................................

...THE PASO ROBLES AIRPORT CA CLIMATE SUMMARY FOR AUGUST 28 2014...

CLIMATE NORMAL PERIOD 1981 TO 2010
CLIMATE RECORD PERIOD 1948 TO 2014


WEATHER ITEM   OBSERVED TIME   RECORD YEAR NORMAL DEPARTURE LAST
                VALUE   (LST)  VALUE       VALUE  FROM      YEAR
                                                  NORMAL
..................................................................
TEMPERATURE (F)
 YESTERDAY
  MAXIMUM         95    126 PM 107    2008  92      3       97
                                      1998
  MINIMUM         48    610 AM  44    1955  53     -5       55
  AVERAGE         72                        72      0       76

PRECIPITATION (IN)
  YESTERDAY        0.00          0.00   MM   0.01  -0.01     0.00
  MONTH TO DATE    0.00                      0.10  -0.10     0.00
  SINCE JUL 1      T                         0.10  -0.10      T
  SINCE JAN 1      4.46                      8.89  -4.43     1.46

SNOWFALL (IN)
  YESTERDAY        0.0
  MONTH TO DATE    0.0
  SINCE JUN 1      0.0
  SINCE JUL 1      0.0

DEGREE DAYS
 HEATING
  YESTERDAY        0                         0      0        0
  MONTH TO DATE    0                         0      0        0
  SINCE JUN 1     11                        31    -20        5
  SINCE JUL 1      0                         4     -4        0

 COOLING
  YESTERDAY        7                         8     -1       11
  MONTH TO DATE  234                       237     -3      256
  SINCE JUN 1    810                       646    164      801
  SINCE JAN 1    963                       714    249      931
..................................................................


WIND (MPH)
  HIGHEST WIND SPEED    22   HIGHEST WIND DIRECTION     S (190)
  HIGHEST GUST SPEED    26   HIGHEST GUST DIRECTION     S (190)
  AVERAGE WIND SPEED     6.2


SKY COVER
  POSSIBLE SUNSHINE  MM
  AVERAGE SKY COVER 0.1


WEATHER CONDITIONS
 THE FOLLOWING WEATHER WAS RECORDED YESTERDAY.
  FOG
  FOG W/VISIBILITY <= 1/4 MILE
  HAZE


RELATIVE HUMIDITY (PERCENT)
 HIGHEST    93           600 AM
 LOWEST      6           200 PM
 AVERAGE    50

..........................................................


THE PASO ROBLES AIRPORT CA CLIMATE NORMALS FOR TODAY
                         NORMAL    RECORD    YEAR
 MAXIMUM TEMPERATURE (F)   92       109      1998
 MINIMUM TEMPERATURE (F)   53        44      1964


SUNRISE AND SUNSET
AUGUST 29 2014........SUNRISE   632 AM PDT   SUNSET   734 PM PDT
AUGUST 30 2014........SUNRISE   633 AM PDT   SUNSET   732 PM PDT


-  INDICATES NEGATIVE NUMBERS.
R  INDICATES RECORD WAS SET OR TIED.
MM INDICATES DATA IS MISSING.
T  INDICATES TRACE AMOUNT.




$$
