686
CDUS46 KLOX 190923
CLIPRB


CLIMATE REPORT
NATIONAL WEATHER SERVICE LOS ANGELES/OXNARD CA
123 AM PST FRI JAN 19 2018


...................................

...THE PASO ROBLES AIRPORT CA CLIMATE SUMMARY FOR JANUARY 18 2018...

CLIMATE NORMAL PERIOD 1981 TO 2010
CLIMATE RECORD PERIOD 1948 TO 2018


WEATHER ITEM   OBSERVED TIME   RECORD YEAR NORMAL DEPARTURE LAST
                VALUE   (LST)  VALUE       VALUE  FROM      YEAR
                                                  NORMAL
..................................................................
TEMPERATURE (F)
 YESTERDAY
  MAXIMUM         70    148 PM  81    1994  60     10       53
  MINIMUM         41    730 AM  18    2012  35      6       37
  AVERAGE         56                        47      9       45

PRECIPITATION (IN)
  YESTERDAY        0.00          2.15 1973   0.08  -0.08     0.44
  MONTH TO DATE    1.89                      1.61   0.28     4.42
  SINCE OCT 1      2.16                      5.27  -3.11     8.10
  SINCE JAN 1      1.89                      1.61   0.28     4.42

SNOWFALL (IN)
  YESTERDAY        0.0
  MONTH TO DATE    0.0
  SINCE DEC 1      0.0
  SINCE JUL 1      0.0

DEGREE DAYS
 HEATING
  YESTERDAY        9                        18     -9       20
  MONTH TO DATE  175                       329   -154      291
  SINCE DEC 1    702                       904   -202      820
  SINCE JUL 1   1079                      1453   -374     1204

 COOLING
  YESTERDAY        0                         0      0        0
  MONTH TO DATE    0                         0      0        0
  SINCE DEC 1      0                         0      0        0
  SINCE JAN 1      0                         0      0        0
..................................................................


WIND (MPH)
  HIGHEST WIND SPEED    17   HIGHEST WIND DIRECTION    SW (210)
  HIGHEST GUST SPEED    22   HIGHEST GUST DIRECTION     S (190)
  AVERAGE WIND SPEED     5.8


SKY COVER
  POSSIBLE SUNSHINE  MM
  AVERAGE SKY COVER 0.1


WEATHER CONDITIONS
 THE FOLLOWING WEATHER WAS RECORDED YESTERDAY.
  NO SIGNIFICANT WEATHER WAS OBSERVED.


RELATIVE HUMIDITY (PERCENT)
 HIGHEST   100           800 AM
 LOWEST     44           100 PM
 AVERAGE    72

..........................................................


THE PASO ROBLES AIRPORT CA CLIMATE NORMALS FOR TODAY
                         NORMAL    RECORD    YEAR
 MAXIMUM TEMPERATURE (F)   60        78      1994
 MINIMUM TEMPERATURE (F)   35        19      2012


SUNRISE AND SUNSET
JANUARY 19 2018.......SUNRISE   710 AM PST   SUNSET   517 PM PST
JANUARY 20 2018.......SUNRISE   710 AM PST   SUNSET   518 PM PST


-  INDICATES NEGATIVE NUMBERS.
R  INDICATES RECORD WAS SET OR TIED.
MM INDICATES DATA IS MISSING.
T  INDICATES TRACE AMOUNT.




$$
