000
CDUS46 KLOX 250909
CLIPRB


CLIMATE REPORT
NATIONAL WEATHER SERVICE LOS ANGELES/OXNARD CA
208 AM PDT MON MAY 25 2015


...................................

...THE PASO ROBLES AIRPORT CA CLIMATE SUMMARY FOR MAY 24 2015...

CLIMATE NORMAL PERIOD 1981 TO 2010
CLIMATE RECORD PERIOD 1948 TO 2015


WEATHER ITEM   OBSERVED TIME   RECORD YEAR NORMAL DEPARTURE LAST
                VALUE   (LST)  VALUE       VALUE  FROM      YEAR
                                                  NORMAL
..................................................................
TEMPERATURE (F)
 YESTERDAY
  MAXIMUM         81    323 PM  99    2001  83     -2       84
  MINIMUM         50    626 AM  35    1980  47      3       51
  AVERAGE         66                        65      1       68

PRECIPITATION (IN)
  YESTERDAY        0.00          0.00   MM   0.00   0.00     0.00
  MONTH TO DATE    0.15                      0.23  -0.08      T
  SINCE OCT 1      8.63                     12.40  -3.77     4.92
  SINCE JAN 1      2.91                      8.74  -5.83     4.46

SNOWFALL (IN)
  YESTERDAY        0.0
  MONTH TO DATE    0.0
  SINCE MAR 1      0.0
  SINCE JUL 1      0.0

DEGREE DAYS
 HEATING
  YESTERDAY        0                         3     -3        0
  MONTH TO DATE  111                        94     17       31
  SINCE MAR 1    439                       713   -274      401
  SINCE JUL 1   1799                      2806  -1007     2106

 COOLING
  YESTERDAY        1                         2     -1        3
  MONTH TO DATE    8                        38    -30       88
  SINCE MAR 1     48                        47      1      106
  SINCE JAN 1     48                        47      1      106
..................................................................


WIND (MPH)
  HIGHEST WIND SPEED    20   HIGHEST WIND DIRECTION     S (200)
  HIGHEST GUST SPEED    24   HIGHEST GUST DIRECTION     S (190)
  AVERAGE WIND SPEED     8.6


SKY COVER
  POSSIBLE SUNSHINE  MM
  AVERAGE SKY COVER 0.2


WEATHER CONDITIONS
 THE FOLLOWING WEATHER WAS RECORDED YESTERDAY.
  NO SIGNIFICANT WEATHER WAS OBSERVED.


RELATIVE HUMIDITY (PERCENT)
 HIGHEST    86           300 AM
 LOWEST     33           100 PM
 AVERAGE    60

..........................................................


THE PASO ROBLES AIRPORT CA CLIMATE NORMALS FOR TODAY
                         NORMAL    RECORD    YEAR
 MAXIMUM TEMPERATURE (F)   83       100      1951
 MINIMUM TEMPERATURE (F)   47        33      1980


SUNRISE AND SUNSET
MAY 25 2015...........SUNRISE   551 AM PDT   SUNSET   808 PM PDT
MAY 26 2015...........SUNRISE   551 AM PDT   SUNSET   809 PM PDT


-  INDICATES NEGATIVE NUMBERS.
R  INDICATES RECORD WAS SET OR TIED.
MM INDICATES DATA IS MISSING.
T  INDICATES TRACE AMOUNT.




$$
