000
CDUS46 KPDT 280837
CLIPSC

CLIMATE REPORT
NATIONAL WEATHER SERVICE PENDLETON OR
137 AM PDT FRI AUG 28 2015


...................................

...THE PASCO WA CLIMATE SUMMARY FOR AUGUST 27 2015...

CLIMATE NORMAL PERIOD 1981 TO 2010
CLIMATE RECORD PERIOD 1948 TO 2015


WEATHER ITEM   OBSERVED TIME   RECORD YEAR NORMAL DEPARTURE LAST
                VALUE   (LST)  VALUE       VALUE  FROM      YEAR
                                                  NORMAL
..................................................................
TEMPERATURE (F)
 YESTERDAY
  MAXIMUM         98    408 PM 100    1999  87     11       99
  MINIMUM         56    536 AM  45    2007  53      3       55
  AVERAGE         77                        70      7       77

PRECIPITATION (IN)
  YESTERDAY        0.00          0.26 1953   0.01  -0.01     0.00
  MONTH TO DATE    0.03                      0.22  -0.19     0.47
  SINCE OCT 1      5.60                      8.38  -2.78     3.64
  SINCE JAN 1      3.23                      5.43  -2.20     3.06

SNOWFALL (IN)
  YESTERDAY        0.0
  SNOW DEPTH       0

DEGREE DAYS
 HEATING
  YESTERDAY        0                         1     -1        0
  MONTH TO DATE    0                         2     -2        0
  SINCE JUN 1      1                        39    -38       18
  SINCE JUL 1      0                         7     -7        0

 COOLING
  YESTERDAY       12                         6      6       12
  MONTH TO DATE  253                       226     27      311
  SINCE JUN 1    964                       603    361      858
  SINCE JAN 1   1046                       636    410      892
..................................................................


WIND (MPH)
  RESULTANT WIND SPEED   3   RESULTANT WIND DIRECTION  SW (220)
  HIGHEST WIND SPEED    16   HIGHEST WIND DIRECTION    SW (240)
  HIGHEST GUST SPEED    22   HIGHEST GUST DIRECTION    SW (240)


SKY COVER
  POSSIBLE SUNSHINE  MM
  AVERAGE SKY COVER 0.0


WEATHER CONDITIONS
 THE FOLLOWING WEATHER WAS RECORDED YESTERDAY.
  HAZE


RELATIVE HUMIDITY (PERCENT)
 HIGHEST    86
 LOWEST     17
 AVERAGE    52

..........................................................


THE PASCO WA CLIMATE NORMALS FOR TODAY
                         NORMAL    RECORD    YEAR
 MAXIMUM TEMPERATURE (F)   87       103      1999
 MINIMUM TEMPERATURE (F)   53        44      2007


SUNRISE AND SUNSET
AUGUST 28 2015........SUNRISE   612 AM PDT   SUNSET   743 PM PDT
AUGUST 29 2015........SUNRISE   613 AM PDT   SUNSET   741 PM PDT


-  INDICATES NEGATIVE NUMBERS.
R  INDICATES RECORD WAS SET OR TIED.
MM INDICATES DATA IS MISSING.
T  INDICATES TRACE AMOUNT.


$$
