018
CDUS46 KPDT 210848 RRB
CLIPSC

CLIMATE REPORT
NATIONAL WEATHER SERVICE PENDLETON OR
132 AM PDT SAT OCT 21 2017


...................................

...THE PASCO WA CLIMATE SUMMARY FOR OCTOBER 20 2017...

CLIMATE NORMAL PERIOD 1981 TO 2010
CLIMATE RECORD PERIOD 1948 TO 2017


WEATHER ITEM   OBSERVED TIME   RECORD YEAR NORMAL DEPARTURE LAST
                VALUE   (LST)  VALUE       VALUE  FROM      YEAR
                                                  NORMAL
..................................................................
TEMPERATURE (F)
 YESTERDAY
  MAXIMUM         61    158 PM  84    1907  64     -3       67
  MINIMUM         47   1134 PM  21    1949  37     10       46
                                      1911
  AVERAGE         54                        50      4       57

PRECIPITATION (IN)
  YESTERDAY        0.00          0.90 1947   0.02  -0.02     0.08
  MONTH TO DATE    0.34                      0.43  -0.09     1.39
  SINCE OCT 1      0.34                      0.43  -0.09     1.39
  SINCE JAN 1      6.69                      6.31   0.38     7.01

SNOWFALL (IN)
  YESTERDAY        0.0
  SNOW DEPTH       0

DEGREE DAYS
 HEATING
  YESTERDAY       11                        15     -4        8
  MONTH TO DATE  245                       223     22      171
  SINCE SEP 1    333                       322     11      250
  SINCE JUL 1    333                       334     -1      250

 COOLING
  YESTERDAY        0                         0      0        0
  MONTH TO DATE    0                         0      0        0
  SINCE SEP 1    103                        52     51       27
  SINCE JAN 1    981                       709    272      778
..................................................................


WIND (MPH)
  RESULTANT WIND SPEED  20   RESULTANT WIND DIRECTION  SW (230)
  HIGHEST WIND SPEED    37   HIGHEST WIND DIRECTION    SW (240)
  HIGHEST GUST SPEED    44   HIGHEST GUST DIRECTION     W (250)


SKY COVER
  POSSIBLE SUNSHINE  MM
  AVERAGE SKY COVER 0.2


WEATHER CONDITIONS
 THE FOLLOWING WEATHER WAS RECORDED YESTERDAY.
  NO SIGNIFICANT WEATHER WAS OBSERVED.


RELATIVE HUMIDITY (PERCENT)
 HIGHEST    77
 LOWEST     42
 AVERAGE    60

..........................................................


THE PASCO WA CLIMATE NORMALS FOR TODAY
                         NORMAL    RECORD    YEAR
 MAXIMUM TEMPERATURE (F)   63        88      2003
 MINIMUM TEMPERATURE (F)   37        23      1928
                                             1905


SUNRISE AND SUNSET
OCTOBER 21 2017.......SUNRISE   722 AM PDT   SUNSET   559 PM PDT
OCTOBER 22 2017.......SUNRISE   724 AM PDT   SUNSET   557 PM PDT


-  INDICATES NEGATIVE NUMBERS.
R  INDICATES RECORD WAS SET OR TIED.
MM INDICATES DATA IS MISSING.
T  INDICATES TRACE AMOUNT.




$$
