000
CDUS46 KPDT 120845
CLIPSC

CLIMATE REPORT
NATIONAL WEATHER SERVICE PENDLETON OR
1245 AM PST TUE DEC 12 2017

...................................

...THE PASCO WA CLIMATE SUMMARY FOR DECEMBER 11 2017...

CLIMATE NORMAL PERIOD 1981 TO 2010
CLIMATE RECORD PERIOD 1948 TO 2017


WEATHER ITEM   OBSERVED TIME   RECORD YEAR NORMAL DEPARTURE LAST
                VALUE   (LST)  VALUE       VALUE  FROM      YEAR
                                                  NORMAL
..................................................................
TEMPERATURE (F)
 YESTERDAY
  MAXIMUM         34    409 PM  68    1993  40     -6       30
  MINIMUM         31    805 AM  -8    1932  27      4       15
  AVERAGE         33                        33      0       23

PRECIPITATION (IN)
  YESTERDAY        0.00          0.60 1937   0.03  -0.03     0.01
  MONTH TO DATE    T                         0.33  -0.33     0.16
  SINCE OCT 1      1.84                      2.07  -0.23     3.28
  SINCE JAN 1      8.19                      7.95   0.24     8.90

SNOWFALL (IN)
  YESTERDAY        0.0
  SNOW DEPTH       0

DEGREE DAYS
 HEATING
  YESTERDAY       32                        32      0       42
  MONTH TO DATE  354                       335     19      372
  SINCE DEC 1    354                       335     19      372
  SINCE JUL 1   1522                      1564    -42     1318

 COOLING
  YESTERDAY        0                         0      0        0
  MONTH TO DATE    0                         0      0        0
  SINCE DEC 1      0                         0      0        0
  SINCE JAN 1    981                       710    271      778
..................................................................


WIND (MPH)
  RESULTANT WIND SPEED   3   RESULTANT WIND DIRECTION   E (100)
  HIGHEST WIND SPEED     8   HIGHEST WIND DIRECTION    SE (120)
  HIGHEST GUST SPEED     9   HIGHEST GUST DIRECTION    SE (120)


SKY COVER
  POSSIBLE SUNSHINE  MM
  AVERAGE SKY COVER 1.0


WEATHER CONDITIONS
 THE FOLLOWING WEATHER WAS RECORDED YESTERDAY.
  NO SIGNIFICANT WEATHER WAS OBSERVED.


RELATIVE HUMIDITY (PERCENT)
 HIGHEST    85
 LOWEST     72
 AVERAGE    79

..........................................................


THE PASCO WA CLIMATE NORMALS FOR TODAY
                         NORMAL    RECORD    YEAR
 MAXIMUM TEMPERATURE (F)   40        70      1921
 MINIMUM TEMPERATURE (F)   26       -11      1922


SUNRISE AND SUNSET
DECEMBER 12 2017......SUNRISE   730 AM PST   SUNSET   410 PM PST
DECEMBER 13 2017......SUNRISE   731 AM PST   SUNSET   410 PM PST


-  INDICATES NEGATIVE NUMBERS.
R  INDICATES RECORD WAS SET OR TIED.
MM INDICATES DATA IS MISSING.
T  INDICATES TRACE AMOUNT.

$$
