000
CDUS46 KPDT 300837
CLIPSC

CLIMATE REPORT
NATIONAL WEATHER SERVICE PENDLETON OR
137 AM PDT THU MAR 30 2017


...................................

...THE PASCO WA CLIMATE SUMMARY FOR MARCH 29 2017...

CLIMATE NORMAL PERIOD 1981 TO 2010
CLIMATE RECORD PERIOD 1948 TO 2017


WEATHER ITEM   OBSERVED TIME   RECORD YEAR NORMAL DEPARTURE LAST
                VALUE   (LST)  VALUE       VALUE  FROM      YEAR
                                                  NORMAL
..................................................................
TEMPERATURE (F)
 YESTERDAY
  MAXIMUM         60        MM  77    2004  63     -3       69
  MINIMUM         MM        MM  27    2016  37     MM       27
  AVERAGE         MM                        50     MM       48

PRECIPITATION (IN)
  YESTERDAY       MM             0.17 1955   0.03  MM        0.00
  MONTH TO DATE    1.43                      0.74   0.69     1.18
  SINCE OCT 1      7.77                      5.77   2.00     5.51
  SINCE JAN 1      4.00                      2.82   1.18     2.75

SNOWFALL (IN)
  YESTERDAY      0.0
  SNOW DEPTH       0

DEGREE DAYS
 HEATING
  YESTERDAY       MM                        15     MM       17
  MONTH TO DATE  502                       549    -47      504
  SINCE MAR 1    502                       549    -47      504
  SINCE JUL 1   4824                      4432    392     4022

 COOLING
  YESTERDAY       MM                         0     MM        0
  MONTH TO DATE    0                         0      0        0
  SINCE MAR 1      0                         0      0        0
  SINCE JAN 1      0                         0      0        0
..................................................................


WIND (MPH)
  RESULTANT WIND SPEED  11   RESULTANT WIND DIRECTION   S (200)
  HIGHEST WIND SPEED    20   HIGHEST WIND DIRECTION    SW (220)
  HIGHEST GUST SPEED    MM   HIGHEST GUST DIRECTION    MM


SKY COVER
  POSSIBLE SUNSHINE  MM
  AVERAGE SKY COVER 0.3


WEATHER CONDITIONS
 THE FOLLOWING WEATHER WAS RECORDED YESTERDAY.
  NO SIGNIFICANT WEATHER WAS OBSERVED.


RELATIVE HUMIDITY (PERCENT)
 HIGHEST    86
 LOWEST     59
 AVERAGE    73

..........................................................


THE PASCO WA CLIMATE NORMALS FOR TODAY
                         NORMAL    RECORD    YEAR
 MAXIMUM TEMPERATURE (F)   63        80      2003
 MINIMUM TEMPERATURE (F)   37        27      2000


SUNRISE AND SUNSET
MARCH 30 2017.........SUNRISE   639 AM PDT   SUNSET   723 PM PDT
MARCH 31 2017.........SUNRISE   637 AM PDT   SUNSET   724 PM PDT


-  INDICATES NEGATIVE NUMBERS.
R  INDICATES RECORD WAS SET OR TIED.
MM INDICATES DATA IS MISSING.
T  INDICATES TRACE AMOUNT.


$$
