000
CDUS46 KPDT 230829 RRB
CLIPSC

CLIMATE REPORT
NATIONAL WEATHER SERVICE PENDLETON OR
1227 AM PST FRI FEB 23 2018


...................................

...THE PASCO WA CLIMATE SUMMARY FOR FEBRUARY 22 2018...

CLIMATE NORMAL PERIOD 1981 TO 2010
CLIMATE RECORD PERIOD 1948 TO 2018


WEATHER ITEM   OBSERVED TIME   RECORD YEAR NORMAL DEPARTURE LAST
                VALUE   (LST)  VALUE       VALUE  FROM      YEAR
                                                  NORMAL
..................................................................
TEMPERATURE (F)
 YESTERDAY
  MAXIMUM         37    348 PM  71    1988  51    -14       50
  MINIMUM         19   1159 PM   6    1894  29    -10       28
  AVERAGE         28                        40    -12       39

PRECIPITATION (IN)
  YESTERDAY        0.00          0.34 1930   0.03  -0.03     0.00
  MONTH TO DATE    0.40                      0.69  -0.29     1.50
  SINCE OCT 1      4.09                      4.86  -0.77     6.22
  SINCE JAN 1      1.37                      1.91  -0.54     2.45

SNOWFALL (IN)
  YESTERDAY        0.0
  SNOW DEPTH       0

DEGREE DAYS
 HEATING
  YESTERDAY       37                        25     12       26
  MONTH TO DATE  544                       588    -44      726
  SINCE DEC 1   2365                      2510   -145     3207
  SINCE JUL 1   3533                      3739   -206     4153

 COOLING
  YESTERDAY        0                         0      0        0
  MONTH TO DATE    0                         0      0        0
  SINCE DEC 1      0                         0      0        0
  SINCE JAN 1      0                         0      0        0
..................................................................


WIND (MPH)
  RESULTANT WIND SPEED   6   RESULTANT WIND DIRECTION   N (340)
  HIGHEST WIND SPEED    17   HIGHEST WIND DIRECTION     N (340)
  HIGHEST GUST SPEED    22   HIGHEST GUST DIRECTION    NW (330)


SKY COVER
  POSSIBLE SUNSHINE  MM
  AVERAGE SKY COVER 0.4


WEATHER CONDITIONS
 THE FOLLOWING WEATHER WAS RECORDED YESTERDAY.
  NO SIGNIFICANT WEATHER WAS OBSERVED.


RELATIVE HUMIDITY (PERCENT)
 HIGHEST    88
 LOWEST     32
 AVERAGE    60

..........................................................


THE PASCO WA CLIMATE NORMALS FOR TODAY
                         NORMAL    RECORD    YEAR
 MAXIMUM TEMPERATURE (F)   52        68      1896
 MINIMUM TEMPERATURE (F)   29        14      1894


SUNRISE AND SUNSET
FEBRUARY 23 2018......SUNRISE   646 AM PST   SUNSET   534 PM PST
FEBRUARY 24 2018......SUNRISE   644 AM PST   SUNSET   536 PM PST


-  INDICATES NEGATIVE NUMBERS.
R  INDICATES RECORD WAS SET OR TIED.
MM INDICATES DATA IS MISSING.
T  INDICATES TRACE AMOUNT.




$$
