000
CDUS46 KPDT 220841
CLIPSC

CLIMATE REPORT
NATIONAL WEATHER SERVICE PENDLETON OR

1228 AM PST WED FEB 22 2017


...................................

...THE PASCO WA CLIMATE SUMMARY FOR FEBRUARY 21 2017...

CLIMATE NORMAL PERIOD 1981 TO 2010
CLIMATE RECORD PERIOD 1948 TO 2017


WEATHER ITEM   OBSERVED TIME   RECORD YEAR NORMAL DEPARTURE LAST
                VALUE   (LST)  VALUE       VALUE  FROM      YEAR
                                                  NORMAL
..................................................................
TEMPERATURE (F)
 YESTERDAY
  MAXIMUM         43    410 PM  68    1995  51     -8       47
  MINIMUM         37   1011 PM  10    1993  29      8       24
  AVERAGE         40                        40      0       36

PRECIPITATION (IN)
  YESTERDAY        0.44          0.70 1956   0.03   0.41     0.00
  MONTH TO DATE    1.50                      0.66   0.84     0.33
  SINCE OCT 1      6.22                      4.83   1.39     4.28
  SINCE JAN 1      2.45                      1.88   0.57     1.52

SNOWFALL (IN)
  YESTERDAY        0.0
  SNOW DEPTH       0

DEGREE DAYS
 HEATING
  YESTERDAY       25                        25      0       29
  MONTH TO DATE  700                       563    137      452
  SINCE DEC 1   3181                      2485    696     2251
  SINCE JUL 1   4127                      3714    413     3353

 COOLING
  YESTERDAY        0                         0      0        0
  MONTH TO DATE    0                         0      0        0
  SINCE DEC 1      0                         0      0        0
  SINCE JAN 1      0                         0      0        0
..................................................................


WIND (MPH)
  RESULTANT WIND SPEED   3   RESULTANT WIND DIRECTION  NW (300)
  HIGHEST WIND SPEED    10   HIGHEST WIND DIRECTION     S (180)
  HIGHEST GUST SPEED    14   HIGHEST GUST DIRECTION    NW (320)


SKY COVER
  POSSIBLE SUNSHINE  MM
  AVERAGE SKY COVER 0.9


WEATHER CONDITIONS
 THE FOLLOWING WEATHER WAS RECORDED YESTERDAY.
  RAIN
  LIGHT RAIN
  FOG


RELATIVE HUMIDITY (PERCENT)
 HIGHEST    92
 LOWEST     82
 AVERAGE    87

..........................................................


THE PASCO WA CLIMATE NORMALS FOR TODAY
                         NORMAL    RECORD    YEAR
 MAXIMUM TEMPERATURE (F)   51        65      2002
 MINIMUM TEMPERATURE (F)   29         8      1993


SUNRISE AND SUNSET
FEBRUARY 22 2017......SUNRISE   647 AM PST   SUNSET   533 PM PST
FEBRUARY 23 2017......SUNRISE   646 AM PST   SUNSET   535 PM PST


-  INDICATES NEGATIVE NUMBERS.
R  INDICATES RECORD WAS SET OR TIED.
MM INDICATES DATA IS MISSING.
T  INDICATES TRACE AMOUNT.




$$
