000
CDUS46 KPDT 220832
CLIPSC

CLIMATE REPORT
NATIONAL WEATHER SERVICE PENDLETON OR
132 AM PDT MON MAY 22 2017


...................................

...THE PASCO WA CLIMATE SUMMARY FOR MAY 21 2017...

CLIMATE NORMAL PERIOD 1981 TO 2010
CLIMATE RECORD PERIOD 1948 TO 2017


WEATHER ITEM   OBSERVED TIME   RECORD YEAR NORMAL DEPARTURE LAST
                VALUE   (LST)  VALUE       VALUE  FROM      YEAR
                                                  NORMAL
..................................................................
TEMPERATURE (F)
 YESTERDAY
  MAXIMUM         85    438 PM  95    1928  77      8       68
                                      1919
  MINIMUM         46    340 AM  33    2009  48     -2       50
  AVERAGE         66                        62      4       59

PRECIPITATION (IN)
  YESTERDAY        0.00          0.81 1972   0.02  -0.02     0.51
  MONTH TO DATE    0.48                      0.43   0.05     1.52
  SINCE OCT 1      9.44                      6.90   2.54     7.31
  SINCE JAN 1      5.67                      3.95   1.72     4.55

SNOWFALL (IN)
  YESTERDAY        0.0
  SNOW DEPTH       0

DEGREE DAYS
 HEATING
  YESTERDAY        0                         4     -4        6
  MONTH TO DATE  141                       134      7       55
  SINCE MAR 1   1046                      1075    -29      776
  SINCE JUL 1   5368                      4958    410     4294

 COOLING
  YESTERDAY        1                         1      0        0
  MONTH TO DATE    9                        13     -4       27
  SINCE MAR 1      9                        14     -5       31
  SINCE JAN 1      9                        14     -5       31
..................................................................


WIND (MPH)
  RESULTANT WIND SPEED   4   RESULTANT WIND DIRECTION   N (340)
  HIGHEST WIND SPEED    14   HIGHEST WIND DIRECTION     N (340)
  HIGHEST GUST SPEED    17   HIGHEST GUST DIRECTION    NW (310)


SKY COVER
  POSSIBLE SUNSHINE  MM
  AVERAGE SKY COVER 0.0


WEATHER CONDITIONS
 THE FOLLOWING WEATHER WAS RECORDED YESTERDAY.
  NO SIGNIFICANT WEATHER WAS OBSERVED.


RELATIVE HUMIDITY (PERCENT)
 HIGHEST    93
 LOWEST     32
 AVERAGE    63

..........................................................


THE PASCO WA CLIMATE NORMALS FOR TODAY
                         NORMAL    RECORD    YEAR
 MAXIMUM TEMPERATURE (F)   77        98      1910
 MINIMUM TEMPERATURE (F)   48        34      1920
                                             1918


SUNRISE AND SUNSET
MAY 22 2017...........SUNRISE   516 AM PDT   SUNSET   831 PM PDT
MAY 23 2017...........SUNRISE   515 AM PDT   SUNSET   832 PM PDT


-  INDICATES NEGATIVE NUMBERS.
R  INDICATES RECORD WAS SET OR TIED.
MM INDICATES DATA IS MISSING.
T  INDICATES TRACE AMOUNT.


$$
