000
CDUS41 KALY 230643
CLIPSF


CLIMATE REPORT
NATIONAL WEATHER SERVICE ALBANY NY
142 AM EST THU FEB 23 2017


...................................

...THE PITTSFIELD MA CLIMATE SUMMARY FOR FEBRUARY 22 2017...

CLIMATE NORMAL PERIOD 1981 TO 2010
CLIMATE RECORD PERIOD 9999 TO 9999


WEATHER ITEM   OBSERVED TIME   NORMAL DEPARTURE LAST
                VALUE   (LST)  VALUE  FROM      YEAR
                                      NORMAL
......................................................
TEMPERATURE (F)
 YESTERDAY
  MAXIMUM         58    315 PM  34     24       MM
  MINIMUM         31    712 AM  17     14       20
  AVERAGE         45            25     20       MM

PRECIPITATION (IN)
  YESTERDAY        T             0.10  -0.10     0.00
  MONTH TO DATE    1.76          2.11  -0.35     2.37
  SINCE DEC 1      7.50          8.03  -0.53     7.14
  SINCE JAN 1      4.48          5.03  -0.55     3.46

DEGREE DAYS
 HEATING
  YESTERDAY       20            40    -20       MM
  MONTH TO DATE  838           924    -86      809
  SINCE DEC 1   3163          3498   -335     2783
  SINCE JUL 1   4570          5149   -579     4156

 COOLING
  YESTERDAY        0             0      0       MM
  MONTH TO DATE    0             0      0        0
  SINCE DEC 1      0             0      0        0
  SINCE JAN 1      0             0      0        0
......................................................


WIND (MPH)
  HIGHEST WIND SPEED     9   HIGHEST WIND DIRECTION     S (200)
  HIGHEST GUST SPEED    11   HIGHEST GUST DIRECTION     S (200)
  AVERAGE WIND SPEED     1.5


SKY COVER
  AVERAGE SKY COVER 0.5



RELATIVE HUMIDITY (PERCENT)
 HIGHEST    89
 LOWEST     47
 AVERAGE    68

..........................................................


THE PITTSFIELD MA CLIMATE NORMALS FOR TODAY
                         NORMAL
 MAXIMUM TEMPERATURE (F)   35
 MINIMUM TEMPERATURE (F)   17


SUNRISE AND SUNSET
FEBRUARY 23 2017......SUNRISE   638 AM EST   SUNSET   536 PM EST
FEBRUARY 24 2017......SUNRISE   636 AM EST   SUNSET   537 PM EST


-  INDICATES NEGATIVE NUMBERS.
R  INDICATES RECORD WAS SET OR TIED.
MM INDICATES DATA IS MISSING.
T  INDICATES TRACE AMOUNT.




$$
