000
CDUS41 KALY 170624
CLIPSF


CLIMATE REPORT
NATIONAL WEATHER SERVICE ALBANY NY
222 AM EDT THU AUG 17 2017


...................................

...THE PITTSFIELD MA CLIMATE SUMMARY FOR AUGUST 16 2017...

CLIMATE NORMAL PERIOD 1981 TO 2010
CLIMATE RECORD PERIOD 9999 TO 9999


WEATHER ITEM   OBSERVED TIME   NORMAL DEPARTURE LAST
                VALUE   (LST)  VALUE  FROM      YEAR
                                      NORMAL
......................................................
TEMPERATURE (F)
 YESTERDAY
  MAXIMUM         78    221 PM  78      0       81
  MINIMUM         54   1157 PM  56     -2       62
  AVERAGE         66            67     -1       72

PRECIPITATION (IN)
  YESTERDAY        0.00          0.13  -0.13     0.26
  MONTH TO DATE    2.64          2.18   0.46     1.83
  SINCE JUN 1     10.06         10.83  -0.77     8.48
  SINCE JAN 1     28.84         27.87   0.97    22.58

DEGREE DAYS
 HEATING
  YESTERDAY        0             1     -1        0
  MONTH TO DATE   10            16     -6        0
  SINCE JUN 1    139           148     -9       87
  SINCE JUL 1     33            47    -14       11

 COOLING
  YESTERDAY        1             3     -2        7
  MONTH TO DATE   44            60    -16       98
  SINCE JUN 1    232           224      8      292
  SINCE JAN 1    246           237      9      333
......................................................


WIND (MPH)
  HIGHEST WIND SPEED    15   HIGHEST WIND DIRECTION     W (290)
  HIGHEST GUST SPEED    19   HIGHEST GUST DIRECTION     W (280)
  AVERAGE WIND SPEED     7.1


SKY COVER
  AVERAGE SKY COVER 0.3



RELATIVE HUMIDITY (PERCENT)
 HIGHEST    97
 LOWEST     50
 AVERAGE    74

..........................................................


THE PITTSFIELD MA CLIMATE NORMALS FOR TODAY
                         NORMAL
 MAXIMUM TEMPERATURE (F)   77
 MINIMUM TEMPERATURE (F)   56


SUNRISE AND SUNSET
AUGUST 17 2017........SUNRISE   603 AM EDT   SUNSET   751 PM EDT
AUGUST 18 2017........SUNRISE   604 AM EDT   SUNSET   750 PM EDT


-  INDICATES NEGATIVE NUMBERS.
R  INDICATES RECORD WAS SET OR TIED.
MM INDICATES DATA IS MISSING.
T  INDICATES TRACE AMOUNT.




$$
