000
CDUS46 KSGX 220019
CLIPSP


CLIMATE REPORT
NATIONAL WEATHER SERVICE SAN DIEGO, CA
518 PM PDT THU SEP 21 2017


...................................

...THE PALM SPRINGS INTL AIRPORT CA CLIMATE SUMMARY FOR SEPTEMBER 21 2017...
VALID TODAY AS OF 0500 PM LOCAL TIME.

CLIMATE NORMAL PERIOD 1981 TO 2010
CLIMATE RECORD PERIOD 1893 TO 2017


WEATHER ITEM   OBSERVED TIME   RECORD YEAR NORMAL DEPARTURE LAST
                VALUE   (LST)  VALUE       VALUE  FROM      YEAR
                                                  NORMAL
..................................................................
TEMPERATURE (F)
 TODAY
  MAXIMUM         88    137 PM 114    1943  99    -11       80
  MINIMUM         67    518 AM  50    1941  71     -4       71
  AVERAGE         78                        85     -7       76

PRECIPITATION (IN)
  TODAY            0.00          0.90 1983   0.01  -0.01     0.27
  MONTH TO DATE    1.20                      0.32   0.88     0.92
  SINCE OCT 1      8.96                      5.70   3.26     3.55
  SINCE JAN 1      7.17                      3.85   3.32     3.36

DEGREE DAYS
 HEATING
  TODAY            0                         0      0        0
  MONTH TO DATE    0                         0      0        0
  SINCE SEP 1      0                         0      0        0
  SINCE JUL 1      0                         0      0        0

 COOLING
  TODAY           13                        20     -7       11
  MONTH TO DATE  493                       482     11      419
  SINCE SEP 1    493                       482     11      419
  SINCE JAN 1   4376                      3566    810     4074
..................................................................


WIND (MPH)
  RESULTANT WIND SPEED   2   RESULTANT WIND DIRECTION  NW (330)
  HIGHEST WIND SPEED    26   HIGHEST WIND DIRECTION     N (340)
  HIGHEST GUST SPEED    34   HIGHEST GUST DIRECTION     N (340)
  AVERAGE WIND SPEED     6.3


SKY COVER
  POSSIBLE SUNSHINE  MM
  AVERAGE SKY COVER 0.0


WEATHER CONDITIONS
 THE FOLLOWING WEATHER WAS RECORDED TODAY.
  NO SIGNIFICANT WEATHER WAS OBSERVED.


RELATIVE HUMIDITY (PERCENT)
 HIGHEST    68           500 AM
 LOWEST     25           200 PM
 AVERAGE    47

..........................................................


THE PALM SPRINGS INTL AIRPORT CA CLIMATE NORMALS FOR TOMORROW
                         NORMAL    RECORD    YEAR
 MAXIMUM TEMPERATURE (F)   98       116      1949
 MINIMUM TEMPERATURE (F)   71        51      1941


SUNRISE AND SUNSET
SEPTEMBER 21 2017.....SUNRISE   634 AM PDT   SUNSET   644 PM PDT
SEPTEMBER 22 2017.....SUNRISE   634 AM PDT   SUNSET   642 PM PDT


-  INDICATES NEGATIVE NUMBERS.
R  INDICATES RECORD WAS SET OR TIED.
MM INDICATES DATA IS MISSING.
T  INDICATES TRACE AMOUNT.




$$
