000
CDUS46 KSGX 280017
CLIPSP


CLIMATE REPORT
NATIONAL WEATHER SERVICE SAN DIEGO, CA
517 PM PDT WED AUG 27 2014


...................................

...THE PALM SPRINGS INTL AIRPORT CA CLIMATE SUMMARY FOR AUGUST 27 2014...
VALID TODAY AS OF 0500 PM LOCAL TIME.

CLIMATE NORMAL PERIOD 1981 TO 2010
CLIMATE RECORD PERIOD 1893 TO 2014


WEATHER ITEM   OBSERVED TIME   RECORD YEAR NORMAL DEPARTURE LAST
                VALUE   (LST)  VALUE       VALUE  FROM      YEAR
                                                  NORMAL
..................................................................
TEMPERATURE (F)
 TODAY
  MAXIMUM        108    250 PM 121    1981 105      3      100
  MINIMUM         78    524 AM  52    1954  77      1       75
  AVERAGE         93                        91      2       88

PRECIPITATION (IN)
  TODAY            0.00          0.20 1994   0.01  -0.01     0.00
  MONTH TO DATE    0.88                      0.29   0.59     0.11
  SINCE JUL 1      1.15                      0.54   0.61     1.05
  SINCE JAN 1      1.90                      3.48  -1.58     2.02

SNOWFALL (IN)
  TODAY            0.0
  MONTH TO DATE    0.0
  SINCE JAN 1      0.0
  SINCE JUL 1      0.0
  SNOW DEPTH       0

DEGREE DAYS
 HEATING
  TODAY            0                         0      0        0
  MONTH TO DATE    0                         0      0        0
  SINCE JUN 1      0                         0      0        0
  SINCE JUL 1      0                         0      0        0

 COOLING
  TODAY           28                        26      2       23
  MONTH TO DATE  699                       729    -30      708
  SINCE JUN 1   2361                      2222    139     2343
  SINCE JAN 1   3471                      2981    490     3385
..................................................................


WIND (MPH)
  RESULTANT WIND SPEED   2   RESULTANT WIND DIRECTION   S (190)
  HIGHEST WIND SPEED    18   HIGHEST WIND DIRECTION    NW (320)
  HIGHEST GUST SPEED    26   HIGHEST GUST DIRECTION    NW (310)
  AVERAGE WIND SPEED     4.7


SKY COVER
  POSSIBLE SUNSHINE  MM
  AVERAGE SKY COVER 0.0


WEATHER CONDITIONS
 THE FOLLOWING WEATHER WAS RECORDED TODAY.
  NO SIGNIFICANT WEATHER WAS OBSERVED.


RELATIVE HUMIDITY (PERCENT)
 HIGHEST    39           600 AM
 LOWEST     13           300 PM
 AVERAGE    26

..........................................................


THE PALM SPRINGS INTL AIRPORT CA CLIMATE NORMALS FOR TOMORROW
                         NORMAL    RECORD    YEAR
 MAXIMUM TEMPERATURE (F)  105       118      2009
 MINIMUM TEMPERATURE (F)   77        55      1947


SUNRISE AND SUNSET
AUGUST 27 2014........SUNRISE   616 AM PDT   SUNSET   718 PM PDT
AUGUST 28 2014........SUNRISE   617 AM PDT   SUNSET   717 PM PDT


-  INDICATES NEGATIVE NUMBERS.
R  INDICATES RECORD WAS SET OR TIED.
MM INDICATES DATA IS MISSING.
T  INDICATES TRACE AMOUNT.




$$
