144
CDUS46 KSGX 240023
CLIPSP


CLIMATE REPORT
NATIONAL WEATHER SERVICE SAN DIEGO, CA
522 PM PDT TUE AUG 23 2016


...................................

...THE PALM SPRINGS INTL AIRPORT CA CLIMATE SUMMARY FOR AUGUST 23 2016...
VALID TODAY AS OF 0500 PM LOCAL TIME.

CLIMATE NORMAL PERIOD 1981 TO 2010
CLIMATE RECORD PERIOD 1893 TO 2016


WEATHER ITEM   OBSERVED TIME   RECORD YEAR NORMAL DEPARTURE LAST
                VALUE   (LST)  VALUE       VALUE  FROM      YEAR
                                                  NORMAL
..................................................................
TEMPERATURE (F)
 TODAY
  MAXIMUM        106    357 PM 119    1985 106      0      107
  MINIMUM         77    450 AM  57    1943  77      0       80
  AVERAGE         92                        92      0       94

PRECIPITATION (IN)
  TODAY            0.00          0.18 1967   0.01  -0.01     0.00
  MONTH TO DATE    0.00                      0.25  -0.25      T
  SINCE OCT 1      2.63                      5.29  -2.66     2.63
  SINCE JAN 1      2.44                      3.44  -1.00     1.76

DEGREE DAYS
 HEATING
  TODAY            0                         0      0        0
  MONTH TO DATE    0                         0      0        0
  SINCE JUN 1      0                         0      0        0
  SINCE JUL 1      0                         0      0        0

 COOLING
  TODAY           27                        26      1       29
  MONTH TO DATE  686                       625     61      702
  SINCE JUN 1   2435                      2118    317     2292
  SINCE JAN 1   3432                      2877    555     3357
..................................................................


WIND (MPH)
  RESULTANT WIND SPEED   2   RESULTANT WIND DIRECTION  SE (120)
  HIGHEST WIND SPEED    13   HIGHEST WIND DIRECTION     N (10)
  HIGHEST GUST SPEED    18   HIGHEST GUST DIRECTION     N (340)
  AVERAGE WIND SPEED     4.1


SKY COVER
  POSSIBLE SUNSHINE  MM
  AVERAGE SKY COVER 0.0


WEATHER CONDITIONS
 THE FOLLOWING WEATHER WAS RECORDED TODAY.
  HAZE


RELATIVE HUMIDITY (PERCENT)
 HIGHEST    42           500 AM
 LOWEST     12           400 PM
 AVERAGE    27

..........................................................


THE PALM SPRINGS INTL AIRPORT CA CLIMATE NORMALS FOR TOMORROW
                         NORMAL    RECORD    YEAR
 MAXIMUM TEMPERATURE (F)  106       122      1985
 MINIMUM TEMPERATURE (F)   77        53      1978


SUNRISE AND SUNSET
AUGUST 23 2016........SUNRISE   614 AM PDT   SUNSET   722 PM PDT
AUGUST 24 2016........SUNRISE   615 AM PDT   SUNSET   721 PM PDT


-  INDICATES NEGATIVE NUMBERS.
R  INDICATES RECORD WAS SET OR TIED.
MM INDICATES DATA IS MISSING.
T  INDICATES TRACE AMOUNT.




$$
