000
CDUS46 KSGX 301418
CLIPSP


CLIMATE REPORT
NATIONAL WEATHER SERVICE SAN DIEGO, CA
717 AM PDT SUN AUG 30 2015


...................................

...THE PALM SPRINGS INTL AIRPORT CA CLIMATE SUMMARY FOR AUGUST 29 2015...

CLIMATE NORMAL PERIOD 1981 TO 2010
CLIMATE RECORD PERIOD 1893 TO 2015


WEATHER ITEM   OBSERVED TIME   RECORD YEAR NORMAL DEPARTURE LAST
                VALUE   (LST)  VALUE       VALUE  FROM      YEAR
                                                  NORMAL
..................................................................
TEMPERATURE (F)
 YESTERDAY
  MAXIMUM        115    132 PM 118    1998 105     10      114
                                      1967
  MINIMUM         85    529 AM  57    1947  77      8       82
  AVERAGE        100                        91      9       98

PRECIPITATION (IN)
  YESTERDAY        0.00          0.12 1988   0.02  -0.02     0.00
  MONTH TO DATE    T                         0.32  -0.32     0.88
  SINCE OCT 1      2.63                      5.36  -2.73     2.08
  SINCE JAN 1      1.76                      3.51  -1.75     1.90

DEGREE DAYS
 HEATING
  YESTERDAY        0                         0      0        0
  MONTH TO DATE    0                         0      0        0
  SINCE JUN 1      0                         0      0        0
  SINCE JUL 1      0                         0      0        0

 COOLING
  YESTERDAY       35                        26      9       33
  MONTH TO DATE  897                       781    116      763
  SINCE JUN 1   2487                      2274    213     2425
  SINCE JAN 1   3552                      3033    519     3535
..................................................................


WIND (MPH)
  RESULTANT WIND SPEED   6   RESULTANT WIND DIRECTION  NW (320)
  HIGHEST WIND SPEED    23   HIGHEST WIND DIRECTION    NW (320)
  HIGHEST GUST SPEED    28   HIGHEST GUST DIRECTION    NW (320)
  AVERAGE WIND SPEED     7.6


SKY COVER
  POSSIBLE SUNSHINE  MM
  AVERAGE SKY COVER 0.1


WEATHER CONDITIONS
 THE FOLLOWING WEATHER WAS RECORDED YESTERDAY.
  NO SIGNIFICANT WEATHER WAS OBSERVED.


RELATIVE HUMIDITY (PERCENT)
 HIGHEST    34           400 AM
 LOWEST     11           100 PM
 AVERAGE    23

..........................................................


THE PALM SPRINGS INTL AIRPORT CA CLIMATE NORMALS FOR TODAY
                         NORMAL    RECORD    YEAR
 MAXIMUM TEMPERATURE (F)  105       119      1984
 MINIMUM TEMPERATURE (F)   77        52      1957


SUNRISE AND SUNSET
AUGUST 30 2015........SUNRISE   618 AM PDT   SUNSET   714 PM PDT
AUGUST 31 2015........SUNRISE   619 AM PDT   SUNSET   713 PM PDT


-  INDICATES NEGATIVE NUMBERS.
R  INDICATES RECORD WAS SET OR TIED.
MM INDICATES DATA IS MISSING.
T  INDICATES TRACE AMOUNT.




$$
