000
CDUS46 KSGX 120017
CLIPSP


CLIMATE REPORT
NATIONAL WEATHER SERVICE SAN DIEGO, CA
417 PM PST THU FEB 11 2016


...................................

...THE PALM SPRINGS INTL AIRPORT CA CLIMATE SUMMARY FOR FEBRUARY 11 2016...
VALID TODAY AS OF 0400 PM LOCAL TIME.

CLIMATE NORMAL PERIOD 1981 TO 2010
CLIMATE RECORD PERIOD 1893 TO 2016


WEATHER ITEM   OBSERVED TIME   RECORD YEAR NORMAL DEPARTURE LAST
                VALUE   (LST)  VALUE       VALUE  FROM      YEAR
                                                  NORMAL
..................................................................
TEMPERATURE (F)
 TODAY
  MAXIMUM         85    359 PM  91    1971  72     13       84
  MINIMUM         55    636 AM  27    1933  47      8       60
  AVERAGE         70                        60     10       72

PRECIPITATION (IN)
  TODAY            0.00          0.84 2005   0.04  -0.04     0.00
  MONTH TO DATE    0.00                      0.28  -0.28     0.00
  SINCE OCT 1      2.45                      3.13  -0.68     1.09
  SINCE JAN 1      2.26                      1.28   0.98     0.22

DEGREE DAYS
 HEATING
  TODAY            0                         6     -6        0
  MONTH TO DATE   56                        72    -16        0
  SINCE DEC 1    603                       603      0      329
  SINCE JUL 1    710                       699     11      362

 COOLING
  TODAY            5                         1      4        7
  MONTH TO DATE   33                        10     23       46
  SINCE DEC 1     33                        22     11       88
  SINCE JAN 1     33                        18     15       64
..................................................................


WIND (MPH)
  RESULTANT WIND SPEED   4   RESULTANT WIND DIRECTION   N (0)
  HIGHEST WIND SPEED    10   HIGHEST WIND DIRECTION     N (340)
  HIGHEST GUST SPEED    12   HIGHEST GUST DIRECTION    NW (330)
  AVERAGE WIND SPEED     6.3


SKY COVER
  POSSIBLE SUNSHINE  MM
  AVERAGE SKY COVER 0.0


WEATHER CONDITIONS
 THE FOLLOWING WEATHER WAS RECORDED TODAY.
  NO SIGNIFICANT WEATHER WAS OBSERVED.


RELATIVE HUMIDITY (PERCENT)
 HIGHEST    35           400 AM
 LOWEST     10           300 PM
 AVERAGE    23

..........................................................


THE PALM SPRINGS INTL AIRPORT CA CLIMATE NORMALS FOR TOMORROW
                         NORMAL    RECORD    YEAR
 MAXIMUM TEMPERATURE (F)   72        92      1971
 MINIMUM TEMPERATURE (F)   48        30      1965


SUNRISE AND SUNSET
FEBRUARY 11 2016......SUNRISE   635 AM PST   SUNSET   526 PM PST
FEBRUARY 12 2016......SUNRISE   634 AM PST   SUNSET   527 PM PST


-  INDICATES NEGATIVE NUMBERS.
R  INDICATES RECORD WAS SET OR TIED.
MM INDICATES DATA IS MISSING.
T  INDICATES TRACE AMOUNT.




$$
