000
CDUS46 KSGX 310016
CLIPSP


CLIMATE REPORT
NATIONAL WEATHER SERVICE SAN DIEGO, CA
416 PM PST FRI JAN 30 2015


...................................

...THE PALM SPRINGS INTL AIRPORT CA CLIMATE SUMMARY FOR JANUARY 30 2015...
VALID TODAY AS OF 0400 PM LOCAL TIME.

CLIMATE NORMAL PERIOD 1981 TO 2010
CLIMATE RECORD PERIOD 1893 TO 2015


WEATHER ITEM   OBSERVED TIME   RECORD YEAR NORMAL DEPARTURE LAST
                VALUE   (LST)  VALUE       VALUE  FROM      YEAR
                                                  NORMAL
..................................................................
TEMPERATURE (F)
 TODAY
  MAXIMUM         67    233 PM  91    1971  70     -3       73
  MINIMUM         58    652 AM  26    1949  47     11       54
  AVERAGE         63                        58      5       64

PRECIPITATION (IN)
  TODAY            0.10          0.40 1980   0.01   0.09     0.00
  MONTH TO DATE    0.22                      0.98  -0.76     0.00
  SINCE OCT 1      1.09                      2.83  -1.74     0.18
  SINCE JAN 1      0.22                      0.98  -0.76     0.00

SNOWFALL (IN)
  TODAY            0.0
  MONTH TO DATE    0.0
  SINCE JAN 1      0.0
  SINCE JUL 1      0.0
  SNOW DEPTH       0

DEGREE DAYS
 HEATING
  TODAY            2                         7     -5        1
  MONTH TO DATE  114                       234   -120       69
  SINCE DEC 1    329                       524   -195      289
  SINCE JUL 1    362                       620   -258      350

 COOLING
  TODAY            0                         0      0        0
  MONTH TO DATE   18                         0     18       37
  SINCE DEC 1     42                         4     38       41
  SINCE JAN 1     18                         0     18       37
..................................................................


WIND (MPH)
  RESULTANT WIND SPEED   3   RESULTANT WIND DIRECTION   W (270)
  HIGHEST WIND SPEED    10   HIGHEST WIND DIRECTION    SW (230)
  HIGHEST GUST SPEED    14   HIGHEST GUST DIRECTION    SW (210)
  AVERAGE WIND SPEED     3.1


SKY COVER
  POSSIBLE SUNSHINE  MM
  AVERAGE SKY COVER 1.0


WEATHER CONDITIONS
 THE FOLLOWING WEATHER WAS RECORDED TODAY.
  LIGHT RAIN


RELATIVE HUMIDITY (PERCENT)
 HIGHEST    80           700 AM
 LOWEST     42           100 AM
 AVERAGE    61

..........................................................


THE PALM SPRINGS INTL AIRPORT CA CLIMATE NORMALS FOR TOMORROW
                         NORMAL    RECORD    YEAR
 MAXIMUM TEMPERATURE (F)   71        92      2003
 MINIMUM TEMPERATURE (F)   47        25      1951


SUNRISE AND SUNSET
JANUARY 30 2015.......SUNRISE   644 AM PST   SUNSET   515 PM PST
JANUARY 31 2015.......SUNRISE   643 AM PST   SUNSET   516 PM PST


-  INDICATES NEGATIVE NUMBERS.
R  INDICATES RECORD WAS SET OR TIED.
MM INDICATES DATA IS MISSING.
T  INDICATES TRACE AMOUNT.




$$
