956
CDUS46 KSGX 240118
CLIPSP


CLIMATE REPORT
NATIONAL WEATHER SERVICE SAN DIEGO, CA
518 PM PST FRI FEB 23 2018


...................................

...THE PALM SPRINGS INTL AIRPORT CA CLIMATE SUMMARY FOR FEBRUARY 23 2018...
VALID TODAY AS OF 0500 PM LOCAL TIME.

CLIMATE NORMAL PERIOD 1981 TO 2010
CLIMATE RECORD PERIOD 1893 TO 2018


WEATHER ITEM   OBSERVED TIME   RECORD YEAR NORMAL DEPARTURE LAST
                VALUE   (LST)  VALUE       VALUE  FROM      YEAR
                                                  NORMAL
..................................................................
TEMPERATURE (F)
 TODAY
  MAXIMUM         63    330 PM  94    1947  74    -11       68
  MINIMUM         44    430 AM  29    1953  49     -5       52
  AVERAGE         54                        62     -8       60

PRECIPITATION (IN)
  TODAY            0.00          0.50 1930   0.05  -0.05     0.00
  MONTH TO DATE    0.00                      0.84  -0.84     0.48
  SINCE OCT 1      1.45                      3.69  -2.24     5.80
  SINCE JAN 1      1.45                      1.84  -0.39     4.01

DEGREE DAYS
 HEATING
  TODAY           11                         4      7        5
  MONTH TO DATE   79                       133    -54       45
  SINCE DEC 1    243                       664   -421      557
  SINCE JUL 1    243                       760   -517      618

 COOLING
  TODAY            0                         1     -1        0
  MONTH TO DATE   64                        22     42       45
  SINCE DEC 1    142                        34    108       46
  SINCE JAN 1    113                        30     83       45
..................................................................


WIND (MPH)
  RESULTANT WIND SPEED   2   RESULTANT WIND DIRECTION  SE (120)
  HIGHEST WIND SPEED    18   HIGHEST WIND DIRECTION     N (360)
  HIGHEST GUST SPEED    26   HIGHEST GUST DIRECTION     N (340)
  AVERAGE WIND SPEED     5.5


SKY COVER
  POSSIBLE SUNSHINE  MM
  AVERAGE SKY COVER 0.0


WEATHER CONDITIONS
 THE FOLLOWING WEATHER WAS RECORDED TODAY.
  NO SIGNIFICANT WEATHER WAS OBSERVED.


RELATIVE HUMIDITY (PERCENT)
 HIGHEST    70           400 AM
 LOWEST     17           300 PM
 AVERAGE    44

..........................................................


THE PALM SPRINGS INTL AIRPORT CA CLIMATE NORMALS FOR TOMORROW
                         NORMAL    RECORD    YEAR
 MAXIMUM TEMPERATURE (F)   74        94      1986
 MINIMUM TEMPERATURE (F)   50        34      1935


SUNRISE AND SUNSET
FEBRUARY 23 2018......SUNRISE   622 AM PST   SUNSET   537 PM PST
FEBRUARY 24 2018......SUNRISE   620 AM PST   SUNSET   538 PM PST


-  INDICATES NEGATIVE NUMBERS.
R  INDICATES RECORD WAS SET OR TIED.
MM INDICATES DATA IS MISSING.
T  INDICATES TRACE AMOUNT.




$$
