575
CDUS46 KSGX 221535
CLIPSP


CLIMATE REPORT
NATIONAL WEATHER SERVICE SAN DIEGO, CA
735 AM PST WED FEB 22 2017


...................................

...THE PALM SPRINGS INTL AIRPORT CA CLIMATE SUMMARY FOR FEBRUARY 21 2017...

CLIMATE NORMAL PERIOD 1981 TO 2010
CLIMATE RECORD PERIOD 1893 TO 2017


WEATHER ITEM   OBSERVED TIME   RECORD YEAR NORMAL DEPARTURE LAST
                VALUE   (LST)  VALUE       VALUE  FROM      YEAR
                                                  NORMAL
..................................................................
TEMPERATURE (F)
 YESTERDAY
  MAXIMUM         76    337 PM  93    1977  74      2       87
  MINIMUM         56    658 AM  24    1953  49      7       53
  AVERAGE         66                        61      5       70

PRECIPITATION (IN)
  YESTERDAY        0.00          1.15 1914   0.04  -0.04     0.00
  MONTH TO DATE    0.48                      0.74  -0.26      T
  SINCE OCT 1      5.80                      3.59   2.21     2.45
  SINCE JAN 1      4.01                      1.74   2.27     2.26

DEGREE DAYS
 HEATING
  YESTERDAY        0                         5     -5        0
  MONTH TO DATE   39                       125    -86       56
  SINCE DEC 1    551                       656   -105      603
  SINCE JUL 1    612                       752   -140      710

 COOLING
  YESTERDAY        1                         1      0        5
  MONTH TO DATE   45                        20     25      103
  SINCE DEC 1     46                        32     14      103
  SINCE JAN 1     45                        28     17      103
..................................................................


WIND (MPH)
  RESULTANT WIND SPEED   1   RESULTANT WIND DIRECTION   N (350)
  HIGHEST WIND SPEED     9   HIGHEST WIND DIRECTION     S (190)
  HIGHEST GUST SPEED    19   HIGHEST GUST DIRECTION    SE (150)
  AVERAGE WIND SPEED     3.1


SKY COVER
  POSSIBLE SUNSHINE  MM
  AVERAGE SKY COVER 0.3


WEATHER CONDITIONS
 THE FOLLOWING WEATHER WAS RECORDED YESTERDAY.
  NO SIGNIFICANT WEATHER WAS OBSERVED.


RELATIVE HUMIDITY (PERCENT)
 HIGHEST    93           100 AM
 LOWEST     44           600 PM
 AVERAGE    69

..........................................................


THE PALM SPRINGS INTL AIRPORT CA CLIMATE NORMALS FOR TODAY
                         NORMAL    RECORD    YEAR
 MAXIMUM TEMPERATURE (F)   74        90      1968
                                             1954
 MINIMUM TEMPERATURE (F)   49        28      1955


SUNRISE AND SUNSET
FEBRUARY 22 2017......SUNRISE   622 AM PST   SUNSET   537 PM PST
FEBRUARY 23 2017......SUNRISE   621 AM PST   SUNSET   538 PM PST


-  INDICATES NEGATIVE NUMBERS.
R  INDICATES RECORD WAS SET OR TIED.
MM INDICATES DATA IS MISSING.
T  INDICATES TRACE AMOUNT.




$$
