000
CDUS45 KPUB 250031
CLIPUB


CLIMATE REPORT
NATIONAL WEATHER SERVICE PUEBLO
631 PM MDT SUN SEP 24 2017


...................................

...THE PUEBLO CO CLIMATE SUMMARY FOR SEPTEMBER 24 2017...
VALID TODAY AS OF 0500 PM LOCAL TIME.

CLIMATE NORMAL PERIOD 1981 TO 2010
CLIMATE RECORD PERIOD 1888 TO 2017


WEATHER ITEM   OBSERVED TIME   RECORD YEAR NORMAL DEPARTURE LAST
                VALUE   (LST)  VALUE       VALUE  FROM      YEAR
                                                  NORMAL
..................................................................
TEMPERATURE (F)
 TODAY
  MAXIMUM         58    112 PM  94    1966  78    -20       77
  MINIMUM         50    715 AM  31    1946  44      6       41
  AVERAGE         54                        61     -7       59

PRECIPITATION (IN)
  TODAY            0.01          0.36 1940   0.02  -0.01     0.00
  MONTH TO DATE    0.25                      0.65  -0.40     0.05
  SINCE SEP 1      0.25                      0.65  -0.40     0.05
  SINCE JAN 1     14.51                     10.88   3.63    10.37

SNOWFALL (IN)
  TODAY            0.0           T    2000   0.0    0.0      0.0
  MONTH TO DATE    0.0                       0.2   -0.2      0.0
  SINCE SEP 1      0.0                       0.2   -0.2      0.0
  SINCE JUL 1      0.0                       0.2   -0.2       T
  SNOW DEPTH       0

DEGREE DAYS
 HEATING
  TODAY           11                         5      6        6
  MONTH TO DATE   24                        56    -32       10
  SINCE SEP 1     24                        56    -32       10
  SINCE JUL 1     24                        61    -37       10

 COOLING
  TODAY            0                         1     -1        0
  MONTH TO DATE  146                        77     69      164
  SINCE SEP 1    146                        77     69      164
  SINCE JAN 1   1027                       888    139     1329
..................................................................


WIND (MPH)
  HIGHEST WIND SPEED    13   HIGHEST WIND DIRECTION     E (80)
  HIGHEST GUST SPEED    17   HIGHEST GUST DIRECTION    NE (30)
  AVERAGE WIND SPEED     4.5


SKY COVER
  POSSIBLE SUNSHINE  MM
  AVERAGE SKY COVER 0.9


WEATHER CONDITIONS
 THE FOLLOWING WEATHER WAS RECORDED TODAY.
  LIGHT RAIN
  FOG
  HAZE


RELATIVE HUMIDITY (PERCENT)
 HIGHEST    93           700 AM
 LOWEST     77           100 PM
 AVERAGE    85

..........................................................


THE PUEBLO CO CLIMATE NORMALS FOR TOMORROW
                         NORMAL    RECORD    YEAR
 MAXIMUM TEMPERATURE (F)   78        97      1998
 MINIMUM TEMPERATURE (F)   43        28      2000
                                             1995


SUNRISE AND SUNSET
SEPTEMBER 24 2017.....SUNRISE   648 AM MDT   SUNSET   651 PM MDT
SEPTEMBER 25 2017.....SUNRISE   649 AM MDT   SUNSET   650 PM MDT


-  INDICATES NEGATIVE NUMBERS.
R  INDICATES RECORD WAS SET OR TIED.
MM INDICATES DATA IS MISSING.
T  INDICATES TRACE AMOUNT.




$$
