000
CDUS45 KPUB 291025
CLIPUB


CLIMATE REPORT
NATIONAL WEATHER SERVICE PUEBLO
424 AM MDT MON AUG 29 2016


...................................

...THE PUEBLO CO CLIMATE SUMMARY FOR AUGUST 28 2016...

CLIMATE NORMAL PERIOD 1981 TO 2010
CLIMATE RECORD PERIOD 1888 TO 2016


WEATHER ITEM   OBSERVED TIME   RECORD YEAR NORMAL DEPARTURE LAST
                VALUE   (LST)  VALUE       VALUE  FROM      YEAR
                                                  NORMAL
..................................................................
TEMPERATURE (F)
 YESTERDAY
  MAXIMUM         92    240 PM 100    1970  88      4       91
  MINIMUM         60    534 AM  42    1964  55      5       58
  AVERAGE         76                        72      4       75

PRECIPITATION (IN)
  YESTERDAY        0.12          0.94 1978   0.06   0.06     0.00
  MONTH TO DATE    1.32                      2.15  -0.83     4.24
  SINCE JUN 1      3.15                      5.57  -2.42     6.10
  SINCE JAN 1     10.32                     10.06   0.26    15.02

SNOWFALL (IN)
  YESTERDAY        0.0           0.0  2002   0.0    0.0      0.0
  MONTH TO DATE    T                         0.0    0.0      0.0
  SINCE JUN 1      T                         0.0    0.0      0.0
  SINCE JUL 1      T                         0.0    0.0      0.0
  SNOW DEPTH       0

DEGREE DAYS
 HEATING
  YESTERDAY        0                         0      0        0
  MONTH TO DATE    0                         0      0        0
  SINCE JUN 1      1                        26    -25        0
  SINCE JUL 1      0                         1     -1        0

 COOLING
  YESTERDAY       11                         7      4       10
  MONTH TO DATE  294                       246     48      364
  SINCE JUN 1   1117                       757    360     1007
  SINCE JAN 1   1147                       791    356     1011
..................................................................


WIND (MPH)
  HIGHEST WIND SPEED    35   HIGHEST WIND DIRECTION    NW (330)
  HIGHEST GUST SPEED    43   HIGHEST GUST DIRECTION     W (280)
  AVERAGE WIND SPEED     9.5


SKY COVER
  POSSIBLE SUNSHINE  MM
  AVERAGE SKY COVER 0.3


WEATHER CONDITIONS
 THE FOLLOWING WEATHER WAS RECORDED YESTERDAY.
  THUNDERSTORM
  RAIN
  LIGHT RAIN


RELATIVE HUMIDITY (PERCENT)
 HIGHEST    84           500 AM
 LOWEST     16           400 PM
 AVERAGE    50

..........................................................


THE PUEBLO CO CLIMATE NORMALS FOR TODAY
                         NORMAL    RECORD    YEAR
 MAXIMUM TEMPERATURE (F)   88       102      1970
 MINIMUM TEMPERATURE (F)   55        47      1917
                                             1911


SUNRISE AND SUNSET
AUGUST 29 2016........SUNRISE   625 AM MDT   SUNSET   731 PM MDT
AUGUST 30 2016........SUNRISE   626 AM MDT   SUNSET   730 PM MDT


-  INDICATES NEGATIVE NUMBERS.
R  INDICATES RECORD WAS SET OR TIED.
MM INDICATES DATA IS MISSING.
T  INDICATES TRACE AMOUNT.




$$
