000
CDUS45 KPUB 191136
CLIPUB


CLIMATE REPORT
NATIONAL WEATHER SERVICE PUEBLO
436 AM MST FRI DEC 19 2014


...................................

...THE PUEBLO CO CLIMATE SUMMARY FOR DECEMBER 18 2014...

CLIMATE NORMAL PERIOD 1981 TO 2010
CLIMATE RECORD PERIOD 1888 TO 2014


WEATHER ITEM   OBSERVED TIME   RECORD YEAR NORMAL DEPARTURE LAST
                VALUE   (LST)  VALUE       VALUE  FROM      YEAR
                                                  NORMAL
..................................................................
TEMPERATURE (F)
 YESTERDAY
  MAXIMUM         46        MM  70    1979  45      1       68
  MINIMUM         13        MM -19    1996  14     -1       25
  AVERAGE         30                        29      1       47

PRECIPITATION (IN)
  YESTERDAY        T             0.45 1973   0.01  -0.01     0.00
  MONTH TO DATE    0.05                      0.24  -0.19     0.02
  SINCE DEC 1      0.05                      0.24  -0.19     0.02
  SINCE JAN 1     11.64                     12.43  -0.79     9.67

SNOWFALL (IN)
  YESTERDAY        T             4.6  1973   0.1   -0.1      0.0
  MONTH TO DATE    0.2                       3.2   -3.0      2.0
  SINCE DEC 1      0.2                       3.2   -3.0      2.0
  SINCE JUL 1     10.1                       9.2    0.9      5.7
  SNOW DEPTH       T

DEGREE DAYS
 HEATING
  YESTERDAY       35                        36     -1       18
  MONTH TO DATE  543                       620    -77      640
  SINCE DEC 1    543                       620    -77      640
  SINCE JUL 1   1705                      1901   -196     1823

 COOLING
  YESTERDAY        0                         0      0        0
  MONTH TO DATE    0                         0      0        0
  SINCE DEC 1      0                         0      0        0
  SINCE JAN 1   1002                       897    105     1230
..................................................................


WIND (MPH)
  HIGHEST WIND SPEED    14   HIGHEST WIND DIRECTION     E (110)
  HIGHEST GUST SPEED    MM   HIGHEST GUST DIRECTION    MM
  AVERAGE WIND SPEED     5.9


SKY COVER
  POSSIBLE SUNSHINE  MM
  AVERAGE SKY COVER 0.4


WEATHER CONDITIONS
 THE FOLLOWING WEATHER WAS RECORDED YESTERDAY.
  LIGHT SNOW
  FOG


RELATIVE HUMIDITY (PERCENT)
 HIGHEST   100           500 AM
 LOWEST     53           200 PM
 AVERAGE    77

..........................................................


THE PUEBLO CO CLIMATE NORMALS FOR TODAY
                         NORMAL    RECORD    YEAR
 MAXIMUM TEMPERATURE (F)   45        70      1917
 MINIMUM TEMPERATURE (F)   14       -19      1945
                                             1924


SUNRISE AND SUNSET
DECEMBER 19 2014......SUNRISE   710 AM MST   SUNSET   440 PM MST
DECEMBER 20 2014......SUNRISE   711 AM MST   SUNSET   441 PM MST


-  INDICATES NEGATIVE NUMBERS.
R  INDICATES RECORD WAS SET OR TIED.
MM INDICATES DATA IS MISSING.
T  INDICATES TRACE AMOUNT.




$$
