000
CDUS45 KPUB 310027
CLIPUB


CLIMATE REPORT
NATIONAL WEATHER SERVICE PUEBLO
627 PM MDT THU MAR 30 2017


...................................

...THE PUEBLO CO CLIMATE SUMMARY FOR MARCH 30 2017...
VALID TODAY AS OF 0500 PM LOCAL TIME.

CLIMATE NORMAL PERIOD 1981 TO 2010
CLIMATE RECORD PERIOD 1888 TO 2017


WEATHER ITEM   OBSERVED TIME   RECORD YEAR NORMAL DEPARTURE LAST
                VALUE   (LST)  VALUE       VALUE  FROM      YEAR
                                                  NORMAL
..................................................................
TEMPERATURE (F)
 TODAY
  MAXIMUM         71    317 PM  83    2010  63      8       58
                                      1986
                                      1946
  MINIMUM         30    402 AM  -1    1926  29      1       36
  AVERAGE         51                        46      5       47

PRECIPITATION (IN)
  TODAY            0.00          0.29 2000   0.04  -0.04     0.00
                                      1973
  MONTH TO DATE    0.68                      0.90  -0.22     0.58
  SINCE MAR 1      0.68                      0.90  -0.22     0.58
  SINCE JAN 1      1.60                      1.55   0.05     1.44

SNOWFALL (IN)
  TODAY            0.0           4.9  1970   0.2   -0.2      0.0
  MONTH TO DATE    0.0                       5.5   -5.5      3.9
  SINCE MAR 1      0.0                       5.5   -5.5      3.9
  SINCE JUL 1     14.2                      27.3  -13.1     28.1
  SNOW DEPTH       0

DEGREE DAYS
 HEATING
  TODAY           14                        19     -5       18
  MONTH TO DATE  453                       682   -229      570
  SINCE MAR 1    453                       682   -229      570
  SINCE JUL 1   3953                      4985  -1032     4079

 COOLING
  TODAY            0                         0      0        0
  MONTH TO DATE    0                         0      0        0
  SINCE MAR 1      0                         0      0        0
  SINCE JAN 1      0                         0      0        0
..................................................................


WIND (MPH)
  HIGHEST WIND SPEED    24   HIGHEST WIND DIRECTION    SE (130)
  HIGHEST GUST SPEED    28   HIGHEST GUST DIRECTION    SE (120)
  AVERAGE WIND SPEED     5.8


SKY COVER
  POSSIBLE SUNSHINE  MM
  AVERAGE SKY COVER 0.0


WEATHER CONDITIONS
 THE FOLLOWING WEATHER WAS RECORDED TODAY.
  NO SIGNIFICANT WEATHER WAS OBSERVED.


RELATIVE HUMIDITY (PERCENT)
 HIGHEST    92           200 AM
 LOWEST     23           200 PM
 AVERAGE    58

..........................................................


THE PUEBLO CO CLIMATE NORMALS FOR TOMORROW
                         NORMAL    RECORD    YEAR
 MAXIMUM TEMPERATURE (F)   63        86      1946
 MINIMUM TEMPERATURE (F)   30         9      1954


SUNRISE AND SUNSET
MARCH 30 2017.........SUNRISE   646 AM MDT   SUNSET   720 PM MDT
MARCH 31 2017.........SUNRISE   644 AM MDT   SUNSET   721 PM MDT


-  INDICATES NEGATIVE NUMBERS.
R  INDICATES RECORD WAS SET OR TIED.
MM INDICATES DATA IS MISSING.
T  INDICATES TRACE AMOUNT.




$$
