000
CDUS45 KPUB 271127
CLIPUB


CLIMATE REPORT
NATIONAL WEATHER SERVICE PUEBLO
427 AM MST THU NOV 27 2014


...................................

...THE PUEBLO CO CLIMATE SUMMARY FOR NOVEMBER 26 2014...

CLIMATE NORMAL PERIOD 1981 TO 2010
CLIMATE RECORD PERIOD 1888 TO 2014


WEATHER ITEM   OBSERVED TIME   RECORD YEAR NORMAL DEPARTURE LAST
                VALUE   (LST)  VALUE       VALUE  FROM      YEAR
                                                  NORMAL
..................................................................
TEMPERATURE (F)
 YESTERDAY
  MAXIMUM         44    332 PM  76    1894  51     -7       49
  MINIMUM         23    510 AM  -7    1952  18      5       26
  AVERAGE         34                        34      0       38

PRECIPITATION (IN)
  YESTERDAY        0.00          0.46 1987   0.02  -0.02     0.00
  MONTH TO DATE    0.46                      0.41   0.05     0.34
  SINCE SEP 1      1.99                      1.90   0.09     1.85
  SINCE JAN 1     11.59                     12.13  -0.54     9.65

SNOWFALL (IN)
  YESTERDAY        0.0           4.9  1987   0.2   -0.2      0.0
  MONTH TO DATE    9.4                       3.7    5.7      3.6
  SINCE SEP 1      9.4                       5.3    4.1      3.7
  SINCE JUL 1      9.4                       5.3    4.1      3.7
  SNOW DEPTH       0

DEGREE DAYS
 HEATING
  YESTERDAY       31                        31      0       27
  MONTH TO DATE  768                       645    123      626
  SINCE SEP 1   1093                      1150    -57     1080
  SINCE JUL 1   1094                      1155    -61     1080

 COOLING
  YESTERDAY        0                         0      0        0
  MONTH TO DATE    0                         0      0        0
  SINCE SEP 1    127                        86     41      170
  SINCE JAN 1   1002                       897    105     1230
..................................................................


WIND (MPH)
  HIGHEST WIND SPEED    18   HIGHEST WIND DIRECTION    NE (30)
  HIGHEST GUST SPEED    23   HIGHEST GUST DIRECTION     N (20)
  AVERAGE WIND SPEED     4.6


SKY COVER
  POSSIBLE SUNSHINE  MM
  AVERAGE SKY COVER 0.2


WEATHER CONDITIONS
 THE FOLLOWING WEATHER WAS RECORDED YESTERDAY.
  NO SIGNIFICANT WEATHER WAS OBSERVED.


RELATIVE HUMIDITY (PERCENT)
 HIGHEST    88           500 AM
 LOWEST     49           200 PM
 AVERAGE    69

..........................................................


THE PUEBLO CO CLIMATE NORMALS FOR TODAY
                         NORMAL    RECORD    YEAR
 MAXIMUM TEMPERATURE (F)   50        78      1998
 MINIMUM TEMPERATURE (F)   18       -11      1976
                                             1952


SUNRISE AND SUNSET
NOVEMBER 27 2014......SUNRISE   652 AM MST   SUNSET   439 PM MST
NOVEMBER 28 2014......SUNRISE   653 AM MST   SUNSET   439 PM MST


-  INDICATES NEGATIVE NUMBERS.
R  INDICATES RECORD WAS SET OR TIED.
MM INDICATES DATA IS MISSING.
T  INDICATES TRACE AMOUNT.




$$
