000
CDUS45 KPUB 261055
CLIPUB


CLIMATE REPORT
NATIONAL WEATHER SERVICE PUEBLO
455 AM MDT FRI MAY 26 2017


...................................

...THE PUEBLO CO CLIMATE SUMMARY FOR MAY 25 2017...

CLIMATE NORMAL PERIOD 1981 TO 2010
CLIMATE RECORD PERIOD 1888 TO 2017


WEATHER ITEM   OBSERVED TIME   RECORD YEAR NORMAL DEPARTURE LAST
                VALUE   (LST)  VALUE       VALUE  FROM      YEAR
                                                  NORMAL
..................................................................
TEMPERATURE (F)
 YESTERDAY
  MAXIMUM         88    253 PM  94    1964  80      8       84
  MINIMUM         47    356 AM  32    2002  47      0       49
  AVERAGE         68                        63      5       67

PRECIPITATION (IN)
  YESTERDAY        T             1.50 1996   0.05  -0.05     0.00
  MONTH TO DATE    2.93                      1.22   1.71     0.78
  SINCE MAR 1      8.07                      3.55   4.52     4.33
  SINCE JAN 1      8.99                      4.20   4.79     5.19

SNOWFALL (IN)
  YESTERDAY        0.0           0.0  2002   0.0    0.0      0.0
                                      2001
  MONTH TO DATE    T                         0.5   -0.5      0.0
  SINCE MAR 1     14.0                      10.0    4.0      7.2
  SINCE JUL 1     28.2                      31.8   -3.6     31.4
  SNOW DEPTH       0

DEGREE DAYS
 HEATING
  YESTERDAY        0                         3     -3        0
  MONTH TO DATE  179                       156     23      133
  SINCE MAR 1   1023                      1293   -270     1097
  SINCE JUL 1   4523                      5596  -1073     4606

 COOLING
  YESTERDAY        3                         2      1        2
  MONTH TO DATE    7                        18    -11       28
  SINCE MAR 1      7                        20    -13       28
  SINCE JAN 1      7                        20    -13       28
..................................................................


WIND (MPH)
  HIGHEST WIND SPEED    41   HIGHEST WIND DIRECTION     N (360)
  HIGHEST GUST SPEED    51   HIGHEST GUST DIRECTION    NW (320)
  AVERAGE WIND SPEED    10.4


SKY COVER
  POSSIBLE SUNSHINE  MM
  AVERAGE SKY COVER 0.0


WEATHER CONDITIONS
 THE FOLLOWING WEATHER WAS RECORDED YESTERDAY.
  NO SIGNIFICANT WEATHER WAS OBSERVED.


RELATIVE HUMIDITY (PERCENT)
 HIGHEST    86           300 AM
 LOWEST     10           300 PM
 AVERAGE    48

..........................................................


THE PUEBLO CO CLIMATE NORMALS FOR TODAY
                         NORMAL    RECORD    YEAR
 MAXIMUM TEMPERATURE (F)   80        97      2012
 MINIMUM TEMPERATURE (F)   47        35      1950


SUNRISE AND SUNSET
MAY 26 2017...........SUNRISE   539 AM MDT   SUNSET   812 PM MDT
MAY 27 2017...........SUNRISE   539 AM MDT   SUNSET   812 PM MDT


-  INDICATES NEGATIVE NUMBERS.
R  INDICATES RECORD WAS SET OR TIED.
MM INDICATES DATA IS MISSING.
T  INDICATES TRACE AMOUNT.




$$
