000
CDUS46 KOTX 180827
CLIPUW


CLIMATE REPORT
NATIONAL WEATHER SERVICE SPOKANE, WA
127 AM PDT FRI AUG 18 2017


...................................

...THE PULLMAN-MOSCOW  AIRPORT CLIMATE SUMMARY FOR AUGUST 17 2017...

CLIMATE NORMAL PERIOD 1981 TO 2010
CLIMATE RECORD PERIOD 9999 TO 9999


WEATHER ITEM   OBSERVED TIME   RECORD YEAR NORMAL DEPARTURE LAST
                VALUE   (LST)  VALUE       VALUE  FROM      YEAR
                                                  NORMAL
..................................................................
TEMPERATURE (F)
 YESTERDAY
  MAXIMUM         82    414 PM 102    2008  82      0       91
  MINIMUM         53   1157 PM  38    2000  49      4       49
  AVERAGE         68                        66      2       70

PRECIPITATION (IN)
  YESTERDAY        0.00                      0.03  -0.03     0.00
  MONTH TO DATE    0.06                      0.36  -0.30     0.24
  SINCE OCT 1     23.33                     15.84   7.49    19.95
  SINCE JAN 1     14.92                     10.64   4.28    11.96

SNOWFALL (IN)
  YESTERDAY       MM

DEGREE DAYS
 HEATING
  YESTERDAY        0                         2     -2        0
  MONTH TO DATE    7                        24    -17       19
  SINCE JUN 1    147                       294   -147      252
  SINCE JUL 1     13                        88    -75       84

 COOLING
  YESTERDAY        3                         3      0        5
  MONTH TO DATE  128                        58     70       55
  SINCE JUN 1    358                       153    205      156
  SINCE JAN 1    378                       158    220      157
..................................................................


WIND (MPH)
  HIGHEST WIND SPEED    15   HIGHEST WIND DIRECTION    SW (240)
  HIGHEST GUST SPEED    19   HIGHEST GUST DIRECTION     W (260)
  AVERAGE WIND SPEED     5.4


SKY COVER
  POSSIBLE SUNSHINE  MM
  AVERAGE SKY COVER 0.0


WEATHER CONDITIONS
 THE FOLLOWING WEATHER WAS RECORDED YESTERDAY.
  HAZE


RELATIVE HUMIDITY (PERCENT)
 HIGHEST    64           600 AM
 LOWEST     25           600 PM
 AVERAGE    45

..........................................................


THE PULLMAN-MOSCOW  AIRPORT CLIMATE NORMALS FOR TODAY
                         NORMAL    RECORD    YEAR
 MAXIMUM TEMPERATURE (F)   82       101      1903
 MINIMUM TEMPERATURE (F)   49        38      1998


SUNRISE AND SUNSET
AUGUST 18 2017........SUNRISE   551 AM PDT   SUNSET   753 PM PDT
AUGUST 19 2017........SUNRISE   552 AM PDT   SUNSET   751 PM PDT


-  INDICATES NEGATIVE NUMBERS.
R  INDICATES RECORD WAS SET OR TIED.
MM INDICATES DATA IS MISSING.
T  INDICATES TRACE AMOUNT.




$$
