000
CDUS46 KOTX 220837
CLIPUW


CLIMATE REPORT
NATIONAL WEATHER SERVICE SPOKANE, WA
137 AM PDT WED OCT 22 2014


...................................

...THE PULLMAN-MOSCOW  AIRPORT CLIMATE SUMMARY FOR OCTOBER 21 2014...

CLIMATE NORMAL PERIOD 1981 TO 2010
CLIMATE RECORD PERIOD 9999 TO 9999


WEATHER ITEM   OBSERVED TIME   RECORD YEAR NORMAL DEPARTURE LAST
                VALUE   (LST)  VALUE       VALUE  FROM      YEAR
                                                  NORMAL
..................................................................
TEMPERATURE (F)
 YESTERDAY
  MAXIMUM         58    240 PM  79    2003  56      2       66
  MINIMUM         39   1118 PM  19    1984  35      4       41
  AVERAGE         49                        46      3       54

PRECIPITATION (IN)
  YESTERDAY        T             0.83 1990   0.05  -0.05     0.00
  MONTH TO DATE    0.34                      0.82  -0.48     0.13
  SINCE OCT 1      0.34                      0.82  -0.48     0.13
  SINCE JAN 1     12.22                     12.51  -0.29    11.67

SNOWFALL (IN)
  YESTERDAY       MM

DEGREE DAYS
 HEATING
  YESTERDAY       16                        19     -3       11
  MONTH TO DATE  195                       333   -138      420
  SINCE SEP 1    323                       561   -238      599
  SINCE JUL 1    348                       694   -346      639

 COOLING
  YESTERDAY        0                         0      0        0
  MONTH TO DATE    0                         0      0        0
  SINCE SEP 1     19                        22     -3       72
  SINCE JAN 1    346                       212    134      334
..................................................................


WIND (MPH)
  HIGHEST WIND SPEED    24   HIGHEST WIND DIRECTION    SW (230)
  HIGHEST GUST SPEED    30   HIGHEST GUST DIRECTION    SW (240)
  AVERAGE WIND SPEED     8.5


SKY COVER
  POSSIBLE SUNSHINE  MM
  AVERAGE SKY COVER 0.5


WEATHER CONDITIONS
 THE FOLLOWING WEATHER WAS RECORDED YESTERDAY.
  LIGHT RAIN


RELATIVE HUMIDITY (PERCENT)
 HIGHEST    89           700 AM
 LOWEST     51           400 PM
 AVERAGE    70

..........................................................


THE PULLMAN-MOSCOW  AIRPORT CLIMATE NORMALS FOR TODAY
                         NORMAL    RECORD    YEAR
 MAXIMUM TEMPERATURE (F)   56        79      2003
 MINIMUM TEMPERATURE (F)   35        22      1984


SUNRISE AND SUNSET
OCTOBER 22 2014.......SUNRISE   716 AM PDT   SUNSET   549 PM PDT
OCTOBER 23 2014.......SUNRISE   718 AM PDT   SUNSET   547 PM PDT


-  INDICATES NEGATIVE NUMBERS.
R  INDICATES RECORD WAS SET OR TIED.
MM INDICATES DATA IS MISSING.
T  INDICATES TRACE AMOUNT.




$$
