000
CDUS46 KOTX 270824
CLIPUW


CLIMATE REPORT
NATIONAL WEATHER SERVICE SPOKANE, WA
123 AM PDT TUE JUN 27 2017


...................................

...THE PULLMAN-MOSCOW  AIRPORT CLIMATE SUMMARY FOR JUNE 26 2017...

CLIMATE NORMAL PERIOD 1981 TO 2010
CLIMATE RECORD PERIOD 9999 TO 9999


WEATHER ITEM   OBSERVED TIME   RECORD YEAR NORMAL DEPARTURE LAST
                VALUE   (LST)  VALUE       VALUE  FROM      YEAR
                                                  NORMAL
..................................................................
TEMPERATURE (F)
 YESTERDAY
  MAXIMUM         92    145 PM  96    1992  75     17       81
  MINIMUM         63   1152 PM  35    1976  47     16       42
  AVERAGE         78                        61     17       62

PRECIPITATION (IN)
  YESTERDAY        0.02                      0.03  -0.01     0.00
  MONTH TO DATE    0.96                      0.95   0.01     0.94
  SINCE OCT 1     23.21                     14.66   8.55    18.96
  SINCE JAN 1     14.80                      9.46   5.34    10.97

SNOWFALL (IN)
  YESTERDAY       MM

DEGREE DAYS
 HEATING
  YESTERDAY        0                         5     -5        3
  MONTH TO DATE  129                       187    -58      168
  SINCE JUN 1    129                       187    -58      168
  SINCE JUL 1   6496                      6587    -91     5612

 COOLING
  YESTERDAY       13                         1     12        0
  MONTH TO DATE   49                         5     44       28
  SINCE JUN 1     49                         5     44       28
  SINCE JAN 1     69                        10     59       29
..................................................................


WIND (MPH)
  HIGHEST WIND SPEED    31   HIGHEST WIND DIRECTION     S (190)
  HIGHEST GUST SPEED    40   HIGHEST GUST DIRECTION     W (250)
  AVERAGE WIND SPEED     6.9


SKY COVER
  POSSIBLE SUNSHINE  MM
  AVERAGE SKY COVER 0.1


WEATHER CONDITIONS
 THE FOLLOWING WEATHER WAS RECORDED YESTERDAY.
  THUNDERSTORM
  LIGHT RAIN
  HAZE


RELATIVE HUMIDITY (PERCENT)
 HIGHEST    67          1000 PM
 LOWEST     21           200 PM
 AVERAGE    44

..........................................................


THE PULLMAN-MOSCOW  AIRPORT CLIMATE NORMALS FOR TODAY
                         NORMAL    RECORD    YEAR
 MAXIMUM TEMPERATURE (F)   75        99      2015
 MINIMUM TEMPERATURE (F)   47        34      1997


SUNRISE AND SUNSET
JUNE 27 2017..........SUNRISE   457 AM PDT   SUNSET   846 PM PDT
JUNE 28 2017..........SUNRISE   457 AM PDT   SUNSET   846 PM PDT


-  INDICATES NEGATIVE NUMBERS.
R  INDICATES RECORD WAS SET OR TIED.
MM INDICATES DATA IS MISSING.
T  INDICATES TRACE AMOUNT.




$$
