000
CDUS46 KOTX 010825
CLIPUW


CLIMATE REPORT
NATIONAL WEATHER SERVICE SPOKANE, WA
1224 AM PST SUN FEB 1 2015


...................................

...THE PULLMAN-MOSCOW  AIRPORT CLIMATE SUMMARY FOR JANUARY 31 2015...

CLIMATE NORMAL PERIOD 1981 TO 2010
CLIMATE RECORD PERIOD 9999 TO 9999


WEATHER ITEM   OBSERVED TIME   RECORD YEAR NORMAL DEPARTURE LAST
                VALUE   (LST)  VALUE       VALUE  FROM      YEAR
                                                  NORMAL
..................................................................
TEMPERATURE (F)
 YESTERDAY
  MAXIMUM         34    348 PM  57    1971  38     -4       33
  MINIMUM         30    926 AM -25    1950  28      2       27
  AVERAGE         32                        33     -1       30

PRECIPITATION (IN)
  YESTERDAY        T             0.87 2003   0.06  -0.06     0.03
  MONTH TO DATE    1.61                      1.82  -0.21     1.91
  SINCE OCT 1      8.46                      7.02   1.44     5.25
  SINCE JAN 1      1.61                      1.82  -0.21     1.91

SNOWFALL (IN)
  YESTERDAY       MM

DEGREE DAYS
 HEATING
  YESTERDAY       33                        32      1       35
  MONTH TO DATE  904                      1036   -132      982
  SINCE DEC 1   1835                      2115   -280     2147
  SINCE JUL 1   3172                      3859   -687     3836

 COOLING
  YESTERDAY        0                         0      0        0
  MONTH TO DATE    0                         0      0        0
  SINCE DEC 1      0                         0      0        0
  SINCE JAN 1      0                         0      0        0
..................................................................


WIND (MPH)
  HIGHEST WIND SPEED    13   HIGHEST WIND DIRECTION     E (90)
  HIGHEST GUST SPEED    14   HIGHEST GUST DIRECTION     E (90)
  AVERAGE WIND SPEED     2.8


SKY COVER
  POSSIBLE SUNSHINE  MM
  AVERAGE SKY COVER 0.8


WEATHER CONDITIONS
 THE FOLLOWING WEATHER WAS RECORDED YESTERDAY.
  FOG


RELATIVE HUMIDITY (PERCENT)
 HIGHEST    92           600 AM
 LOWEST     75           300 PM
 AVERAGE    84

..........................................................


THE PULLMAN-MOSCOW  AIRPORT CLIMATE NORMALS FOR TODAY
                         NORMAL    RECORD    YEAR
 MAXIMUM TEMPERATURE (F)   38        59      1971
 MINIMUM TEMPERATURE (F)   28       -19      1950


SUNRISE AND SUNSET
FEBRUARY  1 2015......SUNRISE   713 AM PST   SUNSET   452 PM PST
FEBRUARY  2 2015......SUNRISE   712 AM PST   SUNSET   453 PM PST


-  INDICATES NEGATIVE NUMBERS.
R  INDICATES RECORD WAS SET OR TIED.
MM INDICATES DATA IS MISSING.
T  INDICATES TRACE AMOUNT.




$$
