000
CDUS46 KOTX 060837
CLIPUW


CLIMATE REPORT
NATIONAL WEATHER SERVICE SPOKANE, WA
1236 AM PST FRI MAR 6 2015


...................................

...THE PULLMAN-MOSCOW  AIRPORT CLIMATE SUMMARY FOR MARCH 5 2015...

CLIMATE NORMAL PERIOD 1981 TO 2010
CLIMATE RECORD PERIOD 9999 TO 9999


WEATHER ITEM   OBSERVED TIME   RECORD YEAR NORMAL DEPARTURE LAST
                VALUE   (LST)  VALUE       VALUE  FROM      YEAR
                                                  NORMAL
..................................................................
TEMPERATURE (F)
 YESTERDAY
  MAXIMUM         53    327 PM  60    1987  47      6       50
  MINIMUM         29   1159 PM  -4    1945  30     -1       40
  AVERAGE         41                        38      3       45

PRECIPITATION (IN)
  YESTERDAY        0.00          0.47 1991   0.06  -0.06     0.31
  MONTH TO DATE    T                         0.29  -0.29     0.55
  SINCE OCT 1     10.60                      8.83   1.77     8.33
  SINCE JAN 1      3.75                      3.63   0.12     4.99

SNOWFALL (IN)
  YESTERDAY       MM

DEGREE DAYS
 HEATING
  YESTERDAY       24                        27     -3       20
  MONTH TO DATE  154                       135     19      136
  SINCE MAR 1    154                       135     19      136
  SINCE JUL 1   3985                      4838   -853     4987

 COOLING
  YESTERDAY        0                         0      0        0
  MONTH TO DATE    0                         0      0        0
  SINCE MAR 1      0                         0      0        0
  SINCE JAN 1      0                         0      0        0
..................................................................


WIND (MPH)
  HIGHEST WIND SPEED    16   HIGHEST WIND DIRECTION     E (90)
  HIGHEST GUST SPEED    18   HIGHEST GUST DIRECTION     E (90)
  AVERAGE WIND SPEED     5.8


SKY COVER
  POSSIBLE SUNSHINE  MM
  AVERAGE SKY COVER 0.0


WEATHER CONDITIONS
 THE FOLLOWING WEATHER WAS RECORDED YESTERDAY.
  NO SIGNIFICANT WEATHER WAS OBSERVED.


RELATIVE HUMIDITY (PERCENT)
 HIGHEST    72          1000 PM
 LOWEST     28           200 PM
 AVERAGE    50

..........................................................


THE PULLMAN-MOSCOW  AIRPORT CLIMATE NORMALS FOR TODAY
                         NORMAL    RECORD    YEAR
 MAXIMUM TEMPERATURE (F)   47        63      2007
 MINIMUM TEMPERATURE (F)   30         6      1945


SUNRISE AND SUNSET
MARCH  6 2015.........SUNRISE   619 AM PST   SUNSET   541 PM PST
MARCH  7 2015.........SUNRISE   617 AM PST   SUNSET   543 PM PST


-  INDICATES NEGATIVE NUMBERS.
R  INDICATES RECORD WAS SET OR TIED.
MM INDICATES DATA IS MISSING.
T  INDICATES TRACE AMOUNT.




$$
