000
CDUS46 KOTX 240818
CLIPUW


CLIMATE REPORT
NATIONAL WEATHER SERVICE SPOKANE, WA
116 AM PDT SUN MAY 24 2015


...................................

...THE PULLMAN-MOSCOW  AIRPORT CLIMATE SUMMARY FOR MAY 23 2015...

CLIMATE NORMAL PERIOD 1981 TO 2010
CLIMATE RECORD PERIOD 9999 TO 9999


WEATHER ITEM   OBSERVED TIME   RECORD YEAR NORMAL DEPARTURE LAST
                VALUE   (LST)  VALUE       VALUE  FROM      YEAR
                                                  NORMAL
..................................................................
TEMPERATURE (F)
 YESTERDAY
  MAXIMUM         70        MM  89    2001  66      4       77
  MINIMUM         48        MM  30    2013  43      5       48
                                      1966
  AVERAGE         59                        55      4       63

PRECIPITATION (IN)
  YESTERDAY        0.17          0.52 1998   0.05   0.12      T
  MONTH TO DATE    1.82                      1.22   0.60     0.64
  SINCE OCT 1     15.50                     13.37   2.13    12.69
  SINCE JAN 1      8.65                      8.17   0.48     9.35

SNOWFALL (IN)
  YESTERDAY       MM

DEGREE DAYS
 HEATING
  YESTERDAY        6                        11     -5        2
  MONTH TO DATE  240                       294    -54      238
  SINCE MAR 1   1410                      1618   -208     1511
  SINCE JUL 1   5241                      6321  -1080     6362

 COOLING
  YESTERDAY        0                         0      0        0
  MONTH TO DATE    0                         0      0        1
  SINCE MAR 1      0                         0      0        1
  SINCE JAN 1      0                         0      0        1
..................................................................


WIND (MPH)
  HIGHEST WIND SPEED    16   HIGHEST WIND DIRECTION     W (270)
  HIGHEST GUST SPEED    MM   HIGHEST GUST DIRECTION    MM
  AVERAGE WIND SPEED     6.5


SKY COVER
  POSSIBLE SUNSHINE  MM
  AVERAGE SKY COVER 0.4


WEATHER CONDITIONS
 THE FOLLOWING WEATHER WAS RECORDED YESTERDAY.
  THUNDERSTORM
  LIGHT RAIN


RELATIVE HUMIDITY (PERCENT)
 HIGHEST    93           400 AM
 LOWEST     57           400 PM
 AVERAGE    75

..........................................................


THE PULLMAN-MOSCOW  AIRPORT CLIMATE NORMALS FOR TODAY
                         NORMAL    RECORD    YEAR
 MAXIMUM TEMPERATURE (F)   67        91      2003
 MINIMUM TEMPERATURE (F)   43        31      2010


SUNRISE AND SUNSET
MAY 24 2015...........SUNRISE   505 AM PDT   SUNSET   827 PM PDT
MAY 25 2015...........SUNRISE   504 AM PDT   SUNSET   828 PM PDT


-  INDICATES NEGATIVE NUMBERS.
R  INDICATES RECORD WAS SET OR TIED.
MM INDICATES DATA IS MISSING.
T  INDICATES TRACE AMOUNT.




$$
