000
CDUS46 KOTX 310820
CLIPUW


CLIMATE REPORT
NATIONAL WEATHER SERVICE SPOKANE, WA
120 AM PDT FRI OCT 31 2014


...................................

...THE PULLMAN-MOSCOW  AIRPORT CLIMATE SUMMARY FOR OCTOBER 30 2014...

CLIMATE NORMAL PERIOD 1981 TO 2010
CLIMATE RECORD PERIOD 9999 TO 9999


WEATHER ITEM   OBSERVED TIME   RECORD YEAR NORMAL DEPARTURE LAST
                VALUE   (LST)  VALUE       VALUE  FROM      YEAR
                                                  NORMAL
..................................................................
TEMPERATURE (F)
 YESTERDAY
  MAXIMUM         60    245 PM  71    1944  51      9       50
  MINIMUM         49    459 AM  11    2002  34     15       19
  AVERAGE         55                        43     12       35

PRECIPITATION (IN)
  YESTERDAY        T             0.63 1997   0.05  -0.05     0.00
  MONTH TO DATE    1.02                      1.29  -0.27     0.15
  SINCE OCT 1      1.02                      1.29  -0.27     0.15
  SINCE JAN 1     12.90                     12.98  -0.08    11.69

SNOWFALL (IN)
  YESTERDAY       MM

DEGREE DAYS
 HEATING
  YESTERDAY       10                        22    -12       30
  MONTH TO DATE  325                       522   -197      597
  SINCE SEP 1    453                       750   -297      776
  SINCE JUL 1    478                       883   -405      816

 COOLING
  YESTERDAY        0                         0      0        0
  MONTH TO DATE    0                         0      0        0
  SINCE SEP 1     19                        22     -3       72
  SINCE JAN 1    346                       212    134      334
..................................................................


WIND (MPH)
  HIGHEST WIND SPEED    21   HIGHEST WIND DIRECTION     E (100)
  HIGHEST GUST SPEED    25   HIGHEST GUST DIRECTION     E (90)
  AVERAGE WIND SPEED    13.5


SKY COVER
  POSSIBLE SUNSHINE  MM
  AVERAGE SKY COVER 0.5


WEATHER CONDITIONS
 THE FOLLOWING WEATHER WAS RECORDED YESTERDAY.
  LIGHT RAIN


RELATIVE HUMIDITY (PERCENT)
 HIGHEST    80           100 AM
 LOWEST     53           200 PM
 AVERAGE    67

..........................................................


THE PULLMAN-MOSCOW  AIRPORT CLIMATE NORMALS FOR TODAY
                         NORMAL    RECORD    YEAR
 MAXIMUM TEMPERATURE (F)   51        66      2012
                                             1958
 MINIMUM TEMPERATURE (F)   34         8      2002


SUNRISE AND SUNSET
OCTOBER 31 2014.......SUNRISE   729 AM PDT   SUNSET   534 PM PDT
NOVEMBER  1 2014......SUNRISE   731 AM PDT   SUNSET   533 PM PDT


-  INDICATES NEGATIVE NUMBERS.
R  INDICATES RECORD WAS SET OR TIED.
MM INDICATES DATA IS MISSING.
T  INDICATES TRACE AMOUNT.




$$
