000
CDUS46 KOTX 181006
CLIPUW


CLIMATE REPORT
NATIONAL WEATHER SERVICE SPOKANE, WA
305 AM PDT WED OCT 18 2017


...................................

...THE PULLMAN-MOSCOW  AIRPORT CLIMATE SUMMARY FOR OCTOBER 17 2017...

CLIMATE NORMAL PERIOD 1981 TO 2010
CLIMATE RECORD PERIOD 9999 TO 9999


WEATHER ITEM   OBSERVED TIME   RECORD YEAR NORMAL DEPARTURE LAST
                VALUE   (LST)  VALUE       VALUE  FROM      YEAR
                                                  NORMAL
..................................................................
TEMPERATURE (F)
 YESTERDAY
  MAXIMUM         69   1201 PM  77    1974  58     11       50
                                      1958
                                      1954
  MINIMUM         44    506 AM  21    2010  36      8       41
                                      1984
  AVERAGE         57                        47     10       46

PRECIPITATION (IN)
  YESTERDAY        T                         0.04  -0.04     0.27
  MONTH TO DATE    1.03                      0.63   0.40     2.78
  SINCE OCT 1      1.03                      0.63   0.40     2.78
  SINCE JAN 1     16.64                     12.32   4.32    15.10

SNOWFALL (IN)
  YESTERDAY       MM

DEGREE DAYS
 HEATING
  YESTERDAY        8                        18    -10       19
  MONTH TO DATE  284                       258     26      247
  SINCE SEP 1    471                       486    -15      463
  SINCE JUL 1    494                       619   -125      565

 COOLING
  YESTERDAY        0                         0      0        0
  MONTH TO DATE    0                         0      0        0
  SINCE SEP 1     83                        22     61        6
  SINCE JAN 1    517                       212    305      203
..................................................................


WIND (MPH)
  HIGHEST WIND SPEED    37   HIGHEST WIND DIRECTION     W (250)
  HIGHEST GUST SPEED    48   HIGHEST GUST DIRECTION    SW (240)
  AVERAGE WIND SPEED    10.7


SKY COVER
  POSSIBLE SUNSHINE  MM
  AVERAGE SKY COVER 0.1


WEATHER CONDITIONS
 THE FOLLOWING WEATHER WAS RECORDED YESTERDAY.
  LIGHT RAIN
  HAZE


RELATIVE HUMIDITY (PERCENT)
 HIGHEST    65           300 AM
 LOWEST     29          1100 AM
 AVERAGE    47

..........................................................


THE PULLMAN-MOSCOW  AIRPORT CLIMATE NORMALS FOR TODAY
                         NORMAL    RECORD    YEAR
 MAXIMUM TEMPERATURE (F)   58        78      1952
 MINIMUM TEMPERATURE (F)   36        21      1991


SUNRISE AND SUNSET
OCTOBER 18 2017.......SUNRISE   711 AM PDT   SUNSET   555 PM PDT
OCTOBER 19 2017.......SUNRISE   712 AM PDT   SUNSET   554 PM PDT


-  INDICATES NEGATIVE NUMBERS.
R  INDICATES RECORD WAS SET OR TIED.
MM INDICATES DATA IS MISSING.
T  INDICATES TRACE AMOUNT.




$$
