000
CDUS46 KOTX 220837
CLIPUW


CLIMATE REPORT
NATIONAL WEATHER SERVICE SPOKANE, WA
136 AM PDT FRI AUG 22 2014


...................................

...THE PULLMAN-MOSCOW  AIRPORT CLIMATE SUMMARY FOR AUGUST 21 2014...

CLIMATE NORMAL PERIOD 1981 TO 2010
CLIMATE RECORD PERIOD 9999 TO 9999


WEATHER ITEM   OBSERVED TIME   RECORD YEAR NORMAL DEPARTURE LAST
                VALUE   (LST)  VALUE       VALUE  FROM      YEAR
                                                  NORMAL
..................................................................
TEMPERATURE (F)
 YESTERDAY
  MAXIMUM         79    400 PM  99    2006  82     -3       88
                                      2005
  MINIMUM         50    454 AM  30    1945  49      1       42
  AVERAGE         65                        65      0       65

PRECIPITATION (IN)
  YESTERDAY        0.00          0.25 1943   0.02  -0.02     0.00
  MONTH TO DATE    0.38                      0.44  -0.06     0.30
  SINCE OCT 1     14.66                     15.92  -1.26    16.27
  SINCE JAN 1     11.32                     10.72   0.60     8.73

SNOWFALL (IN)
  YESTERDAY       MM            MM      MM  MM     MM       MM
  MONTH TO DATE   MM                        MM     MM       MM
  SINCE JUN 1     MM                        MM     MM       MM
  SINCE JUL 1     MM                        MM     MM       MM
  SNOW DEPTH      MM

DEGREE DAYS
 HEATING
  YESTERDAY        0                         3     -3        0
  MONTH TO DATE    1                        33    -32       14
  SINCE JUN 1    215                       303    -88      228
  SINCE JUL 1     11                        97    -86       38

 COOLING
  YESTERDAY        0                         3     -3        0
  MONTH TO DATE  126                        70     56       94
  SINCE JUN 1    316                       165    151      232
  SINCE JAN 1    317                       170    147      244
..................................................................


WIND (MPH)
  HIGHEST WIND SPEED    10   HIGHEST WIND DIRECTION     W (270)
  HIGHEST GUST SPEED    13   HIGHEST GUST DIRECTION     W (280)
  AVERAGE WIND SPEED     3.4


SKY COVER
  POSSIBLE SUNSHINE  MM
  AVERAGE SKY COVER 0.1


WEATHER CONDITIONS
 THE FOLLOWING WEATHER WAS RECORDED YESTERDAY.
  NO SIGNIFICANT WEATHER WAS OBSERVED.


RELATIVE HUMIDITY (PERCENT)
 HIGHEST    77          1200 AM
 LOWEST     25           400 PM
 AVERAGE    51

..........................................................


THE PULLMAN-MOSCOW  AIRPORT CLIMATE NORMALS FOR TODAY
                         NORMAL    RECORD    YEAR
 MAXIMUM TEMPERATURE (F)   81        99      1961
 MINIMUM TEMPERATURE (F)   49        37      1968


SUNRISE AND SUNSET
AUGUST 22 2014........SUNRISE   555 AM PDT   SUNSET   746 PM PDT
AUGUST 23 2014........SUNRISE   557 AM PDT   SUNSET   744 PM PDT


-  INDICATES NEGATIVE NUMBERS.
R  INDICATES RECORD WAS SET OR TIED.
MM INDICATES DATA IS MISSING.
T  INDICATES TRACE AMOUNT.




$$
