000
CDUS41 KBOX 232127
CLIPVD


CLIMATE REPORT
NATIONAL WEATHER SERVICE TAUNTON MA
527 PM EDT SAT SEP 23 2017


...................................

...THE PROVIDENCE RI CLIMATE SUMMARY FOR SEPTEMBER 23 2017...
VALID AS OF 0500 PM LOCAL TIME.

CLIMATE NORMAL PERIOD 1981 TO 2010
CLIMATE RECORD PERIOD 1904 TO 2017


WEATHER ITEM   OBSERVED TIME   RECORD YEAR NORMAL DEPARTURE LAST
                VALUE   (LST)  VALUE       VALUE  FROM      YEAR
                                                  NORMAL
..................................................................
TEMPERATURE (F)
 TODAY
  MAXIMUM         82    351 PM  92    1970  72     10       83
  MINIMUM         62    614 AM  38    1974  52     10       56
  AVERAGE         72                        62     10       70

PRECIPITATION (IN)
  TODAY            0.00          2.45 1994   0.13  -0.13     0.29
  MONTH TO DATE    2.14                      2.97  -0.83     1.92
  SINCE SEP 1      2.14                      2.97  -0.83     1.92
  SINCE JAN 1     36.34                     33.57   2.77    27.75

SNOWFALL (IN)
  TODAY            0.0           0.0  2002   0.0    0.0      0.0
                                      2001
                                      2000
  MONTH TO DATE    0.0                       0.0    0.0      0.0
  SINCE SEP 1      0.0                       0.0    0.0      0.0
  SINCE JUL 1      0.0                       0.0    0.0      0.0
  SNOW DEPTH       0

DEGREE DAYS
 HEATING
  TODAY            0                         4     -4        0
  MONTH TO DATE   18                        49    -31        6
  SINCE SEP 1     18                        49    -31        6
  SINCE JUL 1     26                        58    -32        6

 COOLING
  TODAY            7                         1      6        5
  MONTH TO DATE   94                        73     21      151
  SINCE SEP 1     94                        73     21      151
  SINCE JAN 1    798                       729     69     1034
..................................................................


WIND (MPH)
  HIGHEST WIND SPEED    22   HIGHEST WIND DIRECTION     N (10)
  HIGHEST GUST SPEED    28   HIGHEST GUST DIRECTION     N (10)
  AVERAGE WIND SPEED    13.5


SKY COVER
  POSSIBLE SUNSHINE  MM
  AVERAGE SKY COVER 0.8


WEATHER CONDITIONS
 THE FOLLOWING WEATHER WAS RECORDED TODAY.
  LIGHT RAIN


RELATIVE HUMIDITY (PERCENT)
 HIGHEST   100          1200 AM
 LOWEST     58           300 PM
 AVERAGE    79

..........................................................


THE PROVIDENCE RI CLIMATE NORMALS FOR TOMORROW
                         NORMAL    RECORD    YEAR
 MAXIMUM TEMPERATURE (F)   71        87      1959
 MINIMUM TEMPERATURE (F)   52        34      1974


SUNRISE AND SUNSET
SEPTEMBER 23 2017.....SUNRISE   634 AM EDT   SUNSET   641 PM EDT
SEPTEMBER 24 2017.....SUNRISE   635 AM EDT   SUNSET   639 PM EDT


-  INDICATES NEGATIVE NUMBERS.
R  INDICATES RECORD WAS SET OR TIED.
MM INDICATES DATA IS MISSING.
T  INDICATES TRACE AMOUNT.




$$
