000
CDUS41 KBOX 232147
CLIPVD


CLIMATE REPORT
NATIONAL WEATHER SERVICE TAUNTON MA
436 PM EST TUE JAN 23 2018


...................................

...THE PROVIDENCE RI CLIMATE SUMMARY FOR JANUARY 23 2018...
VALID AS OF 0400 PM LOCAL TIME.

CLIMATE NORMAL PERIOD 1981 TO 2010
CLIMATE RECORD PERIOD 1904 TO 2018


WEATHER ITEM   OBSERVED TIME   RECORD YEAR NORMAL DEPARTURE LAST
                VALUE   (LST)  VALUE       VALUE  FROM      YEAR
                                                  NORMAL
..................................................................
TEMPERATURE (F)
 TODAY
  MAXIMUM         57    241 PM  64    1906  37     20       41
  MINIMUM         38    551 AM -13    1976  21     17       36
  AVERAGE         48                        29     19       39

PRECIPITATION (IN)
  TODAY            1.43          2.37 1992   0.12   1.31     0.58
  MONTH TO DATE    6.05                      2.88   3.17     3.29
  SINCE DEC 1      8.62                      7.10   1.52     6.43
  SINCE JAN 1      6.05                      2.88   3.17     3.29

SNOWFALL (IN)
  TODAY            0.0          16.4  2005   0.2   -0.2       T
  MONTH TO DATE   15.6                       6.6    9.0     14.1
  SINCE DEC 1     22.7                      15.3    7.4     18.5
  SINCE JUL 1     22.7                      16.8    5.9     18.5
  SNOW DEPTH       0

DEGREE DAYS
 HEATING
  TODAY           17                        36    -19       26
  MONTH TO DATE  844                       824     20      699
  SINCE DEC 1   1885                      1776    109     1627
  SINCE JUL 1   2699                      2851   -152     2514

 COOLING
  TODAY            0                         0      0        0
  MONTH TO DATE    0                         0      0        0
  SINCE DEC 1      0                         0      0        0
  SINCE JAN 1      0                         0      0        0
..................................................................


WIND (MPH)
  HIGHEST WIND SPEED    32   HIGHEST WIND DIRECTION     S (190)
  HIGHEST GUST SPEED    48   HIGHEST GUST DIRECTION     S (190)
  AVERAGE WIND SPEED    10.2


SKY COVER
  POSSIBLE SUNSHINE  MM
  AVERAGE SKY COVER 1.0


WEATHER CONDITIONS
 THE FOLLOWING WEATHER WAS RECORDED TODAY.
  THUNDERSTORM
  HEAVY RAIN
  RAIN
  LIGHT RAIN
  FOG
  FOG W/VISIBILITY <= 1/4 MILE


RELATIVE HUMIDITY (PERCENT)
 HIGHEST   100          1200 AM
 LOWEST    100          1200 AM
 AVERAGE   100

..........................................................


THE PROVIDENCE RI CLIMATE NORMALS FOR TOMORROW
                         NORMAL    RECORD    YEAR
 MAXIMUM TEMPERATURE (F)   37        65      1967
 MINIMUM TEMPERATURE (F)   21        -9      1907


SUNRISE AND SUNSET
JANUARY 23 2018.......SUNRISE   706 AM EST   SUNSET   450 PM EST
JANUARY 24 2018.......SUNRISE   705 AM EST   SUNSET   451 PM EST


-  INDICATES NEGATIVE NUMBERS.
R  INDICATES RECORD WAS SET OR TIED.
MM INDICATES DATA IS MISSING.
T  INDICATES TRACE AMOUNT.




$$
