000
CDUS41 KBOX 230604
CLIPVD


CLIMATE REPORT
NATIONAL WEATHER SERVICE TAUNTON MA
153 AM EDT TUE SEP 23 2014


...................................

...THE PROVIDENCE RI CLIMATE SUMMARY FOR SEPTEMBER 22 2014...

CLIMATE NORMAL PERIOD 1981 TO 2010
CLIMATE RECORD PERIOD 1904 TO 2014


WEATHER ITEM   OBSERVED TIME   RECORD YEAR NORMAL DEPARTURE LAST
                VALUE   (LST)  VALUE       VALUE  FROM      YEAR
                                                  NORMAL
..................................................................
TEMPERATURE (F)
 YESTERDAY
  MAXIMUM         74    125 PM  93    1980  72      2       72
  MINIMUM         48   1159 PM  34    1962  53     -5       52
  AVERAGE         61                        62     -1       62

PRECIPITATION (IN)
  YESTERDAY        0.00          2.08 2001   0.14  -0.14     0.27
  MONTH TO DATE    0.56                      2.84  -2.28     4.59
  SINCE SEP 1      0.56                      2.84  -2.28     4.59
  SINCE JAN 1     32.01                     33.44  -1.43    35.40

SNOWFALL (IN)
  YESTERDAY        0.0           0.0  2002   0.0    0.0      0.0
                                      2001
                                      2000
  MONTH TO DATE    0.0                       0.0    0.0      0.0
  SINCE SEP 1      0.0                       0.0    0.0      0.0
  SINCE JUL 1      0.0                       0.0    0.0      0.0
  SNOW DEPTH       0

DEGREE DAYS
 HEATING
  YESTERDAY        4                         4      0        3
  MONTH TO DATE   46                        45      1       52
  SINCE SEP 1     46                        45      1       52
  SINCE JUL 1     46                        54     -8       52

 COOLING
  YESTERDAY        0                         2     -2        0
  MONTH TO DATE  104                        72     32       63
  SINCE SEP 1    104                        72     32       63
  SINCE JAN 1    686                       728    -42      885
..................................................................


WIND (MPH)
  RESULTANT WIND SPEED  11   RESULTANT WIND DIRECTION   W (290)
  HIGHEST WIND SPEED    24   HIGHEST WIND DIRECTION     W (280)
  HIGHEST GUST SPEED    31   HIGHEST GUST DIRECTION     W (270)
  AVERAGE WIND SPEED    11.8


SKY COVER
  POSSIBLE SUNSHINE  MM
  AVERAGE SKY COVER 0.3


WEATHER CONDITIONS
 THE FOLLOWING WEATHER WAS RECORDED YESTERDAY.
  NO SIGNIFICANT WEATHER WAS OBSERVED.


RELATIVE HUMIDITY (PERCENT)
 HIGHEST   100           100 AM
 LOWEST     35           100 PM
 AVERAGE    68

..........................................................


THE PROVIDENCE RI CLIMATE NORMALS FOR TODAY
                         NORMAL    RECORD    YEAR
 MAXIMUM TEMPERATURE (F)   72        92      1970
 MINIMUM TEMPERATURE (F)   52        38      1974


SUNRISE AND SUNSET
SEPTEMBER 23 2014.....SUNRISE   634 AM EDT   SUNSET   641 PM EDT
SEPTEMBER 24 2014.....SUNRISE   635 AM EDT   SUNSET   640 PM EDT


-  INDICATES NEGATIVE NUMBERS.
R  INDICATES RECORD WAS SET OR TIED.
MM INDICATES DATA IS MISSING.
T  INDICATES TRACE AMOUNT.




$$
