000
CDUS41 KBOX 030549
CLIPVD


CLIMATE REPORT
NATIONAL WEATHER SERVICE TAUNTON MA
145 AM EDT MON AUG 3 2015


...................................

...THE PROVIDENCE RI CLIMATE SUMMARY FOR AUGUST 2 2015...

CLIMATE NORMAL PERIOD 1981 TO 2010
CLIMATE RECORD PERIOD 1904 TO 2015


WEATHER ITEM   OBSERVED TIME   RECORD YEAR NORMAL DEPARTURE LAST
                VALUE   (LST)  VALUE       VALUE  FROM      YEAR
                                                  NORMAL
..................................................................
TEMPERATURE (F)
 YESTERDAY
  MAXIMUM         88    152 PM 104    1975  83      5       71
  MINIMUM         63    449 AM  54    1985  65     -2       62
                                      1947
  AVERAGE         76                        74      2       67

PRECIPITATION (IN)
  YESTERDAY        0.00          1.74 1952   0.13  -0.13     0.18
  MONTH TO DATE    T                         0.25  -0.25     0.18
  SINCE JUN 1      7.69                      7.18   0.51     6.13
  SINCE JAN 1     24.64                     27.25  -2.61    28.93

SNOWFALL (IN)
  YESTERDAY        0.0           0.0  2002   0.0    0.0      0.0
                                      2001
                                      2000
  MONTH TO DATE    0.0                       0.0    0.0      0.0
  SINCE JUN 1      0.0                       0.0    0.0      0.0
  SINCE JUL 1      0.0                       0.0    0.0      0.0
  SNOW DEPTH       0

DEGREE DAYS
 HEATING
  YESTERDAY        0                         0      0        0
  MONTH TO DATE    0                         0      0        0
  SINCE JUN 1     72                        46     26       13
  SINCE JUL 1      0                         3     -3        0

 COOLING
  YESTERDAY       11                         9      2        2
  MONTH TO DATE   24                        18      6       10
  SINCE JUN 1    446                       416     30      402
  SINCE JAN 1    510                       442     68      413
..................................................................


WIND (MPH)
  RESULTANT WIND SPEED   7   RESULTANT WIND DIRECTION  SW (230)
  HIGHEST WIND SPEED    20   HIGHEST WIND DIRECTION    SW (230)
  HIGHEST GUST SPEED    27   HIGHEST GUST DIRECTION    SW (210)
  AVERAGE WIND SPEED     8.3


SKY COVER
  POSSIBLE SUNSHINE  MM
  AVERAGE SKY COVER 0.1


WEATHER CONDITIONS
 THE FOLLOWING WEATHER WAS RECORDED YESTERDAY.
  NO SIGNIFICANT WEATHER WAS OBSERVED.


RELATIVE HUMIDITY (PERCENT)
 HIGHEST    90          1100 PM
 LOWEST     31           300 PM
 AVERAGE    61

..........................................................


THE PROVIDENCE RI CLIMATE NORMALS FOR TODAY
                         NORMAL    RECORD    YEAR
 MAXIMUM TEMPERATURE (F)   83        98      2006
 MINIMUM TEMPERATURE (F)   65        51      1953
                                             1940


SUNRISE AND SUNSET
AUGUST  3 2015........SUNRISE   542 AM EDT   SUNSET   802 PM EDT
AUGUST  4 2015........SUNRISE   543 AM EDT   SUNSET   800 PM EDT


-  INDICATES NEGATIVE NUMBERS.
R  INDICATES RECORD WAS SET OR TIED.
MM INDICATES DATA IS MISSING.
T  INDICATES TRACE AMOUNT.




$$
