000
CDUS41 KBOX 300549
CLIPVD


CLIMATE REPORT
NATIONAL WEATHER SERVICE TAUNTON MA
145 AM EDT MON MAR 30 2015


...................................

...THE PROVIDENCE RI CLIMATE SUMMARY FOR MARCH 29 2015...

CLIMATE NORMAL PERIOD 1981 TO 2010
CLIMATE RECORD PERIOD 1904 TO 2015


WEATHER ITEM   OBSERVED TIME   RECORD YEAR NORMAL DEPARTURE LAST
                VALUE   (LST)  VALUE       VALUE  FROM      YEAR
                                                  NORMAL
..................................................................
TEMPERATURE (F)
 YESTERDAY
  MAXIMUM         43    521 PM  90    1945  52     -9       54
  MINIMUM         24    506 AM   4    1923  34    -10       37
  AVERAGE         34                        43     -9       46

PRECIPITATION (IN)
  YESTERDAY        T             3.47 2010   0.17  -0.17     1.08
  MONTH TO DATE    4.40                      4.67  -0.27     2.47
  SINCE MAR 1      4.40                      4.67  -0.27     2.47
  SINCE JAN 1     10.75                     11.82  -1.07    10.87

SNOWFALL (IN)
  YESTERDAY       MM             7.8  1970   0.1   MM        0.0
  MONTH TO DATE   16.2                       5.4   10.8      1.2
  SINCE MAR 1     16.2                       5.4   10.8      1.2
  SINCE JUL 1     76.1                      33.1   43.0     43.3
  SNOW DEPTH       1

DEGREE DAYS
 HEATING
  YESTERDAY       31                        22      9       19
  MONTH TO DATE  942                       766    176      903
  SINCE MAR 1    942                       766    176      903
  SINCE JUL 1   5304                      4828    476     5175

 COOLING
  YESTERDAY        0                         0      0        0
  MONTH TO DATE    0                         0      0        0
  SINCE MAR 1      0                         0      0        0
  SINCE JAN 1      0                         0      0        0
..................................................................


WIND (MPH)
  RESULTANT WIND SPEED   3   RESULTANT WIND DIRECTION   N (350)
  HIGHEST WIND SPEED    16   HIGHEST WIND DIRECTION     N (360)
  HIGHEST GUST SPEED    21   HIGHEST GUST DIRECTION    NW (330)
  AVERAGE WIND SPEED     7.9


SKY COVER
  POSSIBLE SUNSHINE  MM
  AVERAGE SKY COVER 0.3


WEATHER CONDITIONS
 THE FOLLOWING WEATHER WAS RECORDED YESTERDAY.
  LIGHT SNOW
  FOG
  HAZE


RELATIVE HUMIDITY (PERCENT)
 HIGHEST    63           300 AM
 LOWEST     22           300 PM
 AVERAGE    43

..........................................................


THE PROVIDENCE RI CLIMATE NORMALS FOR TODAY
                         NORMAL    RECORD    YEAR
 MAXIMUM TEMPERATURE (F)   53        79      1998
 MINIMUM TEMPERATURE (F)   34        19      1915


SUNRISE AND SUNSET
MARCH 30 2015.........SUNRISE   633 AM EDT   SUNSET   709 PM EDT
MARCH 31 2015.........SUNRISE   631 AM EDT   SUNSET   710 PM EDT


-  INDICATES NEGATIVE NUMBERS.
R  INDICATES RECORD WAS SET OR TIED.
MM INDICATES DATA IS MISSING.
T  INDICATES TRACE AMOUNT.




$$
