000
CDUS43 KLOT 250635
CLIPWK


CLIMATE REPORT
NATIONAL WEATHER SERVICE CHICAGO IL
1234 AM CST SUN FEB 25 2018


...................................

...THE CHICAGO EXECUTIVE CLIMATE SUMMARY FOR FEBRUARY 24 2018...

CLIMATE NORMAL PERIOD 1981 TO 2010
CLIMATE RECORD PERIOD 1996 TO 2018


WEATHER ITEM   OBSERVED TIME   RECORD YEAR NORMAL DEPARTURE LAST
                VALUE   (LST)  VALUE       VALUE  FROM      YEAR
                                                  NORMAL
..................................................................
TEMPERATURE (F)
 YESTERDAY
  MAXIMUM         49   1159 PM  61    2002  38     11       38
  MINIMUM         32   1255 AM   5    2015  23      9       31
  AVERAGE         41                        31     10       35

PRECIPITATION (IN)
  YESTERDAY        0.15          0.82 2001   0.03   0.12     0.26
  MONTH TO DATE    2.20                      0.81   1.39     0.57
  SINCE DEC 1      3.42                      4.27  -0.85     4.01
  SINCE JAN 1      3.15                      2.44   0.71     2.79

DEGREE DAYS
 HEATING
  YESTERDAY       24                        34    -10       30
  MONTH TO DATE  916                       907      9      675
  SINCE DEC 1   3309                      3334    -25     3026
  SINCE JUL 1   4385                      4604   -219     3880

 COOLING
  YESTERDAY        0                         0      0        0
  MONTH TO DATE    0                         0      0        0
  SINCE DEC 1      0                         0      0        0
  SINCE JAN 1      0                         0      0        0
..................................................................


WIND (MPH)
  RESULTANT WIND SPEED   8   RESULTANT WIND DIRECTION   E (90)
  HIGHEST WIND SPEED    18   HIGHEST WIND DIRECTION    SE (130)
  HIGHEST GUST SPEED    25   HIGHEST GUST DIRECTION    SE (130)
  AVERAGE WIND SPEED    10.7



WEATHER CONDITIONS
 THE FOLLOWING WEATHER WAS RECORDED YESTERDAY.
  RAIN
  FOG
  HAZE


..........................................................


THE CHICAGO EXECUTIVE CLIMATE NORMALS FOR TODAY
                         NORMAL    RECORD    YEAR
 MAXIMUM TEMPERATURE (F)   39        72      2000
 MINIMUM TEMPERATURE (F)   23        -1      2003


SUNRISE AND SUNSET
FEBRUARY 25 2018......SUNRISE   633 AM CST   SUNSET   537 PM CST
FEBRUARY 26 2018......SUNRISE   631 AM CST   SUNSET   538 PM CST


-  INDICATES NEGATIVE NUMBERS.
R  INDICATES RECORD WAS SET OR TIED.
MM INDICATES DATA IS MISSING.
T  INDICATES TRACE AMOUNT.




$$
