000
CDUS41 KGYX 290804
CLIPWM


CLIMATE REPORT
NATIONAL WEATHER SERVICE GRAY ME
404 AM EDT SUN MAR 29 2015


...................................

...THE PORTLAND ME CLIMATE SUMMARY FOR MARCH 28 2015...

CLIMATE NORMAL PERIOD 1981 TO 2010
CLIMATE RECORD PERIOD 1941 TO 2015


WEATHER ITEM   OBSERVED TIME   RECORD YEAR NORMAL DEPARTURE LAST
                VALUE   (LST)  VALUE       VALUE  FROM      YEAR
                                                  NORMAL
..................................................................
TEMPERATURE (F)
 YESTERDAY
  MAXIMUM         41    432 PM  75    1998  46     -5       48
  MINIMUM         30   1159 PM  12    1982  29      1       34
  AVERAGE         36                        37     -1       41

PRECIPITATION (IN)
  YESTERDAY        T             1.97 2005   0.15  -0.15     0.02
  MONTH TO DATE    1.77                      3.82  -2.05     1.95
  SINCE MAR 1      1.77                      3.82  -2.05     1.95
  SINCE JAN 1      9.25                     10.45  -1.20    10.27

SNOWFALL (IN)
  YESTERDAY        0.1           8.4  1932   0.3   -0.2       T
  MONTH TO DATE    2.4                      12.0   -9.6      3.3
  SINCE MAR 1      2.4                      12.0   -9.6      3.3
  SINCE JUL 1     91.6                      58.4   33.2     81.8
  SNOW DEPTH       8

DEGREE DAYS
 HEATING
  YESTERDAY       29                        28      1       24
  MONTH TO DATE  982                       896     86     1088
  SINCE MAR 1    982                       896     86     1088
  SINCE JUL 1   6036                      5938     98     6327

 COOLING
  YESTERDAY        0                         0      0        0
  MONTH TO DATE    0                         0      0        0
  SINCE MAR 1      0                         0      0        0
  SINCE JAN 1      0                         0      0        0
..................................................................


WIND (MPH)
  RESULTANT WIND SPEED  10   RESULTANT WIND DIRECTION   N (10)
  HIGHEST WIND SPEED    23   HIGHEST WIND DIRECTION     N (350)
  HIGHEST GUST SPEED    26   HIGHEST GUST DIRECTION     N (350)
  AVERAGE WIND SPEED    11.7


SKY COVER
  AVERAGE SKY COVER 0.9


WEATHER CONDITIONS
 THE FOLLOWING WEATHER WAS RECORDED YESTERDAY.
  LIGHT SNOW
  FOG


RELATIVE HUMIDITY (PERCENT)
 HIGHEST    82          1200 PM
 LOWEST     47          1100 PM
 AVERAGE    65

..........................................................


THE PORTLAND ME CLIMATE NORMALS FOR TODAY
                         NORMAL    RECORD    YEAR
 MAXIMUM TEMPERATURE (F)   46        86      1946
 MINIMUM TEMPERATURE (F)   29        10      1974


SUNRISE AND SUNSET
MARCH 29 2015.........SUNRISE   629 AM EDT   SUNSET   704 PM EDT
MARCH 30 2015.........SUNRISE   627 AM EDT   SUNSET   705 PM EDT


-  INDICATES NEGATIVE NUMBERS.
R  INDICATES RECORD WAS SET OR TIED.
MM INDICATES DATA IS MISSING.
T  INDICATES TRACE AMOUNT.




$$
