000
CDUS41 KGYX 302055
CLIPWM


CLIMATE REPORT
NATIONAL WEATHER SERVICE GRAY ME
455 PM EDT THU JUL 30 2015


...................................

...THE PORTLAND ME CLIMATE SUMMARY FOR JULY 30 2015...
VALID TODAY AS OF 0400 PM LOCAL TIME.

CLIMATE NORMAL PERIOD 1981 TO 2010
CLIMATE RECORD PERIOD 1941 TO 2015


WEATHER ITEM   OBSERVED TIME   RECORD YEAR NORMAL DEPARTURE LAST
                VALUE   (LST)  VALUE       VALUE  FROM      YEAR
                                                  NORMAL
..................................................................
TEMPERATURE (F)
 TODAY
  MAXIMUM         86    220 PM  98    1949  79      7       74
  MINIMUM         66    517 AM  43    1956  60      6       59
  AVERAGE         76                        70      6       67

PRECIPITATION (IN)
  TODAY            0.00          1.54 1960   0.12  -0.12     0.01
  MONTH TO DATE    1.18                      3.50  -2.32     6.12
  SINCE JUN 1      7.58                      7.29   0.29    10.42
  SINCE JAN 1     24.19                     26.49  -2.30    29.64

SNOWFALL (IN)
  TODAY            0.0           0.0  2002   0.0    0.0      0.0
                                      2001
                                      2000
  MONTH TO DATE    0.0                       0.0    0.0      0.0
  SINCE JUN 1      0.0                       0.0    0.0      0.0
  SINCE JUL 1      0.0                       0.0    0.0      0.0
  SNOW DEPTH       0

DEGREE DAYS
 HEATING
  TODAY            0                         0      0        0
  MONTH TO DATE   10                        12     -2        0
  SINCE JUN 1    154                       118     36       77
  SINCE JUL 1     10                        12     -2        0

 COOLING
  TODAY           11                         5      6        2
  MONTH TO DATE  131                       140     -9      158
  SINCE JUN 1    174                       197    -23      214
  SINCE JAN 1    214                       204     10      214
..................................................................


WIND (MPH)
  HIGHEST WIND SPEED    16   HIGHEST WIND DIRECTION     S (170)
  HIGHEST GUST SPEED    22   HIGHEST GUST DIRECTION     S (170)
  AVERAGE WIND SPEED     4.5


SKY COVER
  POSSIBLE SUNSHINE  MM
  AVERAGE SKY COVER 0.4


WEATHER CONDITIONS
 THE FOLLOWING WEATHER WAS RECORDED TODAY.
  FOG


RELATIVE HUMIDITY (PERCENT)
 HIGHEST   100           300 AM
 LOWEST     61           100 PM
 AVERAGE    81

..........................................................


THE PORTLAND ME CLIMATE NORMALS FOR TOMORROW
                         NORMAL    RECORD    YEAR
 MAXIMUM TEMPERATURE (F)   79        95      1975
 MINIMUM TEMPERATURE (F)   60        43      1956


SUNRISE AND SUNSET
JULY 30 2015..........SUNRISE   528 AM EDT   SUNSET   807 PM EDT
JULY 31 2015..........SUNRISE   529 AM EDT   SUNSET   806 PM EDT


-  INDICATES NEGATIVE NUMBERS.
R  INDICATES RECORD WAS SET OR TIED.
MM INDICATES DATA IS MISSING.
T  INDICATES TRACE AMOUNT.




$$
