000
CDUS41 KGYX 280655
CLIPWM


CLIMATE REPORT
NATIONAL WEATHER SERVICE GRAY ME
255 AM EDT MON JUL 28 2014


...................................

...THE PORTLAND ME CLIMATE SUMMARY FOR JULY 27 2014...

CLIMATE NORMAL PERIOD 1981 TO 2010
CLIMATE RECORD PERIOD 1941 TO 2014


WEATHER ITEM   OBSERVED TIME   RECORD YEAR NORMAL DEPARTURE LAST
                VALUE   (LST)  VALUE       VALUE  FROM      YEAR
                                                  NORMAL
..................................................................
TEMPERATURE (F)
 YESTERDAY
  MAXIMUM         73   1035 AM  96    1949  79     -6       81
  MINIMUM         60    412 AM  44    1977  60      0       61
  AVERAGE         67                        70     -3       71

PRECIPITATION (IN)
  YESTERDAY        0.32          1.88 1930   0.11   0.21      T
  MONTH TO DATE    5.21                      3.15   2.06     3.07
  SINCE JUN 1      9.51                      6.94   2.57    10.39
  SINCE JAN 1     28.73                     26.14   2.59    26.19

SNOWFALL (IN)
  YESTERDAY        0.0           0.0  2002   0.0    0.0      0.0
                                      2001
                                      2000
  MONTH TO DATE    0.0                       0.0    0.0      0.0
  SINCE JUN 1      0.0                       0.0    0.0      0.0
  SINCE JUL 1      0.0                       0.0    0.0      0.0
  SNOW DEPTH       0

DEGREE DAYS
 HEATING
  YESTERDAY        0                         0      0        0
  MONTH TO DATE    0                        12    -12        6
  SINCE JUN 1     77                       118    -41       87
  SINCE JUL 1      0                        12    -12        6

 COOLING
  YESTERDAY        2                         5     -3        6
  MONTH TO DATE  150                       125     25      205
  SINCE JUN 1    206                       182     24      288
  SINCE JAN 1    206                       189     17      303
..................................................................


WIND (MPH)
  RESULTANT WIND SPEED   5   RESULTANT WIND DIRECTION   S (190)
  HIGHEST WIND SPEED    17   HIGHEST WIND DIRECTION     S (170)
  HIGHEST GUST SPEED    25   HIGHEST GUST DIRECTION     W (250)
  AVERAGE WIND SPEED     5.3


SKY COVER
  AVERAGE SKY COVER 0.7


WEATHER CONDITIONS
 THE FOLLOWING WEATHER WAS RECORDED YESTERDAY.
  HEAVY RAIN
  LIGHT RAIN
  FOG


RELATIVE HUMIDITY (PERCENT)
 HIGHEST    93           200 PM
 LOWEST     78           100 AM
 AVERAGE    86

..........................................................


THE PORTLAND ME CLIMATE NORMALS FOR TODAY
                         NORMAL    RECORD    YEAR
 MAXIMUM TEMPERATURE (F)   79        94      1963
 MINIMUM TEMPERATURE (F)   60        45      1977


SUNRISE AND SUNSET
JULY 28 2014..........SUNRISE   526 AM EDT   SUNSET   809 PM EDT
JULY 29 2014..........SUNRISE   527 AM EDT   SUNSET   808 PM EDT


-  INDICATES NEGATIVE NUMBERS.
R  INDICATES RECORD WAS SET OR TIED.
MM INDICATES DATA IS MISSING.
T  INDICATES TRACE AMOUNT.




$$
