000
CDUS46 KSGX 241525
CLIRAL


CLIMATE REPORT
NATIONAL WEATHER SERVICE SAN DIEGO, CA
724 AM PST TUE JAN 24 2017


...................................

...THE RIVERSIDE MUNI AIRPORT CA CLIMATE SUMMARY FOR JANUARY 23 2017...

CLIMATE NORMAL PERIOD 1981 TO 2010
CLIMATE RECORD PERIOD 1893 TO 2017


WEATHER ITEM   OBSERVED TIME   RECORD YEAR NORMAL DEPARTURE LAST
                VALUE   (LST)  VALUE       VALUE  FROM      YEAR
                                                  NORMAL
..................................................................
TEMPERATURE (F)
 YESTERDAY
  MAXIMUM         53    112 AM  88    1948  67    -14       63
                                      1946
  MINIMUM         42   1159 PM  25    1937  44     -2       47
  AVERAGE         48                        55     -7       55

PRECIPITATION (IN)
  YESTERDAY        0.48          2.59 1943   0.08   0.40      T
  MONTH TO DATE    5.48                      2.50   2.98     2.50
  SINCE OCT 1     10.74                      5.31   5.43     3.67
  SINCE JAN 1      5.48                      2.50   2.98     2.50

DEGREE DAYS
 HEATING
  YESTERDAY       17                        10      7       10
  MONTH TO DATE  269                       234     35      238
  SINCE DEC 1    530                       560    -30      569
  SINCE JUL 1    634                       760   -126      731

 COOLING
  YESTERDAY        0                         0      0        0
  MONTH TO DATE    0                         0      0        0
  SINCE DEC 1      0                         2     -2        2
  SINCE JAN 1      0                         0      0        0
..................................................................


WIND (MPH)
  RESULTANT WIND SPEED   6   RESULTANT WIND DIRECTION   W (250)
  HIGHEST WIND SPEED    26   HIGHEST WIND DIRECTION    SW (230)
  HIGHEST GUST SPEED    34   HIGHEST GUST DIRECTION    SW (220)
  AVERAGE WIND SPEED     7.5


SKY COVER
  POSSIBLE SUNSHINE  MM
  AVERAGE SKY COVER 0.9


WEATHER CONDITIONS
 THE FOLLOWING WEATHER WAS RECORDED YESTERDAY.
  THUNDERSTORM
  HEAVY RAIN
  LIGHT RAIN
  FOG


RELATIVE HUMIDITY (PERCENT)
 HIGHEST   100          1000 PM
 LOWEST     74           100 PM
 AVERAGE    87

..........................................................


THE RIVERSIDE MUNI AIRPORT CA CLIMATE NORMALS FOR TODAY
                         NORMAL    RECORD    YEAR
 MAXIMUM TEMPERATURE (F)   67        86      1946
 MINIMUM TEMPERATURE (F)   44        22      1937


SUNRISE AND SUNSET
JANUARY 24 2017.......SUNRISE   651 AM PST   SUNSET   513 PM PST
JANUARY 25 2017.......SUNRISE   651 AM PST   SUNSET   514 PM PST


-  INDICATES NEGATIVE NUMBERS.
R  INDICATES RECORD WAS SET OR TIED.
MM INDICATES DATA IS MISSING.
T  INDICATES TRACE AMOUNT.




$$
