000
CDUS46 KSGX 280018
CLIRAL


CLIMATE REPORT
NATIONAL WEATHER SERVICE SAN DIEGO, CA
418 PM PST SAT DEC 27 2014


...................................

...THE RIVERSIDE MUNI AIRPORT CA CLIMATE SUMMARY FOR DECEMBER 27 2014...
VALID TODAY AS OF 0400 PM LOCAL TIME.

CLIMATE NORMAL PERIOD 1981 TO 2010
CLIMATE RECORD PERIOD 1893 TO 2014


WEATHER ITEM   OBSERVED TIME   RECORD YEAR NORMAL DEPARTURE LAST
                VALUE   (LST)  VALUE       VALUE  FROM      YEAR
                                                  NORMAL
..................................................................
TEMPERATURE (F)
 TODAY
  MAXIMUM         61    240 PM  86    1947  66     -5       82
  MINIMUM         48    352 AM  24    1911  42      6       43
  AVERAGE         55                        54      1       63

PRECIPITATION (IN)
  TODAY            0.00          1.31 1948   0.08  -0.08     0.00
  MONTH TO DATE    2.89                      1.17   1.72     0.16
  SINCE JUL 1      3.54                      2.85   0.69     1.15
  SINCE JAN 1      5.26                     12.04  -6.78     3.36

SNOWFALL (IN)
  TODAY            0.0
  MONTH TO DATE    0.0
  SINCE JAN 1      0.0
  SINCE JUL 1      0.0
  SNOW DEPTH       0

DEGREE DAYS
 HEATING
  TODAY           10                        11     -1        2
  MONTH TO DATE  180                       283   -103      216
  SINCE DEC 1    180                       283   -103      216
  SINCE JUL 1    244                       483   -239      359

 COOLING
  TODAY            0                         0      0        0
  MONTH TO DATE    5                         0      5       10
  SINCE DEC 1      5                         0      5       10
  SINCE JAN 1   2348                      1754    594     1996
..................................................................


WIND (MPH)
  RESULTANT WIND SPEED  10   RESULTANT WIND DIRECTION  NE (40)
  HIGHEST WIND SPEED    23   HIGHEST WIND DIRECTION     N (20)
  HIGHEST GUST SPEED    42   HIGHEST GUST DIRECTION    NE (40)
  AVERAGE WIND SPEED    11.8


SKY COVER
  POSSIBLE SUNSHINE  MM
  AVERAGE SKY COVER 0.0


WEATHER CONDITIONS
 THE FOLLOWING WEATHER WAS RECORDED TODAY.
  NO SIGNIFICANT WEATHER WAS OBSERVED.


RELATIVE HUMIDITY (PERCENT)
 HIGHEST    23          1200 AM
 LOWEST     11           100 PM
 AVERAGE    17

..........................................................


THE RIVERSIDE MUNI AIRPORT CA CLIMATE NORMALS FOR TOMORROW
                         NORMAL    RECORD    YEAR
 MAXIMUM TEMPERATURE (F)   66        86      1917
 MINIMUM TEMPERATURE (F)   42        27      1962
                                             1912


SUNRISE AND SUNSET
DECEMBER 27 2014......SUNRISE   654 AM PST   SUNSET   448 PM PST
DECEMBER 28 2014......SUNRISE   654 AM PST   SUNSET   449 PM PST


-  INDICATES NEGATIVE NUMBERS.
R  INDICATES RECORD WAS SET OR TIED.
MM INDICATES DATA IS MISSING.
T  INDICATES TRACE AMOUNT.




$$
