000
CDUS46 KSGX 292319
CLIRAL


CLIMATE REPORT
NATIONAL WEATHER SERVICE SAN DIEGO, CA
419 PM PDT FRI MAY 29 2015


...................................

...THE RIVERSIDE MUNI AIRPORT CA CLIMATE SUMMARY FOR MAY 29 2015...
VALID TODAY AS OF 0400 PM LOCAL TIME.

CLIMATE NORMAL PERIOD 1981 TO 2010
CLIMATE RECORD PERIOD 1893 TO 2015


WEATHER ITEM   OBSERVED TIME   RECORD YEAR NORMAL DEPARTURE LAST
                VALUE   (LST)  VALUE       VALUE  FROM      YEAR
                                                  NORMAL
..................................................................
TEMPERATURE (F)
 TODAY
  MAXIMUM         89    251 PM 110    1984  81      8       87
  MINIMUM         56    537 AM  39    1953  57     -1       60
  AVERAGE         73                        69      4       74

PRECIPITATION (IN)
  TODAY            0.00          0.08 1937   0.00   0.00     0.00
  MONTH TO DATE    0.60                      0.30   0.30      T
  SINCE OCT 1      5.75                     11.90  -6.15     2.71
  SINCE JAN 1      2.52                      9.09  -6.57     1.72

SNOWFALL (IN)
  TODAY            0.0
  MONTH TO DATE    0.0
  SINCE MAR 1      0.0
  SINCE JUL 1      0.0
  SNOW DEPTH      MM

DEGREE DAYS
 HEATING
  TODAY            0                         0      0        0
  MONTH TO DATE   50                        22     28        8
  SINCE MAR 1    157                       334   -177      141
  SINCE JUL 1    764                      1442   -678      803

 COOLING
  TODAY            8                         5      3        9
  MONTH TO DATE   61                       106    -45      205
  SINCE MAR 1    268                       160    108      328
  SINCE JAN 1    292                       169    123      357
..................................................................


WIND (MPH)
  RESULTANT WIND SPEED   5   RESULTANT WIND DIRECTION   W (270)
  HIGHEST WIND SPEED    15   HIGHEST WIND DIRECTION     W (280)
  HIGHEST GUST SPEED    21   HIGHEST GUST DIRECTION     W (270)
  AVERAGE WIND SPEED     5.1


SKY COVER
  POSSIBLE SUNSHINE  MM
  AVERAGE SKY COVER 0.3


WEATHER CONDITIONS
 THE FOLLOWING WEATHER WAS RECORDED TODAY.
  FOG
  FOG W/VISIBILITY <= 1/4 MILE
  HAZE


RELATIVE HUMIDITY (PERCENT)
 HIGHEST   100           500 AM
 LOWEST     29           300 PM
 AVERAGE    65

..........................................................


THE RIVERSIDE MUNI AIRPORT CA CLIMATE NORMALS FOR TOMORROW
                         NORMAL    RECORD    YEAR
 MAXIMUM TEMPERATURE (F)   81        99      1984
                                             1910
 MINIMUM TEMPERATURE (F)   58        41      1953
                                             1906


SUNRISE AND SUNSET
MAY 29 2015...........SUNRISE   541 AM PDT   SUNSET   754 PM PDT
MAY 30 2015...........SUNRISE   540 AM PDT   SUNSET   755 PM PDT


-  INDICATES NEGATIVE NUMBERS.
R  INDICATES RECORD WAS SET OR TIED.
MM INDICATES DATA IS MISSING.
T  INDICATES TRACE AMOUNT.




$$
