000
CDUS46 KSGX 201131
CLIRAL


CLIMATE REPORT
NATIONAL WEATHER SERVICE SAN DIEGO, CA
431 AM PDT SUN AUG 20 2017


...................................

...THE RIVERSIDE MUNI AIRPORT CA CLIMATE SUMMARY FOR AUGUST 19 2017...

CLIMATE NORMAL PERIOD 1981 TO 2010
CLIMATE RECORD PERIOD 1893 TO 2017


WEATHER ITEM   OBSERVED TIME   RECORD YEAR NORMAL DEPARTURE LAST
                VALUE   (LST)  VALUE       VALUE  FROM      YEAR
                                                  NORMAL
..................................................................
TEMPERATURE (F)
 YESTERDAY
  MAXIMUM         90    156 PM 108    1915  94     -4       97
  MINIMUM         62    530 AM  44    1916  65     -3       64
  AVERAGE         76                        79     -3       81

PRECIPITATION (IN)
  YESTERDAY        0.00          0.13 1983   0.00   0.00     0.00
  MONTH TO DATE    0.04                      0.08  -0.04     0.00
  SINCE OCT 1     13.26                     12.15   1.11     5.45
  SINCE JAN 1      8.00                      9.34  -1.34     4.28

DEGREE DAYS
 HEATING
  YESTERDAY        0                         0      0        0
  MONTH TO DATE    0                         0      0        0
  SINCE JUN 1      0                         2     -2        0
  SINCE JUL 1      0                         0      0        0

 COOLING
  YESTERDAY       11                        14     -3       16
  MONTH TO DATE  295                       281     14      311
  SINCE JUN 1   1156                       916    240     1211
  SINCE JAN 1   1434                      1093    341     1492
..................................................................


WIND (MPH)
  RESULTANT WIND SPEED   5   RESULTANT WIND DIRECTION   W (280)
  HIGHEST WIND SPEED    17   HIGHEST WIND DIRECTION     W (270)
  HIGHEST GUST SPEED    24   HIGHEST GUST DIRECTION     W (270)
  AVERAGE WIND SPEED     6.2


SKY COVER
  POSSIBLE SUNSHINE  MM
  AVERAGE SKY COVER 0.1


WEATHER CONDITIONS
 THE FOLLOWING WEATHER WAS RECORDED YESTERDAY.
  FOG
  HAZE


RELATIVE HUMIDITY (PERCENT)
 HIGHEST   100           600 AM
 LOWEST     38           200 PM
 AVERAGE    69

..........................................................


THE RIVERSIDE MUNI AIRPORT CA CLIMATE NORMALS FOR TODAY
                         NORMAL    RECORD    YEAR
 MAXIMUM TEMPERATURE (F)   94       107      1940
 MINIMUM TEMPERATURE (F)   64        46      1916


SUNRISE AND SUNSET
AUGUST 20 2017........SUNRISE   615 AM PDT   SUNSET   730 PM PDT
AUGUST 21 2017........SUNRISE   616 AM PDT   SUNSET   729 PM PDT


-  INDICATES NEGATIVE NUMBERS.
R  INDICATES RECORD WAS SET OR TIED.
MM INDICATES DATA IS MISSING.
T  INDICATES TRACE AMOUNT.




$$
