000
CDUS46 KSGX 091519
CLIRAL


CLIMATE REPORT
NATIONAL WEATHER SERVICE SAN DIEGO, CA
718 AM PST FRI DEC 9 2016


...................................

...THE RIVERSIDE MUNI AIRPORT CA CLIMATE SUMMARY FOR DECEMBER 8 2016...

CLIMATE NORMAL PERIOD 1981 TO 2010
CLIMATE RECORD PERIOD 1893 TO 2016


WEATHER ITEM   OBSERVED TIME   RECORD YEAR NORMAL DEPARTURE LAST
                VALUE   (LST)  VALUE       VALUE  FROM      YEAR
                                                  NORMAL
..................................................................
TEMPERATURE (F)
 YESTERDAY
  MAXIMUM         66    323 PM  87    1938  67     -1       84
  MINIMUM         44    630 AM  27    1916  43      1       50
  AVERAGE         55                        55      0       67

PRECIPITATION (IN)
  YESTERDAY        0.00          0.72 1926   0.04  -0.04     0.00
  MONTH TO DATE    0.00                      0.30  -0.30     0.00
  SINCE OCT 1      1.92                      1.58   0.34     0.51
  SINCE JAN 1      6.20                     11.17  -4.97     6.85

DEGREE DAYS
 HEATING
  YESTERDAY       10                        10      0        0
  MONTH TO DATE   65                        76    -11       35
  SINCE DEC 1     65                        76    -11       35
  SINCE JUL 1    169                       276   -107      197

 COOLING
  YESTERDAY        0                         0      0        2
  MONTH TO DATE    0                         0      0        2
  SINCE DEC 1      0                         0      0        2
  SINCE JAN 1   2298                      1754    544     2424
..................................................................


WIND (MPH)
  RESULTANT WIND SPEED   1   RESULTANT WIND DIRECTION  NE (50)
  HIGHEST WIND SPEED    12   HIGHEST WIND DIRECTION     W (280)
  HIGHEST GUST SPEED    16   HIGHEST GUST DIRECTION     W (270)
  AVERAGE WIND SPEED     3.5


SKY COVER
  POSSIBLE SUNSHINE  MM
  AVERAGE SKY COVER 0.1


WEATHER CONDITIONS
 THE FOLLOWING WEATHER WAS RECORDED YESTERDAY.
  NO SIGNIFICANT WEATHER WAS OBSERVED.


RELATIVE HUMIDITY (PERCENT)
 HIGHEST    93          1200 AM
 LOWEST     40          1200 PM
 AVERAGE    67

..........................................................


THE RIVERSIDE MUNI AIRPORT CA CLIMATE NORMALS FOR TODAY
                         NORMAL    RECORD    YEAR
 MAXIMUM TEMPERATURE (F)   67        91      1938
 MINIMUM TEMPERATURE (F)   43        26      1951
                                             1916


SUNRISE AND SUNSET
DECEMBER  9 2016......SUNRISE   644 AM PST   SUNSET   441 PM PST
DECEMBER 10 2016......SUNRISE   645 AM PST   SUNSET   441 PM PST


-  INDICATES NEGATIVE NUMBERS.
R  INDICATES RECORD WAS SET OR TIED.
MM INDICATES DATA IS MISSING.
T  INDICATES TRACE AMOUNT.




$$
