000
CDUS46 KSGX 030016
CLIRAL


CLIMATE REPORT
NATIONAL WEATHER SERVICE SAN DIEGO, CA
516 PM PDT MON MAY 2 2016


...................................

...THE RIVERSIDE MUNI AIRPORT CA CLIMATE SUMMARY FOR MAY 2 2016...
VALID TODAY AS OF 0500 PM LOCAL TIME.

CLIMATE NORMAL PERIOD 1981 TO 2010
CLIMATE RECORD PERIOD 1893 TO 2016


WEATHER ITEM   OBSERVED TIME   RECORD YEAR NORMAL DEPARTURE LAST
                VALUE   (LST)  VALUE       VALUE  FROM      YEAR
                                                  NORMAL
..................................................................
TEMPERATURE (F)
 TODAY
  MAXIMUM         88    221 PM 104    1947  79      9       90
  MINIMUM         54    553 AM  35    1913  53      1       60
  AVERAGE         71                        66      5       75

PRECIPITATION (IN)
  TODAY            0.00          0.55 1915   0.02  -0.02     0.00
  MONTH TO DATE    0.00                      0.05  -0.05     0.00
  SINCE OCT 1      5.27                     11.65  -6.38     5.15
  SINCE JAN 1      4.10                      8.84  -4.74     1.92

DEGREE DAYS
 HEATING
  TODAY            0                         2     -2        0
  MONTH TO DATE    1                         4     -3        0
  SINCE MAR 1    136                       316   -180      107
  SINCE JUL 1   1013                      1424   -411      714

 COOLING
  TODAY            6                         3      3       10
  MONTH TO DATE    6                         6      0       23
  SINCE MAR 1    119                        60     59      230
  SINCE JAN 1    195                        69    126      254
..................................................................


WIND (MPH)
  RESULTANT WIND SPEED   1   RESULTANT WIND DIRECTION   W (260)
  HIGHEST WIND SPEED    20   HIGHEST WIND DIRECTION     W (250)
  HIGHEST GUST SPEED    24   HIGHEST GUST DIRECTION     W (250)
  AVERAGE WIND SPEED     3.6


SKY COVER
  POSSIBLE SUNSHINE  MM
  AVERAGE SKY COVER 0.2


WEATHER CONDITIONS
 THE FOLLOWING WEATHER WAS RECORDED TODAY.
  NO SIGNIFICANT WEATHER WAS OBSERVED.


RELATIVE HUMIDITY (PERCENT)
 HIGHEST    89           500 AM
 LOWEST     18           200 PM
 AVERAGE    54

..........................................................


THE RIVERSIDE MUNI AIRPORT CA CLIMATE NORMALS FOR TOMORROW
                         NORMAL    RECORD    YEAR
 MAXIMUM TEMPERATURE (F)   79       102      2004
 MINIMUM TEMPERATURE (F)   54        34      1904


SUNRISE AND SUNSET
MAY  2 2016...........SUNRISE   559 AM PDT   SUNSET   735 PM PDT
MAY  3 2016...........SUNRISE   558 AM PDT   SUNSET   735 PM PDT


-  INDICATES NEGATIVE NUMBERS.
R  INDICATES RECORD WAS SET OR TIED.
MM INDICATES DATA IS MISSING.
T  INDICATES TRACE AMOUNT.




$$
