000
CDUS46 KSGX 271416
CLIRAL


CLIMATE REPORT
NATIONAL WEATHER SERVICE SAN DIEGO, CA
716 AM PDT FRI MAR 27 2015


...................................

...THE RIVERSIDE MUNI AIRPORT CA CLIMATE SUMMARY FOR MARCH 26 2015...

CLIMATE NORMAL PERIOD 1981 TO 2010
CLIMATE RECORD PERIOD 1893 TO 2015


WEATHER ITEM   OBSERVED TIME   RECORD YEAR NORMAL DEPARTURE LAST
                VALUE   (LST)  VALUE       VALUE  FROM      YEAR
                                                  NORMAL
..................................................................
TEMPERATURE (F)
 YESTERDAY
  MAXIMUM         94    331 PM  99    1988  72     22       67
  MINIMUM         55    532 AM  30    1933  48      7       52
  AVERAGE         75                        60     15       60

PRECIPITATION (IN)
  YESTERDAY        0.00          1.32 1924   0.03  -0.03     0.01
  MONTH TO DATE    0.24                      1.88  -1.64     0.26
  SINCE OCT 1      4.78                     10.67  -5.89     2.35
  SINCE JAN 1      1.55                      7.86  -6.31     1.36

SNOWFALL (IN)
  YESTERDAY        0.0
  MONTH TO DATE    0.0
  SINCE MAR 1      0.0
  SINCE JUL 1      0.0
  SNOW DEPTH       0

DEGREE DAYS
 HEATING
  YESTERDAY        0                         5     -5        5
  MONTH TO DATE   55                       179   -124       56
  SINCE MAR 1     55                       179   -124       56
  SINCE JUL 1    662                      1287   -625      718

 COOLING
  YESTERDAY       10                         0     10        0
  MONTH TO DATE   93                         4     89       30
  SINCE MAR 1     93                         4     89       30
  SINCE JAN 1    117                        13    104       59
..................................................................


WIND (MPH)
  RESULTANT WIND SPEED   3   RESULTANT WIND DIRECTION  NE (60)
  HIGHEST WIND SPEED    12   HIGHEST WIND DIRECTION     W (260)
  HIGHEST GUST SPEED    14   HIGHEST GUST DIRECTION     W (250)
  AVERAGE WIND SPEED     4.3


SKY COVER
  POSSIBLE SUNSHINE  MM
  AVERAGE SKY COVER 0.0


WEATHER CONDITIONS
 THE FOLLOWING WEATHER WAS RECORDED YESTERDAY.
  NO SIGNIFICANT WEATHER WAS OBSERVED.


RELATIVE HUMIDITY (PERCENT)
 HIGHEST    57           100 AM
 LOWEST      7           400 PM
 AVERAGE    32

..........................................................


THE RIVERSIDE MUNI AIRPORT CA CLIMATE NORMALS FOR TODAY
                         NORMAL    RECORD    YEAR
 MAXIMUM TEMPERATURE (F)   72        92      1986
 MINIMUM TEMPERATURE (F)   48        29      1920


SUNRISE AND SUNSET
MARCH 27 2015.........SUNRISE   644 AM PDT   SUNSET   707 PM PDT
MARCH 28 2015.........SUNRISE   643 AM PDT   SUNSET   707 PM PDT


-  INDICATES NEGATIVE NUMBERS.
R  INDICATES RECORD WAS SET OR TIED.
MM INDICATES DATA IS MISSING.
T  INDICATES TRACE AMOUNT.




$$
