000
CDUS46 KSGX 270016
CLIRAL


CLIMATE REPORT
NATIONAL WEATHER SERVICE SAN DIEGO, CA
516 PM PDT SUN MAR 26 2017


...................................

...THE RIVERSIDE MUNI AIRPORT CA CLIMATE SUMMARY FOR MARCH 26 2017...
VALID TODAY AS OF 0500 PM LOCAL TIME.

CLIMATE NORMAL PERIOD 1981 TO 2010
CLIMATE RECORD PERIOD 1893 TO 2017


WEATHER ITEM   OBSERVED TIME   RECORD YEAR NORMAL DEPARTURE LAST
                VALUE   (LST)  VALUE       VALUE  FROM      YEAR
                                                  NORMAL
..................................................................
TEMPERATURE (F)
 TODAY
  MAXIMUM         70    326 PM  99    1988  72     -2       86
  MINIMUM         51    610 AM  30    1933  48      3       49
  AVERAGE         61                        60      1       68

PRECIPITATION (IN)
  TODAY            0.00          1.32 1924   0.03  -0.03     0.00
  MONTH TO DATE    0.16                      1.88  -1.72     0.69
  SINCE OCT 1     13.09                     10.67   2.42     4.69
  SINCE JAN 1      7.83                      7.86  -0.03     3.52

DEGREE DAYS
 HEATING
  TODAY            4                         5     -1        0
  MONTH TO DATE   88                       179    -91       72
  SINCE MAR 1     88                       179    -91       72
  SINCE JUL 1   1052                      1287   -235      949

 COOLING
  TODAY            0                         0      0        3
  MONTH TO DATE   55                         4     51       28
  SINCE MAR 1     55                         4     51       28
  SINCE JAN 1     55                        13     42      104
..................................................................


WIND (MPH)
  RESULTANT WIND SPEED   2   RESULTANT WIND DIRECTION   W (260)
  HIGHEST WIND SPEED    16   HIGHEST WIND DIRECTION     W (270)
  HIGHEST GUST SPEED    21   HIGHEST GUST DIRECTION     W (270)
  AVERAGE WIND SPEED     3.5


SKY COVER
  POSSIBLE SUNSHINE  MM
  AVERAGE SKY COVER 0.6


WEATHER CONDITIONS
 THE FOLLOWING WEATHER WAS RECORDED TODAY.
  NO SIGNIFICANT WEATHER WAS OBSERVED.


RELATIVE HUMIDITY (PERCENT)
 HIGHEST   100           100 AM
 LOWEST     47           100 PM
 AVERAGE    74

..........................................................


THE RIVERSIDE MUNI AIRPORT CA CLIMATE NORMALS FOR TOMORROW
                         NORMAL    RECORD    YEAR
 MAXIMUM TEMPERATURE (F)   72        94      2015
 MINIMUM TEMPERATURE (F)   48        29      1920


SUNRISE AND SUNSET
MARCH 26 2017.........SUNRISE   645 AM PDT   SUNSET   706 PM PDT
MARCH 27 2017.........SUNRISE   644 AM PDT   SUNSET   707 PM PDT


-  INDICATES NEGATIVE NUMBERS.
R  INDICATES RECORD WAS SET OR TIED.
MM INDICATES DATA IS MISSING.
T  INDICATES TRACE AMOUNT.




$$
