000
CDUS43 KUNR 250050
CLIRAP


CLIMATE REPORT
NATIONAL WEATHER SERVICE RAPID CITY SD
650 PM MDT THU APR 24 2014


...................................

...THE RAPID CITY AIRPORT SD CLIMATE SUMMARY FOR APRIL 24 2014...
VALID TODAY AS OF 0500 PM LOCAL TIME.

CLIMATE NORMAL PERIOD 1981 TO 2010
CLIMATE RECORD PERIOD 1942 TO 2014


WEATHER ITEM   OBSERVED TIME   RECORD YEAR NORMAL DEPARTURE LAST
                VALUE   (LST)  VALUE       VALUE  FROM      YEAR
                                                  NORMAL
..................................................................
TEMPERATURE (F)
 TODAY
  MAXIMUM         66    242 PM  89    1962  61      5       45
  MINIMUM         32    135 AM  22    2013  35     -3       22
  AVERAGE         49                        48      1       34

PRECIPITATION (IN)
  TODAY            0.00          0.48 2000   0.07  -0.07      T
  MONTH TO DATE    0.54                      1.29  -0.75     3.01
  SINCE MAR 1      1.63                      2.22  -0.59     3.83
  SINCE JAN 1      2.12                      2.96  -0.84     4.44

SNOWFALL (IN)
  TODAY            0.0                       0.2   -0.2       T
  MONTH TO DATE    6.0                       6.8   -0.8     43.4
  SINCE MAR 1     20.4                      15.5    4.9     56.3
  SINCE JUL 1     63.4                      38.9   24.5     76.7
  SNOW DEPTH       0

DEGREE DAYS
 HEATING
  TODAY           16                        17     -1       31
  MONTH TO DATE  517                       505     12      772
  SINCE MAR 1   1534                      1423    111     1740
  SINCE JUL 1   7167                      6633    534     6729

 COOLING
  TODAY            0                         0      0        0
  MONTH TO DATE    0                         0      0        0
  SINCE MAR 1      0                         0      0        0
  SINCE JAN 1      0                         0      0        0
..................................................................


WIND (MPH)
  HIGHEST WIND SPEED    18   HIGHEST WIND DIRECTION     N (20)
  HIGHEST GUST SPEED    26   HIGHEST GUST DIRECTION    NE (30)
  AVERAGE WIND SPEED     8.7


SKY COVER
  AVERAGE SKY COVER 0.1


WEATHER CONDITIONS
 THE FOLLOWING WEATHER WAS RECORDED TODAY.
  NO SIGNIFICANT WEATHER WAS OBSERVED.


RELATIVE HUMIDITY (PERCENT)
 HIGHEST    64          1200 AM
 LOWEST     22           300 PM
 AVERAGE    43

..........................................................


THE RAPID CITY AIRPORT SD CLIMATE NORMALS FOR TOMORROW
                         NORMAL    RECORD    YEAR
 MAXIMUM TEMPERATURE (F)   62        86      1962
 MINIMUM TEMPERATURE (F)   35        22      2002


SUNRISE AND SUNSET
APRIL 24 2014.........SUNRISE   554 AM MDT   SUNSET   747 PM MDT
APRIL 25 2014.........SUNRISE   553 AM MDT   SUNSET   748 PM MDT


-  INDICATES NEGATIVE NUMBERS.
R  INDICATES RECORD WAS SET OR TIED.
MM INDICATES DATA IS MISSING.
T  INDICATES TRACE AMOUNT.




$$
