000
CDUS43 KUNR 110039
CLIRAP


CLIMATE REPORT
NATIONAL WEATHER SERVICE RAPID CITY SD
537 PM MST WED FEB 10 2016


...................................

...THE RAPID CITY AIRPORT SD CLIMATE SUMMARY FOR FEBRUARY 10 2016...
VALID TODAY AS OF 0500 PM LOCAL TIME.

CLIMATE NORMAL PERIOD 1981 TO 2010
CLIMATE RECORD PERIOD 1942 TO 2016


WEATHER ITEM   OBSERVED TIME   RECORD YEAR NORMAL DEPARTURE LAST
                VALUE   (LST)  VALUE       VALUE  FROM      YEAR
                                                  NORMAL
..................................................................
TEMPERATURE (F)
 TODAY
  MAXIMUM         63    129 PM  74    1951  39     24       57
  MINIMUM         27    100 AM -14    1981  14     13       25
  AVERAGE         45                        26     19       41

PRECIPITATION (IN)
  TODAY            0.00          0.22 1993   0.01  -0.01      T
  MONTH TO DATE    0.22                      0.11   0.11      T
  SINCE DEC 1      1.06                      0.83   0.23     0.60
  SINCE JAN 1      0.43                      0.41   0.02     0.18

SNOWFALL (IN)
  TODAY            0.0           2.0  1953   0.1   -0.1      0.0
  MONTH TO DATE    3.4                       1.6    1.8      0.3
  SINCE DEC 1     18.2                      11.4    6.8     13.3
  SINCE JUL 1     24.8                      19.2    5.6     28.8
  SNOW DEPTH       0

DEGREE DAYS
 HEATING
  TODAY           20                        39    -19       24
  MONTH TO DATE  332                       391    -59      304
  SINCE DEC 1   2755                      2872   -117     2575
  SINCE JUL 1   4200                      4547   -347     4383

 COOLING
  TODAY            0                         0      0        0
  MONTH TO DATE    0                         0      0        0
  SINCE DEC 1      0                         0      0        0
  SINCE JAN 1      0                         0      0        0
..................................................................


WIND (MPH)
  HIGHEST WIND SPEED    35   HIGHEST WIND DIRECTION    NW (320)
  HIGHEST GUST SPEED    43   HIGHEST GUST DIRECTION    NW (320)
  AVERAGE WIND SPEED    14.9


SKY COVER
  AVERAGE SKY COVER 0.0


WEATHER CONDITIONS
 THE FOLLOWING WEATHER WAS RECORDED TODAY.
  NO SIGNIFICANT WEATHER WAS OBSERVED.


RELATIVE HUMIDITY (PERCENT)
 HIGHEST    85          1200 AM
 LOWEST     19          1100 AM
 AVERAGE    52

..........................................................


THE RAPID CITY AIRPORT SD CLIMATE NORMALS FOR TOMORROW
                         NORMAL    RECORD    YEAR
 MAXIMUM TEMPERATURE (F)   39        68      1990
 MINIMUM TEMPERATURE (F)   14       -15      1944


SUNRISE AND SUNSET
FEBRUARY 10 2016......SUNRISE   659 AM MST   SUNSET   514 PM MST
FEBRUARY 11 2016......SUNRISE   658 AM MST   SUNSET   516 PM MST


-  INDICATES NEGATIVE NUMBERS.
R  INDICATES RECORD WAS SET OR TIED.
MM INDICATES DATA IS MISSING.
T  INDICATES TRACE AMOUNT.




$$
