000
CDUS43 KUNR 280836
CLIRAP


CLIMATE REPORT
NATIONAL WEATHER SERVICE RAPID CITY SD
236 AM MDT SUN MAY 28 2017


...................................

...THE RAPID CITY AIRPORT SD CLIMATE SUMMARY FOR MAY 27 2017...

CLIMATE NORMAL PERIOD 1981 TO 2010
CLIMATE RECORD PERIOD 1942 TO 2017


WEATHER ITEM   OBSERVED TIME   RECORD YEAR NORMAL DEPARTURE LAST
                VALUE   (LST)  VALUE       VALUE  FROM      YEAR
                                                  NORMAL
..................................................................
TEMPERATURE (F)
 YESTERDAY
  MAXIMUM         74    236 PM  98    1969  71      3       66
  MINIMUM         48    515 AM  34    1992  46      2       45
                                      1965
  AVERAGE         61                        58      3       56

PRECIPITATION (IN)
  YESTERDAY        T             1.68 1996   0.11  -0.11     0.00
  MONTH TO DATE    1.14                      2.77  -1.63     0.76
  SINCE MAR 1      3.44                      5.50  -2.06     3.70
  SINCE JAN 1      4.25                      6.24  -1.99     4.56

SNOWFALL (IN)
  YESTERDAY        0.0           T    1954   0.0    0.0      0.0
  MONTH TO DATE    0.0                       1.1   -1.1       T
  SINCE MAR 1      5.2                      17.7  -12.5     10.2
  SINCE JUL 1     35.7                      41.1   -5.4     36.3
  SNOW DEPTH       0

DEGREE DAYS
 HEATING
  YESTERDAY        4                         7     -3        9
  MONTH TO DATE  275                       298    -23      309
  SINCE MAR 1   1640                      1817   -177     1592
  SINCE JUL 1   6696                      7027   -331     6287

 COOLING
  YESTERDAY        0                         1     -1        0
  MONTH TO DATE   12                         3      9        0
  SINCE MAR 1     12                         5      7        0
  SINCE JAN 1     12                         5      7        0
..................................................................


WIND (MPH)
  HIGHEST WIND SPEED    32   HIGHEST WIND DIRECTION    NW (310)
  HIGHEST GUST SPEED    40   HIGHEST GUST DIRECTION    NW (310)
  AVERAGE WIND SPEED    11.2


SKY COVER
  AVERAGE SKY COVER 0.5


WEATHER CONDITIONS
 THE FOLLOWING WEATHER WAS RECORDED YESTERDAY.
  LIGHT RAIN


RELATIVE HUMIDITY (PERCENT)
 HIGHEST    93          1200 AM
 LOWEST     25           400 PM
 AVERAGE    59

..........................................................


THE RAPID CITY AIRPORT SD CLIMATE NORMALS FOR TODAY
                         NORMAL    RECORD    YEAR
 MAXIMUM TEMPERATURE (F)   71        93      1943
 MINIMUM TEMPERATURE (F)   46        27      1947


SUNRISE AND SUNSET
MAY 28 2017...........SUNRISE   514 AM MDT   SUNSET   825 PM MDT
MAY 29 2017...........SUNRISE   514 AM MDT   SUNSET   826 PM MDT


-  INDICATES NEGATIVE NUMBERS.
R  INDICATES RECORD WAS SET OR TIED.
MM INDICATES DATA IS MISSING.
T  INDICATES TRACE AMOUNT.




$$
