000
CDUS43 KUNR 280850
CLIRAP


CLIMATE REPORT
NATIONAL WEATHER SERVICE RAPID CITY SD
247 AM MDT TUE MAR 28 2017


...................................

...THE RAPID CITY AIRPORT SD CLIMATE SUMMARY FOR MARCH 27 2017...

CLIMATE NORMAL PERIOD 1981 TO 2010
CLIMATE RECORD PERIOD 1942 TO 2017


WEATHER ITEM   OBSERVED TIME   RECORD YEAR NORMAL DEPARTURE LAST
                VALUE   (LST)  VALUE       VALUE  FROM      YEAR
                                                  NORMAL
..................................................................
TEMPERATURE (F)
 YESTERDAY
  MAXIMUM         61    348 PM  81    1946  52      9       58
  MINIMUM         24    607 AM   5    1944  26     -2       17
  AVERAGE         43                        39      4       38

PRECIPITATION (IN)
  YESTERDAY        0.00          0.56 1975   0.03  -0.03     0.00
  MONTH TO DATE    0.23                      0.78  -0.55     0.69
  SINCE MAR 1      0.23                      0.78  -0.55     0.69
  SINCE JAN 1      1.04                      1.52  -0.48     1.55

SNOWFALL (IN)
  YESTERDAY        0.0           6.6  1975   0.3   -0.3      0.0
  MONTH TO DATE    0.3                       7.6   -7.3      5.3
  SINCE MAR 1      0.3                       7.6   -7.3      5.3
  SINCE JUL 1     30.8                      31.0   -0.2     31.4
  SNOW DEPTH       0

DEGREE DAYS
 HEATING
  YESTERDAY       22                        26     -4       27
  MONTH TO DATE  697                       815   -118      662
  SINCE MAR 1    697                       815   -118      662
  SINCE JUL 1   5753                      6025   -272     5357

 COOLING
  YESTERDAY        0                         0      0        0
  MONTH TO DATE    0                         0      0        0
  SINCE MAR 1      0                         0      0        0
  SINCE JAN 1      0                         0      0        0
..................................................................


WIND (MPH)
  HIGHEST WIND SPEED    16   HIGHEST WIND DIRECTION    SE (120)
  HIGHEST GUST SPEED    21   HIGHEST GUST DIRECTION    SE (120)
  AVERAGE WIND SPEED     6.2


SKY COVER
  AVERAGE SKY COVER 0.5


WEATHER CONDITIONS
 THE FOLLOWING WEATHER WAS RECORDED YESTERDAY.
  FOG
  FOG W/VISIBILITY <= 1/4 MILE


RELATIVE HUMIDITY (PERCENT)
 HIGHEST   100          1200 AM
 LOWEST     39           400 PM
 AVERAGE    70

..........................................................


THE RAPID CITY AIRPORT SD CLIMATE NORMALS FOR TODAY
                         NORMAL    RECORD    YEAR
 MAXIMUM TEMPERATURE (F)   52        83      2015
 MINIMUM TEMPERATURE (F)   26         4      1944


SUNRISE AND SUNSET
MARCH 28 2017.........SUNRISE   640 AM MDT   SUNSET   715 PM MDT
MARCH 29 2017.........SUNRISE   639 AM MDT   SUNSET   716 PM MDT


-  INDICATES NEGATIVE NUMBERS.
R  INDICATES RECORD WAS SET OR TIED.
MM INDICATES DATA IS MISSING.
T  INDICATES TRACE AMOUNT.




$$
