000
CDUS43 KUNR 191832
CLIRAP


CLIMATE REPORT
NATIONAL WEATHER SERVICE RAPID CITY SD
1132 AM MST MON FEB 19 2018


...................................

...THE RAPID CITY AIRPORT SD CLIMATE SUMMARY FOR FEBRUARY 19 2018...
VALID AS OF 1100 AM LOCAL TIME.

CLIMATE NORMAL PERIOD 1981 TO 2010
CLIMATE RECORD PERIOD 1942 TO 2018


WEATHER ITEM   OBSERVED TIME   RECORD YEAR NORMAL DEPARTURE LAST
                VALUE   (LST)  VALUE       VALUE  FROM      YEAR
                                                  NORMAL
..................................................................
TEMPERATURE (F)
 TODAY
  MAXIMUM          4   1229 AM  70    2017  40    -36       70
  MINIMUM          0    614 AM -12    2006  16    -16       34
  AVERAGE          2                        28    -26       52

PRECIPITATION (IN)
  TODAY            0.11          0.61 1953   0.02   0.09     0.00
  MONTH TO DATE    0.60                      0.25   0.35     0.22
  SINCE DEC 1      1.04                      0.97   0.07     1.34
  SINCE JAN 1      0.77                      0.55   0.22     0.57

SNOWFALL (IN)
  TODAY           MM             6.2  1953   0.3   MM        0.0
  MONTH TO DATE   11.5                       3.5    8.0      4.8
  SINCE DEC 1     24.5                      13.3   11.2     24.6
  SINCE JUL 1     24.5                      21.1    3.4     27.4
  SNOW DEPTH       4

DEGREE DAYS
 HEATING
  TODAY           63                        37     26       13
  MONTH TO DATE  986                       731    255      642
  SINCE DEC 1   3504                      3212    292     3548
  SINCE JUL 1   5055                      4887    168     4771

 COOLING
  TODAY            0                         0      0        0
  MONTH TO DATE    0                         0      0        0
  SINCE DEC 1      0                         0      0        0
  SINCE JAN 1      0                         0      0        0
..................................................................


WIND (MPH)
  HIGHEST WIND SPEED    25   HIGHEST WIND DIRECTION     N (360)
  HIGHEST GUST SPEED    30   HIGHEST GUST DIRECTION     N (360)
  AVERAGE WIND SPEED    15.3


SKY COVER
  AVERAGE SKY COVER 1.0


WEATHER CONDITIONS
 THE FOLLOWING WEATHER WAS RECORDED TODAY.
  SNOW
  LIGHT SNOW
  FOG


RELATIVE HUMIDITY (PERCENT)
 HIGHEST    87           200 AM
 LOWEST     79          1000 AM
 AVERAGE    83

..........................................................


THE RAPID CITY AIRPORT SD CLIMATE NORMALS FOR TOMORROW
                         NORMAL    RECORD    YEAR
 MAXIMUM TEMPERATURE (F)   41        65      1972
 MINIMUM TEMPERATURE (F)   16        -6      1959


SUNRISE AND SUNSET
FEBRUARY 19 2018......SUNRISE   645 AM MST   SUNSET   527 PM MST
FEBRUARY 20 2018......SUNRISE   644 AM MST   SUNSET   529 PM MST


-  INDICATES NEGATIVE NUMBERS.
R  INDICATES RECORD WAS SET OR TIED.
MM INDICATES DATA IS MISSING.
T  INDICATES TRACE AMOUNT.




$$
