000
CDUS43 KUNR 290837
CLIRAP


CLIMATE REPORT
NATIONAL WEATHER SERVICE RAPID CITY SD
135 AM MST THU JAN 29 2015


...................................

...THE RAPID CITY AIRPORT SD CLIMATE SUMMARY FOR JANUARY 28 2015...

CLIMATE NORMAL PERIOD 1981 TO 2010
CLIMATE RECORD PERIOD 1942 TO 2015


WEATHER ITEM   OBSERVED TIME   RECORD YEAR NORMAL DEPARTURE LAST
                VALUE   (LST)  VALUE       VALUE  FROM      YEAR
                                                  NORMAL
..................................................................
TEMPERATURE (F)
 YESTERDAY
  MAXIMUM         58   1246 PM  66    1988  37     21       22
  MINIMUM         31    925 PM -23    1972  13     18       -5
                                      1951
  AVERAGE         45                        25     20        9

PRECIPITATION (IN)
  YESTERDAY        0.00          0.34 1947   0.01  -0.01     0.00
  MONTH TO DATE    0.13                      0.27  -0.14     0.22
  SINCE DEC 1      0.55                      0.69  -0.14     0.78
  SINCE JAN 1      0.13                      0.27  -0.14     0.22

SNOWFALL (IN)
  YESTERDAY        0.0           4.1  1947   0.2   -0.2      0.0
  MONTH TO DATE    2.4                       4.0   -1.6      3.2
  SINCE DEC 1     11.5                       9.4    2.1     11.8
  SINCE JUL 1     27.0                      17.2    9.8     36.6
  SNOW DEPTH       0

DEGREE DAYS
 HEATING
  YESTERDAY       20                        40    -20       56
  MONTH TO DATE 1037                      1122    -85     1082
  SINCE DEC 1   2167                      2363   -196     2505
  SINCE JUL 1   3975                      4038    -63     4225

 COOLING
  YESTERDAY        0                         0      0        0
  MONTH TO DATE    0                         0      0        0
  SINCE DEC 1      0                         0      0        0
  SINCE JAN 1      0                         0      0        0
..................................................................


WIND (MPH)
  HIGHEST WIND SPEED    39   HIGHEST WIND DIRECTION    NW (330)
  HIGHEST GUST SPEED    49   HIGHEST GUST DIRECTION     N (340)
  AVERAGE WIND SPEED    21.4


SKY COVER
  AVERAGE SKY COVER 0.3


WEATHER CONDITIONS
 THE FOLLOWING WEATHER WAS RECORDED YESTERDAY.
  NO SIGNIFICANT WEATHER WAS OBSERVED.


RELATIVE HUMIDITY (PERCENT)
 HIGHEST    82           800 PM
 LOWEST     28           100 PM
 AVERAGE    55

..........................................................


THE RAPID CITY AIRPORT SD CLIMATE NORMALS FOR TODAY
                         NORMAL    RECORD    YEAR
 MAXIMUM TEMPERATURE (F)   37        64      1960
 MINIMUM TEMPERATURE (F)   13       -25      1951


SUNRISE AND SUNSET
JANUARY 29 2015.......SUNRISE   713 AM MST   SUNSET   458 PM MST
JANUARY 30 2015.......SUNRISE   712 AM MST   SUNSET   459 PM MST


-  INDICATES NEGATIVE NUMBERS.
R  INDICATES RECORD WAS SET OR TIED.
MM INDICATES DATA IS MISSING.
T  INDICATES TRACE AMOUNT.




$$
