000
CDUS46 KMFR 220837
CLIRBG


CLIMATE REPORT
NATIONAL WEATHER SERVICE MEDFORD, OR
136 AM PDT THU JUN 22 2017


...................................

...THE ROSEBURG OR CLIMATE SUMMARY FOR JUNE 21 2017...

CLIMATE NORMAL PERIOD 1981 TO 2010
CLIMATE RECORD PERIOD 1931 TO 2017


WEATHER ITEM   OBSERVED TIME   RECORD YEAR NORMAL DEPARTURE LAST
                VALUE   (LST)  VALUE       VALUE  FROM      YEAR
                                                  NORMAL
..................................................................
TEMPERATURE (F)
 YESTERDAY
  MAXIMUM         MM        MM  94    1958  77     MM       82
  MINIMUM         56    722 AM  39    1956  53      3       52
  AVERAGE         MM                        65     MM       67

PRECIPITATION (IN)
  YESTERDAY        0.00          0.41 1963   0.02  -0.02     0.00
  MONTH TO DATE    0.83                      1.04  -0.21     0.86
  SINCE OCT 1     42.38                     34.32   8.06    37.68
  SINCE JAN 1     23.46                     18.67   4.79    18.49

SNOWFALL (IN)
  YESTERDAY       MM                        MM     MM       MM
  MONTH TO DATE   MM                        MM     MM       MM
  SINCE JUL 1     MM                        MM     MM        0.0
  SNOW DEPTH      MM

DEGREE DAYS
 HEATING
  YESTERDAY       MM                         2     MM        0
  MONTH TO DATE   64                        69     -5       63
  SINCE JUN 1     64                        69     -5       63
  SINCE JUL 1   3749                      4052   -303     3152

 COOLING
  YESTERDAY       MM                         2     MM        2
  MONTH TO DATE   37                        24     13       94
  SINCE JUN 1     37                        24     13       94
  SINCE JAN 1     86                        44     42      137
..................................................................


WIND (MPH)
  RESULTANT WIND SPEED  10   RESULTANT WIND DIRECTION   N (0)
  HIGHEST WIND SPEED    22   HIGHEST WIND DIRECTION     N (360)
  HIGHEST GUST SPEED    29   HIGHEST GUST DIRECTION     N (10)
  AVERAGE WIND SPEED    11.1


SKY COVER
  POSSIBLE SUNSHINE  MM
  AVERAGE SKY COVER 0.3


WEATHER CONDITIONS
 THE FOLLOWING WEATHER WAS RECORDED YESTERDAY.
  NO SIGNIFICANT WEATHER WAS OBSERVED.


RELATIVE HUMIDITY (PERCENT)
 HIGHEST    78           100 AM
 LOWEST     21           400 PM
 AVERAGE    50

..........................................................


THE ROSEBURG OR CLIMATE NORMALS FOR TODAY
                         NORMAL    RECORD    YEAR
 MAXIMUM TEMPERATURE (F)   78        94      1958
 MINIMUM TEMPERATURE (F)   53        44      1964
                                             1956
                                             1942


SUNRISE AND SUNSET
JUNE 22 2017..........SUNRISE   534 AM PDT   SUNSET   857 PM PDT
JUNE 23 2017..........SUNRISE   534 AM PDT   SUNSET   857 PM PDT


-  INDICATES NEGATIVE NUMBERS.
R  INDICATES RECORD WAS SET OR TIED.
MM INDICATES DATA IS MISSING.
T  INDICATES TRACE AMOUNT.




$$
