000
CDUS46 KMFR 250038
CLIRBG


CLIMATE REPORT
NATIONAL WEATHER SERVICE MEDFORD, OR
438 PM PST TUE JAN 24 2017


...................................

...THE ROSEBURG OR CLIMATE SUMMARY FOR JANUARY 24 2017...
VALID TODAY AS OF 0400 PM LOCAL TIME.

CLIMATE NORMAL PERIOD 1981 TO 2010
CLIMATE RECORD PERIOD 1931 TO 2017


WEATHER ITEM   OBSERVED TIME   RECORD YEAR NORMAL DEPARTURE LAST
                VALUE   (LST)  VALUE       VALUE  FROM      YEAR
                                                  NORMAL
..................................................................
TEMPERATURE (F)
 TODAY
  MAXIMUM         50    316 PM  64    2015  51     -1       49
                                      2011
                                      1935
  MINIMUM         28    635 AM  17    1949  37     -9       39
  AVERAGE         39                        44     -5       44

PRECIPITATION (IN)
  TODAY            0.00          1.63 1996   0.12  -0.12
  MONTH TO DATE    5.46                      4.27   1.19
  SINCE OCT 1     24.38                     19.92   4.46
  SINCE JAN 1      5.46                      4.27   1.19

SNOWFALL (IN)
  TODAY           MM                        MM     MM       MM
  MONTH TO DATE    0.0                      MM     MM       MM
  SINCE JUL 1      0.0                      MM     MM        0.0
  SNOW DEPTH      MM

DEGREE DAYS
 HEATING
  TODAY           26                        21      5       21
  MONTH TO DATE  621                       532     89      504
  SINCE DEC 1   1389                      1243    146     1091
  SINCE JUL 1   2028                      2172   -144     1819

 COOLING
  TODAY            0                         0      0        0
  MONTH TO DATE    0                         0      0        0
  SINCE DEC 1      0                         0      0        0
  SINCE JAN 1      0                         0      0        0
..................................................................







THE ROSEBURG OR CLIMATE NORMALS FOR TOMORROW
                         NORMAL    RECORD    YEAR
 MAXIMUM TEMPERATURE (F)   51        67      2015
 MINIMUM TEMPERATURE (F)   37        15      1949


SUNRISE AND SUNSET
JANUARY 24 2017.......SUNRISE   736 AM PST   SUNSET   515 PM PST
JANUARY 25 2017.......SUNRISE   735 AM PST   SUNSET   517 PM PST


-  INDICATES NEGATIVE NUMBERS.
R  INDICATES RECORD WAS SET OR TIED.
MM INDICATES DATA IS MISSING.
T  INDICATES TRACE AMOUNT.




$$
