007
CDUS46 KMFR 060839
CLIRBG


CLIMATE REPORT
NATIONAL WEATHER SERVICE MEDFORD, OR
1239 AM PST SAT FEB 6 2016


...................................

...THE ROSEBURG OR CLIMATE SUMMARY FOR FEBRUARY 5 2016...

CLIMATE NORMAL PERIOD 1981 TO 2010
CLIMATE RECORD PERIOD 1931 TO 2016


WEATHER ITEM   OBSERVED TIME   RECORD YEAR NORMAL DEPARTURE LAST
                VALUE   (LST)  VALUE       VALUE  FROM      YEAR
                                                  NORMAL
..................................................................
TEMPERATURE (F)
 YESTERDAY
  MAXIMUM         61    548 PM  67    1941  52      9       63
  MINIMUM         36    520 AM  26    1949  37     -1       50
  AVERAGE         49                        44      5       57

PRECIPITATION (IN)
  YESTERDAY        0.11          0.86 1991   0.17  -0.06     0.07
  MONTH TO DATE    0.37                      0.86  -0.49     1.42
  SINCE OCT 1     26.17                     21.60   4.57    17.08
  SINCE JAN 1      6.98                      5.95   1.03     2.80

SNOWFALL (IN)
  YESTERDAY       MM                        MM     MM       MM
  MONTH TO DATE   MM                        MM     MM       MM
  SINCE JUL 1      0.0                      MM     MM       MM
  SNOW DEPTH      MM

DEGREE DAYS
 HEATING
  YESTERDAY       16                        21     -5        8
  MONTH TO DATE   96                       105     -9       60
  SINCE DEC 1   1299                      1495   -196     1116
  SINCE JUL 1   2027                      2424   -397     1706

 COOLING
  YESTERDAY        0                         0      0        0
  MONTH TO DATE    0                         0      0        0
  SINCE DEC 1      0                         0      0        0
  SINCE JAN 1      0                         0      0        0
..................................................................


WIND (MPH)
  RESULTANT WIND SPEED   2   RESULTANT WIND DIRECTION   S (160)
  HIGHEST WIND SPEED    10   HIGHEST WIND DIRECTION     S (170)
  HIGHEST GUST SPEED    15   HIGHEST GUST DIRECTION     S (170)
  AVERAGE WIND SPEED     3.3


SKY COVER
  POSSIBLE SUNSHINE  MM
  AVERAGE SKY COVER 0.3


WEATHER CONDITIONS
 THE FOLLOWING WEATHER WAS RECORDED YESTERDAY.
  RAIN
  LIGHT RAIN


RELATIVE HUMIDITY (PERCENT)
 HIGHEST    92           300 AM
 LOWEST     32           400 PM
 AVERAGE    62

..........................................................


THE ROSEBURG OR CLIMATE NORMALS FOR TODAY
                         NORMAL    RECORD    YEAR
 MAXIMUM TEMPERATURE (F)   52        70      1963
 MINIMUM TEMPERATURE (F)   37        25      1957


SUNRISE AND SUNSET
FEBRUARY  6 2016......SUNRISE   724 AM PST   SUNSET   532 PM PST
FEBRUARY  7 2016......SUNRISE   722 AM PST   SUNSET   533 PM PST


-  INDICATES NEGATIVE NUMBERS.
R  INDICATES RECORD WAS SET OR TIED.
MM INDICATES DATA IS MISSING.
T  INDICATES TRACE AMOUNT.




$$
