000
CDUS46 KMFR 280837
CLIRBG


CLIMATE REPORT
NATIONAL WEATHER SERVICE MEDFORD, OR
137 AM PDT THU AUG 28 2014


...................................

...THE ROSEBURG OR CLIMATE SUMMARY FOR AUGUST 27 2014...

CLIMATE NORMAL PERIOD 1981 TO 2010
CLIMATE RECORD PERIOD 1931 TO 2014


WEATHER ITEM   OBSERVED TIME   RECORD YEAR NORMAL DEPARTURE LAST
                VALUE   (LST)  VALUE       VALUE  FROM      YEAR
                                                  NORMAL
..................................................................
TEMPERATURE (F)
 YESTERDAY
  MAXIMUM         98    357 PM 101    1972  83     15       88
  MINIMUM         61    601 AM  42    1960  54      7       55
  AVERAGE         80                        69     11       72

PRECIPITATION (IN)
  YESTERDAY        0.00          0.28 1954   0.03  -0.03     0.02
  MONTH TO DATE    0.03                      0.36  -0.33     0.62
  SINCE SEP 1     24.19                     36.15 -11.96    27.17
  SINCE JAN 1     16.65                     19.54  -2.89     8.50

SNOWFALL (IN)
  YESTERDAY       MM                        MM     MM       MM
  MONTH TO DATE   MM                        MM     MM       MM
  SINCE JUL 1     MM                        MM     MM       MM
  SNOW DEPTH      MM

DEGREE DAYS
 HEATING
  YESTERDAY        0                         1     -1        0
  MONTH TO DATE    0                         2     -2        1
  SINCE JUN 1     42                        96    -54       36
  SINCE JUL 1      7                        13     -6        1

 COOLING
  YESTERDAY       15                         4     11        7
  MONTH TO DATE  286                       151    135      212
  SINCE JUN 1    665                       374    291      629
  SINCE JAN 1    710                       394    316      663
..................................................................


WIND (MPH)
  RESULTANT WIND SPEED   2   RESULTANT WIND DIRECTION   N (20)
  HIGHEST WIND SPEED    16   HIGHEST WIND DIRECTION    NW (330)
  HIGHEST GUST SPEED    20   HIGHEST GUST DIRECTION    NW (330)
  AVERAGE WIND SPEED     3.1


SKY COVER
  POSSIBLE SUNSHINE  MM
  AVERAGE SKY COVER 0.0


WEATHER CONDITIONS
 THE FOLLOWING WEATHER WAS RECORDED YESTERDAY.
  NO SIGNIFICANT WEATHER WAS OBSERVED.


RELATIVE HUMIDITY (PERCENT)
 HIGHEST    67           500 AM
 LOWEST     20           200 PM
 AVERAGE    44

..........................................................


THE ROSEBURG OR CLIMATE NORMALS FOR TODAY
                         NORMAL    RECORD    YEAR
 MAXIMUM TEMPERATURE (F)   83        98      1988
 MINIMUM TEMPERATURE (F)   54        42      1973


SUNRISE AND SUNSET
AUGUST 28 2014........SUNRISE   633 AM PDT   SUNSET   755 PM PDT
AUGUST 29 2014........SUNRISE   634 AM PDT   SUNSET   753 PM PDT


-  INDICATES NEGATIVE NUMBERS.
R  INDICATES RECORD WAS SET OR TIED.
MM INDICATES DATA IS MISSING.
T  INDICATES TRACE AMOUNT.




$$
