000
CDUS46 KMFR 260858
CLIRBG


CLIMATE REPORT
NATIONAL WEATHER SERVICE MEDFORD, OR
1258 AM PST FRI DEC 26 2014


...................................

...THE ROSEBURG OR CLIMATE SUMMARY FOR DECEMBER 25 2014...

CLIMATE NORMAL PERIOD 1981 TO 2010
CLIMATE RECORD PERIOD 1931 TO 2014


WEATHER ITEM   OBSERVED TIME   RECORD YEAR NORMAL DEPARTURE LAST
                VALUE   (LST)  VALUE       VALUE  FROM      YEAR
                                                  NORMAL
..................................................................
TEMPERATURE (F)
 YESTERDAY
  MAXIMUM         50    342 PM  67    1980  48      2       48
  MINIMUM         41   1222 AM  16    1990  36      5       38
  AVERAGE         46                        42      4       43

PRECIPITATION (IN)
  YESTERDAY        0.13          3.05 1955   0.24  -0.11     0.00
  MONTH TO DATE    5.11                      5.23  -0.12     0.69
  SINCE SEP 1     15.38                     15.32   0.06     7.54
  SINCE JAN 1     32.03                     34.97  -2.94    16.08

SNOWFALL (IN)
  YESTERDAY       MM                        MM     MM       MM
  MONTH TO DATE   MM                        MM     MM       MM
  SINCE JUL 1     MM                        MM     MM        0.0
  SNOW DEPTH      MM

DEGREE DAYS
 HEATING
  YESTERDAY       19                        23     -4       22
  MONTH TO DATE  336                       569   -233      674
  SINCE DEC 1    336                       569   -233      674
  SINCE JUL 1    926                      1498   -572     1633

 COOLING
  YESTERDAY        0                         0      0        0
  MONTH TO DATE    0                         0      0        0
  SINCE DEC 1      0                         0      0        0
  SINCE JAN 1    914                       480    434      823
..................................................................


WIND (MPH)
  RESULTANT WIND SPEED   1   RESULTANT WIND DIRECTION   N (20)
  HIGHEST WIND SPEED    10   HIGHEST WIND DIRECTION     N (340)
  HIGHEST GUST SPEED    13   HIGHEST GUST DIRECTION    NW (330)
  AVERAGE WIND SPEED     1.2


SKY COVER
  POSSIBLE SUNSHINE  MM
  AVERAGE SKY COVER 0.8


WEATHER CONDITIONS
 THE FOLLOWING WEATHER WAS RECORDED YESTERDAY.
  LIGHT RAIN


RELATIVE HUMIDITY (PERCENT)
 HIGHEST    96           700 AM
 LOWEST     66           200 PM
 AVERAGE    81

..........................................................


THE ROSEBURG OR CLIMATE NORMALS FOR TODAY
                         NORMAL    RECORD    YEAR
 MAXIMUM TEMPERATURE (F)   48        73      1980
 MINIMUM TEMPERATURE (F)   36        18      1990


SUNRISE AND SUNSET
DECEMBER 26 2014......SUNRISE   744 AM PST   SUNSET   444 PM PST
DECEMBER 27 2014......SUNRISE   745 AM PST   SUNSET   445 PM PST


-  INDICATES NEGATIVE NUMBERS.
R  INDICATES RECORD WAS SET OR TIED.
MM INDICATES DATA IS MISSING.
T  INDICATES TRACE AMOUNT.




$$
