000
CDUS46 KSTO 190841
CLIRDD

CLIMATE REPORT
NATIONAL WEATHER SERVICE SACRAMENTO, CA
139 AM PDT SAT AUG 19 2017


...................................

...THE REDDING AIRPORT CA CLIMATE SUMMARY FOR AUGUST 18 2017...

CLIMATE NORMAL PERIOD 1981 TO 2010
CLIMATE RECORD PERIOD 1986 TO 2017


WEATHER ITEM   OBSERVED RECORD YEAR NORMAL DEPARTURE LAST
                VALUE   VALUE       VALUE  FROM      YEAR
                                           NORMAL
...........................................................
TEMPERATURE (F)
 YESTERDAY
  MAXIMUM        105    110    2013  96      9      108
  MINIMUM         69     56    2010  63      6       69
                               1999
                               1997
  AVERAGE         87

PRECIPITATION (IN)
  YESTERDAY        0.00   0.29 1990   0.01  -0.01     0.00
  MONTH TO DATE    0.10               0.08   0.02     0.00
  SINCE OCT 1     47.13              33.88  13.25    40.49
  SINCE JAN 1     28.40              21.03   7.37    30.63

SNOWFALL (IN)
  YESTERDAY        0.0   MM      MM  MM               0.0
  MONTH TO DATE    0.0               MM               0.0
  SINCE JUN 1      0.0               MM               0.0
  SINCE JUL 1      0.0               MM               0.0

DEGREE DAYS
 HEATING
  YESTERDAY        0

 COOLING
  YESTERDAY       22
...........................................................


WIND (MPH)
  RESULTANT WIND SPEED   3   RESULTANT WIND DIRECTION   S (180)
  HIGHEST WIND SPEED    15   HIGHEST WIND DIRECTION     S (160)
  HIGHEST GUST SPEED    22   HIGHEST GUST DIRECTION    NE (30)


SKY COVER
  POSSIBLE SUNSHINE  MM
  AVERAGE SKY COVER 0.0


WEATHER CONDITIONS
 THE FOLLOWING WEATHER WAS RECORDED YESTERDAY.
  HAZE


RELATIVE HUMIDITY (PERCENT)
 HIGHEST    73
 LOWEST     16
 AVERAGE    45

..........................................................


THE REDDING AIRPORT CA CLIMATE NORMALS FOR TODAY
                         NORMAL    RECORD    YEAR
 MAXIMUM TEMPERATURE (F)   96       108      1988
 MINIMUM TEMPERATURE (F)   63        56      1990


SUNRISE AND SUNSET
AUGUST 19 2017........SUNRISE   624 AM PDT   SUNSET   801 PM PDT
AUGUST 20 2017........SUNRISE   625 AM PDT   SUNSET   759 PM PDT


-  INDICATES NEGATIVE NUMBERS.
R  INDICATES RECORD WAS SET OR TIED.
MM INDICATES DATA IS MISSING.
T  INDICATES TRACE AMOUNT.




&&
....................................................................

REDDING CITY CLIMATE DATA FOR AUGUST 18

CLIMATE RECORD PERIOD 1897-1986

RECORD HIGH..............    110 IN 1967
RECORD LOW...............     53 IN 1916

RECORD RAINFALL..........   0.56 IN 1965

$$

NNNN
