000
CDUS46 KSTO 160838 RRA
CLIRDD

CLIMATE REPORT
NATIONAL WEATHER SERVICE SACRAMENTO, CA
1238 AM PST MON JAN 16 2017


...................................

...THE REDDING AIRPORT CA CLIMATE SUMMARY FOR JANUARY 15 2017...

CLIMATE NORMAL PERIOD 1981 TO 2010
CLIMATE RECORD PERIOD 1986 TO 2017


WEATHER ITEM   OBSERVED RECORD YEAR NORMAL DEPARTURE LAST
                VALUE   VALUE       VALUE  FROM      YEAR
                                           NORMAL
...........................................................
TEMPERATURE (F)
 YESTERDAY
  MAXIMUM         63     80    2014  55      8       54
  MINIMUM         30     25    2013  36     -6       38
                               2012
  AVERAGE         47

PRECIPITATION (IN)
  YESTERDAY        0.00   0.93 2000   0.20  -0.20     0.08
                               1996
  MONTH TO DATE    7.08               3.00   4.08     6.79
  SINCE OCT 1     25.81              15.85   9.96    16.65
  SINCE JAN 1      7.08               3.00   4.08     6.79

SNOWFALL (IN)
  YESTERDAY        0.0    0.0  2002  MM               0.0
  MONTH TO DATE    3.0               MM               0.0
  SINCE DEC 1      3.0               MM               0.0
  SINCE JUL 1      3.0               MM               0.0

DEGREE DAYS
 HEATING
  YESTERDAY       18

 COOLING
  YESTERDAY        0
...........................................................


WIND (MPH)
  RESULTANT WIND SPEED   2   RESULTANT WIND DIRECTION  NE (30)
  HIGHEST WIND SPEED    15   HIGHEST WIND DIRECTION     N (20)
  HIGHEST GUST SPEED    23   HIGHEST GUST DIRECTION     N (20)


SKY COVER
  POSSIBLE SUNSHINE  MM
  AVERAGE SKY COVER 0.2


WEATHER CONDITIONS
 THE FOLLOWING WEATHER WAS RECORDED YESTERDAY.
  FOG
  FOG W/VISIBILITY <= 1/4 MILE


RELATIVE HUMIDITY (PERCENT)
 HIGHEST   100
 LOWEST     30
 AVERAGE    65

..........................................................


THE REDDING AIRPORT CA CLIMATE NORMALS FOR TODAY
                         NORMAL    RECORD    YEAR
 MAXIMUM TEMPERATURE (F)   55        80      2014
 MINIMUM TEMPERATURE (F)   36        19      2012


SUNRISE AND SUNSET
JANUARY 16 2017.......SUNRISE   730 AM PST   SUNSET   509 PM PST
JANUARY 17 2017.......SUNRISE   729 AM PST   SUNSET   510 PM PST


-  INDICATES NEGATIVE NUMBERS.
R  INDICATES RECORD WAS SET OR TIED.
MM INDICATES DATA IS MISSING.
T  INDICATES TRACE AMOUNT.

&&
....................................................................

REDDING CITY CLIMATE DATA FOR JANUARY 15

CLIMATE RECORD PERIOD 1897-1986

RECORD HIGH..............     76 IN 1976
RECORD LOW...............     25 IN 1963

RECORD RAINFALL..........   2.19 IN 1956

$$
