568
CDUS46 KSTO 290852
CLIRDD

CLIMATE REPORT
NATIONAL WEATHER SERVICE SACRAMENTO, CA
150 AM PDT SAT APR 29 2017


..........................................................

...THE REDDING AIRPORT CA CLIMATE SUMMARY FOR APRIL 28 2017...

CLIMATE NORMAL PERIOD 1981 TO 2010
CLIMATE RECORD PERIOD 1986 TO 2017


WEATHER ITEM   OBSERVED RECORD YEAR NORMAL DEPARTURE LAST
                VALUE   VALUE       VALUE  FROM      YEAR
                                           NORMAL
...........................................................
TEMPERATURE (F)
 YESTERDAY
  MAXIMUM         74     92    2013  74      0       81
                               2006
  MINIMUM         45     40    2010  49     -4       53
  AVERAGE         60

PRECIPITATION (IN)
  YESTERDAY        0.00   0.57 1995   0.07  -0.07     0.00
  MONTH TO DATE    3.89               2.34   1.55     3.25
  SINCE OCT 1     46.19              31.03  15.16    37.06
  SINCE JAN 1     27.46              18.18   9.28    27.20

SNOWFALL (IN)
  YESTERDAY        0.0   MM      MM  MM               0.0
  MONTH TO DATE    0.0               MM               0.0
  SINCE MAR 1      0.0               MM               0.0
  SINCE JUL 1      3.0               MM               0.0

DEGREE DAYS
 HEATING
  YESTERDAY        5

 COOLING
  YESTERDAY        0
...........................................................


WIND (MPH)
  RESULTANT WIND SPEED   8   RESULTANT WIND DIRECTION   N (360)
  HIGHEST WIND SPEED    25   HIGHEST WIND DIRECTION     N (360)
  HIGHEST GUST SPEED    33   HIGHEST GUST DIRECTION    NE (30)


SKY COVER
  POSSIBLE SUNSHINE  MM
  AVERAGE SKY COVER 0.0


WEATHER CONDITIONS
 THE FOLLOWING WEATHER WAS RECORDED YESTERDAY.
  NO SIGNIFICANT WEATHER WAS OBSERVED.


RELATIVE HUMIDITY (PERCENT)
 HIGHEST    65
 LOWEST     15
 AVERAGE    40

..........................................................


THE REDDING AIRPORT CA CLIMATE NORMALS FOR TODAY
                         NORMAL    RECORD    YEAR
 MAXIMUM TEMPERATURE (F)   75        91      2014
 MINIMUM TEMPERATURE (F)   49        34      2010


SUNRISE AND SUNSET
APRIL 29 2017.........SUNRISE   610 AM PDT   SUNSET   803 PM PDT
APRIL 30 2017.........SUNRISE   609 AM PDT   SUNSET   804 PM PDT


-  INDICATES NEGATIVE NUMBERS.
R  INDICATES RECORD WAS SET OR TIED.
MM INDICATES DATA IS MISSING.
T  INDICATES TRACE AMOUNT.

&&
....................................................................

REDDING CITY CLIMATE DATA FOR APRIL 28

CLIMATE RECORD PERIOD 1897-1986

RECORD HIGH..............     93 IN 1981
RECORD LOW...............     34 IN 1967

RECORD RAINFALL..........   1.48 IN 1983

$$

NNNN
