000
CDUS46 KSTO 200908
CLIRDD

SFOCLIRDD 000
TTAA00 KSTO 200908


CLIMATE REPORT
NATIONAL WEATHER SERVICE SACRAMENTO, CA
208 AM PDT FRI OCT 20 2017


..........................................................

...THE REDDING AIRPORT CA CLIMATE SUMMARY FOR OCTOBER 19 2017...

CLIMATE NORMAL PERIOD 1981 TO 2010
CLIMATE RECORD PERIOD 1986 TO 2017


WEATHER ITEM   OBSERVED RECORD YEAR NORMAL DEPARTURE LAST
                VALUE   VALUE       VALUE  FROM      YEAR
                                           NORMAL
...........................................................
TEMPERATURE (F)
 YESTERDAY
  MAXIMUM         69     93    1991  76     -7       78
  MINIMUM         44     37    1996  49     -5       52
  AVERAGE         57

PRECIPITATION (IN)
  YESTERDAY        0.28   3.30 2004   0.08   0.20     0.00
  MONTH TO DATE    0.28               0.96  -0.68     3.23
  SINCE OCT 1      0.28               0.96  -0.68     3.23
  SINCE JAN 1     29.29              22.73   6.56    33.86

SNOWFALL (IN)
  YESTERDAY       MM      0.0  2001  MM               0.0
  MONTH TO DATE    0.0               MM               0.0
  SINCE SEP 1      0.0               MM               0.0
  SINCE JUL 1      0.0               MM               0.0

DEGREE DAYS
 HEATING
  YESTERDAY        8

 COOLING
  YESTERDAY        0
...........................................................


WIND (MPH)
  RESULTANT WIND SPEED   4   RESULTANT WIND DIRECTION   S (170)
  HIGHEST WIND SPEED    33   HIGHEST WIND DIRECTION     S (160)
  HIGHEST GUST SPEED    42   HIGHEST GUST DIRECTION    SE (150)


SKY COVER
  POSSIBLE SUNSHINE  MM
  AVERAGE SKY COVER 0.5


WEATHER CONDITIONS
 THE FOLLOWING WEATHER WAS RECORDED YESTERDAY.
  LIGHT RAIN
  FOG
  HAZE


RELATIVE HUMIDITY (PERCENT)
 HIGHEST    93
 LOWEST     39
 AVERAGE    66

..........................................................


THE REDDING AIRPORT CA CLIMATE NORMALS FOR TODAY
                         NORMAL    RECORD    YEAR
 MAXIMUM TEMPERATURE (F)   76        96      1988
 MINIMUM TEMPERATURE (F)   48        40      1996


SUNRISE AND SUNSET
OCTOBER 20 2017.......SUNRISE   726 AM PDT   SUNSET   621 PM PDT
OCTOBER 21 2017.......SUNRISE   727 AM PDT   SUNSET   620 PM PDT


-  INDICATES NEGATIVE NUMBERS.
R  INDICATES RECORD WAS SET OR TIED.
MM INDICATES DATA IS MISSING.
T  INDICATES TRACE AMOUNT.


$$
