000
CDUS46 KSTO 310834 RRA
CLIRDD

CLIMATE REPORT
NATIONAL WEATHER SERVICE SACRAMENTO, CA
134 AM PDT TUE MAY 31 2016


...................................

...THE REDDING AIRPORT CA CLIMATE SUMMARY FOR MAY 30 2016...

CLIMATE NORMAL PERIOD 1981 TO 2010
CLIMATE RECORD PERIOD 1986 TO 2016


WEATHER ITEM   OBSERVED RECORD YEAR NORMAL DEPARTURE LAST
                VALUE   VALUE       VALUE  FROM      YEAR
                                           NORMAL
...........................................................
TEMPERATURE (F)
 YESTERDAY
  MAXIMUM         99    101    1992  85     14       94
  MINIMUM         68     42    2011  58     10       66
  AVERAGE         84

PRECIPITATION (IN)
  YESTERDAY        0.00   1.08 1990   0.06  -0.06     0.00
  MONTH TO DATE    0.97               1.80  -0.83     0.34
  SINCE OCT 1     38.03              32.97   5.06    22.47
  SINCE JAN 1     28.17              20.12   8.05     6.22

SNOWFALL (IN)
  YESTERDAY        0.0   MM      MM  MM               0.0
  MONTH TO DATE    0.0               MM               0.0
  SINCE MAR 1      0.0               MM               0.0
  SINCE JUL 1      0.0               MM               0.0

DEGREE DAYS
 HEATING
  YESTERDAY        0

 COOLING
  YESTERDAY       19
...........................................................


WIND (MPH)
  RESULTANT WIND SPEED   6   RESULTANT WIND DIRECTION   N (350)
  HIGHEST WIND SPEED    15   HIGHEST WIND DIRECTION     N (10)
  HIGHEST GUST SPEED    20   HIGHEST GUST DIRECTION     N (350)


SKY COVER
  POSSIBLE SUNSHINE  MM
  AVERAGE SKY COVER 0.0


WEATHER CONDITIONS
 THE FOLLOWING WEATHER WAS RECORDED YESTERDAY.
  NO SIGNIFICANT WEATHER WAS OBSERVED.


RELATIVE HUMIDITY (PERCENT)
 HIGHEST    47
 LOWEST     11
 AVERAGE    29

..........................................................


THE REDDING AIRPORT CA CLIMATE NORMALS FOR TODAY
                         NORMAL    RECORD    YEAR
 MAXIMUM TEMPERATURE (F)   86       103      2001
 MINIMUM TEMPERATURE (F)   58        47      2014


SUNRISE AND SUNSET
MAY 31 2016...........SUNRISE   541 AM PDT   SUNSET   833 PM PDT
JUNE  1 2016..........SUNRISE   541 AM PDT   SUNSET   834 PM PDT


-  INDICATES NEGATIVE NUMBERS.
R  INDICATES RECORD WAS SET OR TIED.
MM INDICATES DATA IS MISSING.
T  INDICATES TRACE AMOUNT.

&&
....................................................................

REDDING CITY CLIMATE DATA FOR MAY 30

CLIMATE RECORD PERIOD 1897-1986

RECORD HIGH..............    105 IN 1950
RECORD LOW...............     44 IN 1906

RECORD RAINFALL..........   1.00 IN 1903

$$
