000
CDUS46 KSTO 310035
CLIRDD

CLIMATE REPORT
NATIONAL WEATHER SERVICE SACRAMENTO, CA
532 PM PDT THU JUL 30 2015


...................................

...THE REDDING AIRPORT CA CLIMATE SUMMARY FOR JULY 30 2015...
VALID TODAY AS OF 0500 PM LOCAL TIME.

CLIMATE NORMAL PERIOD 1981 TO 2010
CLIMATE RECORD PERIOD 1986 TO 2015


WEATHER ITEM   OBSERVED RECORD YEAR NORMAL DEPARTURE LAST
                VALUE   VALUE       VALUE  FROM      YEAR
                                           NORMAL
...........................................................
TEMPERATURE (F)
 TODAY
  MAXIMUM        114R   110    1991  99     15      106
  MINIMUM         70     58    1987  66      4       70
  AVERAGE         92

PRECIPITATION (IN)
  TODAY            0.00   T    1996   0.01  -0.01     0.00
  MONTH TO DATE    0.04               0.09  -0.05     0.09
  SINCE OCT 1     23.08              33.80 -10.72    16.47
  SINCE JAN 1      6.83              20.95 -14.12    14.36

SNOWFALL (IN)
  TODAY            0.0   MM      MM  MM               0.0
  MONTH TO DATE    0.0               MM               0.0
  SINCE JUN 1      0.0               MM               0.0
  SINCE JUL 1      0.0               MM               0.0

DEGREE DAYS
 HEATING
  TODAY            0

 COOLING
  TODAY           27
...........................................................


WIND (MPH)
  RESULTANT WIND SPEED   2   RESULTANT WIND DIRECTION   N (340)
  HIGHEST WIND SPEED     9   HIGHEST WIND DIRECTION     W (270)
  HIGHEST GUST SPEED    14   HIGHEST GUST DIRECTION     W (270)


SKY COVER
  POSSIBLE SUNSHINE  MM
  AVERAGE SKY COVER 0.0


WEATHER CONDITIONS
 THE FOLLOWING WEATHER WAS RECORDED TODAY.
  NO SIGNIFICANT WEATHER WAS OBSERVED.


RELATIVE HUMIDITY (PERCENT)
 HIGHEST    38
 LOWEST      8
 AVERAGE    23

..........................................................


THE REDDING AIRPORT CA CLIMATE NORMALS FOR TOMORROW
                         NORMAL    RECORD    YEAR
 MAXIMUM TEMPERATURE (F)   99       110      2000
 MINIMUM TEMPERATURE (F)   65        57      1992


SUNRISE AND SUNSET
JULY 30 2015..........SUNRISE   604 AM PDT   SUNSET   826 PM PDT
JULY 31 2015..........SUNRISE   605 AM PDT   SUNSET   825 PM PDT


-  INDICATES NEGATIVE NUMBERS.
R  INDICATES RECORD WAS SET OR TIED.
MM INDICATES DATA IS MISSING.
T  INDICATES TRACE AMOUNT.




&&
....................................................................

REDDING CITY CLIMATE DATA FOR JULY 30

CLIMATE RECORD PERIOD 1897-1986

RECORD HIGH..............    113 IN 1977
RECORD LOW...............     56 IN 1950

RECORD RAINFALL..........   0.03 IN 1985

$$

NNNN
