138
CDUS46 KSTO 180848
CLIRDD

CLIMATE REPORT
NATIONAL WEATHER SERVICE SACRAMENTO, CA
1246 AM PST SUN FEB 18 2018


..........................................................

...THE REDDING AIRPORT CA CLIMATE SUMMARY FOR FEBRUARY 17 2018...

CLIMATE NORMAL PERIOD 1981 TO 2010
CLIMATE RECORD PERIOD 1986 TO 2018


WEATHER ITEM   OBSERVED RECORD YEAR NORMAL DEPARTURE LAST
                VALUE   VALUE       VALUE  FROM      YEAR
                                           NORMAL
...........................................................
TEMPERATURE (F)
 YESTERDAY
  MAXIMUM         68     77    2007  60      8       51
  MINIMUM         39     32    2008  40     -1       48
                               1990
  AVERAGE         54

PRECIPITATION (IN)
  YESTERDAY        0.00   1.93 2009   0.20  -0.20     1.35
  MONTH TO DATE    0.00               3.38  -3.38     6.12
  SINCE OCT 1     10.52              22.19 -11.67    36.30
  SINCE JAN 1      4.85               9.34  -4.49    17.57

SNOWFALL (IN)
  YESTERDAY        0.0   MM      MM  MM              MM
  MONTH TO DATE    0.0               MM               0.0
  SINCE DEC 1      0.0               MM               3.0
  SINCE JUL 1      0.0               MM               3.0

DEGREE DAYS
 HEATING
  YESTERDAY       11

 COOLING
  YESTERDAY        0
...........................................................


WIND (MPH)
  RESULTANT WIND SPEED   3   RESULTANT WIND DIRECTION   S (190)
  HIGHEST WIND SPEED    14   HIGHEST WIND DIRECTION     S (170)
  HIGHEST GUST SPEED    17   HIGHEST GUST DIRECTION     S (190)


SKY COVER
  POSSIBLE SUNSHINE  MM
  AVERAGE SKY COVER 0.1


WEATHER CONDITIONS
 THE FOLLOWING WEATHER WAS RECORDED YESTERDAY.
  NO SIGNIFICANT WEATHER WAS OBSERVED.


RELATIVE HUMIDITY (PERCENT)
 HIGHEST    79
 LOWEST     34
 AVERAGE    57

..........................................................


THE REDDING AIRPORT CA CLIMATE NORMALS FOR TODAY
                         NORMAL    RECORD    YEAR
 MAXIMUM TEMPERATURE (F)   60        75      1995
 MINIMUM TEMPERATURE (F)   40        29      2013


SUNRISE AND SUNSET
FEBRUARY 18 2018......SUNRISE   659 AM PST   SUNSET   548 PM PST
FEBRUARY 19 2018......SUNRISE   657 AM PST   SUNSET   549 PM PST


-  INDICATES NEGATIVE NUMBERS.
R  INDICATES RECORD WAS SET OR TIED.
MM INDICATES DATA IS MISSING.
T  INDICATES TRACE AMOUNT.

&&
....................................................................

REDDING CITY CLIMATE DATA FOR FEBRUARY 17

CLIMATE RECORD PERIOD 1897-1986

RECORD HIGH..............     80 IN 1977
RECORD LOW...............     30 IN 1952

RECORD RAINFALL..........   3.09 IN 1986

$$

NNNN
