000
CDUS46 KSTO 130845
CLIRDD

CLIMATE REPORT
NATIONAL WEATHER SERVICE SACRAMENTO, CA
1244 AM PST WED DEC 13 2017


.........................................................

...THE REDDING AIRPORT CA CLIMATE SUMMARY FOR DECEMBER 12 2017...

CLIMATE NORMAL PERIOD 1981 TO 2010
CLIMATE RECORD PERIOD 1986 TO 2017


WEATHER ITEM   OBSERVED RECORD YEAR NORMAL DEPARTURE LAST
                VALUE   VALUE       VALUE  FROM      YEAR
                                           NORMAL
...........................................................
TEMPERATURE (F)
 YESTERDAY
  MAXIMUM         68R    66    1988  55     13       58
  MINIMUM         27     24    1989  36     -9       32
  AVERAGE         48

PRECIPITATION (IN)
  YESTERDAY        0.00   1.76 1995   0.19  -0.19     0.00
  MONTH TO DATE    0.08               2.21  -2.13     2.13
  SINCE OCT 1      5.64               8.79  -3.15    14.83
  SINCE JAN 1     34.65              30.56   4.09    45.46

SNOWFALL (IN)
  YESTERDAY        0.0    0.0  2001  MM               0.0
  MONTH TO DATE    0.0               MM               0.0
  SINCE DEC 1      0.0               MM               0.0
  SINCE JUL 1      0.0               MM               0.0

DEGREE DAYS
 HEATING
  YESTERDAY       17

 COOLING
  YESTERDAY        0
...........................................................


WIND (MPH)
  RESULTANT WIND SPEED   1   RESULTANT WIND DIRECTION  NW (300)
  HIGHEST WIND SPEED     8   HIGHEST WIND DIRECTION    NW (310)
  HIGHEST GUST SPEED    11   HIGHEST GUST DIRECTION    NW (320)


SKY COVER
  POSSIBLE SUNSHINE  MM
  AVERAGE SKY COVER 0.0


WEATHER CONDITIONS
 THE FOLLOWING WEATHER WAS RECORDED YESTERDAY.
  NO SIGNIFICANT WEATHER WAS OBSERVED.


RELATIVE HUMIDITY (PERCENT)
 HIGHEST    92
 LOWEST     28
 AVERAGE    60

..........................................................


THE REDDING AIRPORT CA CLIMATE NORMALS FOR TODAY
                         NORMAL    RECORD    YEAR
 MAXIMUM TEMPERATURE (F)   55        74      1988
 MINIMUM TEMPERATURE (F)   36        25      1989


SUNRISE AND SUNSET
DECEMBER 13 2017......SUNRISE   724 AM PST   SUNSET   443 PM PST
DECEMBER 14 2017......SUNRISE   725 AM PST   SUNSET   443 PM PST


-  INDICATES NEGATIVE NUMBERS.
R  INDICATES RECORD WAS SET OR TIED.
MM INDICATES DATA IS MISSING.
T  INDICATES TRACE AMOUNT.

&&
....................................................................

REDDING CITY CLIMATE DATA FOR DECEMBER 12

CLIMATE RECORD PERIOD 1897-1986

RECORD HIGH..............     78 IN 1924
RECORD LOW...............     23 IN 1914

RECORD RAINFALL..........   2.82 IN 1969

$$

NNNN
