000
CDUS41 KPHI 290628
CLIRDG


CLIMATE REPORT
NATIONAL WEATHER SERVICE MOUNT HOLLY NJ
228 AM EDT THU JUN 29 2017


...................................

...THE READING PA CLIMATE SUMMARY FOR JUNE 28 2017...

CLIMATE NORMAL PERIOD 1981 TO 2010
CLIMATE RECORD PERIOD 1869 TO 2017


WEATHER ITEM   OBSERVED TIME   RECORD YEAR NORMAL DEPARTURE LAST
                VALUE   (LST)  VALUE       VALUE  FROM      YEAR
                                                  NORMAL
..................................................................
TEMPERATURE (F)
 YESTERDAY
  MAXIMUM         80    353 PM  96    1969  84     -4       85
  MINIMUM         53    507 AM  46    1970  63    -10       68
  AVERAGE         67                        74     -7       77

PRECIPITATION (IN)
  YESTERDAY        0.00          1.44 1946   0.11  -0.11     0.02
  MONTH TO DATE    4.74                      3.53   1.21     1.82
  SINCE JUN 1      4.74                      3.53   1.21     1.82
  SINCE JAN 1     18.16                     20.55  -2.39    15.82

DEGREE DAYS
 HEATING
  YESTERDAY        0                         0      0        0
  MONTH TO DATE   16                        23     -7        9
  SINCE JUN 1     16                        23     -7        9
  SINCE JUL 1   4581                      5391   -810     4503

 COOLING
  YESTERDAY        2                         9     -7       12
  MONTH TO DATE  206                       171     35      212
  SINCE JUN 1    206                       171     35      212
  SINCE JAN 1    281                       231     50      306
..................................................................


WIND (MPH)
  HIGHEST WIND SPEED    15   HIGHEST WIND DIRECTION     W (260)
  HIGHEST GUST SPEED    23   HIGHEST GUST DIRECTION    NW (320)
  AVERAGE WIND SPEED     6.1


SKY COVER
  POSSIBLE SUNSHINE  MM
  AVERAGE SKY COVER 0.1


WEATHER CONDITIONS
 THE FOLLOWING WEATHER WAS RECORDED YESTERDAY.
  NO SIGNIFICANT WEATHER WAS OBSERVED.


RELATIVE HUMIDITY (PERCENT)
 HIGHEST   100           400 AM
 LOWEST     37           500 PM
 AVERAGE    69

..........................................................


THE READING PA CLIMATE NORMALS FOR TODAY
                         NORMAL    RECORD    YEAR
 MAXIMUM TEMPERATURE (F)   84        99      1943
                                             1934
 MINIMUM TEMPERATURE (F)   63        49      1970


SUNRISE AND SUNSET
JUNE 29 2017..........SUNRISE   537 AM EDT   SUNSET   838 PM EDT
JUNE 30 2017..........SUNRISE   537 AM EDT   SUNSET   838 PM EDT


-  INDICATES NEGATIVE NUMBERS.
R  INDICATES RECORD WAS SET OR TIED.
MM INDICATES DATA IS MISSING.
T  INDICATES TRACE AMOUNT.




$$
