000
CDUS41 KPHI 282127
CLIRDG


CLIMATE REPORT
NATIONAL WEATHER SERVICE MOUNT HOLLY NJ
527 PM EDT MON JUL 28 2014


...................................

...THE READING PA CLIMATE SUMMARY FOR JULY 28 2014...
VALID TODAY AS OF 0500 PM LOCAL TIME.

CLIMATE NORMAL PERIOD 1981 TO 2010
CLIMATE RECORD PERIOD 1869 TO 2014


WEATHER ITEM   OBSERVED TIME   RECORD YEAR NORMAL DEPARTURE LAST
                VALUE   (LST)  VALUE       VALUE  FROM      YEAR
                                                  NORMAL
..................................................................
TEMPERATURE (F)
 TODAY
  MAXIMUM         81    332 PM  99    1941  85     -4       85
  MINIMUM         67    337 AM  46    1977  64      3       69
  AVERAGE         74                        74      0       77

PRECIPITATION (IN)
  TODAY            0.00          3.57 1969   0.14  -0.14     0.18
  MONTH TO DATE    4.95                      4.12   0.83     5.39
  SINCE JUN 1      8.74                      7.90   0.84    11.60
  SINCE JAN 1     27.56                     24.92   2.64    24.64

SNOWFALL (IN)
  TODAY           MM            MM      MM  MM     MM       MM
  MONTH TO DATE   MM                        MM     MM       MM
  SINCE JUN 1     MM                        MM     MM       MM
  SINCE JUL 1     MM                        MM     MM       MM
  SNOW DEPTH      MM

DEGREE DAYS
 HEATING
  TODAY            0                         0      0        0
  MONTH TO DATE    0                         0      0        0
  SINCE JUN 1      1                        24    -23        2
  SINCE JUL 1      0                         0      0        0

 COOLING
  TODAY            9                        10     -1       12
  MONTH TO DATE  300                       277     23      391
  SINCE JUN 1    528                       466     62      632
  SINCE JAN 1    590                       526     64      731
..................................................................


WIND (MPH)
  HIGHEST WIND SPEED    22   HIGHEST WIND DIRECTION     W (260)
  HIGHEST GUST SPEED    34   HIGHEST GUST DIRECTION     W (270)
  AVERAGE WIND SPEED     8.7


SKY COVER
  POSSIBLE SUNSHINE  MM
  AVERAGE SKY COVER 0.6


WEATHER CONDITIONS
 THE FOLLOWING WEATHER WAS RECORDED TODAY.
  NO SIGNIFICANT WEATHER WAS OBSERVED.


RELATIVE HUMIDITY (PERCENT)
 HIGHEST    90           100 AM
 LOWEST     48           400 PM
 AVERAGE    69

..........................................................


THE READING PA CLIMATE NORMALS FOR TOMORROW
                         NORMAL    RECORD    YEAR
 MAXIMUM TEMPERATURE (F)   85        97      2002
                                             1954
                                             1913
 MINIMUM TEMPERATURE (F)   64        52      1997
                                             1972


SUNRISE AND SUNSET
JULY 28 2014..........SUNRISE   558 AM EDT   SUNSET   823 PM EDT
JULY 29 2014..........SUNRISE   559 AM EDT   SUNSET   822 PM EDT


-  INDICATES NEGATIVE NUMBERS.
R  INDICATES RECORD WAS SET OR TIED.
MM INDICATES DATA IS MISSING.
T  INDICATES TRACE AMOUNT.




$$
