000
CDUS41 KPHI 280630
CLIRDG


CLIMATE REPORT
NATIONAL WEATHER SERVICE MOUNT HOLLY NJ
229 AM EDT WED SEP 28 2016


...................................

...THE READING PA CLIMATE SUMMARY FOR SEPTEMBER 27 2016...

CLIMATE NORMAL PERIOD 1981 TO 2010
CLIMATE RECORD PERIOD 1869 TO 2016


WEATHER ITEM   OBSERVED TIME   RECORD YEAR NORMAL DEPARTURE LAST
                VALUE   (LST)  VALUE       VALUE  FROM      YEAR
                                                  NORMAL
..................................................................
TEMPERATURE (F)
 YESTERDAY
  MAXIMUM         75    243 PM  91    1998  71      4       72
  MINIMUM         54   1156 PM  35    1947  50      4       54
  AVERAGE         65                        61      4       63

PRECIPITATION (IN)
  YESTERDAY        0.18          2.40 1942   0.17   0.01     0.00
  MONTH TO DATE    2.82                      3.82  -1.00     4.19
  SINCE SEP 1      2.82                      3.82  -1.00     4.19
  SINCE JAN 1     27.33                     32.78  -5.45    29.57

SNOWFALL (IN)
  YESTERDAY       MM            MM      MM  MM     MM       MM
  MONTH TO DATE   MM                        MM     MM       MM
  SINCE SEP 1     MM                        MM     MM       MM
  SINCE JUL 1     MM                        MM     MM       MM
  SNOW DEPTH      MM

DEGREE DAYS
 HEATING
  YESTERDAY        0                         5     -5        2
  MONTH TO DATE   15                        54    -39       14
  SINCE SEP 1     15                        54    -39       14
  SINCE JUL 1     15                        59    -44       14

 COOLING
  YESTERDAY        0                         1     -1        0
  MONTH TO DATE  191                        82    109      163
  SINCE SEP 1    191                        82    109      163
  SINCE JAN 1   1333                       885    448     1158
..................................................................


WIND (MPH)
  HIGHEST WIND SPEED    10   HIGHEST WIND DIRECTION     W (250)
  HIGHEST GUST SPEED    14   HIGHEST GUST DIRECTION    SW (230)
  AVERAGE WIND SPEED     3.3


SKY COVER
  POSSIBLE SUNSHINE  MM
  AVERAGE SKY COVER 0.3


WEATHER CONDITIONS
 THE FOLLOWING WEATHER WAS RECORDED YESTERDAY.
  HEAVY RAIN
  RAIN
  LIGHT RAIN
  FOG
  FOG W/VISIBILITY <= 1/4 MILE


RELATIVE HUMIDITY (PERCENT)
 HIGHEST    97           300 AM
 LOWEST     35           300 PM
 AVERAGE    66

..........................................................


THE READING PA CLIMATE NORMALS FOR TODAY
                         NORMAL    RECORD    YEAR
 MAXIMUM TEMPERATURE (F)   71        86      1954
                                             1941
 MINIMUM TEMPERATURE (F)   50        34      1991
                                             1947


SUNRISE AND SUNSET
SEPTEMBER 28 2016.....SUNRISE   658 AM EDT   SUNSET   650 PM EDT
SEPTEMBER 29 2016.....SUNRISE   659 AM EDT   SUNSET   648 PM EDT


-  INDICATES NEGATIVE NUMBERS.
R  INDICATES RECORD WAS SET OR TIED.
MM INDICATES DATA IS MISSING.
T  INDICATES TRACE AMOUNT.




$$
