000
CDUS41 KPHI 260630
CLIRDG


CLIMATE REPORT
NATIONAL WEATHER SERVICE MOUNT HOLLY NJ
129 AM EST SUN FEB 26 2017


...................................

...THE READING PA CLIMATE SUMMARY FOR FEBRUARY 25 2017...

CLIMATE NORMAL PERIOD 1981 TO 2010
CLIMATE RECORD PERIOD 1869 TO 2017


WEATHER ITEM   OBSERVED TIME   RECORD YEAR NORMAL DEPARTURE LAST
                VALUE   (LST)  VALUE       VALUE  FROM      YEAR
                                                  NORMAL
..................................................................
TEMPERATURE (F)
 YESTERDAY
  MAXIMUM         75    213 PM  77    1930  44     31       60
  MINIMUM         41   1123 PM   2    1914  25     16       34
  AVERAGE         58                        35     23       47

PRECIPITATION (IN)
  YESTERDAY        0.28          1.75 1990   0.08   0.20     0.06
  MONTH TO DATE    1.03                      2.20  -1.17     3.26
  SINCE DEC 1      5.52                      8.54  -3.02    10.35
  SINCE JAN 1      3.39                      5.25  -1.86     6.79

DEGREE DAYS
 HEATING
  YESTERDAY        7                        30    -23       18
  MONTH TO DATE  611                       828   -217      776
  SINCE DEC 1   2438                      2886   -448     2428
  SINCE JUL 1   3292                      3953   -661     3247

 COOLING
  YESTERDAY        0                         0      0        0
  MONTH TO DATE    0                         0      0        0
  SINCE DEC 1      0                         0      0        0
  SINCE JAN 1      0                         0      0        0
..................................................................


WIND (MPH)
  HIGHEST WIND SPEED    48   HIGHEST WIND DIRECTION    SW (240)
  HIGHEST GUST SPEED    61   HIGHEST GUST DIRECTION    SW (240)
  AVERAGE WIND SPEED    13.0


SKY COVER
  POSSIBLE SUNSHINE  MM
  AVERAGE SKY COVER 0.6


WEATHER CONDITIONS
 THE FOLLOWING WEATHER WAS RECORDED YESTERDAY.
  THUNDERSTORM
  HEAVY RAIN
  LIGHT RAIN
  FOG


RELATIVE HUMIDITY (PERCENT)
 HIGHEST    90           500 AM
 LOWEST     53          1000 PM
 AVERAGE    72

..........................................................


THE READING PA CLIMATE NORMALS FOR TODAY
                         NORMAL    RECORD    YEAR
 MAXIMUM TEMPERATURE (F)   44        68      1976
 MINIMUM TEMPERATURE (F)   26         3      1914


SUNRISE AND SUNSET
FEBRUARY 26 2017......SUNRISE   642 AM EST   SUNSET   552 PM EST
FEBRUARY 27 2017......SUNRISE   640 AM EST   SUNSET   553 PM EST


-  INDICATES NEGATIVE NUMBERS.
R  INDICATES RECORD WAS SET OR TIED.
MM INDICATES DATA IS MISSING.
T  INDICATES TRACE AMOUNT.




$$
