000
CDUS41 KPHI 300632
CLIRDG


CLIMATE REPORT
NATIONAL WEATHER SERVICE MOUNT HOLLY NJ
231 AM EDT SUN AUG 30 2015


...................................

...THE READING PA CLIMATE SUMMARY FOR AUGUST 29 2015...

CLIMATE NORMAL PERIOD 1981 TO 2010
CLIMATE RECORD PERIOD 1869 TO 2015


WEATHER ITEM   OBSERVED TIME   RECORD YEAR NORMAL DEPARTURE LAST
                VALUE   (LST)  VALUE       VALUE  FROM      YEAR
                                                  NORMAL
..................................................................
TEMPERATURE (F)
 YESTERDAY
  MAXIMUM         85    358 PM  98    1953  82      3       79
  MINIMUM         57    602 AM  42    1986  61     -4       53
                                      1982
  AVERAGE         71                        71      0       66

PRECIPITATION (IN)
  YESTERDAY        0.00          1.70 1978   0.12  -0.12     0.00
  MONTH TO DATE    3.45                      3.42   0.03     2.53
  SINCE JUN 1     13.47                     11.72   1.75    11.27
  SINCE JAN 1     25.38                     28.74  -3.36    30.09

SNOWFALL (IN)
  YESTERDAY       MM            MM      MM  MM     MM       MM
  MONTH TO DATE   MM                        MM     MM       MM
  SINCE JUN 1     MM                        MM     MM       MM
  SINCE JUL 1     MM                        MM     MM       MM
  SNOW DEPTH      MM

DEGREE DAYS
 HEATING
  YESTERDAY        0                         0      0        0
  MONTH TO DATE    0                         0      0        1
  SINCE JUN 1     21                        25     -4        2
  SINCE JUL 1      0                         1     -1        1

 COOLING
  YESTERDAY        6                         6      0        1
  MONTH TO DATE  259                       238     21      201
  SINCE JUN 1    810                       730     80      738
  SINCE JAN 1    969                       790    179      800
..................................................................


WIND (MPH)
  HIGHEST WIND SPEED    10   HIGHEST WIND DIRECTION    SW (210)
  HIGHEST GUST SPEED    17   HIGHEST GUST DIRECTION    SW (210)
  AVERAGE WIND SPEED     3.6


SKY COVER
  POSSIBLE SUNSHINE  MM
  AVERAGE SKY COVER 0.2


WEATHER CONDITIONS
 THE FOLLOWING WEATHER WAS RECORDED YESTERDAY.
  FOG
  HAZE


RELATIVE HUMIDITY (PERCENT)
 HIGHEST    93           400 AM
 LOWEST     47          1200 PM
 AVERAGE    70

..........................................................


THE READING PA CLIMATE NORMALS FOR TODAY
                         NORMAL    RECORD    YEAR
 MAXIMUM TEMPERATURE (F)   81        99      1953
 MINIMUM TEMPERATURE (F)   61        42      1986


SUNRISE AND SUNSET
AUGUST 30 2015........SUNRISE   629 AM EDT   SUNSET   739 PM EDT
AUGUST 31 2015........SUNRISE   630 AM EDT   SUNSET   738 PM EDT


-  INDICATES NEGATIVE NUMBERS.
R  INDICATES RECORD WAS SET OR TIED.
MM INDICATES DATA IS MISSING.
T  INDICATES TRACE AMOUNT.




$$
