000
CDUS46 KPDT 270110
CLIRDM

CLIMATE REPORT
NATIONAL WEATHER SERVICE PENDLETON OR
548 PM PDT FRI MAY 26 2017


...................................

...THE REDMOND OR CLIMATE SUMMARY FOR MAY 26 2017...
VALID TODAY AS OF 0500 PM LOCAL TIME.

CLIMATE NORMAL PERIOD 1981 TO 2010
CLIMATE RECORD PERIOD 1949 TO 2017


WEATHER ITEM   OBSERVED TIME   RECORD YEAR NORMAL DEPARTURE LAST
                VALUE   (LST)  VALUE       VALUE  FROM      YEAR
                                                  NORMAL
..................................................................
TEMPERATURE (F)
 TODAY
  MAXIMUM         74    359 PM  88    1950  70      4       68
  MINIMUM         35    438 AM  22    1964  38     -3       38
  AVERAGE         55                        54      1       53

PRECIPITATION (IN)
  TODAY            0.00          0.29 1953   0.04  -0.04     0.00
  MONTH TO DATE    0.13                      0.84  -0.71     1.98
  SINCE OCT 1      8.10                      6.61   1.49     7.75
  SINCE JAN 1      4.35                      3.85   0.50     4.18

DEGREE DAYS
 HEATING
  TODAY           10                        11     -1       12
  MONTH TO DATE  343                       373    -30      266
  SINCE MAR 1   1663                      1771   -108     1436
  SINCE JUL 1   6540                      6444     96     5567

 COOLING
  TODAY            0                         0      0        0
  MONTH TO DATE    4                         0      4        3
  SINCE MAR 1      4                         0      4        3
  SINCE JAN 1      4                         0      4        3
..................................................................


WIND (MPH)
  RESULTANT WIND SPEED   3   RESULTANT WIND DIRECTION   N (350)
  HIGHEST WIND SPEED    15   HIGHEST WIND DIRECTION     N (360)
  HIGHEST GUST SPEED    22   HIGHEST GUST DIRECTION     N (350)
  AVERAGE WIND SPEED     3.5


SKY COVER
  POSSIBLE SUNSHINE  MM
  AVERAGE SKY COVER 0.2


WEATHER CONDITIONS
THE FOLLOWING WEATHER WAS RECORDED TODAY.
  NO SIGNIFICANT WEATHER WAS OBSERVED.


RELATIVE HUMIDITY (PERCENT)
 HIGHEST    76           400 AM
 LOWEST     22           400 PM
 AVERAGE    49

..........................................................


THE REDMOND OR CLIMATE NORMALS FOR TOMORROW
                         NORMAL    RECORD    YEAR
 MAXIMUM TEMPERATURE (F)   71        94      1983
 MINIMUM TEMPERATURE (F)   38        25      1954


SUNRISE AND SUNSET
MAY 26 2017...........SUNRISE   527 AM PDT   SUNSET   837 PM PDT
MAY 27 2017...........SUNRISE   527 AM PDT   SUNSET   837 PM PDT


-  INDICATES NEGATIVE NUMBERS.
R  INDICATES RECORD WAS SET OR TIED.
MM INDICATES DATA IS MISSING.
T  INDICATES TRACE AMOUNT.




$$
