000
CDUS46 KPDT 220900
CLIRDM

CLIMATE REPORT
NATIONAL WEATHER SERVICE PENDLETON OR
159 AM PDT SAT JUL 22 2017


...................................

...THE REDMOND OR CLIMATE SUMMARY FOR JULY 21 2017...

CLIMATE NORMAL PERIOD 1981 TO 2010
CLIMATE RECORD PERIOD 1949 TO 2017


WEATHER ITEM   OBSERVED TIME   RECORD YEAR NORMAL DEPARTURE LAST
                VALUE   (LST)  VALUE       VALUE  FROM      YEAR
                                                  NORMAL
..................................................................
TEMPERATURE (F)
 YESTERDAY
  MAXIMUM         87    411 PM 102    2006  87      0       91
  MINIMUM         43    431 AM  36    1954  47     -4       50
  AVERAGE         65                        67     -2       71

PRECIPITATION (IN)
  YESTERDAY        0.00          0.58 1987   0.02  -0.02     0.00
  MONTH TO DATE    0.00                      0.38  -0.38     0.64
  SINCE OCT 1      8.50                      7.82   0.68     9.04
  SINCE JAN 1      4.75                      5.06  -0.31     5.47

DEGREE DAYS
 HEATING
  YESTERDAY        0                         2     -2        0
  MONTH TO DATE    6                        57    -51       48
  SINCE JUN 1    171                       274   -103      225
  SINCE JUL 1      6                        57    -51       48

 COOLING
  YESTERDAY        0                         4     -4        6
  MONTH TO DATE   98                        60     38       18
  SINCE JUN 1    139                        84     55       82
  SINCE JAN 1    149                        89     60       85
..................................................................


WIND (MPH)
  RESULTANT WIND SPEED   3   RESULTANT WIND DIRECTION   N (340)
  HIGHEST WIND SPEED    16   HIGHEST WIND DIRECTION    NW (300)
  HIGHEST GUST SPEED    26   HIGHEST GUST DIRECTION     N (350)
  AVERAGE WIND SPEED     6.1


SKY COVER
  POSSIBLE SUNSHINE  MM
  AVERAGE SKY COVER 0.0


WEATHER CONDITIONS
 THE FOLLOWING WEATHER WAS RECORDED YESTERDAY.
  NO SIGNIFICANT WEATHER WAS OBSERVED.


RELATIVE HUMIDITY (PERCENT)
 HIGHEST    76           300 AM
 LOWEST     11           100 PM
 AVERAGE    44

..........................................................


THE REDMOND OR CLIMATE NORMALS FOR TODAY
                         NORMAL    RECORD    YEAR
 MAXIMUM TEMPERATURE (F)   87       105      1959
 MINIMUM TEMPERATURE (F)   47        34      1965


SUNRISE AND SUNSET
JULY 22 2017..........SUNRISE   542 AM PDT   SUNSET   840 PM PDT
JULY 23 2017..........SUNRISE   543 AM PDT   SUNSET   839 PM PDT


-  INDICATES NEGATIVE NUMBERS.
R  INDICATES RECORD WAS SET OR TIED.
MM INDICATES DATA IS MISSING.
T  INDICATES TRACE AMOUNT.

$$
