000
CDUS46 KPDT 220842 RRA
CLIRDM

CLIMATE REPORT
NATIONAL WEATHER SERVICE PENDLETON OR
1228 AM PST THU FEB 22 2018


...................................

...THE REDMOND OR CLIMATE SUMMARY FOR FEBRUARY 21 2018...

CLIMATE NORMAL PERIOD 1981 TO 2010
CLIMATE RECORD PERIOD 1949 TO 2018


WEATHER ITEM   OBSERVED TIME   RECORD YEAR NORMAL DEPARTURE LAST
                VALUE   (LST)  VALUE       VALUE  FROM      YEAR
                                                  NORMAL
..................................................................
TEMPERATURE (F)
 YESTERDAY
  MAXIMUM         31    356 PM  68    1988  48    -17       42
  MINIMUM         18    744 AM  10    1952  24     -6       24
  AVERAGE         25                        36    -11       33

PRECIPITATION (IN)
  YESTERDAY        0.02          0.96 1956   0.03  -0.01     0.07
  MONTH TO DATE    0.05                      0.50  -0.45     1.13
  SINCE OCT 1      1.33                      4.23  -2.90     6.50
  SINCE JAN 1      0.22                      1.47  -1.25     2.75

DEGREE DAYS
 HEATING
  YESTERDAY       40                        29     11       32
  MONTH TO DATE  587                       634    -47      595
  SINCE DEC 1   2590                      2700   -110     3174
  SINCE JUL 1   4169                      4474   -305     4638

 COOLING
  YESTERDAY        0                         0      0        0
  MONTH TO DATE    0                         0      0        0
  SINCE DEC 1      0                         0      0        0
  SINCE JAN 1      0                         0      0        0
..................................................................


WIND (MPH)
  RESULTANT WIND SPEED   4   RESULTANT WIND DIRECTION   N (340)
  HIGHEST WIND SPEED    18   HIGHEST WIND DIRECTION    NW (330)
  HIGHEST GUST SPEED    23   HIGHEST GUST DIRECTION    NW (310)
  AVERAGE WIND SPEED     5.5


SKY COVER
  POSSIBLE SUNSHINE  MM
  AVERAGE SKY COVER 0.8


WEATHER CONDITIONS
 THE FOLLOWING WEATHER WAS RECORDED YESTERDAY.
  LIGHT SNOW
  FOG
  HAZE


RELATIVE HUMIDITY (PERCENT)
 HIGHEST    92           100 AM
 LOWEST     63           100 PM
 AVERAGE    78

..........................................................


THE REDMOND OR CLIMATE NORMALS FOR TODAY
                         NORMAL    RECORD    YEAR
 MAXIMUM TEMPERATURE (F)   48        69      1990
 MINIMUM TEMPERATURE (F)   24        12      2010


SUNRISE AND SUNSET
FEBRUARY 22 2018......SUNRISE   653 AM PST   SUNSET   544 PM PST
FEBRUARY 23 2018......SUNRISE   651 AM PST   SUNSET   545 PM PST


-  INDICATES NEGATIVE NUMBERS.
R  INDICATES RECORD WAS SET OR TIED.
MM INDICATES DATA IS MISSING.
T  INDICATES TRACE AMOUNT.




$$
