000
CDUS46 KPDT 290837
CLIRDM

CLIMATE REPORT
NATIONAL WEATHER SERVICE PENDLETON OR
135 AM PDT THU SEP 29 2016


...................................

...THE REDMOND OR CLIMATE SUMMARY FOR SEPTEMBER 28 2016...

CLIMATE NORMAL PERIOD 1981 TO 2010
CLIMATE RECORD PERIOD 1949 TO 2016


WEATHER ITEM   OBSERVED TIME   RECORD YEAR NORMAL DEPARTURE LAST
                VALUE   (LST)  VALUE       VALUE  FROM      YEAR
                                                  NORMAL
..................................................................
TEMPERATURE (F)
 YESTERDAY
  MAXIMUM         80    330 PM  93    1967  72      8       69
  MINIMUM         42    555 AM  22    1999  35      7       30
  AVERAGE         61                        53      8       50

PRECIPITATION (IN)
  YESTERDAY        0.00          0.31 2013   0.01  -0.01     0.00
  MONTH TO DATE    0.04                      0.38  -0.34     0.07
  SINCE OCT 1      9.10                      8.87   0.23     8.84
  SINCE JAN 1      5.53                      6.11  -0.58     4.56

DEGREE DAYS
 HEATING
  YESTERDAY        4                        12     -8       15
  MONTH TO DATE  254                       226     28      266
  SINCE SEP 1    254                       226     28      266
  SINCE JUL 1    343                       375    -32      357

 COOLING
  YESTERDAY        0                         0      0        0
  MONTH TO DATE    1                        14    -13        8
  SINCE SEP 1      1                        14    -13        8
  SINCE JAN 1    240                       220     20      363
..................................................................


WIND (MPH)
  RESULTANT WIND SPEED   3   RESULTANT WIND DIRECTION  NW (320)
  HIGHEST WIND SPEED    15   HIGHEST WIND DIRECTION    NW (320)
  HIGHEST GUST SPEED    19   HIGHEST GUST DIRECTION    NW (330)
  AVERAGE WIND SPEED     5.5


SKY COVER
  POSSIBLE SUNSHINE  MM
  AVERAGE SKY COVER 0.0


WEATHER CONDITIONS
 THE FOLLOWING WEATHER WAS RECORDED YESTERDAY.
  NO SIGNIFICANT WEATHER WAS OBSERVED.


RELATIVE HUMIDITY (PERCENT)
 HIGHEST    83           500 AM
 LOWEST     27          1200 PM
 AVERAGE    55

..........................................................


THE REDMOND OR CLIMATE NORMALS FOR TODAY
                         NORMAL    RECORD    YEAR
 MAXIMUM TEMPERATURE (F)   71        91      2006
 MINIMUM TEMPERATURE (F)   35        20      1983


SUNRISE AND SUNSET
SEPTEMBER 29 2016.....SUNRISE   701 AM PDT   SUNSET   648 PM PDT
SEPTEMBER 30 2016.....SUNRISE   702 AM PDT   SUNSET   646 PM PDT


-  INDICATES NEGATIVE NUMBERS.
R  INDICATES RECORD WAS SET OR TIED.
MM INDICATES DATA IS MISSING.
T  INDICATES TRACE AMOUNT.




$$
