000
CDUS46 KPDT 300035
CLIRDM

CLIMATE REPORT NATIONAL WEATHER SERVICE PENDLETON OR

525 PM PDT MON JUN 29 2015


...................................

...THE REDMOND OR CLIMATE SUMMARY FOR JUNE 29 2015...
VALID TODAY AS OF 0500 PM LOCAL TIME.

CLIMATE NORMAL PERIOD 1981 TO 2010
CLIMATE RECORD PERIOD 1949 TO 2015


WEATHER ITEM   OBSERVED TIME   RECORD YEAR NORMAL DEPARTURE LAST
                VALUE   (LST)  VALUE       VALUE  FROM      YEAR
                                                  NORMAL
..................................................................
TEMPERATURE (F)
 TODAY
  MAXIMUM         96    326 PM 100    2008  81     15       76
  MINIMUM         67    547 AM  29    1971  43     24       38
  AVERAGE         82                        62     20       57

PRECIPITATION (IN)
  TODAY            0.00          0.51 1952   0.02  -0.02     0.00
  MONTH TO DATE    0.11                      0.63  -0.52     0.30
  SINCE OCT 1      8.31                      7.43   0.88     4.46
  SINCE JAN 1      4.03                      4.67  -0.64     3.75

DEGREE DAYS
 HEATING
  TODAY            0                         4     -4        8
  MONTH TO DATE   77                       213   -136      221
  SINCE JUN 1     77                       213   -136      221
  SINCE JUL 1   5747                      6709   -962     6687

 COOLING
  TODAY           17                         2     15        0
  MONTH TO DATE  101                        20     81        1
  SINCE JUN 1    101                        20     81        1
  SINCE JAN 1    110                        25     85        1
..................................................................


WIND (MPH)
  RESULTANT WIND SPEED   1   RESULTANT WIND DIRECTION  NW (320)
  HIGHEST WIND SPEED    21   HIGHEST WIND DIRECTION     W (290)
  HIGHEST GUST SPEED    27   HIGHEST GUST DIRECTION    NW (310)
  AVERAGE WIND SPEED     5.6


SKY COVER
  POSSIBLE SUNSHINE  MM
  AVERAGE SKY COVER 0.0


WEATHER CONDITIONS
 THE FOLLOWING WEATHER WAS RECORDED TODAY.
  NO SIGNIFICANT WEATHER WAS OBSERVED.


RELATIVE HUMIDITY (PERCENT)
 HIGHEST    70          1200 AM
 LOWEST     15           100 PM
 AVERAGE    43

..........................................................


THE REDMOND OR CLIMATE NORMALS FOR TOMORROW
                         NORMAL    RECORD    YEAR
 MAXIMUM TEMPERATURE (F)   81        97      2013
                                             2008
 MINIMUM TEMPERATURE (F)   44        31      1973


SUNRISE AND SUNSET
JUNE 29 2015..........SUNRISE   524 AM PDT   SUNSET   852 PM PDT
JUNE 30 2015..........SUNRISE   524 AM PDT   SUNSET   852 PM PDT


-  INDICATES NEGATIVE NUMBERS.
R  INDICATES RECORD WAS SET OR TIED.
MM INDICATES DATA IS MISSING.
T  INDICATES TRACE AMOUNT.




$$
