000
CDUS46 KPDT 280926
CLIRDM

CLIMATE REPORT
NATIONAL WEATHER SERVICE PENDLETON OR
126 AM PST WED JAN 28 2015


...................................

...THE REDMOND OR CLIMATE SUMMARY FOR JANUARY 27 2015...

CLIMATE NORMAL PERIOD 1981 TO 2010
CLIMATE RECORD PERIOD 1949 TO 2015


WEATHER ITEM   OBSERVED TIME   RECORD YEAR NORMAL DEPARTURE LAST
                VALUE   (LST)  VALUE       VALUE  FROM      YEAR
                                                  NORMAL
..................................................................
TEMPERATURE (F)
 YESTERDAY
  MAXIMUM         58    255 PM  61    2011  44     14       25
                                      1984
  MINIMUM         28    557 AM -22    1957  24      4       23
  AVERAGE         43                        34      9       24

PRECIPITATION (IN)
  YESTERDAY        0.00          0.40 1959   0.03  -0.03      T
  MONTH TO DATE    0.28                      0.87  -0.59     0.26
  SINCE OCT 1      4.56                      3.63   0.93     0.97
  SINCE JAN 1      0.28                      0.87  -0.59     0.26

DEGREE DAYS
 HEATING
  YESTERDAY       22                        31     -9       41
  MONTH TO DATE  732                       875   -143      814
  SINCE DEC 1   1654                      1941   -287     1923
  SINCE JUL 1   3241                      3715   -474     3709

 COOLING
  YESTERDAY        0                         0      0        0
  MONTH TO DATE    0                         0      0        0
  SINCE DEC 1      0                         0      0        0
  SINCE JAN 1      0                         0      0        0
..................................................................


WIND (MPH)
  RESULTANT WIND SPEED   1   RESULTANT WIND DIRECTION   E (80)
  HIGHEST WIND SPEED    13   HIGHEST WIND DIRECTION    NW (310)
  HIGHEST GUST SPEED    14   HIGHEST GUST DIRECTION    NW (320)
  AVERAGE WIND SPEED     2.2


SKY COVER
  POSSIBLE SUNSHINE  MM
  AVERAGE SKY COVER 0.1


WEATHER CONDITIONS
THE FOLLOWING WEATHER WAS RECORDED YESTERDAY.
  NO SIGNIFICANT WEATHER WAS OBSERVED.


RELATIVE HUMIDITY (PERCENT)
 HIGHEST   100           400 AM
 LOWEST     40           300 PM
 AVERAGE    70

..........................................................


THE REDMOND OR CLIMATE NORMALS FOR TODAY
                         NORMAL    RECORD    YEAR
 MAXIMUM TEMPERATURE (F)   44        64      1971
 MINIMUM TEMPERATURE (F)   24       -16      1980


SUNRISE AND SUNSET
JANUARY 28 2015.......SUNRISE   727 AM PST   SUNSET   509 PM PST
JANUARY 29 2015.......SUNRISE   726 AM PST   SUNSET   510 PM PST


-  INDICATES NEGATIVE NUMBERS.
R  INDICATES RECORD WAS SET OR TIED.
MM INDICATES DATA IS MISSING.
T  INDICATES TRACE AMOUNT.

$$
