000
CDUS46 KPDT 010829
CLIRDM

CLIMATE REPORT
NATIONAL WEATHER SERVICE PENDLETON OR
1228 AM PST SUN MAR 1 2015


...................................

...THE REDMOND OR CLIMATE SUMMARY FOR FEBRUARY 28 2015...

CLIMATE NORMAL PERIOD 1981 TO 2010
CLIMATE RECORD PERIOD 1949 TO 2015


WEATHER ITEM   OBSERVED TIME   RECORD YEAR NORMAL DEPARTURE LAST
                VALUE   (LST)  VALUE       VALUE  FROM      YEAR
                                                  NORMAL
..................................................................
TEMPERATURE (F)
 YESTERDAY
  MAXIMUM         40    320 PM  65    1959  50    -10       43
  MINIMUM         18   1128 PM  -7    1960  24     -6       23
  AVERAGE         29                        37     -8       33

PRECIPITATION (IN)
  YESTERDAY        T             0.53 1970   0.02  -0.02     0.07
  MONTH TO DATE    0.70                      0.65   0.05     1.39
  SINCE OCT 1      5.26                      4.38   0.88     2.62
  SINCE JAN 1      0.98                      1.62  -0.64     1.91

DEGREE DAYS
 HEATING
  YESTERDAY       36                        28      8       32
  MONTH TO DATE  677                       834   -157      963
  SINCE DEC 1   2446                      2899   -453     3007
  SINCE JUL 1   4033                      4673   -640     4793

 COOLING
  YESTERDAY        0                         0      0        0
  MONTH TO DATE    0                         0      0        0
  SINCE DEC 1      0                         0      0        0
  SINCE JAN 1      0                         0      0        0
..................................................................


WIND (MPH)
  RESULTANT WIND SPEED  11   RESULTANT WIND DIRECTION   N (10)
  HIGHEST WIND SPEED    24   HIGHEST WIND DIRECTION     N (20)
  HIGHEST GUST SPEED    31   HIGHEST GUST DIRECTION     N (10)
  AVERAGE WIND SPEED    11.9


SKY COVER
  POSSIBLE SUNSHINE  MM
  AVERAGE SKY COVER 0.4


WEATHER CONDITIONS
 THE FOLLOWING WEATHER WAS RECORDED YESTERDAY.
  LIGHT RAIN
  LIGHT SNOW
  FOG


RELATIVE HUMIDITY (PERCENT)
 HIGHEST    92          1200 AM
 LOWEST     37           300 PM
 AVERAGE    65

..........................................................


THE REDMOND OR CLIMATE NORMALS FOR TODAY
                         NORMAL    RECORD    YEAR
 MAXIMUM TEMPERATURE (F)   50        67      1994
 MINIMUM TEMPERATURE (F)   24         0      1971


SUNRISE AND SUNSET
MARCH  1 2015.........SUNRISE   642 AM PST   SUNSET   553 PM PST
MARCH  2 2015.........SUNRISE   640 AM PST   SUNSET   554 PM PST


-  INDICATES NEGATIVE NUMBERS.
R  INDICATES RECORD WAS SET OR TIED.
MM INDICATES DATA IS MISSING.
T  INDICATES TRACE AMOUNT.




$$
