000
CDUS46 KPDT 250909
CLIRDM

CLIMATE REPORT
NATIONAL WEATHER SERVICE PENDLETON OR
144 AM PDT TUE APR 25 2017


...................................

...THE REDMOND OR CLIMATE SUMMARY FOR APRIL 24 2017...

CLIMATE NORMAL PERIOD 1981 TO 2010
CLIMATE RECORD PERIOD 1949 TO 2017


WEATHER ITEM   OBSERVED TIME   RECORD YEAR NORMAL DEPARTURE LAST
                VALUE   (LST)  VALUE       VALUE  FROM      YEAR
                                                  NORMAL
..................................................................
TEMPERATURE (F)
 YESTERDAY
  MAXIMUM         54    346 PM  87    1977  61     -7       53
  MINIMUM         31   1158 PM  16    1971  30      1       37
  AVERAGE         43                        46     -3       45

PRECIPITATION (IN)
  YESTERDAY        0.04          0.58 1974   0.03   0.01      T
  MONTH TO DATE    0.84                      0.57   0.27     0.26
  SINCE OCT 1      7.92                      5.61   2.31     5.74
  SINCE JAN 1      4.17                      2.85   1.32     2.17

DEGREE DAYS
 HEATING
  YESTERDAY       22                        19      3       20
  MONTH TO DATE  516                       509      7      320
  SINCE MAR 1   1193                      1287    -94     1050
  SINCE JUL 1   6070                      5960    110     5181

 COOLING
  YESTERDAY        0                         0      0        0
  MONTH TO DATE    0                         0      0        0
  SINCE MAR 1      0                         0      0        0
  SINCE JAN 1      0                         0      0        0
..................................................................


WIND (MPH)
  RESULTANT WIND SPEED   6   RESULTANT WIND DIRECTION  SW (230)
  HIGHEST WIND SPEED    29   HIGHEST WIND DIRECTION     W (280)
  HIGHEST GUST SPEED    36   HIGHEST GUST DIRECTION     W (280)
  AVERAGE WIND SPEED    10.8


SKY COVER
  POSSIBLE SUNSHINE  MM
  AVERAGE SKY COVER 0.7


WEATHER CONDITIONS
 THE FOLLOWING WEATHER WAS RECORDED YESTERDAY.
  RAIN
  LIGHT RAIN


RELATIVE HUMIDITY (PERCENT)
 HIGHEST    82          1100 PM
 LOWEST     41           100 PM
 AVERAGE    62

..........................................................


THE REDMOND OR CLIMATE NORMALS FOR TODAY
                         NORMAL    RECORD    YEAR
 MAXIMUM TEMPERATURE (F)   62        77      1977
 MINIMUM TEMPERATURE (F)   30        18      1975


SUNRISE AND SUNSET
APRIL 25 2017.........SUNRISE   604 AM PDT   SUNSET   802 PM PDT
APRIL 26 2017.........SUNRISE   603 AM PDT   SUNSET   803 PM PDT


-  INDICATES NEGATIVE NUMBERS.
R  INDICATES RECORD WAS SET OR TIED.
MM INDICATES DATA IS MISSING.
T  INDICATES TRACE AMOUNT.




$$
