000
CDUS46 KPDT 300028
CLIRDM

CLIMATE REPORT
NATIONAL WEATHER SERVICE PENDLETON OR
528 PM PDT TUE JUL 29 2014


...................................

...THE REDMOND OR CLIMATE SUMMARY FOR JULY 29 2014...
VALID TODAY AS OF 0500 PM LOCAL TIME.

CLIMATE NORMAL PERIOD 1981 TO 2010
CLIMATE RECORD PERIOD 1949 TO 2014


WEATHER ITEM   OBSERVED TIME   RECORD YEAR NORMAL DEPARTURE LAST
                VALUE   (LST)  VALUE       VALUE  FROM      YEAR
                                                  NORMAL
..................................................................
TEMPERATURE (F)
 TODAY
  MAXIMUM        100    140 PM 101    1999  88     12       85
  MINIMUM         58    145 AM  34    1950  47     11       39
  AVERAGE         79                        68     11       62

PRECIPITATION (IN)
  TODAY            0.00          0.63 1964   0.01  -0.01     0.00
  MONTH TO DATE    0.29                      0.51  -0.22     0.00
  SINCE OCT 1      4.75                      7.95  -3.20     5.83
  SINCE JAN 1      4.04                      5.19  -1.15     1.92

DEGREE DAYS
 HEATING
  TODAY            0                         1     -1        3
  MONTH TO DATE   31                        66    -35       20
  SINCE JUN 1    254                       283    -29      205
  SINCE JUL 1     31                        66    -35       20

 COOLING
  TODAY           14                         4     10        0
  MONTH TO DATE  170                        92     78      160
  SINCE JUN 1    171                       116     55      199
  SINCE JAN 1    171                       121     50      208
..................................................................


WIND (MPH)
  RESULTANT WIND SPEED   2   RESULTANT WIND DIRECTION   W (290)
  HIGHEST WIND SPEED    22   HIGHEST WIND DIRECTION     W (290)
  HIGHEST GUST SPEED    28   HIGHEST GUST DIRECTION     W (290)
  AVERAGE WIND SPEED     6.5


SKY COVER
  POSSIBLE SUNSHINE  MM
  AVERAGE SKY COVER 0.0


WEATHER CONDITIONS
 THE FOLLOWING WEATHER WAS RECORDED TODAY.
  NO SIGNIFICANT WEATHER WAS OBSERVED.


RELATIVE HUMIDITY (PERCENT)
 HIGHEST    64           200 AM
 LOWEST     11           100 PM
 AVERAGE    38

..........................................................


THE REDMOND OR CLIMATE NORMALS FOR TOMORROW
                         NORMAL    RECORD    YEAR
 MAXIMUM TEMPERATURE (F)   88       100      1999
 MINIMUM TEMPERATURE (F)   47        33      1981


SUNRISE AND SUNSET
JULY 29 2014..........SUNRISE   549 AM PDT   SUNSET   833 PM PDT
JULY 30 2014..........SUNRISE   550 AM PDT   SUNSET   831 PM PDT


-  INDICATES NEGATIVE NUMBERS.
R  INDICATES RECORD WAS SET OR TIED.
MM INDICATES DATA IS MISSING.
T  INDICATES TRACE AMOUNT.




$$
