000
CDUS46 KPDT 250135
CLIRDM

CLIMATE REPORT
NATIONAL WEATHER SERVICE PENDLETON OR
545 PM PDT THU APR 24 2014


...................................

...THE REDMOND OR CLIMATE SUMMARY FOR APRIL 24 2014...
VALID TODAY AS OF 0500 PM LOCAL TIME.

CLIMATE NORMAL PERIOD 1981 TO 2010
CLIMATE RECORD PERIOD 1949 TO 2014


WEATHER ITEM   OBSERVED TIME   RECORD YEAR NORMAL DEPARTURE LAST
                VALUE   (LST)  VALUE       VALUE  FROM      YEAR
                                                  NORMAL
..................................................................
TEMPERATURE (F)
 TODAY
  MAXIMUM         61    132 PM  87    1977  61      0       70
  MINIMUM         43    601 AM  16    1971  30     13       21
  AVERAGE         52                        46      6       46

PRECIPITATION (IN)
  TODAY            0.01          0.58 1974   0.03  -0.02     0.00
  MONTH TO DATE    0.48                      0.57  -0.09     0.10
  SINCE OCT 1      3.70                      5.61  -1.91     4.76
  SINCE JAN 1      2.99                      2.85   0.14     0.85

DEGREE DAYS
 HEATING
  TODAY           13                        19     -6       19
  MONTH TO DATE  458                       509    -51      525
  SINCE MAR 1   1179                      1287   -108     1283
  SINCE JUL 1   5972                      5960     12     5750

 COOLING
  TODAY            0                         0      0        0
  MONTH TO DATE    0                         0      0        0
  SINCE MAR 1      0                         0      0        0
  SINCE JAN 1      0                         0      0        0
..................................................................


WIND (MPH)
  RESULTANT WIND SPEED  11   RESULTANT WIND DIRECTION  SW (220)
  HIGHEST WIND SPEED    25   HIGHEST WIND DIRECTION    SW (240)
  HIGHEST GUST SPEED    36   HIGHEST GUST DIRECTION     S (200)
  AVERAGE WIND SPEED    15.4


SKY COVER
  POSSIBLE SUNSHINE  MM
  AVERAGE SKY COVER 0.6


WEATHER CONDITIONS
 THE FOLLOWING WEATHER WAS RECORDED TODAY.
  LIGHT RAIN


RELATIVE HUMIDITY (PERCENT)
 HIGHEST    76           600 AM
 LOWEST     25           200 PM
 AVERAGE    51

..........................................................


THE REDMOND OR CLIMATE NORMALS FOR TOMORROW
                         NORMAL    RECORD    YEAR
 MAXIMUM TEMPERATURE (F)   62        77      1977
 MINIMUM TEMPERATURE (F)   30        18      1975


SUNRISE AND SUNSET
APRIL 24 2014.........SUNRISE   606 AM PDT   SUNSET   800 PM PDT
APRIL 25 2014.........SUNRISE   604 AM PDT   SUNSET   801 PM PDT


-  INDICATES NEGATIVE NUMBERS.
R  INDICATES RECORD WAS SET OR TIED.
MM INDICATES DATA IS MISSING.
T  INDICATES TRACE AMOUNT.




$$
