000
CDUS46 KPDT 280929
CLIRDM

CLIMATE REPORT
NATIONAL WEATHER SERVICE PENDLETON OR
223 AM PDT THU AUG 28 2014


...................................

...THE REDMOND OR CLIMATE SUMMARY FOR AUGUST 27 2014...

CLIMATE NORMAL PERIOD 1981 TO 2010
CLIMATE RECORD PERIOD 1949 TO 2014


WEATHER ITEM   OBSERVED TIME   RECORD YEAR NORMAL DEPARTURE LAST
                VALUE   (LST)  VALUE       VALUE  FROM      YEAR
                                                  NORMAL
..................................................................
TEMPERATURE (F)
 YESTERDAY
  MAXIMUM         93    330 PM  98    1972  82     11       86
  MINIMUM         45    532 AM  33    1964  43      2       42
  AVERAGE         69                        63      6       64

PRECIPITATION (IN)
  YESTERDAY        0.00          0.46 1975   0.02  -0.02     0.00
  MONTH TO DATE    0.94                      0.43   0.51     1.16
  SINCE OCT 1      5.69                      8.42  -2.73     6.99
  SINCE JAN 1      4.98                      5.66  -0.68     3.08

DEGREE DAYS
 HEATING
  YESTERDAY        0                         4     -4        1
  MONTH TO DATE   30                        64    -34       16
  SINCE JUN 1    284                       350    -66      221
  SINCE JUL 1     61                       133    -72       36

 COOLING
  YESTERDAY        4                         1      3        0
  MONTH TO DATE  100                        76     24       84
  SINCE JUN 1    294                       197     97      290
  SINCE JAN 1    294                       202     92      299
..................................................................


WIND (MPH)
  RESULTANT WIND SPEED   2   RESULTANT WIND DIRECTION  NW (320)
  HIGHEST WIND SPEED    20   HIGHEST WIND DIRECTION    NW (310)
  HIGHEST GUST SPEED    24   HIGHEST GUST DIRECTION    NW (310)
  AVERAGE WIND SPEED     5.8


SKY COVER
  POSSIBLE SUNSHINE  MM
  AVERAGE SKY COVER 0.1


WEATHER CONDITIONS
THE FOLLOWING WEATHER WAS RECORDED YESTERDAY.
  NO SIGNIFICANT WEATHER WAS OBSERVED.


RELATIVE HUMIDITY (PERCENT)
 HIGHEST    65           400 AM
 LOWEST     17          1200 PM
 AVERAGE    41

..........................................................


THE REDMOND OR CLIMATE NORMALS FOR TODAY
                         NORMAL    RECORD    YEAR
 MAXIMUM TEMPERATURE (F)   82       101      1998
 MINIMUM TEMPERATURE (F)   43        25      1960


SUNRISE AND SUNSET
AUGUST 28 2014........SUNRISE   623 AM PDT   SUNSET   748 PM PDT
AUGUST 29 2014........SUNRISE   624 AM PDT   SUNSET   746 PM PDT


-  INDICATES NEGATIVE NUMBERS.
R  INDICATES RECORD WAS SET OR TIED.
MM INDICATES DATA IS MISSING.
T  INDICATES TRACE AMOUNT.




$$
