000
CDUS46 KPDT 240928
CLIRDM

CLIMATE REPORT
NATIONAL WEATHER SERVICE PENDLETON OR
228 AM PDT SUN MAY 24 2015


...................................

...THE REDMOND OR CLIMATE SUMMARY FOR MAY 23 2015...

CLIMATE NORMAL PERIOD 1981 TO 2010
CLIMATE RECORD PERIOD 1949 TO 2015


WEATHER ITEM   OBSERVED TIME   RECORD YEAR NORMAL DEPARTURE LAST
                VALUE   (LST)  VALUE       VALUE  FROM      YEAR
                                                  NORMAL
..................................................................
TEMPERATURE (F)
 YESTERDAY
  MAXIMUM         68    409 PM  88    1983  70     -2       73
  MINIMUM         44   1159 PM  18    1964  37      7       45
  AVERAGE         56                        53      3       59

PRECIPITATION (IN)
  YESTERDAY        0.03          0.33 1987   0.04  -0.01     0.03
  MONTH TO DATE    2.39                      0.73   1.66     0.36
  SINCE OCT 1      8.20                      6.50   1.70     4.16
  SINCE JAN 1      3.92                      3.74   0.18     3.45

DEGREE DAYS
 HEATING
  YESTERDAY        9                        12     -3        6
  MONTH TO DATE  325                       338    -13      281
  SINCE MAR 1   1603                      1736   -133     1583
  SINCE JUL 1   5636                      6409   -773     6376

 COOLING
  YESTERDAY        0                         0      0        0
  MONTH TO DATE    0                         0      0        0
  SINCE MAR 1      0                         0      0        0
  SINCE JAN 1      0                         0      0        0
..................................................................


WIND (MPH)
  RESULTANT WIND SPEED   5   RESULTANT WIND DIRECTION  NW (310)
  HIGHEST WIND SPEED    16   HIGHEST WIND DIRECTION     W (290)
  HIGHEST GUST SPEED    19   HIGHEST GUST DIRECTION     N (350)
  AVERAGE WIND SPEED     6.8


SKY COVER
  POSSIBLE SUNSHINE  MM
  AVERAGE SKY COVER 0.6


WEATHER CONDITIONS
 THE FOLLOWING WEATHER WAS RECORDED YESTERDAY.
  LIGHT RAIN
  FOG


RELATIVE HUMIDITY (PERCENT)
 HIGHEST    93          1100 PM
 LOWEST     49           400 PM
 AVERAGE    71

..........................................................


THE REDMOND OR CLIMATE NORMALS FOR TODAY
                         NORMAL    RECORD    YEAR
 MAXIMUM TEMPERATURE (F)   70        93      1999
 MINIMUM TEMPERATURE (F)   37        25      1978


SUNRISE AND SUNSET
MAY 24 2015...........SUNRISE   529 AM PDT   SUNSET   834 PM PDT
MAY 25 2015...........SUNRISE   528 AM PDT   SUNSET   835 PM PDT


-  INDICATES NEGATIVE NUMBERS.
R  INDICATES RECORD WAS SET OR TIED.
MM INDICATES DATA IS MISSING.
T  INDICATES TRACE AMOUNT.

$$
