000
CDUS46 KPDT 261051 RRA
CLIRDM

CLIMATE REPORT
NATIONAL WEATHER SERVICE PENDLETON OR
146 AM PDT SUN MAR 26 2017


...................................

...THE REDMOND OR CLIMATE SUMMARY FOR MARCH 25 2017...

CLIMATE NORMAL PERIOD 1981 TO 2010
CLIMATE RECORD PERIOD 1949 TO 2017


WEATHER ITEM   OBSERVED TIME   RECORD YEAR NORMAL DEPARTURE LAST
                VALUE   (LST)  VALUE       VALUE  FROM      YEAR
                                                  NORMAL
..................................................................
TEMPERATURE (F)
 YESTERDAY
  MAXIMUM         55    120 PM  79    1960  56     -1       51
  MINIMUM         37   1159 PM  12    1964  27     10       24
  AVERAGE         46                        41      5       38

PRECIPITATION (IN)
  YESTERDAY        0.00          0.49 2006   0.02  -0.02      T
  MONTH TO DATE    0.18                      0.52  -0.34     0.57
  SINCE OCT 1      6.69                      4.90   1.79     5.48
  SINCE JAN 1      2.94                      2.14   0.80     1.91

DEGREE DAYS
 HEATING
  YESTERDAY       19                        24     -5       27
  MONTH TO DATE  544                       639    -95      588
  SINCE MAR 1    544                       639    -95      588
  SINCE JUL 1   5421                      5312    109     4719

 COOLING
  YESTERDAY        0                         0      0        0
  MONTH TO DATE    0                         0      0        0
  SINCE MAR 1      0                         0      0        0
  SINCE JAN 1      0                         0      0        0
..................................................................


WIND (MPH)
  RESULTANT WIND SPEED   1   RESULTANT WIND DIRECTION  SW (210)
  HIGHEST WIND SPEED    16   HIGHEST WIND DIRECTION     W (250)
  HIGHEST GUST SPEED    23   HIGHEST GUST DIRECTION     W (250)
  AVERAGE WIND SPEED     6.5


SKY COVER
  POSSIBLE SUNSHINE  MM
  AVERAGE SKY COVER 0.6


WEATHER CONDITIONS
 THE FOLLOWING WEATHER WAS RECORDED YESTERDAY.
  NO SIGNIFICANT WEATHER WAS OBSERVED.


RELATIVE HUMIDITY (PERCENT)
 HIGHEST    70          1200 AM
 LOWEST     35          1000 AM
 AVERAGE    53

..........................................................


THE REDMOND OR CLIMATE NORMALS FOR TODAY
                         NORMAL    RECORD    YEAR
 MAXIMUM TEMPERATURE (F)   56        77      2015
 MINIMUM TEMPERATURE (F)   27        14      1975


SUNRISE AND SUNSET
MARCH 26 2017.........SUNRISE   656 AM PDT   SUNSET   725 PM PDT
MARCH 27 2017.........SUNRISE   654 AM PDT   SUNSET   726 PM PDT


-  INDICATES NEGATIVE NUMBERS.
R  INDICATES RECORD WAS SET OR TIED.
MM INDICATES DATA IS MISSING.
T  INDICATES TRACE AMOUNT.




$$
