000
CDUS46 KPDT 250827 RRA
CLIRDM

CLIMATE REPORT
NATIONAL WEATHER SERVICE PENDLETON OR
1226 AM PST SAT NOV 25 2017


...................................

...THE REDMOND OR CLIMATE SUMMARY FOR NOVEMBER 24 2017...

CLIMATE NORMAL PERIOD 1981 TO 2010
CLIMATE RECORD PERIOD 1949 TO 2017


WEATHER ITEM   OBSERVED TIME   RECORD YEAR NORMAL DEPARTURE LAST
                VALUE   (LST)  VALUE       VALUE  FROM      YEAR
                                                  NORMAL
..................................................................
TEMPERATURE (F)
 YESTERDAY
  MAXIMUM         50    324 PM  68    1954  45      5       51
  MINIMUM         24   1141 PM -10    1993  24      0       38
  AVERAGE         37                        34      3       45

PRECIPITATION (IN)
  YESTERDAY        0.00          0.58 1960   0.03  -0.03     0.00
  MONTH TO DATE    0.46                      0.75  -0.29     0.19
  SINCE OCT 1      0.98                      1.39  -0.41     1.93
  SINCE JAN 1      6.45                      7.53  -1.08     7.47

DEGREE DAYS
 HEATING
  YESTERDAY       28                        31     -3       20
  MONTH TO DATE  577                       640    -63      451
  SINCE SEP 1   1388                      1436    -48     1215
  SINCE JUL 1   1411                      1585   -174     1304

 COOLING
  YESTERDAY        0                         0      0        0
  MONTH TO DATE    0                         0      0        0
  SINCE SEP 1     56                        16     40        1
  SINCE JAN 1    434                       222    212      240
..................................................................


WIND (MPH)
  RESULTANT WIND SPEED   1   RESULTANT WIND DIRECTION  SE (150)
  HIGHEST WIND SPEED    21   HIGHEST WIND DIRECTION    NW (320)
  HIGHEST GUST SPEED    27   HIGHEST GUST DIRECTION     N (340)
  AVERAGE WIND SPEED     5.8


SKY COVER
  POSSIBLE SUNSHINE  MM
  AVERAGE SKY COVER 0.1


WEATHER CONDITIONS
 THE FOLLOWING WEATHER WAS RECORDED YESTERDAY.
  NO SIGNIFICANT WEATHER WAS OBSERVED.


RELATIVE HUMIDITY (PERCENT)
 HIGHEST    92           500 AM
 LOWEST     42           200 PM
 AVERAGE    67

..........................................................


THE REDMOND OR CLIMATE NORMALS FOR TODAY
                         NORMAL    RECORD    YEAR
 MAXIMUM TEMPERATURE (F)   45        66      1999
 MINIMUM TEMPERATURE (F)   24       -11      1993


SUNRISE AND SUNSET
NOVEMBER 25 2017......SUNRISE   714 AM PST   SUNSET   430 PM PST
NOVEMBER 26 2017......SUNRISE   715 AM PST   SUNSET   429 PM PST


-  INDICATES NEGATIVE NUMBERS.
R  INDICATES RECORD WAS SET OR TIED.
MM INDICATES DATA IS MISSING.
T  INDICATES TRACE AMOUNT.




$$
