000
CDUS46 KPDT 250839
CLIRDM

CLIMATE REPORT
NATIONAL WEATHER SERVICE PENDLETON OR
125 AM PDT FRI JUL 25 2014


...................................

...THE REDMOND OR CLIMATE SUMMARY FOR JULY 24 2014...

CLIMATE NORMAL PERIOD 1981 TO 2010
CLIMATE RECORD PERIOD 1949 TO 2014


WEATHER ITEM   OBSERVED TIME   RECORD YEAR NORMAL DEPARTURE LAST
                VALUE   (LST)  VALUE       VALUE  FROM      YEAR
                                                  NORMAL
..................................................................
TEMPERATURE (F)
 YESTERDAY
  MAXIMUM         73    345 PM 101    2004  88    -15       95
  MINIMUM         33R   501 AM  34    1964  47    -14       55
  AVERAGE         53                        67    -14       75

PRECIPITATION (IN)
  YESTERDAY        0.00          0.85 1987   0.02  -0.02     0.00
  MONTH TO DATE    0.29                      0.43  -0.14     0.00
  SINCE OCT 1      4.75                      7.87  -3.12     5.83
  SINCE JAN 1      4.04                      5.11  -1.07     1.92

DEGREE DAYS
 HEATING
  YESTERDAY       12                         1     11        0
  MONTH TO DATE   26                        61    -35       16
  SINCE JUN 1    249                       278    -29      201
  SINCE JUL 1     26                        61    -35       16

 COOLING
  YESTERDAY        0                         4     -4       10
  MONTH TO DATE  144                        72     72      135
  SINCE JUN 1    145                        96     49      174
  SINCE JAN 1    145                       101     44      183
..................................................................


WIND (MPH)
  RESULTANT WIND SPEED   2   RESULTANT WIND DIRECTION   N (350)
  HIGHEST WIND SPEED    16   HIGHEST WIND DIRECTION     N (350)
  HIGHEST GUST SPEED    21   HIGHEST GUST DIRECTION     N (20)
  AVERAGE WIND SPEED     5.5


SKY COVER
  POSSIBLE SUNSHINE  MM
  AVERAGE SKY COVER 0.0


WEATHER CONDITIONS
 THE FOLLOWING WEATHER WAS RECORDED YESTERDAY.
  NO SIGNIFICANT WEATHER WAS OBSERVED.


RELATIVE HUMIDITY (PERCENT)
 HIGHEST    96           400 AM
 LOWEST     27           300 PM
 AVERAGE    62

..........................................................


THE REDMOND OR CLIMATE NORMALS FOR TODAY
                         NORMAL    RECORD    YEAR
 MAXIMUM TEMPERATURE (F)   88       103      1978
 MINIMUM TEMPERATURE (F)   47        32      1963


SUNRISE AND SUNSET
JULY 25 2014..........SUNRISE   545 AM PDT   SUNSET   837 PM PDT
JULY 26 2014..........SUNRISE   546 AM PDT   SUNSET   836 PM PDT


-  INDICATES NEGATIVE NUMBERS.
R  INDICATES RECORD WAS SET OR TIED.
MM INDICATES DATA IS MISSING.
T  INDICATES TRACE AMOUNT.




$$
