000
CDUS42 KRAH 280755
CLIRDU


CLIMATE REPORT
NATIONAL WEATHER SERVICE RALEIGH NC
354 AM EDT WED JUN 28 2017


...................................

...THE RALEIGH-DURHAM INTL AIRPORT NC CLIMATE SUMMARY FOR JUNE 27 2017...

CLIMATE NORMAL PERIOD 1981 TO 2010
CLIMATE RECORD PERIOD 1887 TO 2017


WEATHER ITEM   OBSERVED TIME   RECORD YEAR NORMAL DEPARTURE LAST
                VALUE   (LST)  VALUE       VALUE  FROM      YEAR
                                                  NORMAL
..................................................................
TEMPERATURE (F)
 YESTERDAY
  MAXIMUM         83    317 PM 104    1954  89     -6       90
  MINIMUM         59   1131 PM  53    1985  69    -10       65
  AVERAGE         71                        79     -8       78

PRECIPITATION (IN)
  YESTERDAY        0.00          0.99 2015   0.12  -0.12     0.00
  MONTH TO DATE    6.11                      3.16   2.95     3.85
  SINCE JUN 1      6.11                      3.16   2.95     3.85
  SINCE JAN 1     27.97                     20.19   7.78    23.46

DEGREE DAYS
 HEATING
  YESTERDAY        0                         0      0        0
  MONTH TO DATE    1                         0      1        0
  SINCE JUN 1      1                         0      1        0
  SINCE JUL 1   2507                      3243   -736     2609

 COOLING
  YESTERDAY        6                        14     -8       13
  MONTH TO DATE  298                       305     -7      321
  SINCE JUN 1    298                       305     -7      321
  SINCE JAN 1    637                       514    123      557
..................................................................


WIND (MPH)
  HIGHEST WIND SPEED    13   HIGHEST WIND DIRECTION    NE (50)
  HIGHEST GUST SPEED    17   HIGHEST GUST DIRECTION    NE (40)
  AVERAGE WIND SPEED     3.7


SKY COVER
  POSSIBLE SUNSHINE  MM
  AVERAGE SKY COVER 0.5


WEATHER CONDITIONS
 THE FOLLOWING WEATHER WAS RECORDED YESTERDAY.
  NO SIGNIFICANT WEATHER WAS OBSERVED.


RELATIVE HUMIDITY (PERCENT)
 HIGHEST    93           400 AM
 LOWEST     37           200 PM
 AVERAGE    65

..........................................................


THE RALEIGH-DURHAM INTL AIRPORT NC CLIMATE NORMALS FOR TODAY
                         NORMAL    RECORD    YEAR
 MAXIMUM TEMPERATURE (F)   90       100      1959
 MINIMUM TEMPERATURE (F)   69        53      1988


SUNRISE AND SUNSET
JUNE 28 2017..........SUNRISE   601 AM EDT   SUNSET   836 PM EDT
JUNE 29 2017..........SUNRISE   602 AM EDT   SUNSET   836 PM EDT


-  INDICATES NEGATIVE NUMBERS.
R  INDICATES RECORD WAS SET OR TIED.
MM INDICATES DATA IS MISSING.
T  INDICATES TRACE AMOUNT.

&&

CLIMATE REPORT
NWS FORECAST OFFICE
NCSU CENTENNIAL CAMPUS
RALEIGH NC

MAXIMUM TEMPERATURE... 83

MINIMUM TEMPERATURE... 63

PRECIPITATION... 0.00

$$
