000
CDUS42 KRAH 280735
CLIRDU

CLIMATE REPORT
NATIONAL WEATHER SERVICE RALEIGH NC
234 AM EST WED JAN 28 2015
...................................

...THE RALEIGH-DURHAM INTL AIRPORT NC CLIMATE SUMMARY FOR JANUARY 27 2015...

CLIMATE NORMAL PERIOD 1981 TO 2010
CLIMATE RECORD PERIOD 1887 TO 2015


WEATHER ITEM   OBSERVED TIME   RECORD YEAR NORMAL DEPARTURE LAST
                VALUE   (LST)  VALUE       VALUE  FROM      YEAR
                                                  NORMAL
..................................................................
TEMPERATURE (F)
 YESTERDAY
  MAXIMUM         44    440 PM  76    1890  52     -8       65
  MINIMUM         30   1159 PM   8    1940  32     -2       33
  AVERAGE         37                        42     -5       49

PRECIPITATION (IN)
  YESTERDAY        0.01          2.15 1913   0.11  -0.10     0.00
  MONTH TO DATE    3.33                      3.05   0.28     1.78
  SINCE DEC 1      8.30                      6.12   2.18     7.69
  SINCE JAN 1      3.33                      3.05   0.28     1.78

SNOWFALL (IN)
  YESTERDAY        T             7.5  1922   0.1   -0.1      0.0
  MONTH TO DATE    T                         2.5   -2.5      0.5
  SINCE DEC 1      T                         3.1   -3.1      0.5
  SINCE JUL 1      T                         3.2   -3.2      0.5
  SNOW DEPTH       0

DEGREE DAYS
 HEATING
  YESTERDAY       28                        23      5       16
  MONTH TO DATE  660                       652      8      716
  SINCE DEC 1   1282                      1322    -40     1296
  SINCE JUL 1   1946                      1903     43     1948

 COOLING
  YESTERDAY        0                         0      0        0
  MONTH TO DATE    0                         0      0        0
  SINCE DEC 1      0                         2     -2       13
  SINCE JAN 1      0                         0      0        0
..................................................................


WIND (MPH)
  HIGHEST WIND SPEED    12   HIGHEST WIND DIRECTION     W (280)
  HIGHEST GUST SPEED    18   HIGHEST GUST DIRECTION    NW (330)
  AVERAGE WIND SPEED     5.2


SKY COVER
  POSSIBLE SUNSHINE  MM
  AVERAGE SKY COVER 0.6


WEATHER CONDITIONS
 THE FOLLOWING WEATHER WAS RECORDED YESTERDAY.
  RAIN
  LIGHT RAIN
  LIGHT SNOW
  FOG


RELATIVE HUMIDITY (PERCENT)
 HIGHEST    82           400 AM
 LOWEST     24           500 PM
 AVERAGE    53

..........................................................


THE RALEIGH-DURHAM INTL AIRPORT NC CLIMATE NORMALS FOR TODAY
                         NORMAL    RECORD    YEAR
 MAXIMUM TEMPERATURE (F)   52        78      1944
 MINIMUM TEMPERATURE (F)   32         1      2000


SUNRISE AND SUNSET
JANUARY 28 2015.......SUNRISE   719 AM EST   SUNSET   538 PM EST
JANUARY 29 2015.......SUNRISE   718 AM EST   SUNSET   539 PM EST


-  INDICATES NEGATIVE NUMBERS.
R  INDICATES RECORD WAS SET OR TIED.
MM INDICATES DATA IS MISSING.
T  INDICATES TRACE AMOUNT.

&&

CLIMATE REPORT NWS FORECAST OFFICE
NCSU CENTENNIAL CAMPUS
RALEIGH, NC

MAXIMUM TEMPERATURE...44

MINIMUM TEMPERATURE...30

PRECIPITATION...0.01

$$
