000
CDUS42 KRAH 280652
CLIRDU


CLIMATE REPORT
NATIONAL WEATHER SERVICE RALEIGH NC
150 AM EST SAT FEB 28 2015


...................................

...THE RALEIGH-DURHAM INTL AIRPORT NC CLIMATE SUMMARY FOR FEBRUARY 27 2015...

CLIMATE NORMAL PERIOD 1981 TO 2010
CLIMATE RECORD PERIOD 1887 TO 2015


WEATHER ITEM   OBSERVED TIME   RECORD YEAR NORMAL DEPARTURE LAST
                VALUE   (LST)  VALUE       VALUE  FROM      YEAR
                                                  NORMAL
..................................................................
TEMPERATURE (F)
 YESTERDAY
  MAXIMUM         45    427 PM  82    1997  58    -13       55
  MINIMUM         23    651 AM   9    1963  36    -13       24
  AVERAGE         34                        47    -13       40

PRECIPITATION (IN)
  YESTERDAY        0.00          1.72 1923   0.12  -0.12     0.00
  MONTH TO DATE    2.91                      3.11  -0.20     3.00
  SINCE DEC 1     11.23                      9.68   1.55    10.87
  SINCE JAN 1      6.26                      6.61  -0.35     4.96

SNOWFALL (IN)
  YESTERDAY        0.0           5.2  1987   0.0    0.0      0.0
  MONTH TO DATE    7.9                       1.8    6.1      3.7
  SINCE DEC 1      7.9                       5.3    2.6      5.6
  SINCE JUL 1      7.9                       5.4    2.5      5.6
  SNOW DEPTH       3

DEGREE DAYS
 HEATING
  YESTERDAY       31                        18     13       25
  MONTH TO DATE  803                       558    245      568
  SINCE DEC 1   2200                      1974    226     2020
  SINCE JUL 1   2864                      2555    309     2672

 COOLING
  YESTERDAY        0                         0      0        0
  MONTH TO DATE    0                         0      0        0
  SINCE DEC 1      0                         2     -2       13
  SINCE JAN 1      0                         0      0        0
..................................................................


WIND (MPH)
  HIGHEST WIND SPEED    10   HIGHEST WIND DIRECTION    NE (30)
  HIGHEST GUST SPEED    14   HIGHEST GUST DIRECTION    NE (30)
  AVERAGE WIND SPEED     3.2


SKY COVER
  POSSIBLE SUNSHINE  MM
  AVERAGE SKY COVER 0.5


WEATHER CONDITIONS
 THE FOLLOWING WEATHER WAS RECORDED YESTERDAY.
  FOG
  HAZE


RELATIVE HUMIDITY (PERCENT)
 HIGHEST    92          1200 AM
 LOWEST     40           400 PM
 AVERAGE    66

..........................................................


THE RALEIGH-DURHAM INTL AIRPORT NC CLIMATE NORMALS FOR TODAY
                         NORMAL    RECORD    YEAR
 MAXIMUM TEMPERATURE (F)   59        81      2011
 MINIMUM TEMPERATURE (F)   36        13      1934


SUNRISE AND SUNSET
FEBRUARY 28 2015......SUNRISE   647 AM EST   SUNSET   609 PM EST
MARCH  1 2015.........SUNRISE   645 AM EST   SUNSET   610 PM EST


-  INDICATES NEGATIVE NUMBERS.
R  INDICATES RECORD WAS SET OR TIED.
MM INDICATES DATA IS MISSING.
T  INDICATES TRACE AMOUNT.

&&

CLIMATE REPORT
NWS FORECAST OFFICE
NCSU CENTENNIAL CAMPUS
RALEIGH, NC

MAXIMUM TEMPERATURE... 47

MINIMUM TEMPERATURE... 26

PRECIPITATION... 0.00

$$
