000
CDUS42 KRAH 210726
CLIRDU


CLIMATE REPORT
NATIONAL WEATHER SERVICE RALEIGH NC
325 AM EDT SAT OCT 21 2017


...................................

...THE RALEIGH-DURHAM INTL AIRPORT NC CLIMATE SUMMARY FOR OCTOBER 20 2017...

CLIMATE NORMAL PERIOD 1981 TO 2010
CLIMATE RECORD PERIOD 1887 TO 2017


WEATHER ITEM   OBSERVED TIME   RECORD YEAR NORMAL DEPARTURE LAST
                VALUE   (LST)  VALUE       VALUE  FROM      YEAR
                                                  NORMAL
..................................................................
TEMPERATURE (F)
 YESTERDAY
  MAXIMUM         77    316 PM  87    1926  72      5       86
  MINIMUM         43    606 AM  28    1992  48     -5       61
                                      1972
  AVERAGE         60                        60      0       74

PRECIPITATION (IN)
  YESTERDAY        0.00          1.71 1944   0.10  -0.10     0.00
  MONTH TO DATE    1.63                      2.14  -0.51     6.96
  SINCE SEP 1      3.91                      6.50  -2.59    11.57
  SINCE JAN 1     39.31                     36.04   3.27    48.32

DEGREE DAYS
 HEATING
  YESTERDAY        5                         6     -1        0
  MONTH TO DATE   49                        83    -34       30
  SINCE SEP 1     56                       103    -47       30
  SINCE JUL 1     56                       104    -48       30

 COOLING
  YESTERDAY        0                         1     -1        9
  MONTH TO DATE  107                        42     65       66
  SINCE SEP 1    328                       269     59      415
  SINCE JAN 1   1960                      1710    250     2083
..................................................................


WIND (MPH)
  HIGHEST WIND SPEED    12   HIGHEST WIND DIRECTION    NE (40)
  HIGHEST GUST SPEED    18   HIGHEST GUST DIRECTION     E (110)
  AVERAGE WIND SPEED     2.1


SKY COVER
  POSSIBLE SUNSHINE  MM
  AVERAGE SKY COVER 0.2


WEATHER CONDITIONS
 THE FOLLOWING WEATHER WAS RECORDED YESTERDAY.
  FOG


RELATIVE HUMIDITY (PERCENT)
 HIGHEST   100          1200 AM
 LOWEST     36           100 PM
 AVERAGE    68

..........................................................


THE RALEIGH-DURHAM INTL AIRPORT NC CLIMATE NORMALS FOR TODAY
                         NORMAL    RECORD    YEAR
 MAXIMUM TEMPERATURE (F)   71        84      1993
                                             1979
 MINIMUM TEMPERATURE (F)   48        26      1974


SUNRISE AND SUNSET
OCTOBER 21 2017.......SUNRISE   727 AM EDT   SUNSET   632 PM EDT
OCTOBER 22 2017.......SUNRISE   728 AM EDT   SUNSET   630 PM EDT


-  INDICATES NEGATIVE NUMBERS.
R  INDICATES RECORD WAS SET OR TIED.
MM INDICATES DATA IS MISSING.
T  INDICATES TRACE AMOUNT.

&&

CLIMATE REPORT
NWS FORECAST OFFICE
NCSU CENTENNIAL CAMPUS
RALEIGH NC

MAXIMUM TEMPERATURE... 77

MINIMUM TEMPERATURE... 48

PRECIPITATION... 0.00

$$
