000
CDUS42 KRAH 182049
CLIRDU


CLIMATE REPORT
NATIONAL WEATHER SERVICE RALEIGH NC
447 PM EDT FRI AUG 18 2017


...................................

...THE RALEIGH-DURHAM INTL AIRPORT NC CLIMATE SUMMARY FOR AUGUST 18 2017...
VALID TODAY AS OF 0440 PM LOCAL TIME.

CLIMATE NORMAL PERIOD 1981 TO 2010
CLIMATE RECORD PERIOD 1887 TO 2017


WEATHER ITEM   OBSERVED TIME   RECORD YEAR NORMAL DEPARTURE LAST
                VALUE   (LST)  VALUE       VALUE  FROM      YEAR
                                                  NORMAL
..................................................................
TEMPERATURE (F)
 TODAY
  MAXIMUM         98    232 PM 105    1988  88     10       93
  MINIMUM         75    510 AM  53    1981  69      6       74
  AVERAGE         87                        78      9       84

PRECIPITATION (IN)
  TODAY            0.00          3.00 1939   0.13  -0.13     0.00
  MONTH TO DATE    4.47                      2.38   2.09     2.45
  SINCE JUN 1     13.01                     10.63   2.38    16.58
  SINCE JAN 1     34.87                     27.66   7.21    36.19

DEGREE DAYS
 HEATING
  TODAY            0                         0      0        0
  MONTH TO DATE    0                         0      0        0
  SINCE JUN 1      1                         4     -3        0
  SINCE JUL 1      0                         0      0        0

 COOLING
  TODAY           22                        14      8       19
  MONTH TO DATE  270                       257     13      327
  SINCE JUN 1   1129                      1070     59     1221
  SINCE JAN 1   1468                      1279    189     1457
..................................................................


WIND (MPH)
  HIGHEST WIND SPEED    15   HIGHEST WIND DIRECTION    SW (230)
  HIGHEST GUST SPEED    18   HIGHEST GUST DIRECTION    SW (220)
  AVERAGE WIND SPEED     6.7


SKY COVER
  POSSIBLE SUNSHINE  MM
  AVERAGE SKY COVER 0.4


WEATHER CONDITIONS
 THE FOLLOWING WEATHER WAS RECORDED TODAY.
  FOG


RELATIVE HUMIDITY (PERCENT)
 HIGHEST    94           400 AM
 LOWEST     45           300 PM
 AVERAGE    70

..........................................................


THE RALEIGH-DURHAM INTL AIRPORT NC CLIMATE NORMALS FOR TOMORROW
                         NORMAL    RECORD    YEAR
 MAXIMUM TEMPERATURE (F)   88       103      1988
 MINIMUM TEMPERATURE (F)   69        58      1977


SUNRISE AND SUNSET
AUGUST 18 2017........SUNRISE   636 AM EDT   SUNSET   801 PM EDT
AUGUST 19 2017........SUNRISE   637 AM EDT   SUNSET   800 PM EDT


-  INDICATES NEGATIVE NUMBERS.
R  INDICATES RECORD WAS SET OR TIED.
MM INDICATES DATA IS MISSING.
T  INDICATES TRACE AMOUNT.

&&

CLIMATE REPORT
NWS FORECAST OFFICE
NCSU CENTENNIAL CAMPUS
RALEIGH NC

MAXIMUM TEMPERATURE...95

MINIMUM TEMPERATURE...73

PRECIPITATION...0.00


$$
