000
CDUS42 KRAH 142352 CCA
CLIRDU

CLIMATE REPORT...CORRECTED OFFICE CLIMATE
NATIONAL WEATHER SERVICE RALEIGH NC
652 PM EST THU DEC 14 2017


...................................

...THE RALEIGH-DURHAM INTL AIRPORT NC CLIMATE SUMMARY FOR DECEMBER 14 2017...
VALID TODAY AS OF 0455 PM LOCAL TIME.

CLIMATE NORMAL PERIOD 1981 TO 2010
CLIMATE RECORD PERIOD 1887 TO 2017


WEATHER ITEM   OBSERVED TIME   RECORD YEAR NORMAL DEPARTURE LAST
                VALUE   (LST)  VALUE       VALUE  FROM      YEAR
                                                  NORMAL
..................................................................
TEMPERATURE (F)
 TODAY
  MAXIMUM         57    158 PM  75    2015  54      3       52
  MINIMUM         30    739 AM  13    1960  33     -3       34
  AVERAGE         44                        44      0       43

PRECIPITATION (IN)
  TODAY            0.00          1.56 1999   0.10  -0.10     0.00
  MONTH TO DATE    1.87                      1.39   0.48     1.32
  SINCE DEC 1      1.87                      1.39   0.48     1.32
  SINCE JAN 1     45.12                     41.66   3.46    50.38

SNOWFALL (IN)
  TODAY            0.0           1.5  1958   0.0    0.0      0.0
  MONTH TO DATE    0.6                       0.1    0.5      0.0
  SINCE DEC 1      0.6                       0.1    0.5      0.0
  SINCE JUL 1      0.6                       0.2    0.4      0.0
  SNOW DEPTH       0

DEGREE DAYS
 HEATING
  TODAY           21                        21      0       22
  MONTH TO DATE  293                       275     18      286
  SINCE DEC 1    293                       275     18      286
  SINCE JUL 1    875                       856     19      741

 COOLING
  TODAY            0                         0      0        0
  MONTH TO DATE    0                         0      0        0
  SINCE DEC 1      0                         0      0        0
  SINCE JAN 1   1968                      1728    240     2101
..................................................................


WIND (MPH)
  HIGHEST WIND SPEED    16   HIGHEST WIND DIRECTION    SW (230)
  HIGHEST GUST SPEED    19   HIGHEST GUST DIRECTION    SW (220)
  AVERAGE WIND SPEED     8.8


SKY COVER
  POSSIBLE SUNSHINE  MM
  AVERAGE SKY COVER 0.3


WEATHER CONDITIONS
 THE FOLLOWING WEATHER WAS RECORDED TODAY.
  NO SIGNIFICANT WEATHER WAS OBSERVED.


RELATIVE HUMIDITY (PERCENT)
 HIGHEST    69           800 AM
 LOWEST     27           400 PM
 AVERAGE    48

..........................................................


THE RALEIGH-DURHAM INTL AIRPORT NC CLIMATE NORMALS FOR TOMORROW
                         NORMAL    RECORD    YEAR
 MAXIMUM TEMPERATURE (F)   53        75      1971
 MINIMUM TEMPERATURE (F)   33         8      1958


SUNRISE AND SUNSET
DECEMBER 14 2017......SUNRISE   717 AM EST   SUNSET   502 PM EST
DECEMBER 15 2017......SUNRISE   718 AM EST   SUNSET   503 PM EST


-  INDICATES NEGATIVE NUMBERS.
R  INDICATES RECORD WAS SET OR TIED.
MM INDICATES DATA IS MISSING.
T  INDICATES TRACE AMOUNT.

&&

CLIMATE REPORT
NWS FORECAST OFFICE
NCSU CENTENNIAL CAMPUS
RALEIGH NC

MAXIMUM TEMPERATURE...57

MINIMUM TEMPERATURE...36

PRECIPITATION...0.00

$$
