000
CDUS42 KRAH 190637
CLIRDU


CLIMATE REPORT
NATIONAL WEATHER SERVICE RALEIGH NC
135 AM EST FRI DEC 19 2014


...................................

...THE RALEIGH-DURHAM INTL AIRPORT NC CLIMATE SUMMARY FOR DECEMBER 18 2014...

CLIMATE NORMAL PERIOD 1981 TO 2010
CLIMATE RECORD PERIOD 1887 TO 2014


WEATHER ITEM   OBSERVED TIME   RECORD YEAR NORMAL DEPARTURE LAST
                VALUE   (LST)  VALUE       VALUE  FROM      YEAR
                                                  NORMAL
..................................................................
TEMPERATURE (F)
 YESTERDAY
  MAXIMUM         51    132 PM  77    1984  53     -2       49
  MINIMUM         31    631 AM  10    1973  33     -2       31
  AVERAGE         41                        43     -2       40

PRECIPITATION (IN)
  YESTERDAY        0.00          1.22 1959   0.10  -0.10     0.00
  MONTH TO DATE    1.11                      1.78  -0.67     1.71
  SINCE DEC 1      1.11                      1.78  -0.67     1.71
  SINCE JAN 1     51.39                     42.05   9.34    46.49

SNOWFALL (IN)
  YESTERDAY        0.0           1.8  1945   0.0    0.0      0.0
  MONTH TO DATE    0.0                       0.2   -0.2      0.0
  SINCE DEC 1      0.0                       0.2   -0.2      0.0
  SINCE JUL 1      T                         0.3   -0.3       T
  SNOW DEPTH       0

DEGREE DAYS
 HEATING
  YESTERDAY       24                        22      2       25
  MONTH TO DATE  352                       363    -11      350
  SINCE DEC 1    352                       363    -11      350
  SINCE JUL 1   1016                       944     72     1002

 COOLING
  YESTERDAY        0                         0      0        0
  MONTH TO DATE    0                         0      0        7
  SINCE DEC 1      0                         0      0        7
  SINCE JAN 1   1657                      1728    -71     1559
..................................................................


WIND (MPH)
  HIGHEST WIND SPEED     9   HIGHEST WIND DIRECTION    NE (30)
  HIGHEST GUST SPEED    13   HIGHEST GUST DIRECTION    NE (30)
  AVERAGE WIND SPEED     1.2


SKY COVER
  POSSIBLE SUNSHINE  MM
  AVERAGE SKY COVER 0.6


WEATHER CONDITIONS
 THE FOLLOWING WEATHER WAS RECORDED YESTERDAY.
  NO SIGNIFICANT WEATHER WAS OBSERVED.


RELATIVE HUMIDITY (PERCENT)
 HIGHEST    85           100 AM
 LOWEST     32           300 PM
 AVERAGE    59

..........................................................


THE RALEIGH-DURHAM INTL AIRPORT NC CLIMATE NORMALS FOR TODAY
                         NORMAL    RECORD    YEAR
 MAXIMUM TEMPERATURE (F)   53        76      1984
                                             1931
 MINIMUM TEMPERATURE (F)   32        10      1975


SUNRISE AND SUNSET
DECEMBER 19 2014......SUNRISE   720 AM EST   SUNSET   504 PM EST
DECEMBER 20 2014......SUNRISE   721 AM EST   SUNSET   505 PM EST


-  INDICATES NEGATIVE NUMBERS.
R  INDICATES RECORD WAS SET OR TIED.
MM INDICATES DATA IS MISSING.
T  INDICATES TRACE AMOUNT.

&&

CLIMATE REPORT NWS FORECAST OFFICE
NCSU CENTENNIAL CAMPUS
RALEIGH, NC

MAXIMUM TEMPERATURE... 52

MINIMUM TEMPERATURE... 36

PRECIPITATION... 0.00

$$
