000
CDUS42 KRAH 140907
CLIRDU


CLIMATE REPORT
NATIONAL WEATHER SERVICE RALEIGH NC
403 AM EST SUN FEB 14 2016


...................................

...THE RALEIGH-DURHAM INTL AIRPORT NC CLIMATE SUMMARY FOR FEBRUARY 13 2016...

CLIMATE NORMAL PERIOD 1981 TO 2010
CLIMATE RECORD PERIOD 1887 TO 2016


WEATHER ITEM   OBSERVED TIME   RECORD YEAR NORMAL DEPARTURE LAST
                VALUE   (LST)  VALUE       VALUE  FROM      YEAR
                                                  NORMAL
..................................................................
TEMPERATURE (F)
 YESTERDAY
  MAXIMUM         34    401 PM  78    1951  55    -21       35
  MINIMUM         21   1157 PM   4    1899  34    -13       23
  AVERAGE         28                        44    -16       29

PRECIPITATION (IN)
  YESTERDAY        0.00          1.67 1960   0.12  -0.12     0.00
  MONTH TO DATE    1.63                      1.43   0.20     0.96
  SINCE DEC 1      9.43                      8.00   1.43     9.28
  SINCE JAN 1      3.36                      4.93  -1.57     4.31

SNOWFALL (IN)
  YESTERDAY        0.0           8.7  1899   0.1   -0.1      0.0
  MONTH TO DATE    T                         1.0   -1.0      0.0
  SINCE DEC 1      1.2                       4.5   -3.3       T
  SINCE JUL 1      1.2                       4.6   -3.4       T
  SNOW DEPTH       0

DEGREE DAYS
 HEATING
  YESTERDAY       37                        21     16       36
  MONTH TO DATE  301                       285     16      305
  SINCE DEC 1   1387                      1701   -314     1702
  SINCE JUL 1   1838                      2282   -444     2366

 COOLING
  YESTERDAY        0                         0      0        0
  MONTH TO DATE    0                         0      0        0
  SINCE DEC 1     27                         2     25        0
  SINCE JAN 1      0                         0      0        0
..................................................................


WIND (MPH)
  HIGHEST WIND SPEED    17   HIGHEST WIND DIRECTION    NW (300)
  HIGHEST GUST SPEED    26   HIGHEST GUST DIRECTION     W (280)
  AVERAGE WIND SPEED     6.1


SKY COVER
  POSSIBLE SUNSHINE  MM
  AVERAGE SKY COVER 0.3


WEATHER CONDITIONS
 THE FOLLOWING WEATHER WAS RECORDED YESTERDAY.
  NO SIGNIFICANT WEATHER WAS OBSERVED.


RELATIVE HUMIDITY (PERCENT)
 HIGHEST    72          1200 AM
 LOWEST     22           300 PM
 AVERAGE    47

..........................................................


THE RALEIGH-DURHAM INTL AIRPORT NC CLIMATE NORMALS FOR TODAY
                         NORMAL    RECORD    YEAR
 MAXIMUM TEMPERATURE (F)   55        78      1989
                                             1951
                                             1949
 MINIMUM TEMPERATURE (F)   34        -2      1899


SUNRISE AND SUNSET
FEBRUARY 14 2016......SUNRISE   704 AM EST   SUNSET   555 PM EST
FEBRUARY 15 2016......SUNRISE   703 AM EST   SUNSET   556 PM EST


-  INDICATES NEGATIVE NUMBERS.
R  INDICATES RECORD WAS SET OR TIED.
MM INDICATES DATA IS MISSING.
T  INDICATES TRACE AMOUNT.


&&

CLIMATE REPORT NWS FORECAST OFFICE
NCSU CENTENNIAL CAMPUS
RALEIGH...NC

MAXIMUM TEMPERATURE... 34

MINIMUM TEMPERATURE... 22

PRECIPITATION... 0.00

$$
