000
CDUS42 KRAH 250729
CLIRDU


CLIMATE REPORT
NATIONAL WEATHER SERVICE RALEIGH NC
328 AM EDT WED MAY 25 2016


...................................

...THE RALEIGH-DURHAM INTL AIRPORT NC CLIMATE SUMMARY FOR MAY 24 2016...

CLIMATE NORMAL PERIOD 1981 TO 2010
CLIMATE RECORD PERIOD 1887 TO 2016


WEATHER ITEM   OBSERVED TIME   RECORD YEAR NORMAL DEPARTURE LAST
                VALUE   (LST)  VALUE       VALUE  FROM      YEAR
                                                  NORMAL
..................................................................
TEMPERATURE (F)
 YESTERDAY
  MAXIMUM         83    400 PM  95    1944  82      1       83
                                      1903
  MINIMUM         50    420 AM  42    1931  59     -9       54
  AVERAGE         67                        70     -3       69

PRECIPITATION (IN)
  YESTERDAY        0.00          1.62 1939   0.11  -0.11     0.00
  MONTH TO DATE    3.73                      2.43   1.30     2.59
  SINCE MAR 1     10.75                      9.46   1.29    11.13
  SINCE JAN 1     17.16                     16.19   0.97    17.39

DEGREE DAYS
 HEATING
  YESTERDAY        0                         1     -1        0
  MONTH TO DATE   52                        48      4       20
  SINCE MAR 1    466                       665   -199      587
  SINCE JUL 1   2609                      3237   -628     3484

 COOLING
  YESTERDAY        2                         6     -4        4
  MONTH TO DATE   71                        99    -28      132
  SINCE MAR 1    166                       159      7      188
  SINCE JAN 1    166                       160      6      188
..................................................................


WIND (MPH)
  HIGHEST WIND SPEED    14   HIGHEST WIND DIRECTION    SW (230)
  HIGHEST GUST SPEED    21   HIGHEST GUST DIRECTION    SW (230)
  AVERAGE WIND SPEED     4.5


SKY COVER
  POSSIBLE SUNSHINE  MM
  AVERAGE SKY COVER 0.2


WEATHER CONDITIONS
 THE FOLLOWING WEATHER WAS RECORDED YESTERDAY.
  NO SIGNIFICANT WEATHER WAS OBSERVED.


RELATIVE HUMIDITY (PERCENT)
 HIGHEST   100           100 AM
 LOWEST     34           300 PM
 AVERAGE    67

..........................................................


THE RALEIGH-DURHAM INTL AIRPORT NC CLIMATE NORMALS FOR TODAY
                         NORMAL    RECORD    YEAR
 MAXIMUM TEMPERATURE (F)   82        93      2011
                                             2004
                                             1936
 MINIMUM TEMPERATURE (F)   59        41      2013


SUNRISE AND SUNSET
MAY 25 2016...........SUNRISE   603 AM EDT   SUNSET   822 PM EDT
MAY 26 2016...........SUNRISE   602 AM EDT   SUNSET   822 PM EDT


-  INDICATES NEGATIVE NUMBERS.
R  INDICATES RECORD WAS SET OR TIED.
MM INDICATES DATA IS MISSING.
T  INDICATES TRACE AMOUNT.

&&

CLIMATE REPORT
NWS FORECAST OFFICE
NCSU CENTENNIAL CAMPUS
RALEIGH NC

MAXIMUM TEMPERATURE... 83

MINIMUM TEMPERATURE... 52

PRECIPITATION... 0.00

$$
