000
CDUS42 KRAH 290054
CLIRDU


CLIMATE REPORT
NATIONAL WEATHER SERVICE RALEIGH NC
853 PM EDT MON JUL 28 2014


...................................

...THE RALEIGH-DURHAM INTL AIRPORT NC CLIMATE SUMMARY FOR JULY 28 2014...
VALID AS OF 0853 PM LOCAL TIME.

CLIMATE NORMAL PERIOD 1981 TO 2010
CLIMATE RECORD PERIOD 1887 TO 2014


WEATHER ITEM   OBSERVED TIME   RECORD YEAR NORMAL DEPARTURE LAST
                VALUE   (LST)  VALUE       VALUE  FROM      YEAR
                                                  NORMAL
..................................................................
TEMPERATURE (F)
 TODAY
  MAXIMUM         88    302 PM 104    1952  90     -2       90
  MINIMUM         74    625 AM  52    1962  70      4       69
  AVERAGE         81                        80      1       80

PRECIPITATION (IN)
  TODAY            T             2.92 1903   0.15  -0.15     0.46
  MONTH TO DATE    8.88                      4.24   4.64     2.94
  SINCE JUN 1     12.19                      7.76   4.43    13.02
  SINCE JAN 1     31.46                     24.79   6.67    32.05

DEGREE DAYS
 HEATING
  TODAY            0                         0      0        0
  MONTH TO DATE    0                         0      0        0
  SINCE JUN 1      0                         4     -4        0
  SINCE JUL 1      0                         0      0        0

 COOLING
  TODAY           16                        15      1       15
  MONTH TO DATE  401                       420    -19      411
  SINCE JUN 1    778                       767     11      742
  SINCE JAN 1    991                       976     15      920
..................................................................


WIND (MPH)
  RESULTANT WIND SPEED   6   RESULTANT WIND DIRECTION   W (270)
  HIGHEST WIND SPEED    18   HIGHEST WIND DIRECTION     W (270)
  HIGHEST GUST SPEED    26   HIGHEST GUST DIRECTION     W (270)
  AVERAGE WIND SPEED     7.8


SKY COVER
  POSSIBLE SUNSHINE  MM
  AVERAGE SKY COVER 0.6


WEATHER CONDITIONS
 THE FOLLOWING WEATHER WAS RECORDED TODAY.
  NO SIGNIFICANT WEATHER WAS OBSERVED.


RELATIVE HUMIDITY (PERCENT)
 HIGHEST    74           100 AM
 LOWEST     40           500 PM
 AVERAGE    57

..........................................................


THE RALEIGH-DURHAM INTL AIRPORT NC CLIMATE NORMALS FOR TOMORROW
                         NORMAL    RECORD    YEAR
 MAXIMUM TEMPERATURE (F)   90       104      2011
                                             1952
 MINIMUM TEMPERATURE (F)   70        55      1946


SUNRISE AND SUNSET
JULY 28 2014..........SUNRISE   620 AM EDT   SUNSET   823 PM EDT
JULY 29 2014..........SUNRISE   620 AM EDT   SUNSET   822 PM EDT


-  INDICATES NEGATIVE NUMBERS.
R  INDICATES RECORD WAS SET OR TIED.
MM INDICATES DATA IS MISSING.
T  INDICATES TRACE AMOUNT.

&&

CLIMATE REPORT NWS FORECAST OFFICE
NCSU CENTENNIAL CAMPUS
RALEIGH, NC

MAXIMUM TEMPERATURE... 89

MINIMUM TEMPERATURE... 76

PRECIPITATION... T


$$
