000
CDUS42 KRAH 220528
CLIRDU

CLIMATE REPORT
NATIONAL WEATHER SERVICE RALEIGH NC
126 AM EDT MON SEP 22 2014


...................................

...THE RALEIGH-DURHAM INTL AIRPORT NC CLIMATE SUMMARY FOR SEPTEMBER 21 2014...

CLIMATE NORMAL PERIOD 1981 TO 2010
CLIMATE RECORD PERIOD 1887 TO 2014


WEATHER ITEM   OBSERVED TIME   RECORD YEAR NORMAL DEPARTURE LAST
                VALUE   (LST)  VALUE       VALUE  FROM      YEAR
                                                  NORMAL
..................................................................
TEMPERATURE (F)
 YESTERDAY
  MAXIMUM         87    315 PM  98    1895  81      6       76
  MINIMUM         63    724 AM  41    1962  60      3       66
  AVERAGE         75                        70      5       71

PRECIPITATION (IN)
  YESTERDAY        0.12          1.62 1979   0.12   0.00     0.77
  MONTH TO DATE    2.54                      3.23  -0.69     2.48
  SINCE SEP 1      2.54                      3.23  -0.69     2.48
  SINCE JAN 1     40.95                     32.77   8.18    39.95

DEGREE DAYS
 HEATING
  YESTERDAY        0                         1     -1        0
  MONTH TO DATE    0                         5     -5        2
  SINCE SEP 1      0                         5     -5        2
  SINCE JUL 1      0                         6     -6        2

 COOLING
  YESTERDAY       10                         6      4        6
  MONTH TO DATE  217                       184     33      185
  SINCE SEP 1    217                       184     33      185
  SINCE JAN 1   1575                      1625    -50     1491
..................................................................


WIND (MPH)
  HIGHEST WIND SPEED    15   HIGHEST WIND DIRECTION    SW (230)
  HIGHEST GUST SPEED    21   HIGHEST GUST DIRECTION    SW (220)
  AVERAGE WIND SPEED     6.3


SKY COVER
  POSSIBLE SUNSHINE  MM
  AVERAGE SKY COVER 0.6


WEATHER CONDITIONS
 THE FOLLOWING WEATHER WAS RECORDED YESTERDAY.
  HEAVY RAIN
  LIGHT RAIN
  FOG


RELATIVE HUMIDITY (PERCENT)
 HIGHEST    93           500 AM
 LOWEST     42           200 PM
 AVERAGE    68

..........................................................


THE RALEIGH-DURHAM INTL AIRPORT NC CLIMATE NORMALS FOR TODAY
                         NORMAL    RECORD    YEAR
 MAXIMUM TEMPERATURE (F)   80        98      1895
 MINIMUM TEMPERATURE (F)   59        42      1889


SUNRISE AND SUNSET
SEPTEMBER 22 2014.....SUNRISE   703 AM EDT   SUNSET   712 PM EDT
SEPTEMBER 23 2014.....SUNRISE   704 AM EDT   SUNSET   710 PM EDT


-  INDICATES NEGATIVE NUMBERS.
R  INDICATES RECORD WAS SET OR TIED.
MM INDICATES DATA IS MISSING.
T  INDICATES TRACE AMOUNT.

&&

CLIMATE REPORT NWS FORECAST OFFICE NCSU CENTENNIAL CAMPUS RALEIGH, NC

MAXIMUM TEMPERATURE...86

MINIMUM TEMPERATURE...64

PRECIPITATION...0.04

$$
