000
CDUS46 KBOI 200934
CLIREO


CLIMATE REPORT
NATIONAL WEATHER SERVICE BOISE ID
234 AM MST MON FEB 20 2017


...................................

...THE ROME OR CLIMATE SUMMARY FOR FEBRUARY 19 2017...

CLIMATE NORMAL PERIOD 1981 TO 2010
CLIMATE RECORD PERIOD 9999 TO 9999


WEATHER ITEM   OBSERVED TIME   NORMAL DEPARTURE LAST
                VALUE   (LST)  VALUE  FROM      YEAR
                                      NORMAL
......................................................
TEMPERATURE (F)
 YESTERDAY
  MAXIMUM         55    421 PM  46      9       55
  MINIMUM         35    748 AM  22     13       35
  AVERAGE         45            34     11       45

PRECIPITATION (IN)
  YESTERDAY        0.02          0.03  -0.01     0.00
  MONTH TO DATE    0.77          0.50   0.27     0.11
  SINCE OCT 1      4.99          3.34   1.65     5.16
  SINCE JAN 1      2.61          1.15   1.46     0.73

DEGREE DAYS
 HEATING
  YESTERDAY       20            31    -11       20
  MONTH TO DATE  473           619   -146      481
  SINCE DEC 1   3016          2855    161     2598
  SINCE JUL 1   4251          4468   -217     3854

 COOLING
  YESTERDAY        0             0      0        0
  MONTH TO DATE    0             0      0        0
  SINCE DEC 1      0             0      0        0
  SINCE JAN 1      0             0      0        0
......................................................


WIND (MPH)
  RESULTANT WIND SPEED  14   RESULTANT WIND DIRECTION   S (200)
  HIGHEST WIND SPEED    36   HIGHEST WIND DIRECTION    SW (220)
  HIGHEST GUST SPEED    45   HIGHEST GUST DIRECTION    SW (210)
  AVERAGE WIND SPEED    14.9


SKY COVER
  AVERAGE SKY COVER 0.0


WEATHER CONDITIONS
 THE FOLLOWING WEATHER WAS RECORDED YESTERDAY.
  NO SIGNIFICANT WEATHER WAS OBSERVED.


RELATIVE HUMIDITY (PERCENT)
 HIGHEST    79          1200 AM
 LOWEST     35           200 PM
 AVERAGE    57

..........................................................


THE ROME OR CLIMATE NORMALS FOR TODAY
                         NORMAL    RECORD    YEAR
 MAXIMUM TEMPERATURE (F)   47        MM        MM
 MINIMUM TEMPERATURE (F)   22        MM        MM


SUNRISE AND SUNSET
FEBRUARY 20 2017......SUNRISE   641 AM PST   SUNSET   530 PM PST
FEBRUARY 21 2017......SUNRISE   639 AM PST   SUNSET   532 PM PST


-  INDICATES NEGATIVE NUMBERS.
R  INDICATES RECORD WAS SET OR TIED.
MM INDICATES DATA IS MISSING.
T  INDICATES TRACE AMOUNT.




$$
