000
CDUS46 KBOI 270931
CLIREO


CLIMATE REPORT
NATIONAL WEATHER SERVICE BOISE ID
331 AM MDT THU AUG 27 2015


...................................

...THE ROME OR CLIMATE SUMMARY FOR AUGUST 26 2015...

CLIMATE NORMAL PERIOD 1981 TO 2010
CLIMATE RECORD PERIOD 9999 TO 9999


WEATHER ITEM   OBSERVED TIME   NORMAL DEPARTURE LAST
                VALUE   (LST)  VALUE  FROM      YEAR
                                      NORMAL
......................................................
TEMPERATURE (F)
 YESTERDAY
  MAXIMUM         96    358 PM  88      8       83
  MINIMUM         53    526 AM  48      5       45
  AVERAGE         75            68      7       64

PRECIPITATION (IN)
  YESTERDAY        0.00          0.01  -0.01     0.00
  MONTH TO DATE    0.00          0.30  -0.30     0.11
  SINCE OCT 1      7.67          8.46  -0.79     2.49
  SINCE JAN 1      5.67          6.27  -0.60     2.30

DEGREE DAYS
 HEATING
  YESTERDAY        0             1     -1        1
  MONTH TO DATE    1            18    -17        8
  SINCE JUN 1     17           157   -140       67
  SINCE JUL 1      7            32    -25        8

 COOLING
  YESTERDAY       10             4      6        0
  MONTH TO DATE  242           157     85      183
  SINCE JUN 1    730           434    296      591
  SINCE JAN 1    745           444    301      602
......................................................


WIND (MPH)
  RESULTANT WIND SPEED   5   RESULTANT WIND DIRECTION  SE (150)
  HIGHEST WIND SPEED    18   HIGHEST WIND DIRECTION     S (190)
  HIGHEST GUST SPEED    25   HIGHEST GUST DIRECTION     S (170)
  AVERAGE WIND SPEED     6.5


SKY COVER
  AVERAGE SKY COVER 0.0


WEATHER CONDITIONS
 THE FOLLOWING WEATHER WAS RECORDED YESTERDAY.
  NO SIGNIFICANT WEATHER WAS OBSERVED.


RELATIVE HUMIDITY (PERCENT)
 HIGHEST    30           500 AM
 LOWEST      7           400 PM
 AVERAGE    19

..........................................................


THE ROME OR CLIMATE NORMALS FOR TODAY
                         NORMAL    RECORD    YEAR
 MAXIMUM TEMPERATURE (F)   88        MM        MM
 MINIMUM TEMPERATURE (F)   48        MM        MM


SUNRISE AND SUNSET
AUGUST 27 2015........SUNRISE   611 AM PDT   SUNSET   734 PM PDT
AUGUST 28 2015........SUNRISE   612 AM PDT   SUNSET   733 PM PDT


-  INDICATES NEGATIVE NUMBERS.
R  INDICATES RECORD WAS SET OR TIED.
MM INDICATES DATA IS MISSING.
T  INDICATES TRACE AMOUNT.




$$
