000
CDUS46 KBOI 210932
CLIREO


CLIMATE REPORT
NATIONAL WEATHER SERVICE BOISE ID
332 AM MDT SAT OCT 21 2017


...................................

...THE ROME OR CLIMATE SUMMARY FOR OCTOBER 20 2017...

CLIMATE NORMAL PERIOD 1981 TO 2010
CLIMATE RECORD PERIOD 9999 TO 9999


WEATHER ITEM   OBSERVED TIME   NORMAL DEPARTURE LAST
                VALUE   (LST)  VALUE  FROM      YEAR
                                      NORMAL
......................................................
TEMPERATURE (F)
 YESTERDAY
  MAXIMUM         61        MM  63     -2       70
  MINIMUM         30        MM  30      0       30
  AVERAGE         46            46      0       50

PRECIPITATION (IN)
  YESTERDAY        0.02          0.03  -0.01     0.00
  MONTH TO DATE    0.14          0.45  -0.31     0.32
  SINCE OCT 1      0.14          0.45  -0.31     0.32
  SINCE JAN 1      7.26          7.18   0.08     4.63

DEGREE DAYS
 HEATING
  YESTERDAY       19            19      0       15
  MONTH TO DATE  364           306     58      257
  SINCE SEP 1    557           489     68      412
  SINCE JUL 1    557           530     27      433

 COOLING
  YESTERDAY        0             0      0        0
  MONTH TO DATE    0             0      0        0
  SINCE SEP 1    132            40     92       36
  SINCE JAN 1   1037           506    531      697
......................................................


WIND (MPH)
  RESULTANT WIND SPEED  15   RESULTANT WIND DIRECTION  SW (220)
  HIGHEST WIND SPEED    30   HIGHEST WIND DIRECTION    SW (220)
  HIGHEST GUST SPEED    41   HIGHEST GUST DIRECTION     W (280)
  AVERAGE WIND SPEED    16.5


SKY COVER
  AVERAGE SKY COVER 0.0


WEATHER CONDITIONS
 THE FOLLOWING WEATHER WAS RECORDED YESTERDAY.
  NO SIGNIFICANT WEATHER WAS OBSERVED.


RELATIVE HUMIDITY (PERCENT)
 HIGHEST    92           400 AM
 LOWEST     36          1200 AM
 AVERAGE    64

..........................................................


THE ROME OR CLIMATE NORMALS FOR TODAY
                         NORMAL    RECORD    YEAR
 MAXIMUM TEMPERATURE (F)   62        MM        MM
 MINIMUM TEMPERATURE (F)   30        MM        MM


SUNRISE AND SUNSET
OCTOBER 21 2017.......SUNRISE   712 AM PDT   SUNSET   559 PM PDT
OCTOBER 22 2017.......SUNRISE   713 AM PDT   SUNSET   558 PM PDT


-  INDICATES NEGATIVE NUMBERS.
R  INDICATES RECORD WAS SET OR TIED.
MM INDICATES DATA IS MISSING.
T  INDICATES TRACE AMOUNT.




$$
