000
CDUS43 KLOT 271112
CLIRFD

CLIMATE REPORT
NATIONAL WEATHER SERVICE CHICAGO IL
137 AM CDT WED AUG 27 2014


...................................

...THE ROCKFORD IL CLIMATE SUMMARY FOR AUGUST 26 2014...

CLIMATE NORMAL PERIOD 1981 TO 2010
CLIMATE RECORD PERIOD 1905 TO 2014


WEATHER ITEM   OBSERVED TIME   RECORD YEAR NORMAL DEPARTURE LAST
                VALUE   (LST)  VALUE       VALUE  FROM      YEAR
                                                  NORMAL
..................................................................
TEMPERATURE (F)
 YESTERDAY
  MAXIMUM         81    451 PM  97    1953  82     -1       90
  MINIMUM         65    921 AM  42    1934  60      5       66
  AVERAGE         73                        71      2       78

PRECIPITATION (IN)
  YESTERDAY        0.28          2.75 2009   0.14   0.14     0.00
  MONTH TO DATE    5.47                      3.89   1.58     2.72
  SINCE JUN 1     15.99                     12.49   3.50    12.36
  SINCE JAN 1     25.96                     24.96   1.00    31.80

SNOWFALL (IN)
  YESTERDAY        0.0           0.0    MM   0.0    0.0      0.0
  MONTH TO DATE    T                         0.0    0.0      0.0
  SINCE JUN 1      T                         0.0    0.0      0.0
  SINCE JUL 1      T                         0.0    0.0      0.0
  SNOW DEPTH       0

DEGREE DAYS
 HEATING
  YESTERDAY        0                         1     -1        0
  MONTH TO DATE    0                         1     -1        2
  SINCE JUN 1     21                        35    -14       45
  SINCE JUL 1     10                         4      6       11

 COOLING
  YESTERDAY        8                         6      2       13
  MONTH TO DATE  191                       194     -3      161
  SINCE JUN 1    533                       643   -110      586
  SINCE JAN 1    616                       698    -82      678
..................................................................


WIND (MPH)
  HIGHEST WIND SPEED    37   HIGHEST WIND DIRECTION    NW (330)
  HIGHEST GUST SPEED    52   HIGHEST GUST DIRECTION    NW (330)
  AVERAGE WIND SPEED     4.9


SKY COVER
  POSSIBLE SUNSHINE  MM
  AVERAGE SKY COVER 0.6


WEATHER CONDITIONS
 THE FOLLOWING WEATHER WAS RECORDED YESTERDAY.

  THUNDERSTORM
  HEAVY RAIN
  RAIN
  LIGHT RAIN
  FOG


RELATIVE HUMIDITY (PERCENT)
 HIGHEST    90          1200 AM
 LOWEST     54           300 PM
 AVERAGE    72

..........................................................


THE ROCKFORD IL CLIMATE NORMALS FOR TODAY
                         NORMAL    RECORD    YEAR
 MAXIMUM TEMPERATURE (F)   81        97      1953
                                             1937
 MINIMUM TEMPERATURE (F)   60        40      1915


SUNRISE AND SUNSET
AUGUST 27 2014........SUNRISE   617 AM CDT   SUNSET   738 PM CDT
AUGUST 28 2014........SUNRISE   618 AM CDT   SUNSET   737 PM CDT


-  INDICATES NEGATIVE NUMBERS.
R  INDICATES RECORD WAS SET OR TIED.
MM INDICATES DATA IS MISSING.
T  INDICATES TRACE AMOUNT.




$$
