000
CDUS43 KLOT 270732
CLIRFD


CLIMATE REPORT
NATIONAL WEATHER SERVICE CHICAGO IL
231 AM CDT SAT AUG 27 2016


...................................

...THE ROCKFORD IL CLIMATE SUMMARY FOR AUGUST 26 2016...

CLIMATE NORMAL PERIOD 1981 TO 2010
CLIMATE RECORD PERIOD 1905 TO 2016


WEATHER ITEM   OBSERVED TIME   RECORD YEAR NORMAL DEPARTURE LAST
                VALUE   (LST)  VALUE       VALUE  FROM      YEAR
                                                  NORMAL
..................................................................
TEMPERATURE (F)
 YESTERDAY
  MAXIMUM         80    308 PM  97    1953  82     -2       73
  MINIMUM         63    514 AM  42    1934  60      3       56
  AVERAGE         72                        71      1       65

PRECIPITATION (IN)
  YESTERDAY        0.01          2.75 2009   0.14  -0.13     0.00
  MONTH TO DATE    3.08                      3.89  -0.81     3.57
  SINCE JUN 1     13.14                     12.49   0.65    11.71
  SINCE JAN 1     24.70                     24.96  -0.26    22.90

SNOWFALL (IN)
  YESTERDAY        0.0           0.0    MM   0.0    0.0      0.0
  MONTH TO DATE    0.0                       0.0    0.0      0.0
  SINCE JUN 1      0.0                       0.0    0.0      0.0
  SINCE JUL 1      0.0                       0.0    0.0      0.0
  SNOW DEPTH       0

DEGREE DAYS
 HEATING
  YESTERDAY        0                         1     -1        0
  MONTH TO DATE    0                         1     -1        2
  SINCE JUN 1      6                        35    -29       23
  SINCE JUL 1      0                         4     -4        7

 COOLING
  YESTERDAY        7                         6      1        0
  MONTH TO DATE  251                       194     57      187
  SINCE JUN 1    781                       643    138      580
  SINCE JAN 1    866                       698    168      640
..................................................................


WIND (MPH)
  HIGHEST WIND SPEED    12   HIGHEST WIND DIRECTION     E (80)
  HIGHEST GUST SPEED    15   HIGHEST GUST DIRECTION     E (80)
  AVERAGE WIND SPEED     5.4


SKY COVER
  POSSIBLE SUNSHINE  MM
  AVERAGE SKY COVER 0.8


WEATHER CONDITIONS
 THE FOLLOWING WEATHER WAS RECORDED YESTERDAY.
  THUNDERSTORM
  RAIN
  LIGHT RAIN


RELATIVE HUMIDITY (PERCENT)
 HIGHEST    87          1200 AM
 LOWEST     54           300 PM
 AVERAGE    71

..........................................................


THE ROCKFORD IL CLIMATE NORMALS FOR TODAY
                         NORMAL    RECORD    YEAR
 MAXIMUM TEMPERATURE (F)   81        97      1953
                                             1937
 MINIMUM TEMPERATURE (F)   60        40      1915


SUNRISE AND SUNSET
AUGUST 27 2016........SUNRISE   617 AM CDT   SUNSET   737 PM CDT
AUGUST 28 2016........SUNRISE   618 AM CDT   SUNSET   736 PM CDT


-  INDICATES NEGATIVE NUMBERS.
R  INDICATES RECORD WAS SET OR TIED.
MM INDICATES DATA IS MISSING.
T  INDICATES TRACE AMOUNT.




$$
