000
CDUS43 KLOT 290639
CLIRFD


CLIMATE REPORT
NATIONAL WEATHER SERVICE CHICAGO IL
138 AM CDT THU SEP 29 2016


...................................

...THE ROCKFORD IL CLIMATE SUMMARY FOR SEPTEMBER 28 2016...

CLIMATE NORMAL PERIOD 1981 TO 2010
CLIMATE RECORD PERIOD 1905 TO 2016


WEATHER ITEM   OBSERVED TIME   RECORD YEAR NORMAL DEPARTURE LAST
                VALUE   (LST)  VALUE       VALUE  FROM      YEAR
                                                  NORMAL
..................................................................
TEMPERATURE (F)
 YESTERDAY
  MAXIMUM         63    411 PM  91    1952  70     -7       81
  MINIMUM         49    507 AM  24    1942  47      2       63
  AVERAGE         56                        58     -2       72

PRECIPITATION (IN)
  YESTERDAY        0.02          2.15 1999   0.10  -0.08     0.00
  MONTH TO DATE    2.95                      3.15  -0.20     2.99
  SINCE SEP 1      2.95                      3.15  -0.20     2.99
  SINCE JAN 1     28.87                     28.81   0.06    27.52

SNOWFALL (IN)
  YESTERDAY        0.0           0.0    MM   0.0    0.0      0.0
  MONTH TO DATE    T                         0.0    0.0      0.0
  SINCE SEP 1      T                         0.0    0.0      0.0
  SINCE JUL 1      T                         0.0    0.0      0.0
  SNOW DEPTH       0

DEGREE DAYS
 HEATING
  YESTERDAY        9                         8      1        0
  MONTH TO DATE   22                       100    -78       29
  SINCE SEP 1     22                       100    -78       29
  SINCE JUL 1     22                       114    -92       39

 COOLING
  YESTERDAY        0                         1     -1        7
  MONTH TO DATE  160                        82     78      170
  SINCE SEP 1    160                        82     78      170
  SINCE JAN 1   1077                       809    268      823
..................................................................


WIND (MPH)
  HIGHEST WIND SPEED    20   HIGHEST WIND DIRECTION     N (10)
  HIGHEST GUST SPEED    24   HIGHEST GUST DIRECTION     N (10)
  AVERAGE WIND SPEED    10.5


SKY COVER
  POSSIBLE SUNSHINE  MM
  AVERAGE SKY COVER 0.7


WEATHER CONDITIONS
 THE FOLLOWING WEATHER WAS RECORDED YESTERDAY.
  LIGHT RAIN
  FOG


RELATIVE HUMIDITY (PERCENT)
 HIGHEST    93           400 AM
 LOWEST     64           100 PM
 AVERAGE    79

..........................................................


THE ROCKFORD IL CLIMATE NORMALS FOR TODAY
                         NORMAL    RECORD    YEAR
 MAXIMUM TEMPERATURE (F)   70        94      1953
 MINIMUM TEMPERATURE (F)   46        28      1949


SUNRISE AND SUNSET
SEPTEMBER 29 2016.....SUNRISE   652 AM CDT   SUNSET   641 PM CDT
SEPTEMBER 30 2016.....SUNRISE   653 AM CDT   SUNSET   639 PM CDT


-  INDICATES NEGATIVE NUMBERS.
R  INDICATES RECORD WAS SET OR TIED.
MM INDICATES DATA IS MISSING.
T  INDICATES TRACE AMOUNT.




$$
