165
CDUS43 KGRB 272200
CLIRHI


CLIMATE REPORT
NATIONAL WEATHER SERVICE GREEN BAY
450 PM CDT THU JUL 27 2017


...................................

...THE RHINELANDER WI CLIMATE SUMMARY FOR JULY 27 2017...
VALID TODAY AS OF 0400 PM LOCAL TIME.

CLIMATE NORMAL PERIOD 1981 TO 2010
CLIMATE RECORD PERIOD 1908 TO 2017


WEATHER ITEM   OBSERVED TIME   RECORD YEAR NORMAL DEPARTURE LAST
                VALUE   (LST)  VALUE       VALUE  FROM      YEAR
                                                  NORMAL
..................................................................
TEMPERATURE (F)
 TODAY
  MAXIMUM         80    151 PM  96    1931  79      1       74
  MINIMUM         52    154 AM  41    1981  54     -2       63
  AVERAGE         66                        67     -1       69

PRECIPITATION (IN)
  TODAY            0.00          1.95 1913   0.11  -0.11     0.91
  MONTH TO DATE    1.62                      3.55  -1.93     3.80
  SINCE JUN 1      8.89                      7.44   1.45    10.82
  SINCE JAN 1     26.61                     17.12   9.49    21.90

SNOWFALL (IN)
  TODAY            0.0           0.0    MM  MM     MM        0.0
  MONTH TO DATE    0.0                      MM     MM        0.0
  SINCE JUN 1      0.0                      MM     MM        0.0
  SINCE JUL 1      0.0                      MM     MM        0.0
  SNOW DEPTH       0

DEGREE DAYS
 HEATING
  TODAY            0                         1     -1        0
  MONTH TO DATE   35                        53    -18       28
  SINCE JUN 1    133                       187    -54      120
  SINCE JUL 1     35                        53    -18       28

 COOLING
  TODAY            1                         3     -2        4
  MONTH TO DATE   65                        92    -27      129
  SINCE JUN 1    128                       145    -17      182
  SINCE JAN 1    130                       157    -27      197
..................................................................


WIND (MPH)
  HIGHEST WIND SPEED     9   HIGHEST WIND DIRECTION     E (70)
  HIGHEST GUST SPEED    13   HIGHEST GUST DIRECTION    NE (50)
  AVERAGE WIND SPEED     2.4


SKY COVER
  POSSIBLE SUNSHINE  MM
  AVERAGE SKY COVER 0.2


WEATHER CONDITIONS
 THE FOLLOWING WEATHER WAS RECORDED TODAY.
  FOG


RELATIVE HUMIDITY (PERCENT)
 HIGHEST   100          1200 AM
 LOWEST     45           100 PM
 AVERAGE    73

..........................................................


THE RHINELANDER WI CLIMATE NORMALS FOR TOMORROW
                         NORMAL    RECORD    YEAR
 MAXIMUM TEMPERATURE (F)   79        95      1916
 MINIMUM TEMPERATURE (F)   54        43      1978


SUNRISE AND SUNSET
JULY 27 2017..........SUNRISE   536 AM CDT   SUNSET   832 PM CDT
JULY 28 2017..........SUNRISE   537 AM CDT   SUNSET   831 PM CDT


-  INDICATES NEGATIVE NUMBERS.
R  INDICATES RECORD WAS SET OR TIED.
MM INDICATES DATA IS MISSING.
T  INDICATES TRACE AMOUNT.




$$
