000
CDUS43 KGRB 250743
CLIRHI


CLIMATE REPORT
NATIONAL WEATHER SERVICE GREEN BAY
241 AM CDT TUE APR 25 2017


...................................

...THE RHINELANDER WI CLIMATE SUMMARY FOR APRIL 24 2017...

CLIMATE NORMAL PERIOD 1981 TO 2010
CLIMATE RECORD PERIOD 1908 TO 2017


WEATHER ITEM   OBSERVED TIME   RECORD YEAR NORMAL DEPARTURE LAST
                VALUE   (LST)  VALUE       VALUE  FROM      YEAR
                                                  NORMAL
..................................................................
TEMPERATURE (F)
 YESTERDAY
  MAXIMUM         67    147 PM  85    1915  58      9       43
  MINIMUM         32    529 AM  15    1909  33     -1       38
  AVERAGE         50                        46      4       41

PRECIPITATION (IN)
  YESTERDAY        0.00          1.13 2009   0.10  -0.10     0.98
  MONTH TO DATE    4.98                      1.98   3.00     2.09
  SINCE MAR 1      6.19                      3.55   2.64     5.76
  SINCE JAN 1      9.55                      5.59   3.96     7.49

SNOWFALL (IN)
  YESTERDAY        0.0           1.4  2014  MM     MM        0.0
  MONTH TO DATE    5.4                      MM     MM       11.9
  SINCE MAR 1     11.2                      MM     MM       21.2
  SINCE JUL 1     62.7                      MM     MM       55.7
  SNOW DEPTH       0

DEGREE DAYS
 HEATING
  YESTERDAY       15                        20     -5       24
  MONTH TO DATE  482                       594   -112      610
  SINCE MAR 1   1634                      1767   -133     1549
  SINCE JUL 1   7145                      8389  -1244     7232

 COOLING
  YESTERDAY        0                         0      0        0
  MONTH TO DATE    0                         0      0        0
  SINCE MAR 1      0                         0      0        0
  SINCE JAN 1      0                         0      0        0
..................................................................


WIND (MPH)
  HIGHEST WIND SPEED    22   HIGHEST WIND DIRECTION     S (160)
  HIGHEST GUST SPEED    30   HIGHEST GUST DIRECTION    SE (140)
  AVERAGE WIND SPEED    10.7


SKY COVER
  POSSIBLE SUNSHINE  MM
  AVERAGE SKY COVER 0.1


WEATHER CONDITIONS
 THE FOLLOWING WEATHER WAS RECORDED YESTERDAY.
  NO SIGNIFICANT WEATHER WAS OBSERVED.


RELATIVE HUMIDITY (PERCENT)
 HIGHEST    70          1200 AM
 LOWEST     24           200 PM
 AVERAGE    47

..........................................................


THE RHINELANDER WI CLIMATE NORMALS FOR TODAY
                         NORMAL    RECORD    YEAR
 MAXIMUM TEMPERATURE (F)   58        84      1990
 MINIMUM TEMPERATURE (F)   34        19      1972
                                             1926


SUNRISE AND SUNSET
APRIL 25 2017.........SUNRISE   555 AM CDT   SUNSET   758 PM CDT
APRIL 26 2017.........SUNRISE   553 AM CDT   SUNSET   759 PM CDT


-  INDICATES NEGATIVE NUMBERS.
R  INDICATES RECORD WAS SET OR TIED.
MM INDICATES DATA IS MISSING.
T  INDICATES TRACE AMOUNT.

$$
