000
CDUS43 KGRB 280649
CLIRHI


CLIMATE REPORT
NATIONAL WEATHER SERVICE GREEN BAY
1248 AM CST WED JAN 28 2015


...................................

...THE RHINELANDER WI CLIMATE SUMMARY FOR JANUARY 27 2015...

CLIMATE NORMAL PERIOD 1981 TO 2010
CLIMATE RECORD PERIOD 1908 TO 2015


WEATHER ITEM   OBSERVED TIME   RECORD YEAR NORMAL DEPARTURE LAST
                VALUE   (LST)  VALUE       VALUE  FROM      YEAR
                                                  NORMAL
..................................................................
TEMPERATURE (F)
 YESTERDAY
  MAXIMUM         24    221 PM  46    2006  22      2       -5
  MINIMUM         19    549 AM -35    1950   3     16      -19
                                      1935
  AVERAGE         22                        12     10      -12

PRECIPITATION (IN)
  YESTERDAY        T             0.52 1944   0.03  -0.03     0.01
  MONTH TO DATE    0.67                      0.97  -0.30     0.95
  SINCE DEC 1      2.69                      2.41   0.28     2.61
  SINCE JAN 1      0.67                      0.97  -0.30     0.95

SNOWFALL (IN)
  YESTERDAY        T             6.0  1968  MM     MM        0.1
  MONTH TO DATE    9.3                      MM     MM       16.7
  SINCE DEC 1     28.3                      MM     MM       39.8
  SINCE JUL 1     63.4                      MM     MM       49.6
  SNOW DEPTH      15

DEGREE DAYS
 HEATING
  YESTERDAY       43                        53    -10       77
  MONTH TO DATE 1476                      1426     50     1670
  SINCE DEC 1   2908                      2918    -10     3448
  SINCE JUL 1   5429                      5052    377     5675

 COOLING
  YESTERDAY        0                         0      0        0
  MONTH TO DATE    0                         0      0        0
  SINCE DEC 1      0                         0      0        0
  SINCE JAN 1      0                         0      0        0
..................................................................


WIND (MPH)
  HIGHEST WIND SPEED     8   HIGHEST WIND DIRECTION    SW (230)
  HIGHEST GUST SPEED    10   HIGHEST GUST DIRECTION     W (270)
  AVERAGE WIND SPEED     3.4


SKY COVER
  POSSIBLE SUNSHINE  MM
  AVERAGE SKY COVER 1.0


WEATHER CONDITIONS
 THE FOLLOWING WEATHER WAS RECORDED YESTERDAY.
  LIGHT SNOW
  FOG
  HAZE


RELATIVE HUMIDITY (PERCENT)
 HIGHEST   100           800 AM
 LOWEST     74           200 PM
 AVERAGE    87

..........................................................


THE RHINELANDER WI CLIMATE NORMALS FOR TODAY
                         NORMAL    RECORD    YEAR
 MAXIMUM TEMPERATURE (F)   22        45      1919
 MINIMUM TEMPERATURE (F)    3       -41      1915


SUNRISE AND SUNSET
JANUARY 28 2015.......SUNRISE   724 AM CST   SUNSET   458 PM CST
JANUARY 29 2015.......SUNRISE   723 AM CST   SUNSET   459 PM CST


-  INDICATES NEGATIVE NUMBERS.
R  INDICATES RECORD WAS SET OR TIED.
MM INDICATES DATA IS MISSING.
T  INDICATES TRACE AMOUNT.




$$
