000
CDUS43 KGRB 190634
CLIRHI


CLIMATE REPORT
NATIONAL WEATHER SERVICE GREEN BAY
1233 AM CST FRI DEC 19 2014


...................................

...THE RHINELANDER WI CLIMATE SUMMARY FOR DECEMBER 18 2014...

CLIMATE NORMAL PERIOD 1981 TO 2010
CLIMATE RECORD PERIOD 1908 TO 2014


WEATHER ITEM   OBSERVED TIME   RECORD YEAR NORMAL DEPARTURE LAST
                VALUE   (LST)  VALUE       VALUE  FROM      YEAR
                                                  NORMAL
..................................................................
TEMPERATURE (F)
 YESTERDAY
  MAXIMUM         26    235 PM  46    2002  25      1       24
  MINIMUM          3   1145 PM -34    1983   7     -4       -8
  AVERAGE         15                        16     -1        8

PRECIPITATION (IN)
  YESTERDAY        0.00          0.46 2002   0.05  -0.05      T
  MONTH TO DATE    0.69                      0.89  -0.20     1.24
  SINCE DEC 1      0.69                      0.89  -0.20     1.24
  SINCE JAN 1     40.29                     30.85   9.44    36.45

SNOWFALL (IN)
  YESTERDAY        0.0           3.0  1998  MM     MM         T
  MONTH TO DATE    5.6                      MM     MM       14.8
  SINCE DEC 1      5.6                      MM     MM       14.8
  SINCE JUL 1     40.7                      MM     MM       24.6
  SNOW DEPTH       5

DEGREE DAYS
 HEATING
  YESTERDAY       50                        49      1       57
  MONTH TO DATE  810                       833    -23     1046
  SINCE DEC 1    810                       833    -23     1046
  SINCE JUL 1   3331                      2967    364     3273

 COOLING
  YESTERDAY        0                         0      0        0
  MONTH TO DATE    0                         0      0        0
  SINCE DEC 1      0                         0      0        0
  SINCE JAN 1    148                       261   -113      281
..................................................................


WIND (MPH)
  HIGHEST WIND SPEED    13   HIGHEST WIND DIRECTION     E (80)
  HIGHEST GUST SPEED    16   HIGHEST GUST DIRECTION     E (80)
  AVERAGE WIND SPEED     2.7


SKY COVER
  POSSIBLE SUNSHINE  MM
  AVERAGE SKY COVER 0.5


WEATHER CONDITIONS
 THE FOLLOWING WEATHER WAS RECORDED YESTERDAY.
  NO SIGNIFICANT WEATHER WAS OBSERVED.


RELATIVE HUMIDITY (PERCENT)
 HIGHEST    92           600 PM
 LOWEST     68           200 PM
 AVERAGE    80

..........................................................


THE RHINELANDER WI CLIMATE NORMALS FOR TODAY
                         NORMAL    RECORD    YEAR
 MAXIMUM TEMPERATURE (F)   24        44      1923
 MINIMUM TEMPERATURE (F)    7       -32      1983


SUNRISE AND SUNSET
DECEMBER 19 2014......SUNRISE   734 AM CST   SUNSET   416 PM CST
DECEMBER 20 2014......SUNRISE   735 AM CST   SUNSET   416 PM CST


-  INDICATES NEGATIVE NUMBERS.
R  INDICATES RECORD WAS SET OR TIED.
MM INDICATES DATA IS MISSING.
T  INDICATES TRACE AMOUNT.




$$
