000
CDUS43 KGRB 212236
CLIRHI


CLIMATE REPORT
NATIONAL WEATHER SERVICE GREEN BAY
435 PM CST TUE NOV 21 2017


...................................

...THE RHINELANDER WI CLIMATE SUMMARY FOR NOVEMBER 21 2017...
VALID TODAY AS OF 0400 PM LOCAL TIME.

CLIMATE NORMAL PERIOD 1981 TO 2010
CLIMATE RECORD PERIOD 1908 TO 2017


WEATHER ITEM   OBSERVED TIME   RECORD YEAR NORMAL DEPARTURE LAST
                VALUE   (LST)  VALUE       VALUE  FROM      YEAR
                                                  NORMAL
..................................................................
TEMPERATURE (F)
 TODAY
  MAXIMUM         39    112 AM  63    1990  35      4       34
  MINIMUM         21    359 PM  -8    2014  20      1       10
  AVERAGE         30                        27      3       22

PRECIPITATION (IN)
  TODAY           MM             0.85 1934   0.06  MM        0.00
  MONTH TO DATE    1.16                      1.31  -0.15     0.17
  SINCE SEP 1      7.42                      8.55  -1.13    11.43
  SINCE JAN 1     38.51                     29.43   9.08    39.02

SNOWFALL (IN)
  TODAY           MM             7.5  1956  MM     MM        0.0
  MONTH TO DATE   12.7                      MM     MM        0.9
  SINCE SEP 1     13.7                      MM     MM        0.9
  SINCE JUL 1     13.7                      MM     MM        0.9
  SNOW DEPTH      MM

DEGREE DAYS
 HEATING
  TODAY           35                        38     -3       43
  MONTH TO DATE  745                       679     66      467
  SINCE SEP 1   1480                      1645   -165     1144
  SINCE JUL 1   1646                      1772   -126     1205

 COOLING
  TODAY            0                         0      0        0
  MONTH TO DATE    0                         0      0        0
  SINCE SEP 1     53                        20     33       13
  SINCE JAN 1    215                       261    -46      321
..................................................................


WIND (MPH)
  HIGHEST WIND SPEED    26   HIGHEST WIND DIRECTION     W (280)
  HIGHEST GUST SPEED    37   HIGHEST GUST DIRECTION     W (290)
  AVERAGE WIND SPEED    14.3


SKY COVER
  POSSIBLE SUNSHINE  MM
  AVERAGE SKY COVER 0.6


WEATHER CONDITIONS
 THE FOLLOWING WEATHER WAS RECORDED TODAY.
  LIGHT SNOW


RELATIVE HUMIDITY (PERCENT)
 HIGHEST    71           300 PM
 LOWEST     58           600 AM
 AVERAGE    65

..........................................................


THE RHINELANDER WI CLIMATE NORMALS FOR TOMORROW
                         NORMAL    RECORD    YEAR
 MAXIMUM TEMPERATURE (F)   34        60      2012
 MINIMUM TEMPERATURE (F)   20        -8      1929


SUNRISE AND SUNSET
NOVEMBER 21 2017......SUNRISE   706 AM CST   SUNSET   421 PM CST
NOVEMBER 22 2017......SUNRISE   707 AM CST   SUNSET   421 PM CST


-  INDICATES NEGATIVE NUMBERS.
R  INDICATES RECORD WAS SET OR TIED.
MM INDICATES DATA IS MISSING.
T  INDICATES TRACE AMOUNT.




$$
