000
CDUS43 KGRB 270642
CLIRHI


CLIMATE REPORT
NATIONAL WEATHER SERVICE GREEN BAY
1241 AM CST MON FEB 27 2017


...................................

...THE RHINELANDER WI CLIMATE SUMMARY FOR FEBRUARY 26 2017...

CLIMATE NORMAL PERIOD 1981 TO 2010
CLIMATE RECORD PERIOD 1908 TO 2017


WEATHER ITEM   OBSERVED TIME   RECORD YEAR NORMAL DEPARTURE LAST
                VALUE   (LST)  VALUE       VALUE  FROM      YEAR
                                                  NORMAL
..................................................................
TEMPERATURE (F)
 YESTERDAY
  MAXIMUM         32    325 PM  56    2000  30      2       30
                                      1958
  MINIMUM          1   1115 PM -34    1928  10     -9        9
  AVERAGE         17                        20     -3       20

PRECIPITATION (IN)
  YESTERDAY        0.02          0.71 1936   0.04  -0.02     0.00
  MONTH TO DATE    1.43                      0.85   0.58     0.71
  SINCE DEC 1      5.43                      3.40   2.03     5.43
  SINCE JAN 1      3.36                      1.96   1.40     1.47

SNOWFALL (IN)
  YESTERDAY        0.6           6.0  2007  MM     MM        0.0
  MONTH TO DATE    8.2                      MM     MM        9.5
  SINCE DEC 1     44.9                      MM     MM       29.5
  SINCE JUL 1     51.5                      MM     MM       33.6
  SNOW DEPTH       4

DEGREE DAYS
 HEATING
  YESTERDAY       48                        45      3       45
  MONTH TO DATE 1042                      1271   -229     1200
  SINCE DEC 1   3957                      4398   -441     3859
  SINCE JUL 1   5439                      6532  -1093     5576

 COOLING
  YESTERDAY        0                         0      0        0
  MONTH TO DATE    0                         0      0        0
  SINCE DEC 1      0                         0      0        0
  SINCE JAN 1      0                         0      0        0
..................................................................


WIND (MPH)
  HIGHEST WIND SPEED    28   HIGHEST WIND DIRECTION     W (270)
  HIGHEST GUST SPEED    35   HIGHEST GUST DIRECTION     W (260)
  AVERAGE WIND SPEED     9.6


SKY COVER
  POSSIBLE SUNSHINE  MM
  AVERAGE SKY COVER 0.8


WEATHER CONDITIONS
 THE FOLLOWING WEATHER WAS RECORDED YESTERDAY.
  LIGHT SNOW
  FOG
  HAZE


RELATIVE HUMIDITY (PERCENT)
 HIGHEST   100          1100 PM
 LOWEST     63           100 PM
 AVERAGE    82

..........................................................


THE RHINELANDER WI CLIMATE NORMALS FOR TODAY
                         NORMAL    RECORD    YEAR
 MAXIMUM TEMPERATURE (F)   30        52      2016
                                             1932
 MINIMUM TEMPERATURE (F)   10       -26      1935


SUNRISE AND SUNSET
FEBRUARY 27 2017......SUNRISE   639 AM CST   SUNSET   542 PM CST
FEBRUARY 28 2017......SUNRISE   638 AM CST   SUNSET   544 PM CST


-  INDICATES NEGATIVE NUMBERS.
R  INDICATES RECORD WAS SET OR TIED.
MM INDICATES DATA IS MISSING.
T  INDICATES TRACE AMOUNT.




$$
