000
CDUS43 KGRB 240643
CLIRHI


CLIMATE REPORT
NATIONAL WEATHER SERVICE GREEN BAY
142 AM CDT FRI MAR 24 2017


...................................

...THE RHINELANDER WI CLIMATE SUMMARY FOR MARCH 23 2017...

CLIMATE NORMAL PERIOD 1981 TO 2010
CLIMATE RECORD PERIOD 1908 TO 2017


WEATHER ITEM   OBSERVED TIME   RECORD YEAR NORMAL DEPARTURE LAST
                VALUE   (LST)  VALUE       VALUE  FROM      YEAR
                                                  NORMAL
..................................................................
TEMPERATURE (F)
 YESTERDAY
  MAXIMUM         39    232 PM  70    1910  40     -1       36
  MINIMUM         26    728 AM -10    1974  20      6       24
                                      1965
  AVERAGE         33                        30      3       30

PRECIPITATION (IN)
  YESTERDAY        0.06          1.27 1979   0.05   0.01      T
  MONTH TO DATE    0.67                      1.10  -0.43     2.75
  SINCE MAR 1      0.67                      1.10  -0.43     2.75
  SINCE JAN 1      4.03                      3.14   0.89     4.48

SNOWFALL (IN)
  YESTERDAY        0.3          11.0  2011  MM     MM         T
  MONTH TO DATE    3.8                      MM     MM        5.0
  SINCE MAR 1      3.8                      MM     MM        5.0
  SINCE JUL 1     55.3                      MM     MM       39.5
  SNOW DEPTH       0

DEGREE DAYS
 HEATING
  YESTERDAY       32                        35     -3       35
  MONTH TO DATE  935                       912     23      719
  SINCE MAR 1    935                       912     23      719
  SINCE JUL 1   6446                      7534  -1088     6402

 COOLING
  YESTERDAY        0                         0      0        0
  MONTH TO DATE    0                         0      0        0
  SINCE MAR 1      0                         0      0        0
  SINCE JAN 1      0                         0      0        0
..................................................................


WIND (MPH)
  HIGHEST WIND SPEED    17   HIGHEST WIND DIRECTION     S (160)
  HIGHEST GUST SPEED    26   HIGHEST GUST DIRECTION     S (160)
  AVERAGE WIND SPEED     7.9


SKY COVER
  POSSIBLE SUNSHINE  MM
  AVERAGE SKY COVER 1.0


WEATHER CONDITIONS
 THE FOLLOWING WEATHER WAS RECORDED YESTERDAY.
  LIGHT RAIN
  LIGHT SNOW
  FOG


RELATIVE HUMIDITY (PERCENT)
 HIGHEST    89          1100 PM
 LOWEST     48           100 PM
 AVERAGE    69

..........................................................


THE RHINELANDER WI CLIMATE NORMALS FOR TODAY
                         NORMAL    RECORD    YEAR
 MAXIMUM TEMPERATURE (F)   41        69      1945
 MINIMUM TEMPERATURE (F)   21       -19      1965


SUNRISE AND SUNSET
MARCH 24 2017.........SUNRISE   653 AM CDT   SUNSET   716 PM CDT
MARCH 25 2017.........SUNRISE   651 AM CDT   SUNSET   717 PM CDT


-  INDICATES NEGATIVE NUMBERS.
R  INDICATES RECORD WAS SET OR TIED.
MM INDICATES DATA IS MISSING.
T  INDICATES TRACE AMOUNT.




$$
