000
CDUS43 KGRB 210659
CLIRHI


CLIMATE REPORT
NATIONAL WEATHER SERVICE GREEN BAY
1258 AM CST WED FEB 21 2018


...................................

...THE RHINELANDER WI CLIMATE SUMMARY FOR FEBRUARY 20 2018...

CLIMATE NORMAL PERIOD 1981 TO 2010
CLIMATE RECORD PERIOD 1908 TO 2018


WEATHER ITEM   OBSERVED TIME   RECORD YEAR NORMAL DEPARTURE LAST
                VALUE   (LST)  VALUE       VALUE  FROM      YEAR
                                                  NORMAL
..................................................................
TEMPERATURE (F)
 YESTERDAY
  MAXIMUM         28    226 PM  58    1930  28      0       51
  MINIMUM         14   1159 PM -34    1929   8      6       37
  AVERAGE         21                        18      3       44

PRECIPITATION (IN)
  YESTERDAY       MM             1.26 2002   0.03  MM        0.48
  MONTH TO DATE    0.34                      0.62  -0.28     0.73
  SINCE DEC 1      3.26                      3.17   0.09     4.73
  SINCE JAN 1      1.53                      1.73  -0.20     2.66

SNOWFALL (IN)
  YESTERDAY        0.0           9.5  1953  MM     MM        0.0
  MONTH TO DATE    4.4                      MM     MM        1.5
  SINCE DEC 1     33.1                      MM     MM       38.2
  SINCE JUL 1     46.9                      MM     MM       44.8
  SNOW DEPTH      12

DEGREE DAYS
 HEATING
  YESTERDAY       44                        47     -3       21
  MONTH TO DATE 1104                       996    108      837
  SINCE DEC 1   4279                      4123    156     3752
  SINCE JUL 1   6252                      6257     -5     5234

 COOLING
  YESTERDAY        0                         0      0        0
  MONTH TO DATE    0                         0      0        0
  SINCE DEC 1      0                         0      0        0
  SINCE JAN 1      0                         0      0        0
..................................................................


WIND (MPH)
  HIGHEST WIND SPEED    18   HIGHEST WIND DIRECTION     W (290)
  HIGHEST GUST SPEED    23   HIGHEST GUST DIRECTION     W (280)
  AVERAGE WIND SPEED     8.5


SKY COVER
  POSSIBLE SUNSHINE  MM
  AVERAGE SKY COVER 1.0


WEATHER CONDITIONS
 THE FOLLOWING WEATHER WAS RECORDED YESTERDAY.
  LT FREEZING RAIN
  FOG


RELATIVE HUMIDITY (PERCENT)
 HIGHEST   100           400 AM
 LOWEST     80          1100 PM
 AVERAGE    90

..........................................................


THE RHINELANDER WI CLIMATE NORMALS FOR TODAY
                         NORMAL    RECORD    YEAR
 MAXIMUM TEMPERATURE (F)   28        56      2017
 MINIMUM TEMPERATURE (F)    8       -34      1929


SUNRISE AND SUNSET
FEBRUARY 21 2018......SUNRISE   650 AM CST   SUNSET   533 PM CST
FEBRUARY 22 2018......SUNRISE   648 AM CST   SUNSET   535 PM CST


-  INDICATES NEGATIVE NUMBERS.
R  INDICATES RECORD WAS SET OR TIED.
MM INDICATES DATA IS MISSING.
T  INDICATES TRACE AMOUNT.




$$
