000
CDUS43 KGRB 240639
CLIRHI


CLIMATE REPORT
NATIONAL WEATHER SERVICE GREEN BAY
138 AM CDT FRI OCT 24 2014


...................................

...THE RHINELANDER WI CLIMATE SUMMARY FOR OCTOBER 23 2014...

CLIMATE NORMAL PERIOD 1981 TO 2010
CLIMATE RECORD PERIOD 1908 TO 2014


WEATHER ITEM   OBSERVED TIME   RECORD YEAR NORMAL DEPARTURE LAST
                VALUE   (LST)  VALUE       VALUE  FROM      YEAR
                                                  NORMAL
..................................................................
TEMPERATURE (F)
 YESTERDAY
  MAXIMUM         46    336 AM  77    1963  51     -5       37
  MINIMUM         41   1226 AM  11    1936  32      9       27
  AVERAGE         44                        41      3       32

PRECIPITATION (IN)
  YESTERDAY        0.15          1.09 1996   0.08   0.07      T
  MONTH TO DATE    3.04                      2.45   0.59     3.78
  SINCE SEP 1      9.42                      6.65   2.77     5.90
  SINCE JAN 1     35.88                     27.53   8.35    32.74

SNOWFALL (IN)
  YESTERDAY        0.0           2.0  1979  MM     MM         T
                                      1917
  MONTH TO DATE    T                        MM     MM        2.1
  SINCE SEP 1      T                        MM     MM        2.1
  SINCE JUL 1      T                        MM     MM        2.1
  SNOW DEPTH       0

DEGREE DAYS
 HEATING
  YESTERDAY       21                        24     -3       33
  MONTH TO DATE  499                       459     40      427
  SINCE SEP 1    813                       764     49      689
  SINCE JUL 1   1013                       891    122      879

 COOLING
  YESTERDAY        0                         0      0        0
  MONTH TO DATE    0                         0      0        0
  SINCE SEP 1      1                        18    -17       17
  SINCE JAN 1    148                       259   -111      281
..................................................................


WIND (MPH)
  HIGHEST WIND SPEED    13   HIGHEST WIND DIRECTION     S (190)
  HIGHEST GUST SPEED    17   HIGHEST GUST DIRECTION     S (200)
  AVERAGE WIND SPEED     6.4


SKY COVER
  POSSIBLE SUNSHINE  MM
  AVERAGE SKY COVER 1.0


WEATHER CONDITIONS
 THE FOLLOWING WEATHER WAS RECORDED YESTERDAY.
  LIGHT RAIN
  FOG


RELATIVE HUMIDITY (PERCENT)
 HIGHEST   100           500 PM
 LOWEST     70           200 AM
 AVERAGE    85

..........................................................


THE RHINELANDER WI CLIMATE NORMALS FOR TODAY
                         NORMAL    RECORD    YEAR
 MAXIMUM TEMPERATURE (F)   50        77      1963
 MINIMUM TEMPERATURE (F)   32        14      2002
                                             1917


SUNRISE AND SUNSET
OCTOBER 24 2014.......SUNRISE   726 AM CDT   SUNSET   557 PM CDT
OCTOBER 25 2014.......SUNRISE   728 AM CDT   SUNSET   555 PM CDT


-  INDICATES NEGATIVE NUMBERS.
R  INDICATES RECORD WAS SET OR TIED.
MM INDICATES DATA IS MISSING.
T  INDICATES TRACE AMOUNT.




$$
