325
CDUS43 KGRB 280707
CLIRHI


CLIMATE REPORT
NATIONAL WEATHER SERVICE GREEN BAY
205 AM CDT SUN MAY 28 2017


...................................

...THE RHINELANDER WI CLIMATE SUMMARY FOR MAY 27 2017...

CLIMATE NORMAL PERIOD 1981 TO 2010
CLIMATE RECORD PERIOD 1908 TO 2017


WEATHER ITEM   OBSERVED TIME   RECORD YEAR NORMAL DEPARTURE LAST
                VALUE   (LST)  VALUE       VALUE  FROM      YEAR
                                                  NORMAL
..................................................................
TEMPERATURE (F)
 YESTERDAY
  MAXIMUM         77    233 PM  90    1919  68      9       74
  MINIMUM         54   1159 PM  26    2011  44     10       50
  AVERAGE         66                        56     10       62

PRECIPITATION (IN)
  YESTERDAY        T             1.48 2006   0.12  -0.12     0.01
  MONTH TO DATE    5.48                      3.00   2.48     1.92
  SINCE MAR 1     13.62                      7.15   6.47     8.37
  SINCE JAN 1     16.98                      9.19   7.79    10.10

SNOWFALL (IN)
  YESTERDAY        0.0           T    1947  MM     MM        0.0
  MONTH TO DATE    0.0                      MM     MM         T
  SINCE MAR 1     14.3                      MM     MM       21.2
  SINCE JUL 1     65.8                      MM     MM       55.7
  SNOW DEPTH       0

DEGREE DAYS
 HEATING
  YESTERDAY        0                         9     -9        3
  MONTH TO DATE  357                       352      5      336
  SINCE MAR 1   2125                      2230   -105     2011
  SINCE JUL 1   7636                      8852  -1216     7694

 COOLING
  YESTERDAY        1                         1      0        0
  MONTH TO DATE    2                         5     -3       11
  SINCE MAR 1      2                         6     -4       11
  SINCE JAN 1      2                         6     -4       11
..................................................................


WIND (MPH)
  HIGHEST WIND SPEED    18   HIGHEST WIND DIRECTION     W (270)
  HIGHEST GUST SPEED    25   HIGHEST GUST DIRECTION     W (280)
  AVERAGE WIND SPEED     7.2


SKY COVER
  POSSIBLE SUNSHINE  MM
  AVERAGE SKY COVER 0.5


WEATHER CONDITIONS
 THE FOLLOWING WEATHER WAS RECORDED YESTERDAY.
  LIGHT RAIN
  FOG


RELATIVE HUMIDITY (PERCENT)
 HIGHEST    93           300 AM
 LOWEST     36           100 PM
 AVERAGE    65

..........................................................


THE RHINELANDER WI CLIMATE NORMALS FOR TODAY
                         NORMAL    RECORD    YEAR
 MAXIMUM TEMPERATURE (F)   69        91      1919
 MINIMUM TEMPERATURE (F)   45        27      1917


SUNRISE AND SUNSET
MAY 28 2017...........SUNRISE   514 AM CDT   SUNSET   836 PM CDT
MAY 29 2017...........SUNRISE   514 AM CDT   SUNSET   837 PM CDT


-  INDICATES NEGATIVE NUMBERS.
R  INDICATES RECORD WAS SET OR TIED.
MM INDICATES DATA IS MISSING.
T  INDICATES TRACE AMOUNT.

$$
