000
CDUS43 KGRB 232155
CLIRHI


CLIMATE REPORT
NATIONAL WEATHER SERVICE GREEN BAY
454 PM CDT SAT SEP 23 2017


...................................

...THE RHINELANDER WI CLIMATE SUMMARY FOR SEPTEMBER 23 2017...
VALID TODAY AS OF 0400 PM LOCAL TIME.

CLIMATE NORMAL PERIOD 1981 TO 2010
CLIMATE RECORD PERIOD 1908 TO 2017


WEATHER ITEM   OBSERVED TIME   RECORD YEAR NORMAL DEPARTURE LAST
                VALUE   (LST)  VALUE       VALUE  FROM      YEAR
                                                  NORMAL
..................................................................
TEMPERATURE (F)
 TODAY
  MAXIMUM         86    243 PM  91    1908  63     23       69
  MINIMUM         69    413 AM  25    1974  41     28       53
  AVERAGE         78                        52     26       61

PRECIPITATION (IN)
  TODAY            0.00          2.37 2010   0.15  -0.15     0.00
  MONTH TO DATE    1.86                      3.22  -1.36     5.30
  SINCE SEP 1      1.86                      3.22  -1.36     5.30
  SINCE JAN 1     32.95                     24.10   8.85    32.89

SNOWFALL (IN)
  TODAY            0.0           T    1942  MM     MM        0.0
                                      1928
  MONTH TO DATE    0.0                      MM     MM        0.0
  SINCE SEP 1      0.0                      MM     MM        0.0
  SINCE JUL 1      0.0                      MM     MM        0.0
  SNOW DEPTH       0

DEGREE DAYS
 HEATING
  TODAY            0                        13    -13        4
  MONTH TO DATE  143                       202    -59       97
  SINCE SEP 1    143                       202    -59       97
  SINCE JUL 1    309                       329    -20      158

 COOLING
  TODAY           13                         0     13        0
  MONTH TO DATE   38                        16     22       13
  SINCE SEP 1     38                        16     22       13
  SINCE JAN 1    200                       257    -57      321
..................................................................


WIND (MPH)
  HIGHEST WIND SPEED    18   HIGHEST WIND DIRECTION    SW (210)
  HIGHEST GUST SPEED    23   HIGHEST GUST DIRECTION    SW (220)
  AVERAGE WIND SPEED    10.3


SKY COVER
  POSSIBLE SUNSHINE  MM
  AVERAGE SKY COVER 0.0


WEATHER CONDITIONS
 THE FOLLOWING WEATHER WAS RECORDED TODAY.
  NO SIGNIFICANT WEATHER WAS OBSERVED.


RELATIVE HUMIDITY (PERCENT)
 HIGHEST    90           400 AM
 LOWEST     55           300 PM
 AVERAGE    73

..........................................................


THE RHINELANDER WI CLIMATE NORMALS FOR TOMORROW
                         NORMAL    RECORD    YEAR
 MAXIMUM TEMPERATURE (F)   63        89      1908
 MINIMUM TEMPERATURE (F)   41        23      2000


SUNRISE AND SUNSET
SEPTEMBER 23 2017.....SUNRISE   646 AM CDT   SUNSET   653 PM CDT
SEPTEMBER 24 2017.....SUNRISE   648 AM CDT   SUNSET   651 PM CDT


-  INDICATES NEGATIVE NUMBERS.
R  INDICATES RECORD WAS SET OR TIED.
MM INDICATES DATA IS MISSING.
T  INDICATES TRACE AMOUNT.




$$
