349
CDUS41 KAKQ 182129
CLIRIC


CLIMATE REPORT
NATIONAL WEATHER SERVICE WAKEFIELD, VA
528 PM EDT WED OCT 18 2017


...................................

...THE RICHMOND VA CLIMATE SUMMARY FOR OCTOBER 18 2017...
VALID TODAY AS OF 0500 PM LOCAL TIME.

CLIMATE NORMAL PERIOD 1981 TO 2010
CLIMATE RECORD PERIOD 1871 TO 2017


WEATHER ITEM   OBSERVED TIME   RECORD YEAR NORMAL DEPARTURE LAST
                VALUE   (LST)  VALUE       VALUE  FROM      YEAR
                                                  NORMAL
..................................................................
TEMPERATURE (F)
 TODAY
  MAXIMUM         69    226 PM  88    1938  70     -1       84
  MINIMUM         39    456 AM  28    1977  47     -8       60
  AVERAGE         54

PRECIPITATION (IN)
  TODAY            0.00          2.91 1996   0.09  -0.09     0.00
  MONTH TO DATE    2.64                      1.72   0.92     4.17
  SINCE SEP 1      4.12                      5.85  -1.73    15.36
  SINCE JAN 1     33.17                     35.84  -2.67    48.80

SNOWFALL (IN)
  TODAY            0.0
  MONTH TO DATE    0.0
  SINCE NOV 1      7.1
  SINCE JUL 1      0.0
  SNOW DEPTH       0

DEGREE DAYS
 HEATING
  TODAY           11                         7      4        0
  MONTH TO DATE   40                        90    -50       50
  SINCE SEP 1     52                       118    -66       50
  SINCE JUL 1     52                       119    -67       50

 COOLING
  TODAY            0                         1     -1        7
  MONTH TO DATE   83                        31     52       35
  SINCE SEP 1    285                       228     57      314
  SINCE JAN 1   1698                      1535    163     1668
..................................................................


WIND (MPH)
  RESULTANT WIND SPEED   1   RESULTANT WIND DIRECTION   E (100)
  HIGHEST WIND SPEED     9   HIGHEST WIND DIRECTION    SE (150)
  HIGHEST GUST SPEED    12   HIGHEST GUST DIRECTION    SE (130)


SKY COVER
  POSSIBLE SUNSHINE  MM
  AVERAGE SKY COVER 0.1


WEATHER CONDITIONS
 THE FOLLOWING WEATHER WAS RECORDED TODAY.
  NO SIGNIFICANT WEATHER WAS OBSERVED.


RELATIVE HUMIDITY (PERCENT)
 HIGHEST   100
 LOWEST     32
 AVERAGE    66

..........................................................


THE RICHMOND VA CLIMATE NORMALS FOR TOMORROW
                         NORMAL    RECORD    YEAR
 MAXIMUM TEMPERATURE (F)   70        87      2016
                                             1938
 MINIMUM TEMPERATURE (F)   47        28      1976


SUNRISE AND SUNSET
OCTOBER 18 2017.......SUNRISE   721 AM EDT   SUNSET   628 PM EDT
OCTOBER 19 2017.......SUNRISE   721 AM EDT   SUNSET   626 PM EDT


-  INDICATES NEGATIVE NUMBERS.
R  INDICATES RECORD WAS SET OR TIED.
MM INDICATES DATA IS MISSING.
T  INDICATES TRACE AMOUNT.




$$
