000
CDUS41 KAKQ 210827
CLIRIC


CLIMATE REPORT
NATIONAL WEATHER SERVICE WAKEFIELD, VA
427 AM EDT TUE OCT 21 2014


...................................

...THE RICHMOND VA CLIMATE SUMMARY FOR OCTOBER 20 2014...

CLIMATE NORMAL PERIOD 1981 TO 2010
CLIMATE RECORD PERIOD 1871 TO 2014


WEATHER ITEM   OBSERVED TIME   RECORD YEAR NORMAL DEPARTURE LAST
                VALUE   (LST)  VALUE       VALUE  FROM      YEAR
                                                  NORMAL
..................................................................
TEMPERATURE (F)
 YESTERDAY
  MAXIMUM         68    327 PM  89    1984  70     -2       67
  MINIMUM         39    514 AM  27    1940  47     -8       46
                                      1930
  AVERAGE         54                        58     -4       57

PRECIPITATION (IN)
  YESTERDAY        T             4.76 1961   0.09  -0.09     0.00
  MONTH TO DATE    2.37                      1.91   0.46     4.23
  SINCE SEP 1      3.72                      6.04  -2.32     5.62
  SINCE JAN 1     29.39                     36.03  -6.64    44.49

SNOWFALL (IN)
  YESTERDAY        0.0           0.0  2002   0.0    0.0
                                      2001
  MONTH TO DATE    0.0                       0.0    0.0
  SINCE NOV 1     14.5                      10.3    4.2
  SINCE JUL 1      0.0                       0.0    0.0
  SNOW DEPTH       0

DEGREE DAYS
 HEATING
  YESTERDAY       11                         8      3        8
  MONTH TO DATE   59                       105    -46       38
  SINCE SEP 1     66                       133    -67       51
  SINCE JUL 1     66                       134    -68       51

 COOLING
  YESTERDAY        0                         1     -1        0
  MONTH TO DATE   48                        33     15       71
  SINCE SEP 1    292                       230     62      265
  SINCE JAN 1   1672                      1537    135     1670
..................................................................


WIND (MPH)
  HIGHEST WIND SPEED    20   HIGHEST WIND DIRECTION     S (190)
  HIGHEST GUST SPEED    30   HIGHEST GUST DIRECTION     S (180)
  AVERAGE WIND SPEED     6.2


SKY COVER
  POSSIBLE SUNSHINE  MM
  AVERAGE SKY COVER 0.5


WEATHER CONDITIONS
 THE FOLLOWING WEATHER WAS RECORDED YESTERDAY.
  LIGHT RAIN


RELATIVE HUMIDITY (PERCENT)
 HIGHEST    89           700 AM
 LOWEST     35           200 PM
 AVERAGE    62

..........................................................


THE RICHMOND VA CLIMATE NORMALS FOR TODAY
                         NORMAL    RECORD    YEAR
 MAXIMUM TEMPERATURE (F)   70        86      1993
 MINIMUM TEMPERATURE (F)   46        25      1930


SUNRISE AND SUNSET
OCTOBER 21 2014.......SUNRISE   723 AM EDT   SUNSET   624 PM EDT
OCTOBER 22 2014.......SUNRISE   724 AM EDT   SUNSET   623 PM EDT


-  INDICATES NEGATIVE NUMBERS.
R  INDICATES RECORD WAS SET OR TIED.
MM INDICATES DATA IS MISSING.
T  INDICATES TRACE AMOUNT.




$$
