000
CDUS41 KAKQ 250545
CLIRIC


CLIMATE REPORT
NATIONAL WEATHER SERVICE WAKEFIELD, VA
145 AM EDT SAT MAR 25 2017


...................................

...THE RICHMOND VA CLIMATE SUMMARY FOR MARCH 24 2017...

CLIMATE NORMAL PERIOD 1981 TO 2010
CLIMATE RECORD PERIOD 1871 TO 2017


WEATHER ITEM   OBSERVED TIME   RECORD YEAR NORMAL DEPARTURE LAST
                VALUE   (LST)  VALUE       VALUE  FROM      YEAR
                                                  NORMAL
..................................................................
TEMPERATURE (F)
 YESTERDAY
  MAXIMUM         70    409 PM  87    1929  63      7       77
                                      1907
  MINIMUM         31    419 AM  18    1940  39     -8       48
  AVERAGE         51                        51      0       63

PRECIPITATION (IN)
  YESTERDAY        0.00          1.58 1952   0.14  -0.14     0.00
  MONTH TO DATE    2.11                      3.10  -0.99     0.75
  SINCE MAR 1      2.11                      3.10  -0.99     0.75
  SINCE JAN 1      7.11                      8.90  -1.79     8.40

SNOWFALL (IN)
  YESTERDAY        0.0           4.3  1906   0.0    0.0
  MONTH TO DATE    T                         0.6   -0.6
  SINCE NOV 1      7.1                      10.2   -3.1
  SINCE JUL 1      7.1                      10.2   -3.1
  SNOW DEPTH       0

DEGREE DAYS
 HEATING
  YESTERDAY       14                        14      0        2
  MONTH TO DATE  463                       425     38      304
  SINCE MAR 1    463                       425     38      304
  SINCE JUL 1   2945                      3361   -416     2892

 COOLING
  YESTERDAY        0                         0      0        0
  MONTH TO DATE    4                         0      4        6
  SINCE MAR 1      4                         0      4        6
  SINCE JAN 1      4                         0      4        6
..................................................................


WIND (MPH)
  HIGHEST WIND SPEED    25   HIGHEST WIND DIRECTION    SW (230)
  HIGHEST GUST SPEED    31   HIGHEST GUST DIRECTION    SW (230)
  AVERAGE WIND SPEED    11.6


SKY COVER
  POSSIBLE SUNSHINE  MM
  AVERAGE SKY COVER 0.6


WEATHER CONDITIONS
 THE FOLLOWING WEATHER WAS RECORDED YESTERDAY.
  NO SIGNIFICANT WEATHER WAS OBSERVED.


RELATIVE HUMIDITY (PERCENT)
 HIGHEST    78           400 AM
 LOWEST     30           100 PM
 AVERAGE    54

..........................................................


THE RICHMOND VA CLIMATE NORMALS FOR TODAY
                         NORMAL    RECORD    YEAR
 MAXIMUM TEMPERATURE (F)   63        86      1939
 MINIMUM TEMPERATURE (F)   40        22      1956


SUNRISE AND SUNSET
MARCH 25 2017.........SUNRISE   705 AM EDT   SUNSET   726 PM EDT
MARCH 26 2017.........SUNRISE   703 AM EDT   SUNSET   727 PM EDT


-  INDICATES NEGATIVE NUMBERS.
R  INDICATES RECORD WAS SET OR TIED.
MM INDICATES DATA IS MISSING.
T  INDICATES TRACE AMOUNT.




$$
