000
CDUS41 KAKQ 292129
CLIRIC


CLIMATE REPORT
NATIONAL WEATHER SERVICE WAKEFIELD, VA
529 PM EDT WED JUL 29 2015


...................................

...THE RICHMOND VA CLIMATE SUMMARY FOR JULY 29 2015...
VALID TODAY AS OF 0500 PM LOCAL TIME.

CLIMATE NORMAL PERIOD 1981 TO 2010
CLIMATE RECORD PERIOD 1871 TO 2015


WEATHER ITEM   OBSERVED TIME   RECORD YEAR NORMAL DEPARTURE LAST
                VALUE   (LST)  VALUE       VALUE  FROM      YEAR
                                                  NORMAL
..................................................................
TEMPERATURE (F)
 TODAY
  MAXIMUM         85    359 PM 103    2011  89     -4       83
  MINIMUM         73    443 AM  56    1946  69      4       65
                                      1920
  AVERAGE         79

PRECIPITATION (IN)
  TODAY            T             2.15 1960   0.16  -0.16     0.00
  MONTH TO DATE    5.89                      4.20   1.69     2.63
  SINCE JUN 1     11.80                      8.13   3.67     6.02
  SINCE JAN 1     29.78                     25.02   4.76    22.06

SNOWFALL (IN)
  TODAY            0.0
  MONTH TO DATE    0.0
  SINCE NOV 1     12.8
  SINCE JUL 1      0.0
  SNOW DEPTH       0

DEGREE DAYS
 HEATING
  TODAY            0                         0      0        0
  MONTH TO DATE    0                         0      0        0
  SINCE JUN 1      6                         7     -1        0
  SINCE JUL 1      0                         0      0        0

 COOLING
  TODAY           14                        14      0        9
  MONTH TO DATE  412                       415     -3      441
  SINCE JUN 1    813                       730     83      796
  SINCE JAN 1   1075                       891    184     1004
..................................................................


WIND (MPH)
  RESULTANT WIND SPEED   4   RESULTANT WIND DIRECTION  SW (210)
  HIGHEST WIND SPEED    15   HIGHEST WIND DIRECTION    SW (220)
  HIGHEST GUST SPEED    16   HIGHEST GUST DIRECTION    SW (220)


SKY COVER
  POSSIBLE SUNSHINE  MM
  AVERAGE SKY COVER 0.7


WEATHER CONDITIONS
 THE FOLLOWING WEATHER WAS RECORDED TODAY.
  LIGHT RAIN


RELATIVE HUMIDITY (PERCENT)
 HIGHEST    94
 LOWEST     65
 AVERAGE    80

..........................................................


THE RICHMOND VA CLIMATE NORMALS FOR TOMORROW
                         NORMAL    RECORD    YEAR
 MAXIMUM TEMPERATURE (F)   89       103      1953
 MINIMUM TEMPERATURE (F)   69        58      1946
                                             1914


SUNRISE AND SUNSET
JULY 29 2015..........SUNRISE   611 AM EDT   SUNSET   820 PM EDT
JULY 30 2015..........SUNRISE   612 AM EDT   SUNSET   819 PM EDT


-  INDICATES NEGATIVE NUMBERS.
R  INDICATES RECORD WAS SET OR TIED.
MM INDICATES DATA IS MISSING.
T  INDICATES TRACE AMOUNT.




$$
