000
CDUS41 KAKQ 270845
CLIRIC


CLIMATE REPORT
NATIONAL WEATHER SERVICE WAKEFIELD, VA
345 AM EST THU NOV 27 2014


...................................

...THE RICHMOND VA CLIMATE SUMMARY FOR NOVEMBER 26 2014...

CLIMATE NORMAL PERIOD 1981 TO 2010
CLIMATE RECORD PERIOD 1871 TO 2014


WEATHER ITEM   OBSERVED TIME   RECORD YEAR NORMAL DEPARTURE LAST
                VALUE   (LST)  VALUE       VALUE  FROM      YEAR
                                                  NORMAL
..................................................................
TEMPERATURE (F)
 YESTERDAY
  MAXIMUM         50   1218 AM  76    1999  57     -7       64
  MINIMUM         37    421 PM  16    1938  37      0       35
  AVERAGE         44                        47     -3       50

PRECIPITATION (IN)
  YESTERDAY        1.33          1.39 1979   0.11   1.22     1.31
  MONTH TO DATE    2.91                      2.80   0.11     1.79
  SINCE SEP 1      6.89                      9.91  -3.02     7.43
  SINCE JAN 1     32.56                     39.90  -7.34    46.30

SNOWFALL (IN)
  YESTERDAY        T             3.0  1938   0.0    0.0
  MONTH TO DATE    T                         0.1   -0.1
  SINCE NOV 1      T                         0.1   -0.1
  SINCE JUL 1      T                         0.1   -0.1
  SNOW DEPTH       0

DEGREE DAYS
 HEATING
  YESTERDAY       21                        18      3       15
  MONTH TO DATE  445                       366     79      382
  SINCE SEP 1    580                       598    -18      532
  SINCE JUL 1    580                       599    -19      532

 COOLING
  YESTERDAY        0                         0      0        0
  MONTH TO DATE    3                         0      3        8
  SINCE SEP 1    299                       236     63      273
  SINCE JAN 1   1679                      1543    136     1678
..................................................................


WIND (MPH)
  HIGHEST WIND SPEED    23   HIGHEST WIND DIRECTION    NW (310)
  HIGHEST GUST SPEED    29   HIGHEST GUST DIRECTION    NW (310)
  AVERAGE WIND SPEED    11.0


SKY COVER
  POSSIBLE SUNSHINE  MM
  AVERAGE SKY COVER 1.0


WEATHER CONDITIONS
 THE FOLLOWING WEATHER WAS RECORDED YESTERDAY.
  HEAVY RAIN
  RAIN
  LIGHT RAIN
  SLEET
  FOG


RELATIVE HUMIDITY (PERCENT)
 HIGHEST    93           300 AM
 LOWEST     74          1200 AM
 AVERAGE    84

..........................................................


THE RICHMOND VA CLIMATE NORMALS FOR TODAY
                         NORMAL    RECORD    YEAR
 MAXIMUM TEMPERATURE (F)   57        82      1973
 MINIMUM TEMPERATURE (F)   36        14      1974


SUNRISE AND SUNSET
NOVEMBER 27 2014......SUNRISE   701 AM EST   SUNSET   452 PM EST
NOVEMBER 28 2014......SUNRISE   702 AM EST   SUNSET   452 PM EST


-  INDICATES NEGATIVE NUMBERS.
R  INDICATES RECORD WAS SET OR TIED.
MM INDICATES DATA IS MISSING.
T  INDICATES TRACE AMOUNT.




$$
