000
CDUS41 KAKQ 291008
CLIRIC


CLIMATE REPORT
NATIONAL WEATHER SERVICE WAKEFIELD, VA
508 AM EST MON DEC 29 2014


...................................

...THE RICHMOND VA CLIMATE SUMMARY FOR DECEMBER 28 2014...

CLIMATE NORMAL PERIOD 1981 TO 2010
CLIMATE RECORD PERIOD 1871 TO 2014


WEATHER ITEM   OBSERVED TIME   RECORD YEAR NORMAL DEPARTURE LAST
                VALUE   (LST)  VALUE       VALUE  FROM      YEAR
                                                  NORMAL
..................................................................
TEMPERATURE (F)
 YESTERDAY
  MAXIMUM         64    126 PM  77    1984  48     16       62
  MINIMUM         48    426 AM   9    1925  29     19       27
  AVERAGE         56                        38     18       45

PRECIPITATION (IN)
  YESTERDAY        0.01          1.28 1926   0.10  -0.09     0.00
  MONTH TO DATE    2.68                      2.99  -0.31     4.76
  SINCE DEC 1      2.68                      2.99  -0.31     4.76
  SINCE JAN 1     35.28                     43.33  -8.05    52.33

SNOWFALL (IN)
  YESTERDAY       MM             3.2  1966   0.1   MM
  MONTH TO DATE    0.0                       1.9   -1.9
  SINCE NOV 1      T                         2.1   -2.1
  SINCE JUL 1      T                         2.1   -2.1
  SNOW DEPTH       0

DEGREE DAYS
 HEATING
  YESTERDAY        9                        27    -18       20
  MONTH TO DATE  567                       664    -97      594
  SINCE DEC 1    567                       664    -97      594
  SINCE JUL 1   1237                      1340   -103     1234

 COOLING
  YESTERDAY        0                         0      0        0
  MONTH TO DATE    0                         0      0        4
  SINCE DEC 1      0                         0      0        4
  SINCE JAN 1   1679                      1548    131     1682
..................................................................


WIND (MPH)
  HIGHEST WIND SPEED    17   HIGHEST WIND DIRECTION    SW (230)
  HIGHEST GUST SPEED    22   HIGHEST GUST DIRECTION    SW (240)
  AVERAGE WIND SPEED     6.5


SKY COVER
  POSSIBLE SUNSHINE  MM
  AVERAGE SKY COVER 0.9


WEATHER CONDITIONS
 THE FOLLOWING WEATHER WAS RECORDED YESTERDAY.
  LIGHT RAIN
  FOG


RELATIVE HUMIDITY (PERCENT)
 HIGHEST    93           700 PM
 LOWEST     48          1100 AM
 AVERAGE    71

..........................................................


THE RICHMOND VA CLIMATE NORMALS FOR TODAY
                         NORMAL    RECORD    YEAR
 MAXIMUM TEMPERATURE (F)   48        78      1984
 MINIMUM TEMPERATURE (F)   29         5      1917


SUNRISE AND SUNSET
DECEMBER 29 2014......SUNRISE   723 AM EST   SUNSET   500 PM EST
DECEMBER 30 2014......SUNRISE   724 AM EST   SUNSET   500 PM EST


-  INDICATES NEGATIVE NUMBERS.
R  INDICATES RECORD WAS SET OR TIED.
MM INDICATES DATA IS MISSING.
T  INDICATES TRACE AMOUNT.




$$
