024
CDUS41 KAKQ 140645
CLIRIC


CLIMATE REPORT
NATIONAL WEATHER SERVICE WAKEFIELD, VA
145 AM EST SUN FEB 14 2016


...................................

...THE RICHMOND VA CLIMATE SUMMARY FOR FEBRUARY 13 2016...

CLIMATE NORMAL PERIOD 1981 TO 2010
CLIMATE RECORD PERIOD 1871 TO 2016


WEATHER ITEM   OBSERVED TIME   RECORD YEAR NORMAL DEPARTURE LAST
                VALUE   (LST)  VALUE       VALUE  FROM      YEAR
                                                  NORMAL
..................................................................
TEMPERATURE (F)
 YESTERDAY
  MAXIMUM         30    314 PM  75    1951  51    -21       31
  MINIMUM         15   1159 PM   7    1917  30    -15       17
                                      1899
  AVERAGE         23                        40    -17       24

PRECIPITATION (IN)
  YESTERDAY        0.00          1.51 1893   0.09  -0.09     0.00
  MONTH TO DATE    1.40                      1.26   0.14     1.06
  SINCE DEC 1     10.64                      7.56   3.08     7.69
  SINCE JAN 1      4.70                      4.30   0.40     4.55

SNOWFALL (IN)
  YESTERDAY        0.0           8.3  1960   0.2   -0.2
  MONTH TO DATE    0.4                       1.8   -1.4
  SINCE NOV 1     12.5                       8.0    4.5
  SINCE JUL 1     12.5                       8.0    4.5
  SNOW DEPTH       0

DEGREE DAYS
 HEATING
  YESTERDAY       42                        25     17       41
  MONTH TO DATE  340                       332      8      350
  SINCE DEC 1   1644                      1917   -273     1847
  SINCE JUL 1   2236                      2593   -357     2517

 COOLING
  YESTERDAY        0                         0      0        0
  MONTH TO DATE    0                         0      0        0
  SINCE DEC 1      8                         1      7        0
  SINCE JAN 1      0                         0      0        0
..................................................................


WIND (MPH)
  HIGHEST WIND SPEED    26   HIGHEST WIND DIRECTION    NW (310)
  HIGHEST GUST SPEED    36   HIGHEST GUST DIRECTION    NW (320)
  AVERAGE WIND SPEED    14.4


SKY COVER
  POSSIBLE SUNSHINE  MM
  AVERAGE SKY COVER 0.3


WEATHER CONDITIONS
 THE FOLLOWING WEATHER WAS RECORDED YESTERDAY.
  NO SIGNIFICANT WEATHER WAS OBSERVED.


RELATIVE HUMIDITY (PERCENT)
 HIGHEST    81           100 AM
 LOWEST     23           300 PM
 AVERAGE    52

..........................................................


THE RICHMOND VA CLIMATE NORMALS FOR TODAY
                         NORMAL    RECORD    YEAR
 MAXIMUM TEMPERATURE (F)   51        79      1949
 MINIMUM TEMPERATURE (F)   30         5      1899


SUNRISE AND SUNSET
FEBRUARY 14 2016......SUNRISE   700 AM EST   SUNSET   547 PM EST
FEBRUARY 15 2016......SUNRISE   659 AM EST   SUNSET   548 PM EST


-  INDICATES NEGATIVE NUMBERS.
R  INDICATES RECORD WAS SET OR TIED.
MM INDICATES DATA IS MISSING.
T  INDICATES TRACE AMOUNT.




$$
