000
CDUS41 KAKQ 130828
CLIRIC


CLIMATE REPORT
NATIONAL WEATHER SERVICE WAKEFIELD, VA
427 AM EDT SUN JUL 13 2014


...................................

...THE RICHMOND VA CLIMATE SUMMARY FOR JULY 12 2014...

CLIMATE NORMAL PERIOD 1981 TO 2010
CLIMATE RECORD PERIOD 1871 TO 2014


WEATHER ITEM   OBSERVED TIME   RECORD YEAR NORMAL DEPARTURE LAST
                VALUE   (LST)  VALUE       VALUE  FROM      YEAR
                                                  NORMAL
..................................................................
TEMPERATURE (F)
 YESTERDAY
  MAXIMUM         93    238 PM  98    1986  90      3       79
                                      1937
                                      1936
  MINIMUM         69    432 AM  52    2002  69      0       70
  AVERAGE         81                        80      1       75

PRECIPITATION (IN)
  YESTERDAY        0.00          2.71 1982   0.15  -0.15     0.44
  MONTH TO DATE    0.09                      1.64  -1.55     3.37
  SINCE JUN 1      3.48                      5.57  -2.09     9.87
  SINCE JAN 1     19.52                     22.46  -2.94    28.75

SNOWFALL (IN)
  YESTERDAY        0.0           0.0  2002   0.0    0.0
                                      2001
  MONTH TO DATE    0.0                       0.0    0.0
  SINCE NOV 1     14.5                      10.3    4.2
  SINCE JUL 1      0.0                       0.0    0.0
  SNOW DEPTH       0

DEGREE DAYS
 HEATING
  YESTERDAY        0                         0      0        0
  MONTH TO DATE    0                         0      0        0
  SINCE JUN 1      0                         7     -7        0
  SINCE JUL 1      0                         0      0        0

 COOLING
  YESTERDAY       16                        15      1       10
  MONTH TO DATE  194                       171     23      188
  SINCE JUN 1    549                       486     63      546
  SINCE JAN 1    757                       647    110      759
..................................................................


WIND (MPH)
  HIGHEST WIND SPEED    14   HIGHEST WIND DIRECTION    SE (140)
  HIGHEST GUST SPEED    17   HIGHEST GUST DIRECTION    SE (130)
  AVERAGE WIND SPEED     5.9


SKY COVER
  POSSIBLE SUNSHINE  MM
  AVERAGE SKY COVER 0.5


WEATHER CONDITIONS
 THE FOLLOWING WEATHER WAS RECORDED YESTERDAY.
  FOG
  FOG W/VISIBILITY <= 1/4 MILE
  HAZE


RELATIVE HUMIDITY (PERCENT)
 HIGHEST    93           100 AM
 LOWEST     36           200 PM
 AVERAGE    65

..........................................................


THE RICHMOND VA CLIMATE NORMALS FOR TODAY
                         NORMAL    RECORD    YEAR
 MAXIMUM TEMPERATURE (F)   90       101      1954
 MINIMUM TEMPERATURE (F)   69        53      1976


SUNRISE AND SUNSET
JULY 13 2014..........SUNRISE   559 AM EDT   SUNSET   831 PM EDT
JULY 14 2014..........SUNRISE   559 AM EDT   SUNSET   831 PM EDT


-  INDICATES NEGATIVE NUMBERS.
R  INDICATES RECORD WAS SET OR TIED.
MM INDICATES DATA IS MISSING.
T  INDICATES TRACE AMOUNT.




$$
