000
CDUS41 KAKQ 232321
CLIRIC


CLIMATE REPORT
NATIONAL WEATHER SERVICE WAKEFIELD, VA
721 PM EDT TUE SEP 23 2014


...................................

...THE RICHMOND VA CLIMATE SUMMARY FOR SEPTEMBER 23 2014...
VALID TODAY AS OF 0500 PM LOCAL TIME.

CLIMATE NORMAL PERIOD 1981 TO 2010
CLIMATE RECORD PERIOD 1871 TO 2014


WEATHER ITEM   OBSERVED TIME   RECORD YEAR NORMAL DEPARTURE LAST
                VALUE   (LST)  VALUE       VALUE  FROM      YEAR
                                                  NORMAL
..................................................................
TEMPERATURE (F)
 TODAY
  MAXIMUM         70   1253 PM  98    2005  79     -9       72
  MINIMUM         52    444 AM  37    1983  57     -5       52
  AVERAGE         61

PRECIPITATION (IN)
  TODAY            0.00          2.08 1975   0.13  -0.13     0.00
  MONTH TO DATE    0.55                      3.25  -2.70     1.39
  SINCE SEP 1      0.55                      3.25  -2.70     1.39
  SINCE JAN 1     26.22                     33.24  -7.02    40.26

SNOWFALL (IN)
  TODAY            0.0
  MONTH TO DATE    0.0
  SINCE NOV 1     14.5
  SINCE JUL 1      0.0
  SNOW DEPTH       0

DEGREE DAYS
 HEATING
  TODAY            4                         1      3        3
  MONTH TO DATE    4                        10     -6        9
  SINCE SEP 1      4                        10     -6        9
  SINCE JUL 1      4                        11     -7        9

 COOLING
  TODAY            0                         4     -4        0
  MONTH TO DATE  226                       172     54      187
  SINCE SEP 1    226                       172     54      187
  SINCE JAN 1   1606                      1479    127     1592
..................................................................


WIND (MPH)
  RESULTANT WIND SPEED   7   RESULTANT WIND DIRECTION   N (20)
  HIGHEST WIND SPEED    13   HIGHEST WIND DIRECTION     N (10)
  HIGHEST GUST SPEED    16   HIGHEST GUST DIRECTION    NE (30)


SKY COVER
  POSSIBLE SUNSHINE  MM
  AVERAGE SKY COVER 0.7


WEATHER CONDITIONS
 THE FOLLOWING WEATHER WAS RECORDED TODAY.
  NO SIGNIFICANT WEATHER WAS OBSERVED.


RELATIVE HUMIDITY (PERCENT)
 HIGHEST    71
 LOWEST     40
 AVERAGE    56

..........................................................


THE RICHMOND VA CLIMATE NORMALS FOR TOMORROW
                         NORMAL    RECORD    YEAR
 MAXIMUM TEMPERATURE (F)   78        96      2010
 MINIMUM TEMPERATURE (F)   57        35      1974


SUNRISE AND SUNSET
SEPTEMBER 23 2014.....SUNRISE   658 AM EDT   SUNSET   705 PM EDT
SEPTEMBER 24 2014.....SUNRISE   659 AM EDT   SUNSET   703 PM EDT


-  INDICATES NEGATIVE NUMBERS.
R  INDICATES RECORD WAS SET OR TIED.
MM INDICATES DATA IS MISSING.
T  INDICATES TRACE AMOUNT.




$$
