000
CDUS45 KGJT 200732
CLIRIL


CLIMATE REPORT
NATIONAL WEATHER SERVICE GRAND JUNCTION CO
130 AM MDT SAT SEP 20 2014


...................................

...THE RIFLE CO CLIMATE SUMMARY FOR SEPTEMBER 19 2014...

CLIMATE NORMAL PERIOD 1981 TO 2010
CLIMATE RECORD PERIOD 9999 TO 9999


WEATHER ITEM   OBSERVED TIME   RECORD YEAR NORMAL DEPARTURE LAST
                VALUE   (LST)  VALUE       VALUE  FROM      YEAR
                                                  NORMAL
..................................................................
TEMPERATURE (F)
 YESTERDAY
  MAXIMUM         86    415 PM  MM      MM  77      9       75
  MINIMUM         49    541 AM  MM      MM  43      6       49
  AVERAGE         68                        60      8       62

PRECIPITATION (IN)
  YESTERDAY        0.00         MM      MM   0.05  -0.05      T
  MONTH TO DATE    1.11                      0.97   0.14     1.21
  SINCE SEP 1      1.11                      0.97   0.14     1.21
  SINCE JAN 1      9.24                      9.94  -0.70     6.30

SNOWFALL (IN)
  YESTERDAY       MM            MM      MM  MM     MM       MM
  MONTH TO DATE   MM                        MM     MM       MM
  SINCE SEP 1     MM                        MM     MM       MM
  SINCE JUL 1     MM                        MM     MM       MM
  SNOW DEPTH      MM

DEGREE DAYS
 HEATING
  YESTERDAY        0                         5     -5        3
  MONTH TO DATE   36                        55    -19        7
  SINCE SEP 1     36                        55    -19        7
  SINCE JUL 1     53                        62     -9        7

 COOLING
  YESTERDAY        3                         0      3        0
  MONTH TO DATE   16                        22     -6       92
  SINCE SEP 1     16                        22     -6       92
  SINCE JAN 1    545                       538      7      798
..................................................................


WIND (MPH)
  HIGHEST WIND SPEED    13   HIGHEST WIND DIRECTION     W (250)
  HIGHEST GUST SPEED    17   HIGHEST GUST DIRECTION    NW (300)
  AVERAGE WIND SPEED     3.7


SKY COVER
  POSSIBLE SUNSHINE  MM
  AVERAGE SKY COVER 0.1


WEATHER CONDITIONS
 THE FOLLOWING WEATHER WAS RECORDED YESTERDAY.
  NO SIGNIFICANT WEATHER WAS OBSERVED.


RELATIVE HUMIDITY (PERCENT)
 HIGHEST    74           600 AM
 LOWEST     13           300 PM
 AVERAGE    44

..........................................................


THE RIFLE CO CLIMATE NORMALS FOR TODAY
                         NORMAL    RECORD    YEAR
 MAXIMUM TEMPERATURE (F)   76        MM        MM
 MINIMUM TEMPERATURE (F)   43        MM        MM


SUNRISE AND SUNSET
SEPTEMBER 20 2014.....SUNRISE   657 AM MDT   SUNSET   711 PM MDT
SEPTEMBER 21 2014.....SUNRISE   658 AM MDT   SUNSET   709 PM MDT


-  INDICATES NEGATIVE NUMBERS.
R  INDICATES RECORD WAS SET OR TIED.
MM INDICATES DATA IS MISSING.
T  INDICATES TRACE AMOUNT.




$$
