000
CDUS45 KRIW 050735
CLIRIW


CLIMATE REPORT
NATIONAL WEATHER SERVICE RIVERTON WY
134 AM MDT SAT SEP 5 2015


...................................

...THE RIVERTON WY CLIMATE SUMMARY FOR SEPTEMBER 4 2015...

CLIMATE NORMAL PERIOD 1981 TO 2010
CLIMATE RECORD PERIOD 1995 TO 2015


WEATHER ITEM   OBSERVED TIME   RECORD YEAR NORMAL DEPARTURE LAST
                VALUE   (LST)  VALUE       VALUE  FROM      YEAR
                                                  NORMAL
..................................................................
TEMPERATURE (F)
 YESTERDAY
  MAXIMUM         87    257 PM  93    2007  78      9       66
  MINIMUM         51    547 AM  37    2008  49      2       50
  AVERAGE         69                        64      5       58

PRECIPITATION (IN)
  YESTERDAY        T             0.10 2008   0.02  -0.02      T
  MONTH TO DATE    T                         0.08  -0.08      T
  SINCE SEP 1      T                         0.08  -0.08      T
  SINCE JAN 1      8.80                      6.90   1.90     5.37

SNOWFALL (IN)
  YESTERDAY        0.0                                       0.0
  MONTH TO DATE    0.0                                       0.0
  SINCE SEP 1      0.0                                       0.0
  SINCE JUL 1      0.0                                       0.0
  SNOW DEPTH       0

DEGREE DAYS
 HEATING
  YESTERDAY        0                         4     -4        7
  MONTH TO DATE    0                        13    -13       13
  SINCE SEP 1      0                        13    -13       13
  SINCE JUL 1     35                        51    -16       63

 COOLING
  YESTERDAY        4                         2      2        0
  MONTH TO DATE   25                         9     16        3
  SINCE SEP 1     25                         9     16        3
  SINCE JAN 1    501                       477     24      403
..................................................................


WIND (MPH)
  HIGHEST WIND SPEED    32   HIGHEST WIND DIRECTION     S (180)
  HIGHEST GUST SPEED    41   HIGHEST GUST DIRECTION     S (180)
  AVERAGE WIND SPEED    10.4


SKY COVER
  POSSIBLE SUNSHINE  MM
  AVERAGE SKY COVER 0.1


WEATHER CONDITIONS
 THE FOLLOWING WEATHER WAS RECORDED YESTERDAY.
  THUNDERSTORM
  LIGHT RAIN


RELATIVE HUMIDITY (PERCENT)
 HIGHEST    64           500 AM
 LOWEST     11           100 PM
 AVERAGE    38

..........................................................


THE RIVERTON WY CLIMATE NORMALS FOR TODAY
                         NORMAL    RECORD    YEAR
 MAXIMUM TEMPERATURE (F)   78        94      2013
 MINIMUM TEMPERATURE (F)   49        40      2008


SUNRISE AND SUNSET
SEPTEMBER  5 2015.....SUNRISE   642 AM MDT   SUNSET   742 PM MDT
SEPTEMBER  6 2015.....SUNRISE   643 AM MDT   SUNSET   740 PM MDT


-  INDICATES NEGATIVE NUMBERS.
R  INDICATES RECORD WAS SET OR TIED.
MM INDICATES DATA IS MISSING.
T  INDICATES TRACE AMOUNT.




$$
