000
CDUS45 KRIW 010053
CLIRIW


CLIMATE REPORT
NATIONAL WEATHER SERVICE RIVERTON WY
652 PM MDT TUE SEP 30 2014


...................................

...THE RIVERTON WY CLIMATE SUMMARY FOR SEPTEMBER 30 2014...
VALID TODAY AS OF 0500 PM LOCAL TIME.

CLIMATE NORMAL PERIOD 1981 TO 2010
CLIMATE RECORD PERIOD 1995 TO 2014


WEATHER ITEM   OBSERVED TIME   RECORD YEAR NORMAL DEPARTURE LAST
                VALUE   (LST)  VALUE       VALUE  FROM      YEAR
                                                  NORMAL
..................................................................
TEMPERATURE (F)
 TODAY
  MAXIMUM         63        MM  81    2005  65     -2       72
  MINIMUM         45        MM  32    2009  38      7       46
  AVERAGE         54                        52      2       59

PRECIPITATION (IN)
  TODAY            T             0.35 2009   0.04  -0.04     0.00
  MONTH TO DATE    0.81                      0.90  -0.09     3.01
  SINCE SEP 1      0.81                      0.90  -0.09     3.01
  SINCE JAN 1      6.18                      7.72  -1.54     7.07

SNOWFALL (IN)
  TODAY            0.0                                       0.0
  MONTH TO DATE    0.3                                       7.3
  SINCE SEP 1      0.3                                       7.3
  SINCE JUL 1      0.3                                       7.3
  SNOW DEPTH       0

DEGREE DAYS
 HEATING
  TODAY           11                        13     -2        6
  MONTH TO DATE  172                       226    -54      187
  SINCE SEP 1    172                       226    -54      187
  SINCE JUL 1    222                       264    -42      187

 COOLING
  TODAY            0                         0      0        0
  MONTH TO DATE   31                        26      5       68
  SINCE SEP 1     31                        26      5       68
  SINCE JAN 1    431                       494    -63      798
..................................................................


WIND (MPH)
  HIGHEST WIND SPEED    17   HIGHEST WIND DIRECTION     W (290)
  HIGHEST GUST SPEED    28   HIGHEST GUST DIRECTION     W (290)
  AVERAGE WIND SPEED    14.8


SKY COVER
  POSSIBLE SUNSHINE  MM
  AVERAGE SKY COVER 0.2


WEATHER CONDITIONS
 THE FOLLOWING WEATHER WAS RECORDED TODAY.
  NO SIGNIFICANT WEATHER WAS OBSERVED.


RELATIVE HUMIDITY (PERCENT)
 HIGHEST    66          1200 AM
 LOWEST     36           200 PM
 AVERAGE    51

..........................................................


THE RIVERTON WY CLIMATE NORMALS FOR TOMORROW
                         NORMAL    RECORD    YEAR
 MAXIMUM TEMPERATURE (F)   65        84      2005
 MINIMUM TEMPERATURE (F)   38        30      2002


SUNRISE AND SUNSET
SEPTEMBER 30 2014.....SUNRISE   710 AM MDT   SUNSET   657 PM MDT
OCTOBER  1 2014.......SUNRISE   711 AM MDT   SUNSET   655 PM MDT


-  INDICATES NEGATIVE NUMBERS.
R  INDICATES RECORD WAS SET OR TIED.
MM INDICATES DATA IS MISSING.
T  INDICATES TRACE AMOUNT.




$$
