000
CDUS45 KRIW 230734
CLIRIW


CLIMATE REPORT
NATIONAL WEATHER SERVICE RIVERTON WY
128 AM MDT WED JUL 23 2014


...................................

...THE RIVERTON WY CLIMATE SUMMARY FOR JULY 22 2014...

CLIMATE NORMAL PERIOD 1981 TO 2010
CLIMATE RECORD PERIOD 1995 TO 2014


WEATHER ITEM   OBSERVED TIME   RECORD YEAR NORMAL DEPARTURE LAST
                VALUE   (LST)  VALUE       VALUE  FROM      YEAR
                                                  NORMAL
..................................................................
TEMPERATURE (F)
 YESTERDAY
  MAXIMUM         93    501 PM 100    2007  89      4       98
  MINIMUM         56    525 AM  49    2009  57     -1       66
  AVERAGE         75                        73      2       82

PRECIPITATION (IN)
  YESTERDAY        0.00          0.36 2004   0.03  -0.03     0.00
  MONTH TO DATE    0.47                      0.69  -0.22     0.28
  SINCE JUN 1      1.59                      1.97  -0.38     0.33
  SINCE JAN 1      3.91                      6.05  -2.14     3.77

SNOWFALL (IN)
  YESTERDAY        0.0                                       0.0
  MONTH TO DATE    0.0                                       0.0
  SINCE JUN 1      0.0                                       0.0
  SINCE JUL 1      0.0                                       0.0
  SNOW DEPTH       0

DEGREE DAYS
 HEATING
  YESTERDAY        0                         0      0        0
  MONTH TO DATE    4                         8     -4        0
  SINCE JUN 1    130                       127      3       52
  SINCE JUL 1      4                         8     -4        0

 COOLING
  YESTERDAY       10                         8      2       17
  MONTH TO DATE  167                       146     21      248
  SINCE JUN 1    190                       212    -22      385
  SINCE JAN 1    205                       221    -16      398
..................................................................


WIND (MPH)
  HIGHEST WIND SPEED    14   HIGHEST WIND DIRECTION    NE (40)
  HIGHEST GUST SPEED    22   HIGHEST GUST DIRECTION    NE (50)
  AVERAGE WIND SPEED     4.8


SKY COVER
  POSSIBLE SUNSHINE  MM
  AVERAGE SKY COVER 0.0


WEATHER CONDITIONS
 THE FOLLOWING WEATHER WAS RECORDED YESTERDAY.
  NO SIGNIFICANT WEATHER WAS OBSERVED.


RELATIVE HUMIDITY (PERCENT)
 HIGHEST    57           500 AM
 LOWEST     12           500 PM
 AVERAGE    35

..........................................................


THE RIVERTON WY CLIMATE NORMALS FOR TODAY
                         NORMAL    RECORD    YEAR
 MAXIMUM TEMPERATURE (F)   89        99      2000
 MINIMUM TEMPERATURE (F)   58        50      2004


SUNRISE AND SUNSET
JULY 23 2014..........SUNRISE   555 AM MDT   SUNSET   845 PM MDT
JULY 24 2014..........SUNRISE   556 AM MDT   SUNSET   844 PM MDT


-  INDICATES NEGATIVE NUMBERS.
R  INDICATES RECORD WAS SET OR TIED.
MM INDICATES DATA IS MISSING.
T  INDICATES TRACE AMOUNT.




$$
