000
CDUS45 KRIW 030738
CLIRIW


CLIMATE REPORT
NATIONAL WEATHER SERVICE RIVERTON WY
1238 AM MST TUE MAR 3 2015


...................................

...THE RIVERTON WY CLIMATE SUMMARY FOR MARCH 2 2015...

CLIMATE NORMAL PERIOD 1981 TO 2010
CLIMATE RECORD PERIOD 1995 TO 2015


WEATHER ITEM   OBSERVED TIME   RECORD YEAR NORMAL DEPARTURE LAST
                VALUE   (LST)  VALUE       VALUE  FROM      YEAR
                                                  NORMAL
..................................................................
TEMPERATURE (F)
 YESTERDAY
  MAXIMUM         25   1120 PM  63    2009  42    -17       21
  MINIMUM          7    600 AM  -5    2014  18    -11       -5
  AVERAGE         16                        30    -14        8

PRECIPITATION (IN)
  YESTERDAY        0.19R         T    2008   0.01   0.18     0.00
  MONTH TO DATE    0.19                      0.02   0.17     0.07
  SINCE MAR 1      0.19                      0.02   0.17     0.07
  SINCE JAN 1      1.26                      0.53   0.73     0.97

SNOWFALL (IN)
  YESTERDAY        3.5                                       0.0
  MONTH TO DATE    3.5                                       0.1
  SINCE MAR 1      3.5                                       0.1
  SINCE JUL 1     32.1                                      49.3
  SNOW DEPTH       1

DEGREE DAYS
 HEATING
  YESTERDAY       49                        35     14       57
  MONTH TO DATE   96                        70     26      116
  SINCE MAR 1     96                        70     26      116
  SINCE JUL 1   5489                      5924   -435     5997

 COOLING
  YESTERDAY        0                         0      0        0
  MONTH TO DATE    0                         0      0        0
  SINCE MAR 1      0                         0      0        0
  SINCE JAN 1      0                         0      0        0
..................................................................


WIND (MPH)
  HIGHEST WIND SPEED    28   HIGHEST WIND DIRECTION     N (10)
  HIGHEST GUST SPEED    35   HIGHEST GUST DIRECTION     N (20)
  AVERAGE WIND SPEED     5.5


SKY COVER
  POSSIBLE SUNSHINE  MM
  AVERAGE SKY COVER 0.4


WEATHER CONDITIONS
 THE FOLLOWING WEATHER WAS RECORDED YESTERDAY.
  SNOW
  LIGHT SNOW
  FOG


RELATIVE HUMIDITY (PERCENT)
 HIGHEST    92           800 PM
 LOWEST     62           100 PM
 AVERAGE    77

..........................................................


THE RIVERTON WY CLIMATE NORMALS FOR TODAY
                         NORMAL    RECORD    YEAR
 MAXIMUM TEMPERATURE (F)   42        62      2009
 MINIMUM TEMPERATURE (F)   19         5      2004


SUNRISE AND SUNSET
MARCH  3 2015.........SUNRISE   647 AM MST   SUNSET   605 PM MST
MARCH  4 2015.........SUNRISE   645 AM MST   SUNSET   607 PM MST


-  INDICATES NEGATIVE NUMBERS.
R  INDICATES RECORD WAS SET OR TIED.
MM INDICATES DATA IS MISSING.
T  INDICATES TRACE AMOUNT.




$$
