000
CDUS45 KRIW 300744
CLIRIW


CLIMATE REPORT
NATIONAL WEATHER SERVICE RIVERTON WY
135 AM MDT WED JUL 30 2014


...................................

...THE RIVERTON WY CLIMATE SUMMARY FOR JULY 29 2014...

CLIMATE NORMAL PERIOD 1981 TO 2010
CLIMATE RECORD PERIOD 1995 TO 2014


WEATHER ITEM   OBSERVED TIME   RECORD YEAR NORMAL DEPARTURE LAST
                VALUE   (LST)  VALUE       VALUE  FROM      YEAR
                                                  NORMAL
..................................................................
TEMPERATURE (F)
 YESTERDAY
  MAXIMUM         74   1223 AM 101    2006  89    -15       83
  MINIMUM         57   1159 PM  50    2004  57      0       53
  AVERAGE         66                        73     -7       68

PRECIPITATION (IN)
  YESTERDAY        0.31R         0.11 2009   0.03   0.28      T
  MONTH TO DATE    0.78                      0.85  -0.07     0.54
  SINCE JUN 1      1.90                      2.13  -0.23     0.59
  SINCE JAN 1      4.22                      6.21  -1.99     4.03

SNOWFALL (IN)
  YESTERDAY        0.0                                       0.0
  MONTH TO DATE    0.0                                       0.0
  SINCE JUN 1      0.0                                       0.0
  SINCE JUL 1      0.0                                       0.0
  SNOW DEPTH       0

DEGREE DAYS
 HEATING
  YESTERDAY        0                         0      0        0
  MONTH TO DATE    4                         8     -4        0
  SINCE JUN 1    130                       127      3       52
  SINCE JUL 1      4                         8     -4        0

 COOLING
  YESTERDAY        1                         8     -7        3
  MONTH TO DATE  234                       202     32      296
  SINCE JUN 1    257                       268    -11      433
  SINCE JAN 1    272                       277     -5      446
..................................................................


WIND (MPH)
  HIGHEST WIND SPEED    17   HIGHEST WIND DIRECTION    NE (40)
  HIGHEST GUST SPEED    22   HIGHEST GUST DIRECTION    NE (40)
  AVERAGE WIND SPEED     7.0


SKY COVER
  POSSIBLE SUNSHINE  MM
  AVERAGE SKY COVER 0.8


WEATHER CONDITIONS
 THE FOLLOWING WEATHER WAS RECORDED YESTERDAY.
  RAIN
  LIGHT RAIN
  FOG


RELATIVE HUMIDITY (PERCENT)
 HIGHEST    97           100 PM
 LOWEST     33          1200 AM
 AVERAGE    65

..........................................................


THE RIVERTON WY CLIMATE NORMALS FOR TODAY
                         NORMAL    RECORD    YEAR
 MAXIMUM TEMPERATURE (F)   89        96      2001
 MINIMUM TEMPERATURE (F)   57        48      2009


SUNRISE AND SUNSET
JULY 30 2014..........SUNRISE   603 AM MDT   SUNSET   837 PM MDT
JULY 31 2014..........SUNRISE   604 AM MDT   SUNSET   836 PM MDT


-  INDICATES NEGATIVE NUMBERS.
R  INDICATES RECORD WAS SET OR TIED.
MM INDICATES DATA IS MISSING.
T  INDICATES TRACE AMOUNT.




$$
