000
CDUS45 KRIW 290742
CLIRKS


CLIMATE REPORT
NATIONAL WEATHER SERVICE RIVERTON WY
132 AM MDT FRI APR 29 2016


...................................

...THE ROCK SPRINGS WY CLIMATE SUMMARY FOR APRIL 28 2016...

CLIMATE NORMAL PERIOD 1981 TO 2010
CLIMATE RECORD PERIOD 1948 TO 2016


WEATHER ITEM   OBSERVED TIME   RECORD YEAR NORMAL DEPARTURE LAST
                VALUE   (LST)  VALUE       VALUE  FROM      YEAR
                                                  NORMAL
..................................................................
TEMPERATURE (F)
 YESTERDAY
  MAXIMUM         35   1159 AM  76    2007  58    -23       63
  MINIMUM         30    632 AM  17    1955  33     -3       32
  AVERAGE         33                        45    -12       48

PRECIPITATION (IN)
  YESTERDAY        T             0.55 2005   0.04  -0.04     0.00
  MONTH TO DATE    1.48                      0.84   0.64     0.67
  SINCE MAR 1      2.04                      1.52   0.52     0.89
  SINCE JAN 1      2.26                      2.45  -0.19     0.98

DEGREE DAYS
 HEATING
  YESTERDAY       32                        20     12       17
  MONTH TO DATE  592                       664    -72      655
  SINCE MAR 1   1499                      1641   -142     1428
  SINCE JUL 1   7016                      7493   -477     6541

 COOLING
  YESTERDAY        0                         0      0        0
  MONTH TO DATE    0                         0      0        0
  SINCE MAR 1      0                         0      0        0
  SINCE JAN 1      0                         0      0        0
..................................................................


WIND (MPH)
  HIGHEST WIND SPEED    32   HIGHEST WIND DIRECTION     E (70)
  HIGHEST GUST SPEED    38   HIGHEST GUST DIRECTION    NE (60)
  AVERAGE WIND SPEED    21.5


SKY COVER
  POSSIBLE SUNSHINE  MM
  AVERAGE SKY COVER 0.8


WEATHER CONDITIONS
 THE FOLLOWING WEATHER WAS RECORDED YESTERDAY.
  LIGHT SNOW
  FOG


RELATIVE HUMIDITY (PERCENT)
 HIGHEST    85           300 AM
 LOWEST     64          1200 PM
 AVERAGE    75

..........................................................


THE ROCK SPRINGS WY CLIMATE NORMALS FOR TODAY
                         NORMAL    RECORD    YEAR
 MAXIMUM TEMPERATURE (F)   58        79      2007
 MINIMUM TEMPERATURE (F)   33        17      1950


SUNRISE AND SUNSET
APRIL 29 2016.........SUNRISE   615 AM MDT   SUNSET   813 PM MDT
APRIL 30 2016.........SUNRISE   614 AM MDT   SUNSET   814 PM MDT


-  INDICATES NEGATIVE NUMBERS.
R  INDICATES RECORD WAS SET OR TIED.
MM INDICATES DATA IS MISSING.
T  INDICATES TRACE AMOUNT.




$$
