000
CDUS45 KRIW 260735
CLIRKS


CLIMATE REPORT
NATIONAL WEATHER SERVICE RIVERTON WY
1234 AM MST FRI DEC 26 2014


...................................

...THE ROCK SPRINGS WY CLIMATE SUMMARY FOR DECEMBER 25 2014...

CLIMATE NORMAL PERIOD 1981 TO 2010
CLIMATE RECORD PERIOD 1948 TO 2014


WEATHER ITEM   OBSERVED TIME   RECORD YEAR NORMAL DEPARTURE LAST
                VALUE   (LST)  VALUE       VALUE  FROM      YEAR
                                                  NORMAL
..................................................................
TEMPERATURE (F)
 YESTERDAY
  MAXIMUM         29    331 AM  47    1980  29      0       28
  MINIMUM         13   1159 PM -17    1987  12      1       15
  AVERAGE         21                        21      0       22

PRECIPITATION (IN)
  YESTERDAY        0.08          0.44 1968   0.02   0.06     0.00
  MONTH TO DATE    0.11                      0.41  -0.30     0.18
  SINCE DEC 1      0.11                      0.41  -0.30     0.18
  SINCE JAN 1      4.24                      8.47  -4.23     4.64

DEGREE DAYS
 HEATING
  YESTERDAY       44                        44      0       43
  MONTH TO DATE  891                      1093   -202     1071
  SINCE DEC 1    891                      1093   -202     1071
  SINCE JUL 1   2707                      3086   -379     2979

 COOLING
  YESTERDAY        0                         0      0        0
  MONTH TO DATE    0                         0      0        0
  SINCE DEC 1      0                         0      0        0
  SINCE JAN 1    307                       286     21      517
..................................................................


WIND (MPH)
  HIGHEST WIND SPEED    41   HIGHEST WIND DIRECTION    NE (50)
  HIGHEST GUST SPEED    50   HIGHEST GUST DIRECTION    NE (60)
  AVERAGE WIND SPEED    18.5


SKY COVER
  POSSIBLE SUNSHINE  MM
  AVERAGE SKY COVER 1.0


WEATHER CONDITIONS
 THE FOLLOWING WEATHER WAS RECORDED YESTERDAY.
  HEAVY SNOW
  SNOW
  LIGHT SNOW
  FOG
  FOG W/VISIBILITY <= 1/4 MILE


RELATIVE HUMIDITY (PERCENT)
 HIGHEST    92          1100 AM
 LOWEST     58          1200 AM
 AVERAGE    75

..........................................................


THE ROCK SPRINGS WY CLIMATE NORMALS FOR TODAY
                         NORMAL    RECORD    YEAR
 MAXIMUM TEMPERATURE (F)   29        52      1980
 MINIMUM TEMPERATURE (F)   12       -17      1952


SUNRISE AND SUNSET
DECEMBER 26 2014......SUNRISE   742 AM MST   SUNSET   452 PM MST
DECEMBER 27 2014......SUNRISE   742 AM MST   SUNSET   453 PM MST


-  INDICATES NEGATIVE NUMBERS.
R  INDICATES RECORD WAS SET OR TIED.
MM INDICATES DATA IS MISSING.
T  INDICATES TRACE AMOUNT.




$$
