000
CDUS45 KRIW 040732
CLIRKS


CLIMATE REPORT
NATIONAL WEATHER SERVICE RIVERTON WY
1230 AM MST SUN DEC 4 2016


...................................

...THE ROCK SPRINGS WY CLIMATE SUMMARY FOR DECEMBER 3 2016...

CLIMATE NORMAL PERIOD 1981 TO 2010
CLIMATE RECORD PERIOD 1948 TO 2016


WEATHER ITEM   OBSERVED TIME   RECORD YEAR NORMAL DEPARTURE LAST
                VALUE   (LST)  VALUE       VALUE  FROM      YEAR
                                                  NORMAL
..................................................................
TEMPERATURE (F)
 YESTERDAY
  MAXIMUM         26    338 PM  53    1956  32     -6       36
  MINIMUM         11    129 AM  -4    1967  14     -3       16
  AVERAGE         19                        23     -4       26

PRECIPITATION (IN)
  YESTERDAY        0.00          0.24 1950   0.02  -0.02     0.00
  MONTH TO DATE    T                         0.05  -0.05     0.00
  SINCE DEC 1      T                         0.05  -0.05     0.00
  SINCE JAN 1      7.36                      8.11  -0.75     8.58

DEGREE DAYS
 HEATING
  YESTERDAY       46                        42      4       39
  MONTH TO DATE  139                       125     14      130
  SINCE DEC 1    139                       125     14      130
  SINCE JUL 1   1859                      2118   -259     1796

 COOLING
  YESTERDAY        0                         0      0        0
  MONTH TO DATE    0                         0      0        0
  SINCE DEC 1      0                         0      0        0
  SINCE JAN 1    354                       286     68      270
..................................................................


WIND (MPH)
  HIGHEST WIND SPEED    40   HIGHEST WIND DIRECTION     W (260)
  HIGHEST GUST SPEED    47   HIGHEST GUST DIRECTION     W (260)
  AVERAGE WIND SPEED    22.5


SKY COVER
  POSSIBLE SUNSHINE  MM
  AVERAGE SKY COVER 0.3


WEATHER CONDITIONS
 THE FOLLOWING WEATHER WAS RECORDED YESTERDAY.
  NO SIGNIFICANT WEATHER WAS OBSERVED.


RELATIVE HUMIDITY (PERCENT)
 HIGHEST    84           200 AM
 LOWEST     59          1100 AM
 AVERAGE    72

..........................................................


THE ROCK SPRINGS WY CLIMATE NORMALS FOR TODAY
                         NORMAL    RECORD    YEAR
 MAXIMUM TEMPERATURE (F)   31        50      1975
 MINIMUM TEMPERATURE (F)   14       -13      2013
                                             1972


SUNRISE AND SUNSET
DECEMBER  4 2016......SUNRISE   727 AM MST   SUNSET   446 PM MST
DECEMBER  5 2016......SUNRISE   728 AM MST   SUNSET   446 PM MST


-  INDICATES NEGATIVE NUMBERS.
R  INDICATES RECORD WAS SET OR TIED.
MM INDICATES DATA IS MISSING.
T  INDICATES TRACE AMOUNT.




$$
