000
CDUS45 KRIW 010736
CLIRKS


CLIMATE REPORT
NATIONAL WEATHER SERVICE RIVERTON WY
136 AM MDT SAT AUG 1 2015


...................................

...THE ROCK SPRINGS WY CLIMATE SUMMARY FOR JULY 31 2015...

CLIMATE NORMAL PERIOD 1981 TO 2010
CLIMATE RECORD PERIOD 1948 TO 2015


WEATHER ITEM   OBSERVED TIME   RECORD YEAR NORMAL DEPARTURE LAST
                VALUE   (LST)  VALUE       VALUE  FROM      YEAR
                                                  NORMAL
..................................................................
TEMPERATURE (F)
 YESTERDAY
  MAXIMUM         86    409 PM  94    2003  85      1       80
                                      1988
  MINIMUM         50    545 AM  42    1995  55     -5       47
  AVERAGE         68                        70     -2       64

PRECIPITATION (IN)
  YESTERDAY        0.00          1.40 1976   0.02  -0.02     0.00
  MONTH TO DATE    2.12                      0.64   1.48     0.36
  SINCE JUN 1      3.23                      1.43   1.80     0.65
  SINCE JAN 1      7.31                      5.16   2.15     1.96

DEGREE DAYS
 HEATING
  YESTERDAY        0                         0      0        1
  MONTH TO DATE   26                        19      7       14
  SINCE JUN 1     75                       191   -116      161
  SINCE JUL 1     26                        24      2       14

 COOLING
  YESTERDAY        3                         5     -2        0
  MONTH TO DATE   81                       144    -63      205
  SINCE JUN 1    169                       179    -10      222
  SINCE JAN 1    169                       180    -11      229
..................................................................


WIND (MPH)
  HIGHEST WIND SPEED    18   HIGHEST WIND DIRECTION     W (280)
  HIGHEST GUST SPEED    29   HIGHEST GUST DIRECTION     W (270)
  AVERAGE WIND SPEED     5.5


SKY COVER
  POSSIBLE SUNSHINE  MM
  AVERAGE SKY COVER 0.0


WEATHER CONDITIONS
 THE FOLLOWING WEATHER WAS RECORDED YESTERDAY.
  NO SIGNIFICANT WEATHER WAS OBSERVED.


RELATIVE HUMIDITY (PERCENT)
 HIGHEST    30           600 AM
 LOWEST      8           500 PM
 AVERAGE    19

..........................................................


THE ROCK SPRINGS WY CLIMATE NORMALS FOR TODAY
                         NORMAL    RECORD    YEAR
 MAXIMUM TEMPERATURE (F)   85        94      2008
 MINIMUM TEMPERATURE (F)   55        40      1975


SUNRISE AND SUNSET
AUGUST  1 2015........SUNRISE   611 AM MDT   SUNSET   834 PM MDT
AUGUST  2 2015........SUNRISE   612 AM MDT   SUNSET   833 PM MDT


-  INDICATES NEGATIVE NUMBERS.
R  INDICATES RECORD WAS SET OR TIED.
MM INDICATES DATA IS MISSING.
T  INDICATES TRACE AMOUNT.




$$
