000
CDUS45 KRIW 290740
CLIRKS


CLIMATE REPORT
NATIONAL WEATHER SERVICE RIVERTON WY
1239 AM MST THU JAN 29 2015


...................................

...THE ROCK SPRINGS WY CLIMATE SUMMARY FOR JANUARY 28 2015...

CLIMATE NORMAL PERIOD 1981 TO 2010
CLIMATE RECORD PERIOD 1948 TO 2015


WEATHER ITEM   OBSERVED TIME   RECORD YEAR NORMAL DEPARTURE LAST
                VALUE   (LST)  VALUE       VALUE  FROM      YEAR
                                                  NORMAL
..................................................................
TEMPERATURE (F)
 YESTERDAY
  MAXIMUM         43    225 PM  50    1967  31     12       32
  MINIMUM         31   1159 PM -16    1980  12     19       -2
  AVERAGE         37                        21     16       15

PRECIPITATION (IN)
  YESTERDAY        T             0.13 1981   0.02  -0.02     0.00
  MONTH TO DATE    0.01                      0.40  -0.39     0.05
  SINCE DEC 1      0.12                      0.90  -0.78     0.23
  SINCE JAN 1      0.01                      0.40  -0.39     0.05

DEGREE DAYS
 HEATING
  YESTERDAY       28                        44    -16       50
  MONTH TO DATE 1008                      1227   -219     1075
  SINCE DEC 1   2264                      2586   -322     2373
  SINCE JUL 1   4080                      4579   -499     4281

 COOLING
  YESTERDAY        0                         0      0        0
  MONTH TO DATE    0                         0      0        0
  SINCE DEC 1      0                         0      0        0
  SINCE JAN 1      0                         0      0        0
..................................................................


WIND (MPH)
  HIGHEST WIND SPEED    30   HIGHEST WIND DIRECTION     W (260)
  HIGHEST GUST SPEED    35   HIGHEST GUST DIRECTION     W (250)
  AVERAGE WIND SPEED    14.2


SKY COVER
  POSSIBLE SUNSHINE  MM
  AVERAGE SKY COVER 0.7


WEATHER CONDITIONS
 THE FOLLOWING WEATHER WAS RECORDED YESTERDAY.
  NO SIGNIFICANT WEATHER WAS OBSERVED.


RELATIVE HUMIDITY (PERCENT)
 HIGHEST    85           200 AM
 LOWEST     60           300 PM
 AVERAGE    73

..........................................................


THE ROCK SPRINGS WY CLIMATE NORMALS FOR TODAY
                         NORMAL    RECORD    YEAR
 MAXIMUM TEMPERATURE (F)   31        50      1976
 MINIMUM TEMPERATURE (F)   12       -18      1949


SUNRISE AND SUNSET
JANUARY 29 2015.......SUNRISE   731 AM MST   SUNSET   528 PM MST
JANUARY 30 2015.......SUNRISE   730 AM MST   SUNSET   529 PM MST


-  INDICATES NEGATIVE NUMBERS.
R  INDICATES RECORD WAS SET OR TIED.
MM INDICATES DATA IS MISSING.
T  INDICATES TRACE AMOUNT.




$$
