000
CDUS45 KRIW 270738
CLIRKS


CLIMATE REPORT
NATIONAL WEATHER SERVICE RIVERTON WY
138 AM MDT FRI MAY 27 2016


...................................

...THE ROCK SPRINGS WY CLIMATE SUMMARY FOR MAY 26 2016...

CLIMATE NORMAL PERIOD 1981 TO 2010
CLIMATE RECORD PERIOD 1948 TO 2016


WEATHER ITEM   OBSERVED TIME   RECORD YEAR NORMAL DEPARTURE LAST
                VALUE   (LST)  VALUE       VALUE  FROM      YEAR
                                                  NORMAL
..................................................................
TEMPERATURE (F)
 YESTERDAY
  MAXIMUM         63    458 PM  87    1969  67     -4       62
  MINIMUM         34    502 AM  25    1975  40     -6       40
  AVERAGE         49                        54     -5       51

PRECIPITATION (IN)
  YESTERDAY        0.05          0.85 1999   0.04   0.01     0.01
  MONTH TO DATE    2.19                      1.02   1.17     2.64
  SINCE MAR 1      4.23                      2.61   1.62     3.53
  SINCE JAN 1      4.45                      3.54   0.91     3.62

DEGREE DAYS
 HEATING
  YESTERDAY       16                        11      5       14
  MONTH TO DATE  453                       391     62      459
  SINCE MAR 1   2011                      2071    -60     1904
  SINCE JUL 1   7528                      7923   -395     7017

 COOLING
  YESTERDAY        0                         0      0        0
  MONTH TO DATE    0                         0      0        0
  SINCE MAR 1      0                         0      0        0
  SINCE JAN 1      0                         0      0        0
..................................................................


WIND (MPH)
  HIGHEST WIND SPEED    21   HIGHEST WIND DIRECTION    NE (60)
  HIGHEST GUST SPEED    27   HIGHEST GUST DIRECTION     E (70)
  AVERAGE WIND SPEED     8.4


SKY COVER
  POSSIBLE SUNSHINE  MM
  AVERAGE SKY COVER 0.2


WEATHER CONDITIONS
 THE FOLLOWING WEATHER WAS RECORDED YESTERDAY.
  RAIN
  LIGHT RAIN
  FOG


RELATIVE HUMIDITY (PERCENT)
 HIGHEST    96           400 AM
 LOWEST     25           200 PM
 AVERAGE    61

..........................................................


THE ROCK SPRINGS WY CLIMATE NORMALS FOR TODAY
                         NORMAL    RECORD    YEAR
 MAXIMUM TEMPERATURE (F)   68        85      1969
 MINIMUM TEMPERATURE (F)   41        27      1973


SUNRISE AND SUNSET
MAY 27 2016...........SUNRISE   547 AM MDT   SUNSET   841 PM MDT
MAY 28 2016...........SUNRISE   546 AM MDT   SUNSET   841 PM MDT


-  INDICATES NEGATIVE NUMBERS.
R  INDICATES RECORD WAS SET OR TIED.
MM INDICATES DATA IS MISSING.
T  INDICATES TRACE AMOUNT.




$$
