000
CDUS45 KRIW 270733
CLIRKS


CLIMATE REPORT
NATIONAL WEATHER SERVICE RIVERTON WY
133 AM MDT SAT AUG 27 2016


...................................

...THE ROCK SPRINGS WY CLIMATE SUMMARY FOR AUGUST 26 2016...

CLIMATE NORMAL PERIOD 1981 TO 2010
CLIMATE RECORD PERIOD 1948 TO 2016


WEATHER ITEM   OBSERVED TIME   RECORD YEAR NORMAL DEPARTURE LAST
                VALUE   (LST)  VALUE       VALUE  FROM      YEAR
                                                  NORMAL
..................................................................
TEMPERATURE (F)
 YESTERDAY
  MAXIMUM         75    127 PM  90    2011  79     -4       78
                                      1969
  MINIMUM         44    615 AM  34    1992  50     -6       55
  AVERAGE         60                        64     -4       67

PRECIPITATION (IN)
  YESTERDAY        T             0.21 1977   0.02  -0.02     0.02
  MONTH TO DATE    0.20                      0.51  -0.31     0.19
  SINCE JUN 1      0.71                      1.94  -1.23     3.42
  SINCE JAN 1      5.17                      5.67  -0.50     7.50

DEGREE DAYS
 HEATING
  YESTERDAY        5                         2      3        0
  MONTH TO DATE   45                        25     20       28
  SINCE JUN 1     97                       216   -119      103
  SINCE JUL 1     58                        49      9       54

 COOLING
  YESTERDAY        0                         2     -2        2
  MONTH TO DATE   76                        91    -15       69
  SINCE JUN 1    331                       270     61      238
  SINCE JAN 1    331                       271     60      238
..................................................................


WIND (MPH)
  HIGHEST WIND SPEED    35   HIGHEST WIND DIRECTION    SW (230)
  HIGHEST GUST SPEED    43   HIGHEST GUST DIRECTION    SW (220)
  AVERAGE WIND SPEED     7.6


SKY COVER
  POSSIBLE SUNSHINE  MM
  AVERAGE SKY COVER 0.3


WEATHER CONDITIONS
 THE FOLLOWING WEATHER WAS RECORDED YESTERDAY.
  THUNDERSTORM
  LIGHT RAIN


RELATIVE HUMIDITY (PERCENT)
 HIGHEST    76           600 AM
 LOWEST     17           100 PM
 AVERAGE    47

..........................................................


THE ROCK SPRINGS WY CLIMATE NORMALS FOR TODAY
                         NORMAL    RECORD    YEAR
 MAXIMUM TEMPERATURE (F)   79        90      2011
 MINIMUM TEMPERATURE (F)   50        35      1976


SUNRISE AND SUNSET
AUGUST 27 2016........SUNRISE   638 AM MDT   SUNSET   757 PM MDT
AUGUST 28 2016........SUNRISE   639 AM MDT   SUNSET   755 PM MDT


-  INDICATES NEGATIVE NUMBERS.
R  INDICATES RECORD WAS SET OR TIED.
MM INDICATES DATA IS MISSING.
T  INDICATES TRACE AMOUNT.




$$
