000
CDUS41 KRNK 280630
CLIRNK


CLIMATE REPORT
NATIONAL WEATHER SERVICE BLACKSBURG VA
225 AM EDT SUN AUG 28 2016


...................................

...THE BLACKSBURG VA CLIMATE SUMMARY FOR AUGUST 27 2016...

CLIMATE NORMAL PERIOD 1981 TO 2010
CLIMATE RECORD PERIOD 1952 TO 2016


WEATHER ITEM   OBSERVED RECORD YEAR NORMAL DEPARTURE LAST
                VALUE   VALUE       VALUE  FROM      YEAR
                                           NORMAL
...........................................................
TEMPERATURE (F)
 YESTERDAY
  MAXIMUM         89     96    1959  81      8       79
  MINIMUM         65     40    1968  57      8       53
  AVERAGE         77                 69      8       66

PRECIPITATION (IN)
  YESTERDAY        T      3.44 1992   0.11  -0.11     0.00
  MONTH TO DATE    4.15               3.17   0.98     4.08
  SINCE JUN 1     12.29              11.43   0.86    11.82
  SINCE JAN 1     28.31              28.77  -0.46    27.35

SNOWFALL (IN)
  YESTERDAY        0.0                                0.0
  MONTH TO DATE    0.0                                0.0
  SINCE JUN 1      0.0                                 T
  SINCE JUL 1      0.0                                 T
  SNOW DEPTH       0

DEGREE DAYS
 HEATING
  YESTERDAY        0                  1     -1        0
  MONTH TO DATE    0                  2     -2        1
  SINCE JUN 1     12                 46    -34       12
  SINCE JUL 1      0                  8     -8        1

 COOLING
  YESTERDAY       12                  5      7        1
  MONTH TO DATE  234                152     82      170
  SINCE JUN 1    691                467    224      628
  SINCE JAN 1    737                496    241      704
...........................................................


WIND (MPH)
  HIGHEST WIND SPEED     9   HIGHEST WIND DIRECTION     E (100)
  HIGHEST GUST SPEED    MM   HIGHEST GUST DIRECTION    MM
  AVERAGE WIND SPEED     3.7


SKY COVER
  AVERAGE SKY COVER 0.3


WEATHER CONDITIONS
 THE FOLLOWING WEATHER WAS RECORDED YESTERDAY.
  THUNDERSTORM
  LIGHT RAIN
  FOG
  FOG W/VISIBILITY <= 1/4 MILE


RELATIVE HUMIDITY (PERCENT)
 HIGHEST   100           100 AM
 LOWEST     55           400 PM
 AVERAGE    78

..........................................................


THE BLACKSBURG VA CLIMATE NORMALS FOR TODAY
                         NORMAL    RECORD    YEAR
 MAXIMUM TEMPERATURE (F)   81        93      1953
 MINIMUM TEMPERATURE (F)   57        38      1968


SUNRISE AND SUNSET
AUGUST 28 2016........SUNRISE   649 AM EDT   SUNSET   755 PM EDT
AUGUST 29 2016........SUNRISE   650 AM EDT   SUNSET   754 PM EDT


-  INDICATES NEGATIVE NUMBERS.
R  INDICATES RECORD WAS SET OR TIED.
MM INDICATES DATA IS MISSING.
T  INDICATES TRACE AMOUNT.




$$
