000
CDUS41 KRNK 010924
CLIRNK


CLIMATE REPORT
NATIONAL WEATHER SERVICE BLACKSBURG VA
521 AM EDT WED OCT 1 2014


...................................

...THE BLACKSBURG VA CLIMATE SUMMARY FOR SEPTEMBER 30 2014...

CLIMATE NORMAL PERIOD 1981 TO 2010
CLIMATE RECORD PERIOD 1952 TO 2014


WEATHER ITEM   OBSERVED TIME   RECORD YEAR NORMAL DEPARTURE LAST
                VALUE   (LST)  VALUE       VALUE  FROM      YEAR
                                                  NORMAL
..................................................................
TEMPERATURE (F)
 YESTERDAY
  MAXIMUM         78    300 PM  90    1953  70      8       68
  MINIMUM         52   1100 PM  29    1967  45      7       47
  AVERAGE         65                        58      7       58

PRECIPITATION (IN)
  YESTERDAY        0.00          3.42 1959   0.10  -0.10     0.00
  MONTH TO DATE    3.80                      3.10   0.70     1.13
  SINCE SEP 1      3.80                      3.10   0.70     1.13
  SINCE JAN 1     29.57                     32.29  -2.72    40.68

SNOWFALL (IN)
  YESTERDAY        0.0
  MONTH TO DATE    0.0
  SINCE SEP 1      0.0
  SINCE JUL 1      0.0
  SNOW DEPTH       0

DEGREE DAYS
 HEATING
  YESTERDAY        0                         8     -8        7
  MONTH TO DATE   66                       112    -46      110
  SINCE SEP 1     66                       113    -47      110
  SINCE JUL 1     77                       131    -54      133

 COOLING
  YESTERDAY        0                         1     -1        0
  MONTH TO DATE   77                        57     20       55
  SINCE SEP 1     77                        57     20       55
  SINCE JAN 1    607                       569     38      561
..................................................................


WIND (MPH)
  HIGHEST WIND SPEED    10   HIGHEST WIND DIRECTION    NW (330)
  HIGHEST GUST SPEED    MM   HIGHEST GUST DIRECTION    MM
  AVERAGE WIND SPEED     1.0


SKY COVER
  POSSIBLE SUNSHINE  MM
  AVERAGE SKY COVER 0.5


WEATHER CONDITIONS
 THE FOLLOWING WEATHER WAS RECORDED YESTERDAY.
  FOG
  FOG W/VISIBILITY <= 1/4 MILE


RELATIVE HUMIDITY (PERCENT)
 HIGHEST   100          1200 AM
 LOWEST     50           400 PM
 AVERAGE    75

..........................................................


THE BLACKSBURG VA CLIMATE NORMALS FOR TODAY
                         NORMAL    RECORD    YEAR
 MAXIMUM TEMPERATURE (F)   70        87      1953
 MINIMUM TEMPERATURE (F)   45        27      1993


SUNRISE AND SUNSET
OCTOBER  1 2014.......SUNRISE   717 AM EDT   SUNSET   705 PM EDT
OCTOBER  2 2014.......SUNRISE   718 AM EDT   SUNSET   703 PM EDT


-  INDICATES NEGATIVE NUMBERS.
R  INDICATES RECORD WAS SET OR TIED.
MM INDICATES DATA IS MISSING.
T  INDICATES TRACE AMOUNT.



$$
