000
CDUS41 KRNK 281153
CLIRNK

CLIMATE REPORT...CORRECTED
NATIONAL WEATHER SERVICE BLACKSBURG VA
653 AM EST SAT FEB 28 2015


...................................

...THE BLACKSBURG VA CLIMATE SUMMARY FOR FEBRUARY 27 2015...

CLIMATE NORMAL PERIOD 1981 TO 2010
CLIMATE RECORD PERIOD 1952 TO 2015


WEATHER ITEM   OBSERVED TIME   RECORD YEAR NORMAL DEPARTURE LAST
                VALUE   (LST)  VALUE       VALUE  FROM      YEAR
                                                  NORMAL
..................................................................
TEMPERATURE (F)
 YESTERDAY
  MAXIMUM         30    220 PM  75    1977  48    -18       39
  MINIMUM         13   1159 PM   2    1963  26    -13       17
  AVERAGE         22                        37    -15       28

PRECIPITATION (IN)
  YESTERDAY        T             1.17 1955   0.09  -0.09     0.00
  MONTH TO DATE    2.12                      2.71  -0.59     3.98
  SINCE DEC 1      6.07                      8.74  -2.67    10.89
  SINCE JAN 1      3.42                      5.79  -2.37     5.63

SNOWFALL (IN)
  YESTERDAY        T
  MONTH TO DATE   19.4
  SINCE DEC 1     21.0
  SINCE JUL 1     23.4
  SNOW DEPTH       7

DEGREE DAYS
 HEATING
  YESTERDAY       43                        28     15       37
  MONTH TO DATE 1031                       832    199      837
  SINCE DEC 1   2889                      2839     50     2906
  SINCE JUL 1   4082                      4019     63     4141

 COOLING
  YESTERDAY        0                         0      0        0
  MONTH TO DATE    0                         0      0        0
  SINCE DEC 1      0                         0      0        0
  SINCE JAN 1      0                         0      0        0
..................................................................


WIND (MPH)
  HIGHEST WIND SPEED    15   HIGHEST WIND DIRECTION    NW (310)
  HIGHEST GUST SPEED    18   HIGHEST GUST DIRECTION    NW (300)
  AVERAGE WIND SPEED     7.0


SKY COVER
  POSSIBLE SUNSHINE  MM
  AVERAGE SKY COVER 0.4


WEATHER CONDITIONS
 THE FOLLOWING WEATHER WAS RECORDED YESTERDAY.
  LIGHT SNOW


RELATIVE HUMIDITY (PERCENT)
 HIGHEST    78          1200 AM
 LOWEST     44           500 PM
 AVERAGE    61

..........................................................


THE BLACKSBURG VA CLIMATE NORMALS FOR TODAY
                         NORMAL    RECORD    YEAR
 MAXIMUM TEMPERATURE (F)   48        73      1996
 MINIMUM TEMPERATURE (F)   26         5      1963


SUNRISE AND SUNSET
FEBRUARY 28 2015......SUNRISE   654 AM EST   SUNSET   614 PM EST
MARCH  1 2015.........SUNRISE   653 AM EST   SUNSET   615 PM EST


-  INDICATES NEGATIVE NUMBERS.
R  INDICATES RECORD WAS SET OR TIED.
MM INDICATES DATA IS MISSING.
T  INDICATES TRACE AMOUNT.


$$

PW
