000
CDUS41 KRNK 302115
CLIRNK


CLIMATE REPORT
NATIONAL WEATHER SERVICE BLACKSBURG VA
514 PM EDT TUE JUN 30 2015


...................................

...THE BLACKSBURG VA CLIMATE SUMMARY FOR JUNE 30 2015...
VALID TODAY AS OF 0500 PM LOCAL TIME.

CLIMATE NORMAL PERIOD 1981 TO 2010
CLIMATE RECORD PERIOD 1952 TO 2015


WEATHER ITEM   OBSERVED RECORD YEAR NORMAL DEPARTURE LAST
                VALUE   VALUE       VALUE  FROM      YEAR
                                           NORMAL
...........................................................
TEMPERATURE (F)
 TODAY
  MAXIMUM         81     95    2012  82     -1       81
  MINIMUM         60     47    1974  60      0       60
  AVERAGE         71                 71      0       71

PRECIPITATION (IN)
  TODAY            0.04   1.05 1975   0.13  -0.09     0.23
  MONTH TO DATE    3.46               4.00  -0.54     3.07
  SINCE JUN 1      3.46               4.00  -0.54     3.07
  SINCE JAN 1     18.99              21.34  -2.35    17.90

SNOWFALL (IN)
  TODAY            0.0                                0.0
  MONTH TO DATE    0.0                                 T
  SINCE JUN 1      0.0                                 T
  SINCE JUL 1     27.8                               34.4
  SNOW DEPTH       0

DEGREE DAYS
 HEATING
  TODAY            0                  0      0        0
  MONTH TO DATE   11                 37    -26        3
  SINCE JUN 1     11                 38    -27        3
  SINCE JUL 1   5220               5446   -226     5447

 COOLING
  TODAY            6                  6      0        6
  MONTH TO DATE  212                119     93      166
  SINCE JUN 1    212                119     93      166
  SINCE JAN 1    288                148    140      224
...........................................................


WIND (MPH)
  HIGHEST WIND SPEED     9   HIGHEST WIND DIRECTION    SW (210)
  HIGHEST GUST SPEED    18   HIGHEST GUST DIRECTION    SW (240)
  AVERAGE WIND SPEED     3.8


SKY COVER
  AVERAGE SKY COVER 0.5


WEATHER CONDITIONS
 THE FOLLOWING WEATHER WAS RECORDED TODAY.
  LIGHT RAIN
  FOG


RELATIVE HUMIDITY (PERCENT)
 HIGHEST   100           400 AM
 LOWEST     54           300 PM
 AVERAGE    77

..........................................................


THE BLACKSBURG VA CLIMATE NORMALS FOR TOMORROW
                         NORMAL    RECORD    YEAR
 MAXIMUM TEMPERATURE (F)   82        92      1959
 MINIMUM TEMPERATURE (F)   60        48      1988


SUNRISE AND SUNSET
JUNE 30 2015..........SUNRISE   605 AM EDT   SUNSET   846 PM EDT
JULY  1 2015..........SUNRISE   605 AM EDT   SUNSET   846 PM EDT


-  INDICATES NEGATIVE NUMBERS.
R  INDICATES RECORD WAS SET OR TIED.
MM INDICATES DATA IS MISSING.
T  INDICATES TRACE AMOUNT.


$$

PW
