000
CDUS41 KRNK 040559
CLIRNK


CLIMATE REPORT
NATIONAL WEATHER SERVICE BLACKSBURG VA
157 AM EDT FRI SEP 4 2015


...................................

...THE BLACKSBURG VA CLIMATE SUMMARY FOR SEPTEMBER 3 2015...

CLIMATE NORMAL PERIOD 1981 TO 2010
CLIMATE RECORD PERIOD 1952 TO 2015


WEATHER ITEM   OBSERVED RECORD YEAR NORMAL DEPARTURE LAST
                VALUE   VALUE       VALUE  FROM      YEAR
                                           NORMAL
...........................................................
TEMPERATURE (F)
 YESTERDAY
  MAXIMUM         86     95    1953  80      6       80
  MINIMUM         61     41    1987  56      5       65
  AVERAGE         74                 68      6       73

PRECIPITATION (IN)
  YESTERDAY        0.46   1.10 1986   0.11   0.35     0.01
  MONTH TO DATE    0.46               0.32   0.14     0.75
  SINCE SEP 1      0.46               0.32   0.14     0.75
  SINCE JAN 1     27.82              29.51  -1.69    26.52

SNOWFALL (IN)
  YESTERDAY        0.0                                0.0
  MONTH TO DATE    0.0                                0.0
  SINCE SEP 1      0.0                                0.0
  SINCE JUL 1      T                                  0.0
  SNOW DEPTH       0

DEGREE DAYS
 HEATING
  YESTERDAY        0                  1     -1        0
  MONTH TO DATE    0                  3     -3        0
  SINCE SEP 1      0                  3     -3        0
  SINCE JUL 1      1                 21    -20       11

 COOLING
  YESTERDAY        9                  4      5        8
  MONTH TO DATE   26                 12     14       31
  SINCE SEP 1     26                 12     14       31
  SINCE JAN 1    753                524    229      561
...........................................................


WIND (MPH)
  HIGHEST WIND SPEED    13   HIGHEST WIND DIRECTION    NW (330)
  HIGHEST GUST SPEED    39   HIGHEST GUST DIRECTION    NW (310)
  AVERAGE WIND SPEED     2.3


SKY COVER
  AVERAGE SKY COVER 0.2


WEATHER CONDITIONS
 THE FOLLOWING WEATHER WAS RECORDED YESTERDAY.
  THUNDERSTORM
  HEAVY RAIN
  LIGHT RAIN
  FOG


RELATIVE HUMIDITY (PERCENT)
 HIGHEST   100           200 AM
 LOWEST     51           100 PM
 AVERAGE    76

..........................................................


THE BLACKSBURG VA CLIMATE NORMALS FOR TODAY
                         NORMAL    RECORD    YEAR
 MAXIMUM TEMPERATURE (F)   79        89      1954
 MINIMUM TEMPERATURE (F)   55        42      1997


SUNRISE AND SUNSET
SEPTEMBER  4 2015.....SUNRISE   654 AM EDT   SUNSET   746 PM EDT
SEPTEMBER  5 2015.....SUNRISE   655 AM EDT   SUNSET   745 PM EDT


-  INDICATES NEGATIVE NUMBERS.
R  INDICATES RECORD WAS SET OR TIED.
MM INDICATES DATA IS MISSING.
T  INDICATES TRACE AMOUNT.

$$
RCS
