800
CDUS41 KRNK 302106
CLIRNK


CLIMATE REPORT
NATIONAL WEATHER SERVICE BLACKSBURG VA
506 PM EDT SAT JUL 30 2016


...................................

...THE BLACKSBURG VA CLIMATE SUMMARY FOR JULY 30 2016...
VALID TODAY AS OF 0500 PM LOCAL TIME.

CLIMATE NORMAL PERIOD 1981 TO 2010
CLIMATE RECORD PERIOD 1952 TO 2016


WEATHER ITEM   OBSERVED RECORD YEAR NORMAL DEPARTURE LAST
                VALUE   VALUE       VALUE  FROM      YEAR
                                           NORMAL
...........................................................
TEMPERATURE (F)
 TODAY
  MAXIMUM         84     94    1953  82      2       88
  MINIMUM         67     49    2014  60      7       62
  AVERAGE         76                 71      5       75

PRECIPITATION (IN)
  TODAY            0.10   3.00 1966   0.13  -0.03      T
  MONTH TO DATE    4.86               4.12   0.74     4.26
  SINCE JUN 1      8.14               8.12   0.02     7.74
  SINCE JAN 1     24.16              25.46  -1.30    23.27

SNOWFALL (IN)
  TODAY            0.0                                0.0
  MONTH TO DATE    0.0                                 T
  SINCE JUN 1      0.0                                 T
  SINCE JUL 1      0.0                                 T
  SNOW DEPTH       0

DEGREE DAYS
 HEATING
  TODAY            0                  0      0        0
  MONTH TO DATE    0                  0      0        0
  SINCE JUN 1     12                 38    -26       11
  SINCE JUL 1      0                  0      0        0

 COOLING
  TODAY           11                  6      5       10
  MONTH TO DATE  288                186    102      241
  SINCE JUN 1    446                305    141      453
  SINCE JAN 1    492                334    158      529
...........................................................


WIND (MPH)
  HIGHEST WIND SPEED    12   HIGHEST WIND DIRECTION    NW (320)
  HIGHEST GUST SPEED    16   HIGHEST GUST DIRECTION     W (280)
  AVERAGE WIND SPEED     1.7


SKY COVER
  AVERAGE SKY COVER 0.8


WEATHER CONDITIONS
 THE FOLLOWING WEATHER WAS RECORDED TODAY.
  RAIN
  FOG
  FOG W/VISIBILITY <= 1/4 MILE


RELATIVE HUMIDITY (PERCENT)
 HIGHEST   100          1200 AM
 LOWEST     67           100 PM
 AVERAGE    84

..........................................................


THE BLACKSBURG VA CLIMATE NORMALS FOR TOMORROW
                         NORMAL    RECORD    YEAR
 MAXIMUM TEMPERATURE (F)   82        95      1953
 MINIMUM TEMPERATURE (F)   60        44      1997


SUNRISE AND SUNSET
JULY 30 2016..........SUNRISE   625 AM EDT   SUNSET   830 PM EDT
JULY 31 2016..........SUNRISE   626 AM EDT   SUNSET   830 PM EDT


-  INDICATES NEGATIVE NUMBERS.
R  INDICATES RECORD WAS SET OR TIED.
MM INDICATES DATA IS MISSING.
T  INDICATES TRACE AMOUNT.




$$
