000
CDUS41 KRNK 162205
CLIRNK


CLIMATE REPORT
NATIONAL WEATHER SERVICE BLACKSBURG VA
504 PM EST TUE JAN 16 2018


...................................

...THE BLACKSBURG VA CLIMATE SUMMARY FOR JANUARY 16 2018...
VALID TODAY AS OF 0500 PM LOCAL TIME.

CLIMATE NORMAL PERIOD 1981 TO 2010
CLIMATE RECORD PERIOD 1952 TO 2018


WEATHER ITEM   OBSERVED RECORD YEAR NORMAL DEPARTURE LAST
                VALUE   VALUE       VALUE  FROM      YEAR
                                           NORMAL
...........................................................
TEMPERATURE (F)
 TODAY
  MAXIMUM         43     62    1953  41      2       43
  MINIMUM         14    -10    1972  21     -7       37
  AVERAGE         29                 31     -2       40

PRECIPITATION (IN)
  TODAY            0.00   1.05 1998   0.10  -0.10     0.04
  MONTH TO DATE    0.58               1.60  -1.02     1.79
  SINCE DEC 1      1.22               4.55  -3.33     4.88
  SINCE JAN 1      0.58               1.60  -1.02     1.79

SNOWFALL (IN)
  TODAY            0.0                                0.0
  MONTH TO DATE    T                                  4.7
  SINCE DEC 1      3.8                                5.4
  SINCE JUL 1      3.8                                5.4
  SNOW DEPTH       0

DEGREE DAYS
 HEATING
  TODAY           36                 34      2       25
  MONTH TO DATE  649                544    105      474
  SINCE DEC 1   1604               1511     93     1354
  SINCE JUL 1   2594               2691    -97     2127

 COOLING
  TODAY            0                  0      0        0
  MONTH TO DATE    0                  0      0        0
  SINCE DEC 1      0                  0      0        0
  SINCE JAN 1      0                  0      0        0
...........................................................


WIND (MPH)
  HIGHEST WIND SPEED     7   HIGHEST WIND DIRECTION    SE (130)
  HIGHEST GUST SPEED    MM   HIGHEST GUST DIRECTION    MM
  AVERAGE WIND SPEED     0.9


SKY COVER
  AVERAGE SKY COVER 0.2


WEATHER CONDITIONS
 THE FOLLOWING WEATHER WAS RECORDED TODAY.
  NO SIGNIFICANT WEATHER WAS OBSERVED.


RELATIVE HUMIDITY (PERCENT)
 HIGHEST    84           600 AM
 LOWEST     45           300 PM
 AVERAGE    65

..........................................................


THE BLACKSBURG VA CLIMATE NORMALS FOR TOMORROW
                         NORMAL    RECORD    YEAR
 MAXIMUM TEMPERATURE (F)   41        65      1974
 MINIMUM TEMPERATURE (F)   21       -12      1977


SUNRISE AND SUNSET
JANUARY 16 2018.......SUNRISE   734 AM EST   SUNSET   529 PM EST
JANUARY 17 2018.......SUNRISE   734 AM EST   SUNSET   530 PM EST


-  INDICATES NEGATIVE NUMBERS.
R  INDICATES RECORD WAS SET OR TIED.
MM INDICATES DATA IS MISSING.
T  INDICATES TRACE AMOUNT.

REMARKS:
DUE TO MISSING TEMPERATURES FROM SEPTEMBER 8-10...THE
HEATING DEGREE DAY AND DEPARTURE FROM NORMAL WILL BE CALCULATED
WITHOUT DATA FROM THESE DATES.


$$
