000
CDUS41 KRNK 270653
CLIRNK


CLIMATE REPORT
NATIONAL WEATHER SERVICE BLACKSBURG VA
252 AM EDT MON MAR 27 2017


...................................

...THE BLACKSBURG VA CLIMATE SUMMARY FOR MARCH 26 2017...

CLIMATE NORMAL PERIOD 1981 TO 2010
CLIMATE RECORD PERIOD 1952 TO 2017


WEATHER ITEM   OBSERVED RECORD YEAR NORMAL DEPARTURE LAST
                VALUE   VALUE       VALUE  FROM      YEAR
                                           NORMAL
...........................................................
TEMPERATURE (F)
 YESTERDAY
  MAXIMUM         60     79    1954  57      3       59
  MINIMUM         44     18    1983  32     12       34
  AVERAGE         52                 44      8       47

PRECIPITATION (IN)
  YESTERDAY        0.08   1.30 1978   0.13  -0.05     0.00
  MONTH TO DATE    1.92               2.99  -1.07     2.38
  SINCE MAR 1      1.92               2.99  -1.07     2.38
  SINCE JAN 1      7.70               8.88  -1.18     9.52

SNOWFALL (IN)
  YESTERDAY        0.0                                0.0
  MONTH TO DATE    1.0                                1.0
  SINCE MAR 1      1.0                                1.0
  SINCE JUL 1      7.6                               25.0
  SNOW DEPTH       0

DEGREE DAYS
 HEATING
  YESTERDAY       13                 20     -7       18
  MONTH TO DATE  631                629      2      413
  SINCE MAR 1    631                629      2      413
  SINCE JUL 1   3723               4677   -954     3848

 COOLING
  YESTERDAY        0                  0      0        0
  MONTH TO DATE    0                  0      0        0
  SINCE MAR 1      0                  0      0        0
  SINCE JAN 1      0                  0      0        0
...........................................................


WIND (MPH)
  HIGHEST WIND SPEED    17   HIGHEST WIND DIRECTION    SE (150)
  HIGHEST GUST SPEED    25   HIGHEST GUST DIRECTION    SE (150)
  AVERAGE WIND SPEED     4.3


SKY COVER
  AVERAGE SKY COVER 0.8


WEATHER CONDITIONS
 THE FOLLOWING WEATHER WAS RECORDED YESTERDAY.
  RAIN
  LIGHT RAIN


RELATIVE HUMIDITY (PERCENT)
 HIGHEST    93          1100 PM
 LOWEST     72           300 AM
 AVERAGE    83

..........................................................


THE BLACKSBURG VA CLIMATE NORMALS FOR TODAY
                         NORMAL    RECORD    YEAR
 MAXIMUM TEMPERATURE (F)   57        79      2007
 MINIMUM TEMPERATURE (F)   33        12      1955


SUNRISE AND SUNSET
MARCH 27 2017.........SUNRISE   714 AM EDT   SUNSET   740 PM EDT
MARCH 28 2017.........SUNRISE   713 AM EDT   SUNSET   741 PM EDT


-  INDICATES NEGATIVE NUMBERS.
R  INDICATES RECORD WAS SET OR TIED.
MM INDICATES DATA IS MISSING.
T  INDICATES TRACE AMOUNT.




$$
