000
CDUS41 KRNK 240612
CLIRNK


CLIMATE REPORT
NATIONAL WEATHER SERVICE BLACKSBURG VA
209 AM EDT MON JUL 24 2017


...................................

...THE BLACKSBURG VA CLIMATE SUMMARY FOR JULY 23 2017...

CLIMATE NORMAL PERIOD 1981 TO 2010
CLIMATE RECORD PERIOD 1952 TO 2017


WEATHER ITEM   OBSERVED RECORD YEAR NORMAL DEPARTURE LAST
                VALUE   VALUE       VALUE  FROM      YEAR
                                           NORMAL
...........................................................
TEMPERATURE (F)
 YESTERDAY
  MAXIMUM         88     93    1991  82      6       92
  MINIMUM         67     50    2007  60      7       64
                               2001
  AVERAGE         78                 71      7       78

PRECIPITATION (IN)
  YESTERDAY        0.54   2.32 1992   0.14   0.40     0.00
  MONTH TO DATE    2.20               3.17  -0.97     3.90
  SINCE JUN 1      5.11               7.17  -2.06     7.18
  SINCE JAN 1     26.35              24.51   1.84    23.20

SNOWFALL (IN)
  YESTERDAY        0.0                                0.0
  MONTH TO DATE    0.0                                0.0
  SINCE JUN 1      0.0                                0.0
  SINCE JUL 1      0.0                                0.0
  SNOW DEPTH       0

DEGREE DAYS
 HEATING
  YESTERDAY        0                  0      0        0
  MONTH TO DATE    0                  0      0        0
  SINCE JUN 1     34                 38     -4       12
  SINCE JUL 1      0                  0      0        0

 COOLING
  YESTERDAY       13                  6      7       13
  MONTH TO DATE  198                144     54      200
  SINCE JUN 1    294                263     31      358
  SINCE JAN 1    348                292     56      404
...........................................................


WIND (MPH)
  HIGHEST WIND SPEED    12   HIGHEST WIND DIRECTION    NW (300)
  HIGHEST GUST SPEED    25   HIGHEST GUST DIRECTION     W (290)
  AVERAGE WIND SPEED     3.6


SKY COVER
  AVERAGE SKY COVER 0.4


WEATHER CONDITIONS
 THE FOLLOWING WEATHER WAS RECORDED YESTERDAY.
  THUNDERSTORM
  HEAVY RAIN
  RAIN
  LIGHT RAIN


RELATIVE HUMIDITY (PERCENT)
 HIGHEST    82           500 AM
 LOWEST     41           200 PM
 AVERAGE    62

..........................................................


THE BLACKSBURG VA CLIMATE NORMALS FOR TODAY
                         NORMAL    RECORD    YEAR
 MAXIMUM TEMPERATURE (F)   82        93      2016
 MINIMUM TEMPERATURE (F)   60        51      1971


SUNRISE AND SUNSET
JULY 24 2017..........SUNRISE   620 AM EDT   SUNSET   836 PM EDT
JULY 25 2017..........SUNRISE   621 AM EDT   SUNSET   835 PM EDT


-  INDICATES NEGATIVE NUMBERS.
R  INDICATES RECORD WAS SET OR TIED.
MM INDICATES DATA IS MISSING.
T  INDICATES TRACE AMOUNT.




$$
