000
CDUS41 KRNK 260746
CLIRNK


CLIMATE REPORT
NATIONAL WEATHER SERVICE BLACKSBURG VA
243 AM EST MON JAN 26 2015


...................................

...THE BLACKSBURG VA CLIMATE SUMMARY FOR JANUARY 25 2015...

CLIMATE NORMAL PERIOD 1981 TO 2010
CLIMATE RECORD PERIOD 1952 TO 2015


WEATHER ITEM   OBSERVED TIME   RECORD YEAR NORMAL DEPARTURE LAST
                VALUE   (LST)  VALUE       VALUE  FROM      YEAR
                                                  NORMAL
..................................................................
TEMPERATURE (F)
 YESTERDAY
  MAXIMUM         51        MM  67    1972  42      9       27
  MINIMUM         30        MM  -9    1963  22      8        5
  AVERAGE         41                        32      9       16

PRECIPITATION (IN)
  YESTERDAY        0.00          1.25 1975   0.09  -0.09     0.05
  MONTH TO DATE    1.26                      2.50  -1.24     1.56
  SINCE DEC 1      3.91                      5.45  -1.54     6.82
  SINCE JAN 1      1.26                      2.50  -1.24     1.56

SNOWFALL (IN)
  YESTERDAY        0.0           7.0  2004   0.3   -0.3      0.8
  MONTH TO DATE    0.6                       6.3   -5.7      3.4
  SINCE DEC 1      1.1                      11.2  -10.1      3.4
  SINCE JUL 1      3.5                      11.7   -8.2      3.5
  SNOW DEPTH       0

DEGREE DAYS
 HEATING
  YESTERDAY       24                        33     -9       49
  MONTH TO DATE  817                       846    -29      946
  SINCE DEC 1   1644                      1813   -169     1806
  SINCE JUL 1   2837                      2993   -156     3041

 COOLING
  YESTERDAY        0                         0      0        0
  MONTH TO DATE    0                         0      0        0
  SINCE DEC 1      0                         0      0        0
  SINCE JAN 1      0                         0      0        0
..................................................................


WIND (MPH)
  RESULTANT WIND SPEED   3   RESULTANT WIND DIRECTION   W (260)
  HIGHEST WIND SPEED    20   HIGHEST WIND DIRECTION    NW (300)
  HIGHEST GUST SPEED    31   HIGHEST GUST DIRECTION    NW (300)
  AVERAGE WIND SPEED     5.9


SKY COVER
  POSSIBLE SUNSHINE  MM
  AVERAGE SKY COVER 0.4


WEATHER CONDITIONS
 THE FOLLOWING WEATHER WAS RECORDED YESTERDAY.
  NO SIGNIFICANT WEATHER WAS OBSERVED.


RELATIVE HUMIDITY (PERCENT)
 HIGHEST    85           700 AM
 LOWEST     46           400 PM
 AVERAGE    66

..........................................................


THE BLACKSBURG VA CLIMATE NORMALS FOR TODAY
                         NORMAL    RECORD    YEAR
 MAXIMUM TEMPERATURE (F)   42        68      1967
 MINIMUM TEMPERATURE (F)   22         4      1963


SUNRISE AND SUNSET
JANUARY 26 2015.......SUNRISE   729 AM EST   SUNSET   540 PM EST
JANUARY 27 2015.......SUNRISE   729 AM EST   SUNSET   541 PM EST


-  INDICATES NEGATIVE NUMBERS.
R  INDICATES RECORD WAS SET OR TIED.
MM INDICATES DATA IS MISSING.
T  INDICATES TRACE AMOUNT.

$$
