000
CDUS41 KRNK 200910
CLIRNK


CLIMATE REPORT
NATIONAL WEATHER SERVICE BLACKSBURG VA
507 AM EDT SAT SEP 20 2014


...................................

...THE BLACKSBURG VA CLIMATE SUMMARY FOR SEPTEMBER 19 2014...

CLIMATE NORMAL PERIOD 1981 TO 2010
CLIMATE RECORD PERIOD 1952 TO 2014


WEATHER ITEM   OBSERVED TIME   RECORD YEAR NORMAL DEPARTURE LAST
                VALUE   (LST)  VALUE       VALUE  FROM      YEAR
                                                  NORMAL
..................................................................
TEMPERATURE (F)
 YESTERDAY
  MAXIMUM         64   1200 PM  92    1978  74    -10       71
  MINIMUM         56   1100 PM  35    1973  50      6       56
  AVERAGE         60                        62     -2       64

PRECIPITATION (IN)
  YESTERDAY        0.12          0.68 2000   0.10   0.02      T
  MONTH TO DATE    3.55                      1.99   1.56     0.03
  SINCE SEP 1      3.55                      1.99   1.56     0.03
  SINCE JAN 1     29.32                     31.18  -1.86    39.58

SNOWFALL (IN)
  YESTERDAY        0.0
  MONTH TO DATE    0.0
  SINCE SEP 1      0.0
  SINCE JUL 1      0.0
  SNOW DEPTH       0

DEGREE DAYS
 HEATING
  YESTERDAY        5                         4      1        1
  MONTH TO DATE   23                        42    -19       46
  SINCE SEP 1     23                        42    -19       46
  SINCE JUL 1     34                        60    -26       69

 COOLING
  YESTERDAY        0                         1     -1        0
  MONTH TO DATE   75                        48     27       52
  SINCE SEP 1     75                        48     27       52
  SINCE JAN 1    605                       560     45      558
..................................................................


WIND (MPH)
  HIGHEST WIND SPEED    10   HIGHEST WIND DIRECTION     E (110)
  HIGHEST GUST SPEED    MM   HIGHEST GUST DIRECTION    MM
  AVERAGE WIND SPEED     4.4


SKY COVER
  POSSIBLE SUNSHINE  MM
  AVERAGE SKY COVER 1.0


WEATHER CONDITIONS
 THE FOLLOWING WEATHER WAS RECORDED YESTERDAY.
  LIGHT RAIN
  FOG


RELATIVE HUMIDITY (PERCENT)
 HIGHEST   100          1200 AM
 LOWEST     93           900 AM
 AVERAGE    97

..........................................................


THE BLACKSBURG VA CLIMATE NORMALS FOR TODAY
                         NORMAL    RECORD    YEAR
 MAXIMUM TEMPERATURE (F)   74        88      1978
 MINIMUM TEMPERATURE (F)   49        39      2004
                                             1984


SUNRISE AND SUNSET
SEPTEMBER 20 2014.....SUNRISE   708 AM EDT   SUNSET   722 PM EDT
SEPTEMBER 21 2014.....SUNRISE   709 AM EDT   SUNSET   720 PM EDT


-  INDICATES NEGATIVE NUMBERS.
R  INDICATES RECORD WAS SET OR TIED.
MM INDICATES DATA IS MISSING.
T  INDICATES TRACE AMOUNT.




$$
