000
CDUS41 KRNK 270617
CLIRNK


CLIMATE REPORT
NATIONAL WEATHER SERVICE BLACKSBURG VA
217 AM EDT TUE SEP 27 2016


...................................

...THE BLACKSBURG VA CLIMATE SUMMARY FOR SEPTEMBER 26 2016...

CLIMATE NORMAL PERIOD 1981 TO 2010
CLIMATE RECORD PERIOD 1952 TO 2016


WEATHER ITEM   OBSERVED RECORD YEAR NORMAL DEPARTURE LAST
                VALUE   VALUE       VALUE  FROM      YEAR
                                           NORMAL
...........................................................
TEMPERATURE (F)
 YESTERDAY
  MAXIMUM         77     89    2007  71      6       62
  MINIMUM         63     34    1967  47     16       56
  AVERAGE         70                 59     11       59

PRECIPITATION (IN)
  YESTERDAY        1.25   1.74 2009   0.10   1.15     0.59
  MONTH TO DATE    2.23               2.69  -0.46     3.14
  SINCE SEP 1      2.23               2.69  -0.46     3.14
  SINCE JAN 1     30.90              31.88  -0.98    30.50

SNOWFALL (IN)
  YESTERDAY        0.0                                0.0
  MONTH TO DATE    0.0                                0.0
  SINCE SEP 1      0.0                                0.0
  SINCE JUL 1      0.0                                 T
  SNOW DEPTH       0

DEGREE DAYS
 HEATING
  YESTERDAY        0                  7     -7        6
  MONTH TO DATE    0                 82    -82       54
  SINCE SEP 1      0                 82    -82       54
  SINCE JUL 1      0                100   -100       55

 COOLING
  YESTERDAY        5                  1      4        0
  MONTH TO DATE  132                 55     77       81
  SINCE SEP 1    132                 55     77       81
  SINCE JAN 1    909                567    342      808
...........................................................


WIND (MPH)
  HIGHEST WIND SPEED    10   HIGHEST WIND DIRECTION     E (110)
  HIGHEST GUST SPEED    26   HIGHEST GUST DIRECTION    NW (310)
  AVERAGE WIND SPEED     4.5


SKY COVER
  AVERAGE SKY COVER 1.0


WEATHER CONDITIONS
 THE FOLLOWING WEATHER WAS RECORDED YESTERDAY.
  THUNDERSTORM
  HEAVY RAIN
  RAIN
  LIGHT RAIN
  FOG
  FOG W/VISIBILITY <= 1/4 MILE


RELATIVE HUMIDITY (PERCENT)
 HIGHEST   100           100 AM
 LOWEST     79          1200 PM
 AVERAGE    90

..........................................................


THE BLACKSBURG VA CLIMATE NORMALS FOR TODAY
                         NORMAL    RECORD    YEAR
 MAXIMUM TEMPERATURE (F)   71        85      1998
 MINIMUM TEMPERATURE (F)   46        37      2001


SUNRISE AND SUNSET
SEPTEMBER 27 2016.....SUNRISE   714 AM EDT   SUNSET   710 PM EDT
SEPTEMBER 28 2016.....SUNRISE   715 AM EDT   SUNSET   709 PM EDT


-  INDICATES NEGATIVE NUMBERS.
R  INDICATES RECORD WAS SET OR TIED.
MM INDICATES DATA IS MISSING.
T  INDICATES TRACE AMOUNT.




$$
