000
CDUS46 KSGX 160016
CLIRNM


CLIMATE REPORT
NATIONAL WEATHER SERVICE SAN DIEGO, CA
516 PM PDT TUE APR 15 2014


...................................

...THE RAMONA AIRPORT CA CLIMATE SUMMARY FOR APRIL 15 2014...
VALID TODAY AS OF 0500 PM LOCAL TIME.

CLIMATE NORMAL PERIOD 1981 TO 2010
CLIMATE RECORD PERIOD 1974 TO 2014


WEATHER ITEM   OBSERVED TIME   RECORD YEAR NORMAL DEPARTURE LAST
                VALUE   (LST)  VALUE       VALUE  FROM      YEAR
                                                  NORMAL
..................................................................
TEMPERATURE (F)
 TODAY
  MAXIMUM         80    104 PM  88    1987  70     10       58
  MINIMUM         42    515 AM  31    2012  42      0       47
  AVERAGE         61                        56      5       53

PRECIPITATION (IN)
  TODAY            0.00          0.70 1988   0.05  -0.05     0.04
  MONTH TO DATE    0.46                      0.66  -0.20     0.06
  SINCE JUL 1      7.32                     14.88  -7.56     7.67
  SINCE JAN 1      4.56                     10.17  -5.61     4.03

SNOWFALL (IN)
  TODAY            0.0
  MONTH TO DATE    0.0
  SINCE JAN 1      0.0
  SINCE JUL 1      0.0
  SNOW DEPTH       0

DEGREE DAYS
 HEATING
  TODAY            4                         9     -5       12
  MONTH TO DATE  116                       156    -40      118
  SINCE MAR 1    362                       531   -169      409
  SINCE JUL 1   1783                      2272   -489     2182

 COOLING
  TODAY            0                         0      0        0
  MONTH TO DATE    3                         0      3        0
  SINCE MAR 1      3                         0      3        0
  SINCE JAN 1      3                         1      2        0
..................................................................


WIND (MPH)
  RESULTANT WIND SPEED   5   RESULTANT WIND DIRECTION   W (290)
  HIGHEST WIND SPEED    16   HIGHEST WIND DIRECTION     W (260)
  HIGHEST GUST SPEED    23   HIGHEST GUST DIRECTION     W (270)
  AVERAGE WIND SPEED     5.7


SKY COVER
  POSSIBLE SUNSHINE  MM
  AVERAGE SKY COVER 0.0


WEATHER CONDITIONS
 THE FOLLOWING WEATHER WAS RECORDED TODAY.
  NO SIGNIFICANT WEATHER WAS OBSERVED.


RELATIVE HUMIDITY (PERCENT)
 HIGHEST    80           100 AM
 LOWEST     18           900 AM
 AVERAGE    49

..........................................................


THE RAMONA AIRPORT CA CLIMATE NORMALS FOR TOMORROW
                         NORMAL    RECORD    YEAR
 MAXIMUM TEMPERATURE (F)   70        88      2011
                                             1999
 MINIMUM TEMPERATURE (F)   42        33      2009
                                             1998


SUNRISE AND SUNSET
APRIL 15 2014.........SUNRISE   618 AM PDT   SUNSET   718 PM PDT
APRIL 16 2014.........SUNRISE   617 AM PDT   SUNSET   719 PM PDT


-  INDICATES NEGATIVE NUMBERS.
R  INDICATES RECORD WAS SET OR TIED.
MM INDICATES DATA IS MISSING.
T  INDICATES TRACE AMOUNT.




$$
