000
CDUS46 KSGX 031436
CLIRNM


CLIMATE REPORT
NATIONAL WEATHER SERVICE SAN DIEGO, CA
736 AM PDT WED JUN 3 2015


...................................

...THE RAMONA AIRPORT CA CLIMATE SUMMARY FOR JUNE 2 2015...

CLIMATE NORMAL PERIOD 1981 TO 2010
CLIMATE RECORD PERIOD 1974 TO 2015


WEATHER ITEM   OBSERVED TIME   RECORD YEAR NORMAL DEPARTURE LAST
                VALUE   (LST)  VALUE       VALUE  FROM      YEAR
                                                  NORMAL
..................................................................
TEMPERATURE (F)
 YESTERDAY
  MAXIMUM         81    155 PM  95    1996  79      2       84
  MINIMUM         45    435 AM  36    2011  50     -5       42
  AVERAGE         63                        64     -1       63

PRECIPITATION (IN)
  YESTERDAY        0.00          0.00 2001   0.01  -0.01     0.00
  MONTH TO DATE    0.00                      0.02  -0.02     0.00
  SINCE OCT 1      9.41                     15.37  -5.96     7.76
  SINCE JAN 1      4.81                     11.23  -6.42     5.09

SNOWFALL (IN)
  YESTERDAY        0.0
  MONTH TO DATE    0.0
  SINCE JUN 1      0.0
  SINCE JUL 1      0.0
  SNOW DEPTH       0

DEGREE DAYS
 HEATING
  YESTERDAY        2                         2      0        2
  MONTH TO DATE    2                         4     -2        2
  SINCE JUN 1      2                         4     -2        2
  SINCE JUL 1   1723                      2528   -805     1932

 COOLING
  YESTERDAY        0                         1     -1        0
  MONTH TO DATE    2                         2      0        2
  SINCE JUN 1      2                         2      0        2
  SINCE JAN 1     37                        29      8       85
..................................................................


WIND (MPH)
  RESULTANT WIND SPEED   5   RESULTANT WIND DIRECTION   W (280)
  HIGHEST WIND SPEED    16   HIGHEST WIND DIRECTION     W (260)
  HIGHEST GUST SPEED    22   HIGHEST GUST DIRECTION     W (270)
  AVERAGE WIND SPEED     5.2


SKY COVER
  POSSIBLE SUNSHINE  MM
  AVERAGE SKY COVER 0.0


WEATHER CONDITIONS
 THE FOLLOWING WEATHER WAS RECORDED YESTERDAY.
  FOG
  FOG W/VISIBILITY <= 1/4 MILE


RELATIVE HUMIDITY (PERCENT)
 HIGHEST    93           100 AM
 LOWEST     28           200 PM
 AVERAGE    61

..........................................................


THE RAMONA AIRPORT CA CLIMATE NORMALS FOR TODAY
                         NORMAL    RECORD    YEAR
 MAXIMUM TEMPERATURE (F)   79        99      2006
 MINIMUM TEMPERATURE (F)   50        39      2011


SUNRISE AND SUNSET
JUNE  3 2015..........SUNRISE   539 AM PDT   SUNSET   752 PM PDT
JUNE  4 2015..........SUNRISE   539 AM PDT   SUNSET   753 PM PDT


-  INDICATES NEGATIVE NUMBERS.
R  INDICATES RECORD WAS SET OR TIED.
MM INDICATES DATA IS MISSING.
T  INDICATES TRACE AMOUNT.




$$
