000
CDUS46 KSGX 031435
CLIRNM


CLIMATE REPORT
NATIONAL WEATHER SERVICE SAN DIEGO, CA
735 AM PDT THU SEP 3 2015


...................................

...THE RAMONA AIRPORT CA CLIMATE SUMMARY FOR SEPTEMBER 2 2015...

CLIMATE NORMAL PERIOD 1981 TO 2010
CLIMATE RECORD PERIOD 1974 TO 2015


WEATHER ITEM   OBSERVED TIME   RECORD YEAR NORMAL DEPARTURE LAST
                VALUE   (LST)  VALUE       VALUE  FROM      YEAR
                                                  NORMAL
..................................................................
TEMPERATURE (F)
 YESTERDAY
  MAXIMUM         85   1154 AM 109    1982  90     -5       91
  MINIMUM         57   1159 PM  45    2005  57      0       57
  AVERAGE         71                        73     -2       74

PRECIPITATION (IN)
  YESTERDAY        0.00          0.04 2003   0.01  -0.01     0.00
                                      2003
                                      2009
  MONTH TO DATE    0.00                      0.02  -0.02     0.00
  SINCE OCT 1     12.02                     15.77  -3.75     8.17
  SINCE JAN 1      7.42                     11.63  -4.21     5.50

DEGREE DAYS
 HEATING
  YESTERDAY        0                         0      0        0
  MONTH TO DATE    0                         0      0        0
  SINCE SEP 1      0                         0      0        0
  SINCE JUL 1      0                         3     -3        0

 COOLING
  YESTERDAY        6                         8     -2        9
  MONTH TO DATE   14                        17     -3       16
  SINCE SEP 1     14                        17     -3       16
  SINCE JAN 1    794                       630    164      755
..................................................................


WIND (MPH)
  RESULTANT WIND SPEED   4   RESULTANT WIND DIRECTION   W (280)
  HIGHEST WIND SPEED    15   HIGHEST WIND DIRECTION     W (270)
  HIGHEST GUST SPEED    19   HIGHEST GUST DIRECTION     W (270)
  AVERAGE WIND SPEED     5.7


SKY COVER
  POSSIBLE SUNSHINE  MM
  AVERAGE SKY COVER 0.3


WEATHER CONDITIONS
 THE FOLLOWING WEATHER WAS RECORDED YESTERDAY.
  NO SIGNIFICANT WEATHER WAS OBSERVED.


RELATIVE HUMIDITY (PERCENT)
 HIGHEST    90           100 AM
 LOWEST     37          1200 PM
 AVERAGE    64

..........................................................


THE RAMONA AIRPORT CA CLIMATE NORMALS FOR TODAY
                         NORMAL    RECORD    YEAR
 MAXIMUM TEMPERATURE (F)   90       108      2007
 MINIMUM TEMPERATURE (F)   56        47      1999


SUNRISE AND SUNSET
SEPTEMBER  3 2015.....SUNRISE   623 AM PDT   SUNSET   710 PM PDT
SEPTEMBER  4 2015.....SUNRISE   624 AM PDT   SUNSET   709 PM PDT


-  INDICATES NEGATIVE NUMBERS.
R  INDICATES RECORD WAS SET OR TIED.
MM INDICATES DATA IS MISSING.
T  INDICATES TRACE AMOUNT.




$$
