000
CDUS46 KSGX 010019
CLIRNM


CLIMATE REPORT
NATIONAL WEATHER SERVICE SAN DIEGO, CA
519 PM PDT TUE MAY 31 2016


...................................

...THE RAMONA AIRPORT CA CLIMATE SUMMARY FOR MAY 31 2016...
VALID TODAY AS OF 0500 PM LOCAL TIME.

CLIMATE NORMAL PERIOD 1981 TO 2010
CLIMATE RECORD PERIOD 1974 TO 2016


WEATHER ITEM   OBSERVED TIME   RECORD YEAR NORMAL DEPARTURE LAST
                VALUE   (LST)  VALUE       VALUE  FROM      YEAR
                                                  NORMAL
..................................................................
TEMPERATURE (F)
 TODAY
  MAXIMUM         75    216 PM  93    1984  78     -3       80
  MINIMUM         55    606 AM  40    2011  49      6       52
  AVERAGE         65                        64      1       66

PRECIPITATION (IN)
  TODAY            0.00          0.00 2001   0.00   0.00     0.00
  MONTH TO DATE    0.25                      0.30  -0.05     1.48
  SINCE OCT 1     13.19                     15.35  -2.16     9.41
  SINCE JAN 1      9.66                     11.21  -1.55     4.81

DEGREE DAYS
 HEATING
  TODAY            0                         2     -2        0
  MONTH TO DATE  140                       133      7      149
  SINCE MAR 1    650                       783   -133      537
  SINCE JUL 1   2153                      2524   -371     1721

 COOLING
  TODAY            0                         1     -1        1
  MONTH TO DATE    6                        22    -16       14
  SINCE MAR 1      7                        26    -19       33
  SINCE JAN 1     12                        27    -15       35
..................................................................


WIND (MPH)
  RESULTANT WIND SPEED   1   RESULTANT WIND DIRECTION  NW (320)
  HIGHEST WIND SPEED    14   HIGHEST WIND DIRECTION     W (270)
  HIGHEST GUST SPEED    17   HIGHEST GUST DIRECTION     W (270)
  AVERAGE WIND SPEED     3.3


SKY COVER
  POSSIBLE SUNSHINE  MM
  AVERAGE SKY COVER 0.7


WEATHER CONDITIONS
 THE FOLLOWING WEATHER WAS RECORDED TODAY.
  FOG


RELATIVE HUMIDITY (PERCENT)
 HIGHEST    93          1200 AM
 LOWEST     57           100 PM
 AVERAGE    75

..........................................................


THE RAMONA AIRPORT CA CLIMATE NORMALS FOR TOMORROW
                         NORMAL    RECORD    YEAR
 MAXIMUM TEMPERATURE (F)   79        91      1987
 MINIMUM TEMPERATURE (F)   50        37      2011


SUNRISE AND SUNSET
MAY 31 2016...........SUNRISE   540 AM PDT   SUNSET   751 PM PDT
JUNE  1 2016..........SUNRISE   540 AM PDT   SUNSET   752 PM PDT


-  INDICATES NEGATIVE NUMBERS.
R  INDICATES RECORD WAS SET OR TIED.
MM INDICATES DATA IS MISSING.
T  INDICATES TRACE AMOUNT.




$$
