000
CDUS45 KREV 200904 CCA
CLIRNO

CLIMATE REPORT
NATIONAL WEATHER SERVICE RENO NV
1249 AM PST MON FEB 20 2017


...................................

...THE RENO TAHOE AIRPORT NV CLIMATE SUMMARY FOR FEBRUARY 19 2017...

CLIMATE NORMAL PERIOD 1981 TO 2010
CLIMATE RECORD PERIOD 1888 TO 2017


WEATHER ITEM   OBSERVED TIME   RECORD YEAR NORMAL DEPARTURE LAST
                VALUE   (LST)  VALUE       VALUE  FROM      YEAR
                                                  NORMAL
..................................................................
TEMPERATURE (F)
 YESTERDAY
  MAXIMUM         58    118 PM  72    1965  52      6       58
  MINIMUM         37    605 AM  -7    1990  30      7       28
  AVERAGE         48                        41      7       43

PRECIPITATION (IN)
  YESTERDAY        0.00          1.06 1986   0.04  -0.04     0.00
  MONTH TO DATE    1.16                      0.66   0.50     0.42
  SINCE OCT 1     10.52                      4.05   6.47     6.07
  SINCE JAN 1      6.73                      1.69   5.04     2.12

SNOWFALL (IN)
  YESTERDAY        0.0           3.0  1971   0.2   -0.2      0.0
  MONTH TO DATE    T                         3.3   -3.3      1.2
  SINCE DEC 1     19.7                      13.8    5.9     19.0
  SINCE JUL 1     20.3                      17.3    3.0     24.1
  SNOW DEPTH       0

DEGREE DAYS
 HEATING
  YESTERDAY       17                        24     -7       22
  MONTH TO DATE  382                       494   -112      446
  SINCE DEC 1   2222                      2328   -106     2181
  SINCE JUL 1   3100                      3431   -331     3174

 COOLING
  YESTERDAY        0                         0      0        0
  MONTH TO DATE    0                         0      0        0
  SINCE DEC 1      0                         0      0        0
  SINCE JAN 1      0                         0      0        0
..................................................................


WIND (MPH)
  RESULTANT WIND SPEED   5   RESULTANT WIND DIRECTION   S (200)
  HIGHEST WIND SPEED    22   HIGHEST WIND DIRECTION     S (190)
  HIGHEST GUST SPEED    35   HIGHEST GUST DIRECTION     S (190)
  AVERAGE WIND SPEED    10.5



WEATHER CONDITIONS
 THE FOLLOWING WEATHER WAS RECORDED YESTERDAY.
  NO SIGNIFICANT WEATHER WAS OBSERVED.


RELATIVE HUMIDITY (PERCENT)
 HIGHEST    70           900 PM
 LOWEST     35          1100 AM
 AVERAGE    53

..........................................................


THE RENO TAHOE AIRPORT NV CLIMATE NORMALS FOR TODAY
                         NORMAL    RECORD    YEAR
 MAXIMUM TEMPERATURE (F)   52        72      1982
 MINIMUM TEMPERATURE (F)   30        -6      1990


SUNRISE AND SUNSET
FEBRUARY 20 2017......SUNRISE   644 AM PST   SUNSET   542 PM PST
FEBRUARY 21 2017......SUNRISE   643 AM PST   SUNSET   543 PM PST


-  INDICATES NEGATIVE NUMBERS.
R  INDICATES RECORD WAS SET OR TIED.
MM INDICATES DATA IS MISSING.
T  INDICATES TRACE AMOUNT.




$$
