295
CDUS45 KREV 221052 CCA
CLIRNO

CLIMATE REPORT
NATIONAL WEATHER SERVICE RENO NV
1255 AM PST WED NOV 22 2017


...................................

...THE RENO-TAHOE INTL AIRPORT NV CLIMATE SUMMARY FOR NOVEMBER 21 2017...

CLIMATE NORMAL PERIOD 1981 TO 2010
CLIMATE RECORD PERIOD 1888 TO 2017


WEATHER ITEM   OBSERVED TIME   RECORD YEAR NORMAL DEPARTURE LAST
                VALUE   (LST)  VALUE       VALUE  FROM      YEAR
                                                  NORMAL
..................................................................
TEMPERATURE (F)
 YESTERDAY
  MAXIMUM         69    355 PM  74    1924  52     17       53
  MINIMUM         45    250 AM   7    1979  29     16       35
  AVERAGE         57                        41     16       44

PRECIPITATION (IN)
  YESTERDAY        0.00          0.72 1900   0.03  -0.03     0.05
  MONTH TO DATE    0.97                      0.55   0.42     0.05
  SINCE OCT 1      1.25                      1.06   0.19     2.48
  SINCE JAN 1     13.41                      6.10   7.31     7.73

SNOWFALL (IN)
  YESTERDAY        0             3.5  1978   0.1   MM        0.0
  MONTH TO DATE    T                         2.0   -2.0       T
  SINCE SEP 1      T                         2.4   -2.4       T
  SINCE JUL 1      T                         2.4   -2.4       T
  SNOW DEPTH       0

DEGREE DAYS
 HEATING
  YESTERDAY        8                        24    -16       21
  MONTH TO DATE  348                       435    -87      305
  SINCE SEP 1    805                       861    -56      634
  SINCE JUL 1    805                       871    -66      634

 COOLING
  YESTERDAY        0                         0      0        0
  MONTH TO DATE    0                         0      0        0
  SINCE SEP 1    151                        93     58       95
  SINCE JAN 1   1401                       839    562     1088
..................................................................


WIND (MPH)
  RESULTANT WIND SPEED   0   RESULTANT WIND DIRECTION   E (100)
  HIGHEST WIND SPEED     7   HIGHEST WIND DIRECTION     W (290)
  HIGHEST GUST SPEED    12   HIGHEST GUST DIRECTION     W (250)
  AVERAGE WIND SPEED     1.0



WEATHER CONDITIONS
 THE FOLLOWING WEATHER WAS RECORDED YESTERDAY.
  NO SIGNIFICANT WEATHER WAS OBSERVED.


RELATIVE HUMIDITY (PERCENT)
 HIGHEST    86           100 AM
 LOWEST     36           400 PM
 AVERAGE    61

..........................................................


THE RENO-TAHOE INTL AIRPORT NV CLIMATE NORMALS FOR TODAY
                         NORMAL    RECORD    YEAR
 MAXIMUM TEMPERATURE (F)   52        69      1915
 MINIMUM TEMPERATURE (F)   29         7      1975


SUNRISE AND SUNSET
NOVEMBER 22 2017......SUNRISE   651 AM PST   SUNSET   439 PM PST
NOVEMBER 23 2017......SUNRISE   652 AM PST   SUNSET   439 PM PST


-  INDICATES NEGATIVE NUMBERS.
R  INDICATES RECORD WAS SET OR TIED.
MM INDICATES DATA IS MISSING.
T  INDICATES TRACE AMOUNT.




$$
