356
CDUS45 KREV 220839
CLIRNO


CLIMATE REPORT
NATIONAL WEATHER SERVICE RENO NV
138 AM PDT TUE AUG 22 2017


...................................

...THE RENO-TAHOE INTL AIRPORT NV CLIMATE SUMMARY FOR AUGUST 21 2017...

CLIMATE NORMAL PERIOD 1981 TO 2010
CLIMATE RECORD PERIOD 1888 TO 2017


WEATHER ITEM   OBSERVED TIME   RECORD YEAR NORMAL DEPARTURE LAST
                VALUE   (LST)  VALUE       VALUE  FROM      YEAR
                                                  NORMAL
..................................................................
TEMPERATURE (F)
 YESTERDAY
  MAXIMUM         94    421 PM 100    1982  90      4       96
  MINIMUM         62    543 AM  34    1968  55      7       66
  AVERAGE         78                        72      6       81

PRECIPITATION (IN)
  YESTERDAY        0.00          0.51 2003   0.00   0.00     0.04
  MONTH TO DATE    0.15                      0.17  -0.02     0.04
  SINCE OCT 1     15.25                      6.99   8.26     9.20
  SINCE JAN 1     11.46                      4.63   6.83     5.25

SNOWFALL (IN)
  YESTERDAY        0.0           0.0    MM   0.0    0.0      0.0
  MONTH TO DATE    0.0                       0.0    0.0      0.0
  SINCE JUN 1      0.0                       T      0.0      0.0
  SINCE JUL 1      0.0                       0.0    0.0      0.0
  SNOW DEPTH       0

DEGREE DAYS
 HEATING
  YESTERDAY        0                         0      0        0
  MONTH TO DATE    0                         0      0        0
  SINCE JUN 1     45                        61    -16       15
  SINCE JUL 1      0                         5     -5        0

 COOLING
  YESTERDAY       13                         7      6       16
  MONTH TO DATE  292                       195     97      250
  SINCE JUN 1   1056                       645    411      873
  SINCE JAN 1   1110                       682    428      901
..................................................................


WIND (MPH)
  RESULTANT WIND SPEED   1   RESULTANT WIND DIRECTION   S (160)
  HIGHEST WIND SPEED    17   HIGHEST WIND DIRECTION    NW (310)
  HIGHEST GUST SPEED    21   HIGHEST GUST DIRECTION    NW (310)
  AVERAGE WIND SPEED     5.1



WEATHER CONDITIONS
 THE FOLLOWING WEATHER WAS RECORDED YESTERDAY.
  NO SIGNIFICANT WEATHER WAS OBSERVED.


RELATIVE HUMIDITY (PERCENT)
 HIGHEST    56           600 AM
 LOWEST     11           500 PM
 AVERAGE    34

..........................................................


THE RENO-TAHOE INTL AIRPORT NV CLIMATE NORMALS FOR TODAY
                         NORMAL    RECORD    YEAR
 MAXIMUM TEMPERATURE (F)   89       101      1982
 MINIMUM TEMPERATURE (F)   55        29      1968


SUNRISE AND SUNSET
AUGUST 22 2017........SUNRISE   618 AM PDT   SUNSET   745 PM PDT
AUGUST 23 2017........SUNRISE   619 AM PDT   SUNSET   743 PM PDT


-  INDICATES NEGATIVE NUMBERS.
R  INDICATES RECORD WAS SET OR TIED.
MM INDICATES DATA IS MISSING.
T  INDICATES TRACE AMOUNT.




$$
