000
CDUS45 KREV 280041
CLIRNO


CLIMATE REPORT
NATIONAL WEATHER SERVICE RENO NV
539 PM PDT TUE JUN 27 2017


...................................

...THE RENO-TAHOE INTL AIRPORT NV CLIMATE SUMMARY FOR JUNE 27 2017...
VALID TODAY AS OF 0500 PM LOCAL TIME.

CLIMATE NORMAL PERIOD 1981 TO 2010
CLIMATE RECORD PERIOD 1888 TO 2017


WEATHER ITEM   OBSERVED TIME   RECORD YEAR NORMAL DEPARTURE LAST
                VALUE   (LST)  VALUE       VALUE  FROM      YEAR
                                                  NORMAL
..................................................................
TEMPERATURE (F)
 TODAY
  MAXIMUM         91    321 PM 101    2015  88      3      100
  MINIMUM         56    457 AM  32    1974  55      1       61
  AVERAGE         74                        71      3       81

PRECIPITATION (IN)
  TODAY            0.00          0.22 1991   0.01  -0.01     0.00
  MONTH TO DATE    0.12                      0.48  -0.36      T
  SINCE OCT 1     15.06                      6.61   8.45     9.16
  SINCE JAN 1     11.27                      4.25   7.02     5.21

SNOWFALL (IN)
  TODAY            0.0           0.0    MM   0.0    0.0      0.0
  MONTH TO DATE    0.0                       0.0    0.0      0.0
  SINCE JUN 1      0.0                       0.0    0.0      0.0
  SINCE JUL 1     27.0                      21.8    5.2     31.1
  SNOW DEPTH       0

DEGREE DAYS
 HEATING
  TODAY            0                         1     -1        0
  MONTH TO DATE   45                        55    -10       15
  SINCE JUN 1     45                        55    -10       15
  SINCE JUL 1   4446                      4923   -477     4332

 COOLING
  TODAY            9                         7      2       16
  MONTH TO DATE  244                       115    129      211
  SINCE JUN 1    244                       115    129      211
  SINCE JAN 1    298                       152    146      239
..................................................................


WIND (MPH)
  RESULTANT WIND SPEED   3   RESULTANT WIND DIRECTION   W (260)
  HIGHEST WIND SPEED    21   HIGHEST WIND DIRECTION     W (290)
  HIGHEST GUST SPEED    28   HIGHEST GUST DIRECTION     W (290)
  AVERAGE WIND SPEED     6.1



WEATHER CONDITIONS
 THE FOLLOWING WEATHER WAS RECORDED TODAY.
  NO SIGNIFICANT WEATHER WAS OBSERVED.


RELATIVE HUMIDITY (PERCENT)
 HIGHEST    41           500 AM
 LOWEST      9           100 PM
 AVERAGE    25

..........................................................


THE RENO-TAHOE INTL AIRPORT NV CLIMATE NORMALS FOR TOMORROW
                         NORMAL    RECORD    YEAR
 MAXIMUM TEMPERATURE (F)   88       103      2013
 MINIMUM TEMPERATURE (F)   55        35      1975
                                             1969


SUNRISE AND SUNSET
JUNE 27 2017..........SUNRISE   534 AM PDT   SUNSET   830 PM PDT
JUNE 28 2017..........SUNRISE   534 AM PDT   SUNSET   830 PM PDT


-  INDICATES NEGATIVE NUMBERS.
R  INDICATES RECORD WAS SET OR TIED.
MM INDICATES DATA IS MISSING.
T  INDICATES TRACE AMOUNT.




$$
