000
CDUS45 KREV 290836
CLIRNO


CLIMATE REPORT
NATIONAL WEATHER SERVICE RENO NV
135 AM PDT WED MAR 29 2017


...................................

...THE RENO-TAHOE INTL AIRPORT NV CLIMATE SUMMARY FOR MARCH 28 2017...

CLIMATE NORMAL PERIOD 1981 TO 2010
CLIMATE RECORD PERIOD 1888 TO 2017


WEATHER ITEM   OBSERVED TIME   RECORD YEAR NORMAL DEPARTURE LAST
                VALUE   (LST)  VALUE       VALUE  FROM      YEAR
                                                  NORMAL
..................................................................
TEMPERATURE (F)
 YESTERDAY
  MAXIMUM         59    309 PM  76    1966  60     -1       49
  MINIMUM         31    607 AM  11    1977  35     -4       30
  AVERAGE         45                        47     -2       40

PRECIPITATION (IN)
  YESTERDAY        0.00          0.68 2016   0.02  -0.02     0.68
  MONTH TO DATE    0.74                      0.71   0.03     0.97
  SINCE OCT 1     13.52                      5.12   8.40     7.04
  SINCE JAN 1      9.73                      2.76   6.97     3.09

SNOWFALL (IN)
  YESTERDAY        0.0           6.8  2016   0.1   -0.1      6.8
  MONTH TO DATE    2.9                       1.9    1.0      6.8
  SINCE MAR 1      2.9                       1.9    1.0      6.8
  SINCE JUL 1     27.0                      20.9    6.1     30.9
  SNOW DEPTH       0

DEGREE DAYS
 HEATING
  YESTERDAY       20                        18      2       25
  MONTH TO DATE  450                       546    -96      449
  SINCE MAR 1    450                       546    -96      449
  SINCE JUL 1   3823                      4184   -361     3786

 COOLING
  YESTERDAY        0                         0      0        0
  MONTH TO DATE    0                         0      0        0
  SINCE MAR 1      0                         0      0        0
  SINCE JAN 1      0                         0      0        0
..................................................................


WIND (MPH)
  RESULTANT WIND SPEED   2   RESULTANT WIND DIRECTION  NE (40)
  HIGHEST WIND SPEED    13   HIGHEST WIND DIRECTION     N (10)
  HIGHEST GUST SPEED    19   HIGHEST GUST DIRECTION    NE (40)
  AVERAGE WIND SPEED     4.3



WEATHER CONDITIONS
 THE FOLLOWING WEATHER WAS RECORDED YESTERDAY.
  NO SIGNIFICANT WEATHER WAS OBSERVED.


RELATIVE HUMIDITY (PERCENT)
 HIGHEST    72           600 AM
 LOWEST     27           200 PM
 AVERAGE    50

..........................................................


THE RENO-TAHOE INTL AIRPORT NV CLIMATE NORMALS FOR TODAY
                         NORMAL    RECORD    YEAR
 MAXIMUM TEMPERATURE (F)   60        78      2004
                                             1966
 MINIMUM TEMPERATURE (F)   35        -3      1897


SUNRISE AND SUNSET
MARCH 29 2017.........SUNRISE   648 AM PDT   SUNSET   720 PM PDT
MARCH 30 2017.........SUNRISE   646 AM PDT   SUNSET   721 PM PDT


-  INDICATES NEGATIVE NUMBERS.
R  INDICATES RECORD WAS SET OR TIED.
MM INDICATES DATA IS MISSING.
T  INDICATES TRACE AMOUNT.




$$
