310
CDUS45 KREV 010846
CLIRNO


CLIMATE REPORT
NATIONAL WEATHER SERVICE RENO NV
145 AM PDT SUN MAY 1 2016


...................................

...THE RENO TAHOE AIRPORT NV CLIMATE SUMMARY FOR APRIL 30 2016...

CLIMATE NORMAL PERIOD 1981 TO 2010
CLIMATE RECORD PERIOD 1888 TO 2016


WEATHER ITEM   OBSERVED TIME   RECORD YEAR NORMAL DEPARTURE LAST
                VALUE   (LST)  VALUE       VALUE  FROM      YEAR
                                                  NORMAL
..................................................................
TEMPERATURE (F)
 YESTERDAY
  MAXIMUM         60    608 PM  89    1981  68     -8       75
  MINIMUM         43    539 AM  20    1962  41      2       46
  AVERAGE         52                        55     -3       61

PRECIPITATION (IN)
  YESTERDAY        0.00          0.28 1900   0.02  -0.02     0.00
  MONTH TO DATE    0.96                      0.47   0.49     0.35
  SINCE OCT 1      8.00                      5.64   2.36     3.27
  SINCE JAN 1      4.05                      3.28   0.77     1.85

SNOWFALL (IN)
  YESTERDAY        0.0           0.8  1954   0.0    0.0      0.0
  MONTH TO DATE    T                         0.5   -0.5       T
  SINCE MAR 1      6.8                       2.5    4.3       T
  SINCE JUL 1     30.9                      21.5    9.4      2.7
  SNOW DEPTH       0

DEGREE DAYS
 HEATING
  YESTERDAY       13                        10      3        4
  MONTH TO DATE  297                       426   -129      374
  SINCE MAR 1    808                      1024   -216      768
  SINCE JUL 1   4145                      4662   -517     3633

 COOLING
  YESTERDAY        0                         0      0        0
  MONTH TO DATE    0                         1     -1        0
  SINCE MAR 1      0                         1     -1        0
  SINCE JAN 1      0                         1     -1        0
..................................................................


WIND (MPH)
  RESULTANT WIND SPEED   7   RESULTANT WIND DIRECTION   N (20)
  HIGHEST WIND SPEED    17   HIGHEST WIND DIRECTION     N (340)
  HIGHEST GUST SPEED    24   HIGHEST GUST DIRECTION    NE (50)
  AVERAGE WIND SPEED     8.8



WEATHER CONDITIONS
 THE FOLLOWING WEATHER WAS RECORDED YESTERDAY.
  NO SIGNIFICANT WEATHER WAS OBSERVED.


RELATIVE HUMIDITY (PERCENT)
 HIGHEST    67           400 AM
 LOWEST     29           600 PM
 AVERAGE    48

..........................................................


THE RENO TAHOE AIRPORT NV CLIMATE NORMALS FOR TODAY
                         NORMAL    RECORD    YEAR
 MAXIMUM TEMPERATURE (F)   69        90      1947
 MINIMUM TEMPERATURE (F)   42        19      1973


SUNRISE AND SUNSET
MAY  1 2016...........SUNRISE   559 AM PDT   SUNSET   753 PM PDT
MAY  2 2016...........SUNRISE   558 AM PDT   SUNSET   754 PM PDT


-  INDICATES NEGATIVE NUMBERS.
R  INDICATES RECORD WAS SET OR TIED.
MM INDICATES DATA IS MISSING.
T  INDICATES TRACE AMOUNT.




$$
