000
CDUS41 KRNK 281018
CLIROA


CLIMATE REPORT
NATIONAL WEATHER SERVICE BLACKSBURG VA
516 AM EST TUE FEB 28 2017


...................................

...THE ROANOKE VA CLIMATE SUMMARY FOR FEBRUARY 27 2017...

CLIMATE NORMAL PERIOD 1981 TO 2010
CLIMATE RECORD PERIOD 1912 TO 2017


WEATHER ITEM   OBSERVED TIME   RECORD YEAR NORMAL DEPARTURE LAST
                VALUE   (LST)  VALUE       VALUE  FROM      YEAR
                                                  NORMAL
..................................................................
TEMPERATURE (F)
 YESTERDAY
  MAXIMUM         58    406 PM  76    1944  53      5       50
  MINIMUM         30    349 AM   9    1963  32     -2       31
                                      1934
  AVERAGE         44                        42      2       41

PRECIPITATION (IN)
  YESTERDAY        0.00          0.98 1982   0.10  -0.10     0.00
  MONTH TO DATE    0.41                      2.79  -2.38     5.24
  SINCE DEC 1      7.30                      8.65  -1.35    12.78
  SINCE JAN 1      4.51                      5.71  -1.20     8.23

SNOWFALL (IN)
  YESTERDAY        0.0                                       0.0
  MONTH TO DATE    T                                         8.5
  SINCE DEC 1      4.5                                      22.0
  SINCE JUL 1      4.5                                      22.0
  SNOW DEPTH       0

DEGREE DAYS
 HEATING
  YESTERDAY       21                        23     -2       24
  MONTH TO DATE  446                       690   -244      739
  SINCE DEC 1   1922                      2378   -456     2170
  SINCE JUL 1   2450                      3182   -732     2812

 COOLING
  YESTERDAY        0                         0      0        0
  MONTH TO DATE    0                         0      0        0
  SINCE DEC 1      0                         0      0        0
  SINCE JAN 1      0                         0      0        0
..................................................................


WIND (MPH)
  HIGHEST WIND SPEED    10   HIGHEST WIND DIRECTION     S (200)
  HIGHEST GUST SPEED    14   HIGHEST GUST DIRECTION     S (200)
  AVERAGE WIND SPEED     2.3


SKY COVER
  AVERAGE SKY COVER 0.8


WEATHER CONDITIONS
 THE FOLLOWING WEATHER WAS RECORDED YESTERDAY.
  NO SIGNIFICANT WEATHER WAS OBSERVED.


RELATIVE HUMIDITY (PERCENT)
 HIGHEST    72           600 AM
 LOWEST     29          1200 PM
 AVERAGE    51

..........................................................


THE ROANOKE VA CLIMATE NORMALS FOR TODAY
                         NORMAL    RECORD    YEAR
 MAXIMUM TEMPERATURE (F)   53        83      1918
 MINIMUM TEMPERATURE (F)   32        -1      1934


SUNRISE AND SUNSET
FEBRUARY 28 2017......SUNRISE   652 AM EST   SUNSET   613 PM EST
MARCH  1 2017.........SUNRISE   651 AM EST   SUNSET   614 PM EST


-  INDICATES NEGATIVE NUMBERS.
R  INDICATES RECORD WAS SET OR TIED.
MM INDICATES DATA IS MISSING.
T  INDICATES TRACE AMOUNT.

$$

RAB
