000
CDUS41 KRNK 231010
CLIROA


CLIMATE REPORT
NATIONAL WEATHER SERVICE BLACKSBURG VA
506 AM EST SUN NOV 23 2014


...................................

...THE ROANOKE VA CLIMATE SUMMARY FOR NOVEMBER 22 2014...

CLIMATE NORMAL PERIOD 1981 TO 2010
CLIMATE RECORD PERIOD 1912 TO 2014


WEATHER ITEM   OBSERVED TIME   RECORD YEAR NORMAL DEPARTURE LAST
                VALUE   (LST)  VALUE       VALUE  FROM      YEAR
                                                  NORMAL
..................................................................
TEMPERATURE (F)
 YESTERDAY
  MAXIMUM         51    347 PM  77    1940  56     -5       66
  MINIMUM         19    722 AM  17    1964  36    -17       46
  AVERAGE         35                        46    -11       56

PRECIPITATION (IN)
  YESTERDAY        0.00          1.85 1992   0.11  -0.11      T
  MONTH TO DATE    1.23                      2.50  -1.27     0.63
  SINCE SEP 1      6.02                      9.28  -3.26     4.30
  SINCE JAN 1     34.60                     37.41  -2.81    46.61

SNOWFALL (IN)
  YESTERDAY        0.0
  MONTH TO DATE    T
  SINCE SEP 1      T
  SINCE JUL 1      T
  SNOW DEPTH       0

DEGREE DAYS
 HEATING
  YESTERDAY       30                        19     11        9
  MONTH TO DATE  475                       341    134      375
  SINCE SEP 1    699                       637     62      622
  SINCE JUL 1    699                       638     61      623

 COOLING
  YESTERDAY        0                         0      0        0
  MONTH TO DATE    0                         0      0        2
  SINCE SEP 1    158                       160     -2      167
  SINCE JAN 1   1128                      1207    -79     1227
..................................................................


WIND (MPH)
  HIGHEST WIND SPEED    13   HIGHEST WIND DIRECTION     E (110)
  HIGHEST GUST SPEED    14   HIGHEST GUST DIRECTION     E (110)
  AVERAGE WIND SPEED     2.8


SKY COVER
  POSSIBLE SUNSHINE  MM
  AVERAGE SKY COVER 0.3


WEATHER CONDITIONS
 THE FOLLOWING WEATHER WAS RECORDED YESTERDAY.
  NO SIGNIFICANT WEATHER WAS OBSERVED.


RELATIVE HUMIDITY (PERCENT)
 HIGHEST    73           700 AM
 LOWEST     24           300 PM
 AVERAGE    49

..........................................................


THE ROANOKE VA CLIMATE NORMALS FOR TODAY
                         NORMAL    RECORD    YEAR
 MAXIMUM TEMPERATURE (F)   55        74      1927
 MINIMUM TEMPERATURE (F)   36        14      1970


SUNRISE AND SUNSET
NOVEMBER 23 2014......SUNRISE   707 AM EST   SUNSET   505 PM EST
NOVEMBER 24 2014......SUNRISE   708 AM EST   SUNSET   504 PM EST


-  INDICATES NEGATIVE NUMBERS.
R  INDICATES RECORD WAS SET OR TIED.
MM INDICATES DATA IS MISSING.
T  INDICATES TRACE AMOUNT.




$$
