000
CDUS41 KRNK 170918
CLIROA


CLIMATE REPORT
NATIONAL WEATHER SERVICE BLACKSBURG VA
417 AM EST SAT FEB 17 2018


...................................

...THE ROANOKE VA CLIMATE SUMMARY FOR FEBRUARY 16 2018...

CLIMATE NORMAL PERIOD 1981 TO 2010
CLIMATE RECORD PERIOD 1912 TO 2018


WEATHER ITEM   OBSERVED TIME   RECORD YEAR NORMAL DEPARTURE LAST
                VALUE   (LST)  VALUE       VALUE  FROM      YEAR
                                                  NORMAL
..................................................................
TEMPERATURE (F)
 YESTERDAY
  MAXIMUM         70    423 AM  75    1976  49     21       46
                                      1921
  MINIMUM         42   1159 PM   8    1920  30     12       32
  AVERAGE         56                        40     16       39

PRECIPITATION (IN)
  YESTERDAY        0.02          1.21 2016   0.11  -0.09     0.00
  MONTH TO DATE    3.60                      1.66   1.94     0.22
  SINCE DEC 1      6.10                      7.52  -1.42     7.11
  SINCE JAN 1      5.74                      4.58   1.16     4.32

SNOWFALL (IN)
  YESTERDAY        0.0                                       0.0
  MONTH TO DATE    1.5                                        T
  SINCE DEC 1      5.1                                       4.5
  SINCE JUL 1      5.1                                       4.5
  SNOW DEPTH       0

DEGREE DAYS
 HEATING
  YESTERDAY        9                        25    -16       26
  MONTH TO DATE  366                       426    -60      313
  SINCE DEC 1   2113                      2114     -1     1789
  SINCE JUL 1   2848                      2918    -70     2317

 COOLING
  YESTERDAY        0                         0      0        0
  MONTH TO DATE    0                         0      0        0
  SINCE DEC 1      0                         0      0        0
  SINCE JAN 1      0                         0      0        0
..................................................................


WIND (MPH)
  HIGHEST WIND SPEED    22   HIGHEST WIND DIRECTION    NW (300)
  HIGHEST GUST SPEED    33   HIGHEST GUST DIRECTION     W (250)
  AVERAGE WIND SPEED    11.5


SKY COVER
  AVERAGE SKY COVER 0.8


WEATHER CONDITIONS
 THE FOLLOWING WEATHER WAS RECORDED YESTERDAY.
  LIGHT RAIN
  FOG


RELATIVE HUMIDITY (PERCENT)
 HIGHEST    84           100 PM
 LOWEST     54           700 PM
 AVERAGE    69

..........................................................


THE ROANOKE VA CLIMATE NORMALS FOR TODAY
                         NORMAL    RECORD    YEAR
 MAXIMUM TEMPERATURE (F)   50        72      1927
 MINIMUM TEMPERATURE (F)   30         3      1958


SUNRISE AND SUNSET
FEBRUARY 17 2018......SUNRISE   706 AM EST   SUNSET   602 PM EST
FEBRUARY 18 2018......SUNRISE   705 AM EST   SUNSET   603 PM EST


-  INDICATES NEGATIVE NUMBERS.
R  INDICATES RECORD WAS SET OR TIED.
MM INDICATES DATA IS MISSING.
T  INDICATES TRACE AMOUNT.




$$
