000
CDUS41 KRNK 010912
CLIROA


CLIMATE REPORT
NATIONAL WEATHER SERVICE BLACKSBURG VA
508 AM EDT FRI AUG 1 2014


...................................

...THE ROANOKE VA CLIMATE SUMMARY FOR JULY 31 2014...

CLIMATE NORMAL PERIOD 1981 TO 2010
CLIMATE RECORD PERIOD 1912 TO 2014


WEATHER ITEM   OBSERVED TIME   RECORD YEAR NORMAL DEPARTURE LAST
                VALUE   (LST)  VALUE       VALUE  FROM      YEAR
                                                  NORMAL
..................................................................
TEMPERATURE (F)
 YESTERDAY
  MAXIMUM         82    104 PM 101    1953  87     -5       75
  MINIMUM         58    612 AM  49    1914  66     -8       66
  AVERAGE         70                        77     -7       71

PRECIPITATION (IN)
  YESTERDAY        0.00          1.68 1923   0.13  -0.13     0.14
  MONTH TO DATE    3.40                      4.04  -0.64    12.73
  SINCE JUN 1      6.45                      7.87  -1.42    19.22
  SINCE JAN 1     22.05                     24.57  -2.52    39.76

SNOWFALL (IN)
  YESTERDAY        0.0
  MONTH TO DATE    0.0
  SINCE JUN 1      0.0
  SINCE JUL 1      0.0
  SNOW DEPTH       0

DEGREE DAYS
 HEATING
  YESTERDAY        0                         0      0        0
  MONTH TO DATE    0                         0      0        0
  SINCE JUN 1      0                        11    -11        1
  SINCE JUL 1      0                         0      0        0

 COOLING
  YESTERDAY        5                        12     -7        6
  MONTH TO DATE  304                       361    -57      382
  SINCE JUN 1    601                       607     -6      648
  SINCE JAN 1    750                       723     27      798
..................................................................


WIND (MPH)
  HIGHEST WIND SPEED    15   HIGHEST WIND DIRECTION     S (170)
  HIGHEST GUST SPEED    18   HIGHEST GUST DIRECTION     S (170)
  AVERAGE WIND SPEED     4.9


SKY COVER
  POSSIBLE SUNSHINE  MM
  AVERAGE SKY COVER 0.7


WEATHER CONDITIONS
 THE FOLLOWING WEATHER WAS RECORDED YESTERDAY.
  NO SIGNIFICANT WEATHER WAS OBSERVED.


RELATIVE HUMIDITY (PERCENT)
 HIGHEST    87           200 AM
 LOWEST     42          1100 AM
 AVERAGE    65

..........................................................


THE ROANOKE VA CLIMATE NORMALS FOR TODAY
                         NORMAL    RECORD    YEAR
 MAXIMUM TEMPERATURE (F)   87        97      1953
                                             1935
 MINIMUM TEMPERATURE (F)   66        54      1997
                                             1936
                                             1914


SUNRISE AND SUNSET
AUGUST  1 2014........SUNRISE   624 AM EDT   SUNSET   827 PM EDT
AUGUST  2 2014........SUNRISE   625 AM EDT   SUNSET   826 PM EDT


-  INDICATES NEGATIVE NUMBERS.
R  INDICATES RECORD WAS SET OR TIED.
MM INDICATES DATA IS MISSING.
T  INDICATES TRACE AMOUNT.




$$
