037
CDUS41 KRNK 142205
CLIROA


CLIMATE REPORT
NATIONAL WEATHER SERVICE BLACKSBURG VA
504 PM EST SUN FEB 14 2016


...................................

...THE ROANOKE VA CLIMATE SUMMARY FOR FEBRUARY 14 2016...
VALID TODAY AS OF 0500 PM LOCAL TIME.

CLIMATE NORMAL PERIOD 1981 TO 2010
CLIMATE RECORD PERIOD 1912 TO 2016


WEATHER ITEM   OBSERVED TIME   RECORD YEAR NORMAL DEPARTURE LAST
                VALUE   (LST)  VALUE       VALUE  FROM      YEAR
                                                  NORMAL
..................................................................
TEMPERATURE (F)
 TODAY
  MAXIMUM         25    359 PM  73    1990  49    -24       46
  MINIMUM          9R   520 AM  10    1943  30    -21       13
  AVERAGE         17                        39    -22       30

PRECIPITATION (IN)
  TODAY            0.00          0.87 1944   0.11  -0.11     0.04
  MONTH TO DATE    1.25                      1.45  -0.20     0.27
  SINCE DEC 1      8.79                      7.31   1.48     4.12
  SINCE JAN 1      4.24                      4.37  -0.13     1.58

SNOWFALL (IN)
  TODAY            0.0                                       0.6
  MONTH TO DATE    T                                         0.6
  SINCE DEC 1     13.5                                       0.8
  SINCE JUL 1     13.5                                       1.3
  SNOW DEPTH       0

DEGREE DAYS
 HEATING
  TODAY           48                        26     22       35
  MONTH TO DATE  437                       375     62      378
  SINCE DEC 1   1868                      2063   -195     1972
  SINCE JUL 1   2510                      2867   -357     2850

 COOLING
  TODAY            0                         0      0        0
  MONTH TO DATE    0                         0      0        0
  SINCE DEC 1      0                         0      0        0
  SINCE JAN 1      0                         0      0        0
..................................................................


WIND (MPH)
  HIGHEST WIND SPEED    14   HIGHEST WIND DIRECTION    SE (140)
  HIGHEST GUST SPEED    17   HIGHEST GUST DIRECTION    NW (300)
  AVERAGE WIND SPEED     3.8


SKY COVER
  AVERAGE SKY COVER 0.5


WEATHER CONDITIONS
 THE FOLLOWING WEATHER WAS RECORDED TODAY.
  NO SIGNIFICANT WEATHER WAS OBSERVED.


RELATIVE HUMIDITY (PERCENT)
 HIGHEST    58           500 AM
 LOWEST     29           300 PM
 AVERAGE    44

..........................................................


THE ROANOKE VA CLIMATE NORMALS FOR TOMORROW
                         NORMAL    RECORD    YEAR
 MAXIMUM TEMPERATURE (F)   49        79      1989
 MINIMUM TEMPERATURE (F)   30         7      2015


SUNRISE AND SUNSET
FEBRUARY 14 2016......SUNRISE   711 AM EST   SUNSET   558 PM EST
FEBRUARY 15 2016......SUNRISE   709 AM EST   SUNSET   559 PM EST


-  INDICATES NEGATIVE NUMBERS.
R  INDICATES RECORD WAS SET OR TIED.
MM INDICATES DATA IS MISSING.
T  INDICATES TRACE AMOUNT.




$$
