000
CDUS41 KRNK 192115
CLIROA


CLIMATE REPORT
NATIONAL WEATHER SERVICE BLACKSBURG VA
514 PM EDT SAT APR 19 2014


...................................

...THE ROANOKE VA CLIMATE SUMMARY FOR APRIL 19 2014...
VALID TODAY AS OF 0500 PM LOCAL TIME.

CLIMATE NORMAL PERIOD 1981 TO 2010
CLIMATE RECORD PERIOD 1912 TO 2014


WEATHER ITEM   OBSERVED TIME   RECORD YEAR NORMAL DEPARTURE LAST
                VALUE   (LST)  VALUE       VALUE  FROM      YEAR
                                                  NORMAL
..................................................................
TEMPERATURE (F)
 TODAY
  MAXIMUM         64    251 PM  91    1995  69     -5       71
                                      1976
  MINIMUM         45    437 AM  28    1983  46     -1       49
  AVERAGE         55                        58     -3       60

PRECIPITATION (IN)
  TODAY            0.00          2.90 1943   0.11  -0.11     0.43
  MONTH TO DATE    2.18                      2.12   0.06     2.60
  SINCE MAR 1      4.94                      5.58  -0.64     6.00
  SINCE JAN 1     11.22                     11.39  -0.17    15.29

SNOWFALL (IN)
  TODAY            0.0
  MONTH TO DATE    0.0
  SINCE MAR 1      5.6
  SINCE JUL 1     28.0
  SNOW DEPTH       0

DEGREE DAYS
 HEATING
  TODAY           10                         8      2        5
  MONTH TO DATE  186                       199    -13      137
  SINCE MAR 1    836                       751     85      836
  SINCE JUL 1   4238                      3956    282     3778

 COOLING
  TODAY            0                         1     -1        0
  MONTH TO DATE    8                        11     -3       43
  SINCE MAR 1      8                        16     -8       43
  SINCE JAN 1      8                        16     -8       43
..................................................................


WIND (MPH)
  HIGHEST WIND SPEED    14   HIGHEST WIND DIRECTION     N (20)
  HIGHEST GUST SPEED    17   HIGHEST GUST DIRECTION    NE (30)
  AVERAGE WIND SPEED     4.3


SKY COVER
  POSSIBLE SUNSHINE  MM
  AVERAGE SKY COVER 0.9


WEATHER CONDITIONS
 THE FOLLOWING WEATHER WAS RECORDED TODAY.
  NO SIGNIFICANT WEATHER WAS OBSERVED.


RELATIVE HUMIDITY (PERCENT)
 HIGHEST    76          1200 AM
 LOWEST     43           100 PM
 AVERAGE    60

..........................................................


THE ROANOKE VA CLIMATE NORMALS FOR TOMORROW
                         NORMAL    RECORD    YEAR
 MAXIMUM TEMPERATURE (F)   70        91      1941
 MINIMUM TEMPERATURE (F)   47        29      1926


SUNRISE AND SUNSET
APRIL 19 2014.........SUNRISE   640 AM EDT   SUNSET   759 PM EDT
APRIL 20 2014.........SUNRISE   639 AM EDT   SUNSET   800 PM EDT


-  INDICATES NEGATIVE NUMBERS.
R  INDICATES RECORD WAS SET OR TIED.
MM INDICATES DATA IS MISSING.
T  INDICATES TRACE AMOUNT.




$$
