000
CDUS41 KRNK 210910
CLIROA


CLIMATE REPORT
NATIONAL WEATHER SERVICE BLACKSBURG VA
506 AM EDT SUN SEP 21 2014


...................................

...THE ROANOKE VA CLIMATE SUMMARY FOR SEPTEMBER 20 2014...

CLIMATE NORMAL PERIOD 1981 TO 2010
CLIMATE RECORD PERIOD 1912 TO 2014


WEATHER ITEM   OBSERVED TIME   RECORD YEAR NORMAL DEPARTURE LAST
                VALUE   (LST)  VALUE       VALUE  FROM      YEAR
                                                  NORMAL
..................................................................
TEMPERATURE (F)
 YESTERDAY
  MAXIMUM         77    419 PM  90    2010  77      0       68
                                      1955
                                      1933
  MINIMUM         58   1150 PM  36    1929  56      2       62
                                      1916
  AVERAGE         68                        66      2       65

PRECIPITATION (IN)
  YESTERDAY        0.00          1.90 1946   0.12  -0.12     0.64
  MONTH TO DATE    1.14                      2.72  -1.58     0.64
  SINCE SEP 1      1.14                      2.72  -1.58     0.64
  SINCE JAN 1     29.72                     30.85  -1.13    42.95

SNOWFALL (IN)
  YESTERDAY        0.0
  MONTH TO DATE    0.0
  SINCE SEP 1      0.0
  SINCE JUL 1      0.0
  SNOW DEPTH       0

DEGREE DAYS
 HEATING
  YESTERDAY        0                         2     -2        0
  MONTH TO DATE    3                        15    -12       15
  SINCE SEP 1      3                        15    -12       15
  SINCE JUL 1      3                        16    -13       16

 COOLING
  YESTERDAY        3                         3      0        0
  MONTH TO DATE  123                       115      8      123
  SINCE SEP 1    123                       115      8      123
  SINCE JAN 1   1093                      1162    -69     1183
..................................................................


WIND (MPH)
  HIGHEST WIND SPEED    10   HIGHEST WIND DIRECTION     S (160)
  HIGHEST GUST SPEED    13   HIGHEST GUST DIRECTION    SE (140)
  AVERAGE WIND SPEED     2.2


SKY COVER
  POSSIBLE SUNSHINE  MM
  AVERAGE SKY COVER 0.4


WEATHER CONDITIONS
 THE FOLLOWING WEATHER WAS RECORDED YESTERDAY.
  FOG


RELATIVE HUMIDITY (PERCENT)
 HIGHEST    97           100 AM
 LOWEST     47           400 PM
 AVERAGE    72

..........................................................


THE ROANOKE VA CLIMATE NORMALS FOR TODAY
                         NORMAL    RECORD    YEAR
 MAXIMUM TEMPERATURE (F)   77        95      1931
 MINIMUM TEMPERATURE (F)   56        36      1956


SUNRISE AND SUNSET
SEPTEMBER 21 2014.....SUNRISE   707 AM EDT   SUNSET   718 PM EDT
SEPTEMBER 22 2014.....SUNRISE   708 AM EDT   SUNSET   717 PM EDT


-  INDICATES NEGATIVE NUMBERS.
R  INDICATES RECORD WAS SET OR TIED.
MM INDICATES DATA IS MISSING.
T  INDICATES TRACE AMOUNT.




$$
