000
CDUS41 KRNK 240559
CLIROA


CLIMATE REPORT
NATIONAL WEATHER SERVICE BLACKSBURG VA
158 AM EDT SUN JUL 24 2016


...................................

...THE ROANOKE VA CLIMATE SUMMARY FOR JULY 23 2016...

CLIMATE NORMAL PERIOD 1981 TO 2010
CLIMATE RECORD PERIOD 1912 TO 2016


WEATHER ITEM   OBSERVED TIME   RECORD YEAR NORMAL DEPARTURE LAST
                VALUE   (LST)  VALUE       VALUE  FROM      YEAR
                                                  NORMAL
..................................................................
TEMPERATURE (F)
 YESTERDAY
  MAXIMUM         96    217 PM  99    1952  87      9       83
  MINIMUM         70    445 AM  48    1947  67      3       65
  AVERAGE         83                        77      6       74

PRECIPITATION (IN)
  YESTERDAY        0.00          0.81 1982   0.12  -0.12      T
  MONTH TO DATE    2.24                      2.99  -0.75     4.25
  SINCE JUN 1      8.27                      6.82   1.45    13.32
  SINCE JAN 1     26.00                     23.52   2.48    28.30

SNOWFALL (IN)
  YESTERDAY        0.0                                       0.0
  MONTH TO DATE    0.0                                       0.0
  SINCE JUN 1      0.0                                        T
  SINCE JUL 1      0.0                                       0.0
  SNOW DEPTH       0

DEGREE DAYS
 HEATING
  YESTERDAY        0                         0      0        0
  MONTH TO DATE    0                         0      0        0
  SINCE JUN 1      0                        11    -11        7
  SINCE JUL 1      0                         0      0        0

 COOLING
  YESTERDAY       18                        12      6        9
  MONTH TO DATE  304                       271     33      281
  SINCE JUN 1    584                       517     67      607
  SINCE JAN 1    709                       633     76      775
..................................................................


WIND (MPH)
  HIGHEST WIND SPEED    12   HIGHEST WIND DIRECTION    SE (130)
  HIGHEST GUST SPEED    15   HIGHEST GUST DIRECTION    SE (140)
  AVERAGE WIND SPEED     4.2


SKY COVER
  AVERAGE SKY COVER 0.1


WEATHER CONDITIONS
 THE FOLLOWING WEATHER WAS RECORDED YESTERDAY.
  NO SIGNIFICANT WEATHER WAS OBSERVED.


RELATIVE HUMIDITY (PERCENT)
 HIGHEST    84           400 AM
 LOWEST     34           200 PM
 AVERAGE    59

..........................................................


THE ROANOKE VA CLIMATE NORMALS FOR TODAY
                         NORMAL    RECORD    YEAR
 MAXIMUM TEMPERATURE (F)   87       100      1933
 MINIMUM TEMPERATURE (F)   67        49      1947


SUNRISE AND SUNSET
JULY 24 2016..........SUNRISE   618 AM EDT   SUNSET   834 PM EDT
JULY 25 2016..........SUNRISE   619 AM EDT   SUNSET   833 PM EDT


-  INDICATES NEGATIVE NUMBERS.
R  INDICATES RECORD WAS SET OR TIED.
MM INDICATES DATA IS MISSING.
T  INDICATES TRACE AMOUNT.




$$
