000
CDUS41 KRNK 030908
CLIROA


CLIMATE REPORT
NATIONAL WEATHER SERVICE BLACKSBURG VA
506 AM EDT MON AUG 3 2015


...................................

...THE ROANOKE VA CLIMATE SUMMARY FOR AUGUST 2 2015...

CLIMATE NORMAL PERIOD 1981 TO 2010
CLIMATE RECORD PERIOD 1912 TO 2015


WEATHER ITEM   OBSERVED TIME   RECORD YEAR NORMAL DEPARTURE LAST
                VALUE   (LST)  VALUE       VALUE  FROM      YEAR
                                                  NORMAL
..................................................................
TEMPERATURE (F)
 YESTERDAY
  MAXIMUM         85    456 PM 101    1942  87     -2       72
  MINIMUM         60    544 AM  50    1912  66     -6       62
  AVERAGE         73                        76     -3       67

PRECIPITATION (IN)
  YESTERDAY        0.00          1.44 1974   0.12  -0.12     0.00
  MONTH TO DATE    0.00                      0.23  -0.23     0.52
  SINCE JUN 1     13.36                      8.10   5.26     6.97
  SINCE JAN 1     28.34                     24.80   3.54    22.57

SNOWFALL (IN)
  YESTERDAY        0.0                                       0.0
  MONTH TO DATE    0.0                                       0.0
  SINCE JUN 1      T                                         0.0
  SINCE JUL 1      0.0                                       0.0
  SNOW DEPTH       0

DEGREE DAYS
 HEATING
  YESTERDAY        0                         0      0        0
  MONTH TO DATE    0                         0      0        0
  SINCE JUN 1      7                        11     -4        0
  SINCE JUL 1      0                         0      0        0

 COOLING
  YESTERDAY        8                        12     -4        2
  MONTH TO DATE   21                        24     -3        5
  SINCE JUN 1    739                       631    108      606
  SINCE JAN 1    907                       747    160      755
..................................................................


WIND (MPH)
  HIGHEST WIND SPEED    10   HIGHEST WIND DIRECTION     N (20)
  HIGHEST GUST SPEED    14   HIGHEST GUST DIRECTION    NE (40)
  AVERAGE WIND SPEED     4.6


SKY COVER
  AVERAGE SKY COVER 0.4


WEATHER CONDITIONS
 THE FOLLOWING WEATHER WAS RECORDED YESTERDAY.
  NO SIGNIFICANT WEATHER WAS OBSERVED.


RELATIVE HUMIDITY (PERCENT)
 HIGHEST    90           400 AM
 LOWEST     32           500 PM
 AVERAGE    61

..........................................................


THE ROANOKE VA CLIMATE NORMALS FOR TODAY
                         NORMAL    RECORD    YEAR
 MAXIMUM TEMPERATURE (F)   87       100      1963
 MINIMUM TEMPERATURE (F)   66        50      1976


SUNRISE AND SUNSET
AUGUST  3 2015........SUNRISE   626 AM EDT   SUNSET   826 PM EDT
AUGUST  4 2015........SUNRISE   627 AM EDT   SUNSET   825 PM EDT


-  INDICATES NEGATIVE NUMBERS.
R  INDICATES RECORD WAS SET OR TIED.
MM INDICATES DATA IS MISSING.
T  INDICATES TRACE AMOUNT.




$$
