000
CDUS41 KRNK 282106
CLIROA


CLIMATE REPORT
NATIONAL WEATHER SERVICE BLACKSBURG VA
505 PM EDT SAT MAY 28 2016


...................................

...THE ROANOKE VA CLIMATE SUMMARY FOR MAY 28 2016...
VALID TODAY AS OF 0500 PM LOCAL TIME.

CLIMATE NORMAL PERIOD 1981 TO 2010
CLIMATE RECORD PERIOD 1912 TO 2016


WEATHER ITEM   OBSERVED TIME   RECORD YEAR NORMAL DEPARTURE LAST
                VALUE   (LST)  VALUE       VALUE  FROM      YEAR
                                                  NORMAL
..................................................................
TEMPERATURE (F)
 TODAY
  MAXIMUM         85   1255 PM  98    1941  79      6       87
  MINIMUM         63    543 AM  39    1994  57      6       63
  AVERAGE         74                        68      6       75

PRECIPITATION (IN)
  TODAY            0.00          2.33 1990   0.15  -0.15      T
  MONTH TO DATE    5.70                      3.62   2.08     1.09
  SINCE MAR 1      9.08                     10.45  -1.37    10.40
  SINCE JAN 1     17.31                     16.26   1.05    14.32

SNOWFALL (IN)
  TODAY            0.0                                       0.0
  MONTH TO DATE    0.0                                       0.0
  SINCE MAR 1      1.0                                       1.9
  SINCE JUL 1     23.0                                      21.7
  SNOW DEPTH       0

DEGREE DAYS
 HEATING
  TODAY            0                         2     -2        0
  MONTH TO DATE   92                        97     -5       35
  SINCE MAR 1    671                       924   -253      815
  SINCE JUL 1   3505                      4129   -624     4244

 COOLING
  TODAY            9                         4      5       10
  MONTH TO DATE   56                        73    -17      133
  SINCE MAR 1    105                       102      3      139
  SINCE JAN 1    105                       102      3      139
..................................................................


WIND (MPH)
  HIGHEST WIND SPEED    14   HIGHEST WIND DIRECTION    SE (150)
  HIGHEST GUST SPEED    19   HIGHEST GUST DIRECTION    SE (150)
  AVERAGE WIND SPEED     2.7


SKY COVER
  AVERAGE SKY COVER 0.4


WEATHER CONDITIONS
 THE FOLLOWING WEATHER WAS RECORDED TODAY.
  FOG


RELATIVE HUMIDITY (PERCENT)
 HIGHEST    93           200 AM
 LOWEST     43           100 PM
 AVERAGE    68

..........................................................


THE ROANOKE VA CLIMATE NORMALS FOR TOMORROW
                         NORMAL    RECORD    YEAR
 MAXIMUM TEMPERATURE (F)   79        97      1941
 MINIMUM TEMPERATURE (F)   57        40      1949


SUNRISE AND SUNSET
MAY 28 2016...........SUNRISE   602 AM EDT   SUNSET   832 PM EDT
MAY 29 2016...........SUNRISE   602 AM EDT   SUNSET   833 PM EDT


-  INDICATES NEGATIVE NUMBERS.
R  INDICATES RECORD WAS SET OR TIED.
MM INDICATES DATA IS MISSING.
T  INDICATES TRACE AMOUNT.


$$

PW
