274
CDUS45 KABQ 240852
CLIROW


CLIMATE REPORT
NATIONAL WEATHER SERVICE ALBUQUERQUE NM
249 AM MDT SAT SEP 24 2016


...................................

...THE ROSWELL NM CLIMATE SUMMARY FOR SEPTEMBER 23 2016...

CLIMATE NORMAL PERIOD 1981 TO 2010
CLIMATE RECORD PERIOD 1893 TO 2016


WEATHER ITEM   OBSERVED TIME   RECORD YEAR NORMAL DEPARTURE
                VALUE   (LST)  VALUE       VALUE  FROM
                                                  NORMAL
...............................................................
TEMPERATURE (F)
 YESTERDAY
  MAXIMUM         90    241 PM  97    1961  83      7
  MINIMUM         57    530 AM  39    1895  56      1
  AVERAGE         74                        70      4

PRECIPITATION (IN)
  YESTERDAY        0.00          1.21 1971   0.05  -0.05
  MONTH TO DATE    1.21                      1.21   0.00
  SINCE SEP 1      1.21                      1.21   0.00
  SINCE JAN 1      9.17                     10.14  -0.97

SNOWFALL (IN)
  YESTERDAY        0.0
  MONTH TO DATE    0.0
  SINCE SEP 1      0.0
  SINCE JUL 1      0.0

DEGREE DAYS
 HEATING
  YESTERDAY        0                         1     -1
  MONTH TO DATE    0                         6     -6
  SINCE SEP 1      0                         6     -6
  SINCE JUL 1      0                         6     -6

 COOLING
  YESTERDAY        9                         5      4
  MONTH TO DATE  215                       197     18
  SINCE SEP 1    215                       197     18
  SINCE JAN 1   1970                      1721    249
...............................................................


WIND (MPH)
  HIGHEST WIND SPEED    24   HIGHEST WIND DIRECTION     S (180)
  HIGHEST GUST SPEED    33   HIGHEST GUST DIRECTION     S (160)
  AVERAGE WIND SPEED    11.3


SKY COVER
  AVERAGE SKY COVER 0.1


WEATHER CONDITIONS
 THE FOLLOWING WEATHER WAS RECORDED YESTERDAY.
  NO SIGNIFICANT WEATHER WAS OBSERVED.


RELATIVE HUMIDITY (PERCENT)
 HIGHEST    86           500 AM
 LOWEST     27           300 PM
 AVERAGE    57

..........................................................


THE ROSWELL NM CLIMATE NORMALS FOR TODAY
                         NORMAL    RECORD    YEAR
 MAXIMUM TEMPERATURE (F)   83        97      2005
                                             1953
 MINIMUM TEMPERATURE (F)   55        43      1970
                                             1924
                                             1909


SUNRISE AND SUNSET
SEPTEMBER 24 2016.....SUNRISE   648 AM MDT   SUNSET   651 PM MDT
SEPTEMBER 25 2016.....SUNRISE   649 AM MDT   SUNSET   650 PM MDT


-  INDICATES NEGATIVE NUMBERS.
R  INDICATES RECORD WAS SET OR TIED.
MM INDICATES DATA IS MISSING.
T  INDICATES TRACE AMOUNT.




$$
