000
CDUS45 KABQ 230843
CLIROW


CLIMATE REPORT
NATIONAL WEATHER SERVICE ALBUQUERQUE NM
232 AM MDT WED AUG 23 2017


...................................

...THE ROSWELL NM CLIMATE SUMMARY FOR AUGUST 22 2017...

CLIMATE NORMAL PERIOD 1981 TO 2010
CLIMATE RECORD PERIOD 1893 TO 2017


WEATHER ITEM   OBSERVED TIME   RECORD YEAR NORMAL DEPARTURE
                VALUE   (LST)  VALUE       VALUE  FROM
                                                  NORMAL
...............................................................
TEMPERATURE (F)
 YESTERDAY
  MAXIMUM         93    211 PM 102    2015  91      2
  MINIMUM         67    557 AM  55    1967  65      2
  AVERAGE         80                        78      2

PRECIPITATION (IN)
  YESTERDAY        T             2.20 1987   0.07  -0.07
  MONTH TO DATE    0.91                      1.44  -0.53
  SINCE JUN 1      3.15                      5.23  -2.08
  SINCE JAN 1      6.71                      8.40  -1.69

SNOWFALL (IN)
  YESTERDAY        0.0
  MONTH TO DATE    0.0
  SINCE JUN 1      0.0
  SINCE JUL 1      0.0

DEGREE DAYS
 HEATING
  YESTERDAY        0                         0      0
  MONTH TO DATE    0                         0      0
  SINCE JUN 1      0                         1     -1
  SINCE JUL 1      0                         0      0

 COOLING
  YESTERDAY       15                        13      2
  MONTH TO DATE  335                       314     21
  SINCE JUN 1   1403                      1187    216
  SINCE JAN 1   1684                      1412    272
...............................................................


WIND (MPH)
  HIGHEST WIND SPEED    29   HIGHEST WIND DIRECTION    NW (330)
  HIGHEST GUST SPEED    40   HIGHEST GUST DIRECTION    NW (320)
  AVERAGE WIND SPEED     7.4


SKY COVER
  AVERAGE SKY COVER 0.0


WEATHER CONDITIONS
 THE FOLLOWING WEATHER WAS RECORDED YESTERDAY.
  THUNDERSTORM
  LIGHT RAIN


RELATIVE HUMIDITY (PERCENT)
 HIGHEST    93           500 AM
 LOWEST     36           300 PM
 AVERAGE    65

..........................................................


THE ROSWELL NM CLIMATE NORMALS FOR TODAY
                         NORMAL    RECORD    YEAR
 MAXIMUM TEMPERATURE (F)   91       102      1950
 MINIMUM TEMPERATURE (F)   65        57      1911
                                             1896
                                             1894


SUNRISE AND SUNSET
AUGUST 23 2017........SUNRISE   626 AM MDT   SUNSET   734 PM MDT
AUGUST 24 2017........SUNRISE   627 AM MDT   SUNSET   733 PM MDT


-  INDICATES NEGATIVE NUMBERS.
R  INDICATES RECORD WAS SET OR TIED.
MM INDICATES DATA IS MISSING.
T  INDICATES TRACE AMOUNT.




$$
