000
CDUS45 KABQ 250829
CLIROW


CLIMATE REPORT
NATIONAL WEATHER SERVICE ALBUQUERQUE NM
228 AM MDT WED MAY 25 2016


...................................

...THE ROSWELL NM CLIMATE SUMMARY FOR MAY 24 2016...

CLIMATE NORMAL PERIOD 1981 TO 2010
CLIMATE RECORD PERIOD 1893 TO 2016


WEATHER ITEM   OBSERVED TIME   RECORD YEAR NORMAL DEPARTURE
                VALUE   (LST)  VALUE       VALUE  FROM
                                                  NORMAL
...............................................................
TEMPERATURE (F)
 YESTERDAY
  MAXIMUM         96    226 PM 107    2000  88      8
  MINIMUM         51    352 AM  32    1913  57     -6
  AVERAGE         74                        72      2

PRECIPITATION (IN)
  YESTERDAY        0.00          4.44 2014   0.04  -0.04
  MONTH TO DATE    0.60                      0.95  -0.35
  SINCE MAR 1      1.37                      2.07  -0.70
  SINCE JAN 1      1.93                      2.87  -0.94

SNOWFALL (IN)
  YESTERDAY        0.0
  MONTH TO DATE    0.0
  SINCE MAR 1      T
  SINCE JUL 1     17.8

DEGREE DAYS
 HEATING
  YESTERDAY        0                         0      0
  MONTH TO DATE   62                        27     35
  SINCE MAR 1    477                       578   -101
  SINCE JUL 1   3037                      3285   -248

 COOLING
  YESTERDAY        9                         8      1
  MONTH TO DATE  104                       123    -19
  SINCE MAR 1    124                       163    -39
  SINCE JAN 1    124                       163    -39
...............................................................


WIND (MPH)
  HIGHEST WIND SPEED    31   HIGHEST WIND DIRECTION    SW (210)
  HIGHEST GUST SPEED    38   HIGHEST GUST DIRECTION    SW (210)
  AVERAGE WIND SPEED    10.8


SKY COVER
  AVERAGE SKY COVER 0.0


WEATHER CONDITIONS
 THE FOLLOWING WEATHER WAS RECORDED YESTERDAY.
  NO SIGNIFICANT WEATHER WAS OBSERVED.


RELATIVE HUMIDITY (PERCENT)
 HIGHEST    46           500 AM
 LOWEST      5           200 PM
 AVERAGE    26

..........................................................


THE ROSWELL NM CLIMATE NORMALS FOR TODAY
                         NORMAL    RECORD    YEAR
 MAXIMUM TEMPERATURE (F)   88       102      2006
 MINIMUM TEMPERATURE (F)   58        45      2010
                                             1971


SUNRISE AND SUNSET
MAY 25 2016...........SUNRISE   552 AM MDT   SUNSET   759 PM MDT
MAY 26 2016...........SUNRISE   552 AM MDT   SUNSET   759 PM MDT


-  INDICATES NEGATIVE NUMBERS.
R  INDICATES RECORD WAS SET OR TIED.
MM INDICATES DATA IS MISSING.
T  INDICATES TRACE AMOUNT.




$$
