000
CDUS45 KABQ 160829
CLIROW


CLIMATE REPORT
NATIONAL WEATHER SERVICE ALBUQUERQUE NM
228 AM MDT WED APR 16 2014


...................................

...THE ROSWELL NM CLIMATE SUMMARY FOR APRIL 15 2014...

CLIMATE NORMAL PERIOD 1981 TO 2010
CLIMATE RECORD PERIOD 1893 TO 2014


WEATHER ITEM   OBSERVED TIME   RECORD YEAR NORMAL DEPARTURE
                VALUE   (LST)  VALUE       VALUE  FROM
                                                  NORMAL
...............................................................
TEMPERATURE (F)
 YESTERDAY
  MAXIMUM         72    412 PM  98    1934  77     -5
  MINIMUM         24R   531 AM  28    1933  44    -20
  AVERAGE         48                        60    -12

PRECIPITATION (IN)
  YESTERDAY        0.00          1.44 1915   0.02  -0.02
  MONTH TO DATE    T                         0.24  -0.24
  SINCE MAR 1      0.28                      0.75  -0.47
  SINCE JAN 1      0.30                      1.55  -1.25

SNOWFALL (IN)
  YESTERDAY        0.0
  MONTH TO DATE    T
  SINCE MAR 1      T
  SINCE JUL 1      5.0

DEGREE DAYS
 HEATING
  YESTERDAY       17                         5     12
  MONTH TO DATE  107                       106      1
  SINCE MAR 1    488                       493     -5
  SINCE JUL 1   3191                      3200     -9

 COOLING
  YESTERDAY        0                         1     -1
  MONTH TO DATE   13                        10      3
  SINCE MAR 1     14                        13      1
  SINCE JAN 1     14                        13      1
...............................................................


WIND (MPH)
  HIGHEST WIND SPEED    28   HIGHEST WIND DIRECTION     S (160)
  HIGHEST GUST SPEED    37   HIGHEST GUST DIRECTION     S (160)
  AVERAGE WIND SPEED    15.6


SKY COVER
  AVERAGE SKY COVER 0.0


WEATHER CONDITIONS
 THE FOLLOWING WEATHER WAS RECORDED YESTERDAY.
  NO SIGNIFICANT WEATHER WAS OBSERVED.


RELATIVE HUMIDITY (PERCENT)
 HIGHEST    50           300 AM
 LOWEST      8           200 PM
 AVERAGE    29

..........................................................


THE ROSWELL NM CLIMATE NORMALS FOR TODAY
                         NORMAL    RECORD    YEAR
 MAXIMUM TEMPERATURE (F)   77        95      1925
 MINIMUM TEMPERATURE (F)   45        27      1961


SUNRISE AND SUNSET
APRIL 16 2014.........SUNRISE   627 AM MDT   SUNSET   730 PM MDT
APRIL 17 2014.........SUNRISE   626 AM MDT   SUNSET   730 PM MDT


-  INDICATES NEGATIVE NUMBERS.
R  INDICATES RECORD WAS SET OR TIED.
MM INDICATES DATA IS MISSING.
T  INDICATES TRACE AMOUNT.




$$
