000
CDUS43 KARX 260645
CLIRST


CLIMATE REPORT
NATIONAL WEATHER SERVICE LA CROSSE WI
1242 AM CST WED NOV 26 2014


...................................

...THE ROCHESTER MN CLIMATE SUMMARY FOR NOVEMBER 25 2014...

CLIMATE NORMAL PERIOD 1981 TO 2010
CLIMATE RECORD PERIOD 1886 TO 2014


WEATHER ITEM   OBSERVED TIME   RECORD YEAR NORMAL DEPARTURE LAST
                VALUE   (LST)  VALUE       VALUE  FROM      YEAR
                                                  NORMAL
..................................................................
TEMPERATURE (F)
 YESTERDAY
  MAXIMUM         24    356 PM  61    1960  36    -12       40
  MINIMUM          7    748 AM -12    1977  21    -14       23
  AVERAGE         16                        28    -12       32

PRECIPITATION (IN)
  YESTERDAY        T             1.06 1952   0.06  -0.06      T
  MONTH TO DATE    0.70                      1.62  -0.92     1.76
  SINCE SEP 1      6.61                      7.31  -0.70     5.96
  SINCE JAN 1     32.80                     31.50   1.30    40.66

SNOWFALL (IN)
  YESTERDAY        T            10.6  1952   0.3   -0.3       T
  MONTH TO DATE    5.7                       4.5    1.2      1.3
  SINCE JUL 1      5.7                       5.3    0.4      1.3
  SNOW DEPTH       1

DEGREE DAYS
 HEATING
  YESTERDAY       49                        37     12       33
  MONTH TO DATE  967                       745    222      802
  SINCE JUL 1   1712                      1481    231     1485

 COOLING
  YESTERDAY        0                         0      0        0
  MONTH TO DATE    0                         0      0        0
  SINCE JAN 1    491                       585    -94      656
..................................................................


WIND (MPH)
  HIGHEST WIND SPEED    22   HIGHEST WIND DIRECTION    NW (320)
  HIGHEST GUST SPEED    27   HIGHEST GUST DIRECTION    NW (310)
  AVERAGE WIND SPEED     9.4


SKY COVER
  POSSIBLE SUNSHINE  MM
  AVERAGE SKY COVER 0.5


WEATHER CONDITIONS
 THE FOLLOWING WEATHER WAS RECORDED YESTERDAY.
  LIGHT SNOW
  FOG


RELATIVE HUMIDITY (PERCENT)
 HIGHEST    91           700 AM
 LOWEST     62           300 PM
 AVERAGE    77

..........................................................


THE ROCHESTER MN CLIMATE NORMALS FOR TODAY
                         NORMAL    RECORD    YEAR
 MAXIMUM TEMPERATURE (F)   35        61      1914
 MINIMUM TEMPERATURE (F)   20       -20      1977


SUNRISE AND SUNSET
NOVEMBER 26 2014......SUNRISE   719 AM CST   SUNSET   436 PM CST
NOVEMBER 27 2014......SUNRISE   720 AM CST   SUNSET   435 PM CST


-  INDICATES NEGATIVE NUMBERS.
R  INDICATES RECORD WAS SET OR TIED.
MM INDICATES DATA IS MISSING.
T  INDICATES TRACE AMOUNT.




$$
