000
CDUS43 KARX 060723
CLIRST


CLIMATE REPORT
NATIONAL WEATHER SERVICE LA CROSSE WI
1251 AM CST SAT FEB 6 2016

...THE ROCHESTER MN CLIMATE SUMMARY FOR FEBRUARY 5 2016...

CLIMATE NORMAL PERIOD 1981 TO 2010
CLIMATE RECORD PERIOD 1886 TO 2016

WEATHER ITEM   OBSERVED TIME   RECORD YEAR NORMAL DEPARTURE LAST
                VALUE   (LST)  VALUE       VALUE  FROM      YEAR
                                                  NORMAL
..................................................................
TEMPERATURE (F)
 YESTERDAY
  MAXIMUM         23   1159 PM  48    1946  25     -2       11
  MINIMUM          3    717 AM -29    1979   9     -6      -17
  AVERAGE         13                        17     -4       -3

PRECIPITATION (IN)
  YESTERDAY        T             0.41 1946   0.02  -0.02     0.00
  MONTH TO DATE    0.53                      0.13   0.40     0.33
  SINCE DEC 1      4.49                      2.22   2.27     2.06
  SINCE JAN 1      1.28                      0.99   0.29     1.04

SNOWFALL (IN)
  YESTERDAY        T             4.0  1916   0.4   -0.4      0.0
  MONTH TO DATE    8.9                       1.8    7.1      6.3
  SINCE JUL 1     30.3                      33.2   -2.9     33.7
  SNOW DEPTH      12

DEGREE DAYS
 HEATING
  YESTERDAY       52                        48      4       68
  MONTH TO DATE  230                       240    -10      305
  SINCE JUL 1   4207                      4848   -641     5006

 COOLING
  YESTERDAY        0                         0      0        0
  MONTH TO DATE    0                         0      0        0
  SINCE JAN 1      0                         0      0        0
..................................................................

WIND (MPH)
  HIGHEST WIND SPEED    21   HIGHEST WIND DIRECTION    SW (220)
  HIGHEST GUST SPEED    24   HIGHEST GUST DIRECTION    SW (210)
  AVERAGE WIND SPEED    10.4

SKY COVER
  POSSIBLE SUNSHINE  MM
  AVERAGE SKY COVER 0.4

WEATHER CONDITIONS
 THE FOLLOWING WEATHER WAS RECORDED YESTERDAY.
  LIGHT SNOW
  FOG

RELATIVE HUMIDITY (PERCENT)
 HIGHEST   100          1000 AM
 LOWEST     73           500 PM
 AVERAGE    87
..........................................................

THE ROCHESTER MN CLIMATE NORMALS FOR TODAY
                         NORMAL    RECORD    YEAR
 MAXIMUM TEMPERATURE (F)   26        43      1987
 MINIMUM TEMPERATURE (F)   10       -28      1936

SUNRISE AND SUNSET
FEBRUARY  6 2016......SUNRISE   722 AM CST   SUNSET   527 PM CST
FEBRUARY  7 2016......SUNRISE   721 AM CST   SUNSET   528 PM CST

-  INDICATES NEGATIVE NUMBERS.
R  INDICATES RECORD WAS SET OR TIED.
MM INDICATES DATA IS MISSING.
T  INDICATES TRACE AMOUNT.

$$

BOYNE
