000
CDUS45 KCYS 220726
CLIRWL


CLIMATE REPORT
NATIONAL WEATHER SERVICE CHEYENNE WY
126 AM MDT MON SEP 22 2014


...................................

...THE RAWLINS WY AIRPORT CLIMATE SUMMARY FOR SEPTEMBER 21 2014...

CLIMATE NORMAL PERIOD 1981 TO 2010
CLIMATE RECORD PERIOD 1951 TO 2014


WEATHER ITEM   OBSERVED TIME   RECORD YEAR NORMAL DEPARTURE LAST
                VALUE   (LST)  VALUE       VALUE  FROM      YEAR
                                                  NORMAL
..................................................................
TEMPERATURE (F)
 YESTERDAY
  MAXIMUM         74    159 PM  80    1966  68      6       76
  MINIMUM         47    642 AM  20    1995  38      9       43
  AVERAGE         61                        53      8       60

PRECIPITATION (IN)
  YESTERDAY        0.00          0.54 1998   0.04  -0.04     0.00
  MONTH TO DATE    0.59                      0.67  -0.08     2.07
  SINCE JAN 1      5.11                      7.22  -2.11     5.84

DEGREE DAYS
 HEATING
  YESTERDAY        4                        12     -8        5
  MONTH TO DATE  148                       166    -18       87
  SINCE SEP 1    148                       166    -18       87
  SINCE JUL 1    248                       259    -11       95

 COOLING
  YESTERDAY        0                         0      0        0
  MONTH TO DATE    2                         2      0       49
  SINCE SEP 1      2                         2      0       49
  SINCE JAN 1    211                       183     28      371
..................................................................


WIND (MPH)
  HIGHEST WIND SPEED    23   HIGHEST WIND DIRECTION    SW (240)
  HIGHEST GUST SPEED    28   HIGHEST GUST DIRECTION    SW (240)
  AVERAGE WIND SPEED    10.4


SKY COVER
  AVERAGE SKY COVER 0.2


WEATHER CONDITIONS
 THE FOLLOWING WEATHER WAS RECORDED YESTERDAY.
  NO SIGNIFICANT WEATHER WAS OBSERVED.


RELATIVE HUMIDITY (PERCENT)
 HIGHEST    72          1100 PM
 LOWEST     33           100 PM
 AVERAGE    53

..........................................................


THE RAWLINS WY AIRPORT CLIMATE NORMALS FOR TODAY
                         NORMAL    RECORD    YEAR
 MAXIMUM TEMPERATURE (F)   68        82      1966
 MINIMUM TEMPERATURE (F)   38        21      1957


SUNRISE AND SUNSET
SEPTEMBER 22 2014.....SUNRISE   656 AM MDT   SUNSET   706 PM MDT
SEPTEMBER 23 2014.....SUNRISE   657 AM MDT   SUNSET   704 PM MDT


-  INDICATES NEGATIVE NUMBERS.
R  INDICATES RECORD WAS SET OR TIED.
MM INDICATES DATA IS MISSING.
T  INDICATES TRACE AMOUNT.




$$
