000
CDUS45 KCYS 290734
CLIRWL


CLIMATE REPORT
NATIONAL WEATHER SERVICE CHEYENNE WY
1233 AM MST THU JAN 29 2015


...................................

...THE RAWLINS WY AIRPORT CLIMATE SUMMARY FOR JANUARY 28 2015...

CLIMATE NORMAL PERIOD 1981 TO 2010
CLIMATE RECORD PERIOD 1951 TO 2015


WEATHER ITEM   OBSERVED TIME   RECORD YEAR NORMAL DEPARTURE LAST
                VALUE   (LST)  VALUE       VALUE  FROM      YEAR
                                                  NORMAL
..................................................................
TEMPERATURE (F)
 YESTERDAY
  MAXIMUM         45R   121 PM  45    1988  31     14       24
  MINIMUM         33   1159 PM -18    1961  12     21      -12
  AVERAGE         39                        21     18        6

PRECIPITATION (IN)
  YESTERDAY        0.02          0.50 1975   0.01   0.01     0.00
  MONTH TO DATE    0.13                      0.33  -0.20     0.13
  SINCE JAN 1      0.13                      0.33  -0.20     0.13

DEGREE DAYS
 HEATING
  YESTERDAY       26                        44    -18       59
  MONTH TO DATE 1064                      1210   -146     1165
  SINCE DEC 1   2306                      2558   -252     2570
  SINCE JUL 1   4197                      4664   -467     4554

 COOLING
  YESTERDAY        0                         0      0        0
  MONTH TO DATE    0                         0      0        0
  SINCE DEC 1      0                         0      0        0
  SINCE JAN 1      0                         0      0        0
..................................................................


WIND (MPH)
  HIGHEST WIND SPEED    29   HIGHEST WIND DIRECTION     W (250)
  HIGHEST GUST SPEED    36   HIGHEST GUST DIRECTION     W (250)
  AVERAGE WIND SPEED    15.1


SKY COVER
  AVERAGE SKY COVER 0.8


WEATHER CONDITIONS
 THE FOLLOWING WEATHER WAS RECORDED YESTERDAY.
  LIGHT RAIN


RELATIVE HUMIDITY (PERCENT)
 HIGHEST    89           900 PM
 LOWEST     62           100 PM
 AVERAGE    76

..........................................................


THE RAWLINS WY AIRPORT CLIMATE NORMALS FOR TODAY
                         NORMAL    RECORD    YEAR
 MAXIMUM TEMPERATURE (F)   31        48      1986
 MINIMUM TEMPERATURE (F)   12       -18      1991
                                             1980
                                             1979


SUNRISE AND SUNSET
JANUARY 29 2015.......SUNRISE   724 AM MST   SUNSET   520 PM MST
JANUARY 30 2015.......SUNRISE   723 AM MST   SUNSET   521 PM MST


-  INDICATES NEGATIVE NUMBERS.
R  INDICATES RECORD WAS SET OR TIED.
MM INDICATES DATA IS MISSING.
T  INDICATES TRACE AMOUNT.




$$
