000
CDUS45 KCYS 302137
CLIRWL


CLIMATE REPORT
NATIONAL WEATHER SERVICE CHEYENNE WY
337 PM MDT TUE JUN 30 2015


...................................

...THE RAWLINS WY AIRPORT CLIMATE SUMMARY FOR JUNE 30 2015...
VALID AS OF 0300 PM LOCAL TIME.

CLIMATE NORMAL PERIOD 1981 TO 2010
CLIMATE RECORD PERIOD 1951 TO 2015


WEATHER ITEM   OBSERVED TIME   RECORD YEAR NORMAL DEPARTURE LAST
                VALUE   (LST)  VALUE       VALUE  FROM      YEAR
                                                  NORMAL
..................................................................
TEMPERATURE (F)
 TODAY
  MAXIMUM         92    159 PM  94    2002  81     11       79
                                      1990
  MINIMUM         53    437 AM  32    1968  48      5       47
  AVERAGE         73                        64      9       63

PRECIPITATION (IN)
  TODAY            0.00          0.54 2004   0.02  -0.02     0.00
  MONTH TO DATE    1.37                      1.03   0.34     0.30
  SINCE JAN 1      7.23                      4.95   2.28     2.81

DEGREE DAYS
 HEATING
  TODAY            0                         3     -3        2
  MONTH TO DATE   66                       191   -125      172
  SINCE JUN 1     66                       190   -124      172
  SINCE JUL 1   7328                      8393  -1065     8007

 COOLING
  TODAY            8                         2      6        0
  MONTH TO DATE   61                        19     42       11
  SINCE JUN 1     61                        19     42       11
  SINCE JAN 1     61                        19     42       13
..................................................................


WIND (MPH)
  HIGHEST WIND SPEED    37   HIGHEST WIND DIRECTION     N (350)
  HIGHEST GUST SPEED    45   HIGHEST GUST DIRECTION     N (350)
  AVERAGE WIND SPEED     6.1


SKY COVER
  AVERAGE SKY COVER 0.1


WEATHER CONDITIONS
 THE FOLLOWING WEATHER WAS RECORDED TODAY.
  NO SIGNIFICANT WEATHER WAS OBSERVED.


RELATIVE HUMIDITY (PERCENT)
 HIGHEST    71           400 AM
 LOWEST     15           200 PM
 AVERAGE    43

..........................................................


THE RAWLINS WY AIRPORT CLIMATE NORMALS FOR TOMORROW
                         NORMAL    RECORD    YEAR
 MAXIMUM TEMPERATURE (F)   81        96      2012
 MINIMUM TEMPERATURE (F)   48        34      1968


SUNRISE AND SUNSET
JUNE 30 2015..........SUNRISE   537 AM MDT   SUNSET   848 PM MDT
JULY  1 2015..........SUNRISE   538 AM MDT   SUNSET   847 PM MDT


-  INDICATES NEGATIVE NUMBERS.
R  INDICATES RECORD WAS SET OR TIED.
MM INDICATES DATA IS MISSING.
T  INDICATES TRACE AMOUNT.




$$
