000
CDUS45 KPIH 102342
CLIRXE


CLIMATE REPORT
NATIONAL WEATHER SERVICE POCATELLO ID
439 PM MST SUN DEC 10 2017


...................................

...THE REXBURG ID CLIMATE SUMMARY FOR DECEMBER 10 2017...
VALID TODAY AS OF 0400 PM LOCAL TIME.

CLIMATE NORMAL PERIOD 1981 TO 2010
CLIMATE RECORD PERIOD 1998 TO 2017


WEATHER ITEM   OBSERVED TIME   RECORD YEAR NORMAL DEPARTURE LAST
                VALUE   (LST)  VALUE       VALUE  FROM      YEAR
                                                  NORMAL
..................................................................
TEMPERATURE (F)
 TODAY
  MAXIMUM         32    328 PM  46    2006  29      3       35
  MINIMUM          5    727 AM -15    2009  13     -8       26
  AVERAGE         19                        21     -2       31

PRECIPITATION (IN)
  TODAY            0.00         MM      MM   0.03  -0.03     0.06
  MONTH TO DATE    0.34                      0.25   0.09     0.28
  SINCE OCT 1      1.84                      2.40  -0.56     4.09
  SINCE JAN 1     12.20                     12.28  -0.08    11.82

SNOWFALL (IN)
  TODAY           MM
  MONTH TO DATE   MM
  SINCE DEC 1     MM
  SINCE JUL 1     MM
  SNOW DEPTH      MM

DEGREE DAYS
 HEATING
  TODAY           46                        44      2       34
  MONTH TO DATE  424                       428     -4      453
  SINCE DEC 1    424                       428     -4      453
  SINCE JUL 1   2303                      2440   -137     2100

 COOLING
  TODAY            0                         0      0        0
  MONTH TO DATE    0                         0      0        0
  SINCE DEC 1      0                         0      0        0
  SINCE JAN 1    347                       208    139      261
..................................................................


WIND (MPH)
  HIGHEST WIND SPEED     7   HIGHEST WIND DIRECTION    NE (30)
  HIGHEST GUST SPEED     8   HIGHEST GUST DIRECTION     N (20)
  AVERAGE WIND SPEED     1.8


SKY COVER
  POSSIBLE SUNSHINE  MM
  AVERAGE SKY COVER 0.0


WEATHER CONDITIONS
 THE FOLLOWING WEATHER WAS RECORDED TODAY.
  NO SIGNIFICANT WEATHER WAS OBSERVED.


RELATIVE HUMIDITY (PERCENT)
 HIGHEST    91           100 AM
 LOWEST     58           200 PM
 AVERAGE    75

..........................................................


THE REXBURG ID CLIMATE NORMALS FOR TOMORROW
                         NORMAL    RECORD    YEAR
 MAXIMUM TEMPERATURE (F)   29        56      2014
 MINIMUM TEMPERATURE (F)   13       -11      2009


SUNRISE AND SUNSET
DECEMBER 10 2017......SUNRISE   751 AM MST   SUNSET   450 PM MST
DECEMBER 11 2017......SUNRISE   751 AM MST   SUNSET   450 PM MST


-  INDICATES NEGATIVE NUMBERS.
R  INDICATES RECORD WAS SET OR TIED.
MM INDICATES DATA IS MISSING.
T  INDICATES TRACE AMOUNT.




$$
