311
CDUS45 KPIH 110752
CLIRXE


CLIMATE REPORT
NATIONAL WEATHER SERVICE POCATELLO ID
1248 AM MST THU FEB 11 2016


...................................

...THE REXBURG ID CLIMATE SUMMARY FOR FEBRUARY 10 2016...

CLIMATE NORMAL PERIOD 1981 TO 2010
CLIMATE RECORD PERIOD 1998 TO 2016


WEATHER ITEM   OBSERVED TIME   RECORD YEAR NORMAL DEPARTURE LAST
                VALUE   (LST)  VALUE       VALUE  FROM      YEAR
                                                  NORMAL
..................................................................
TEMPERATURE (F)
 YESTERDAY
  MAXIMUM         33    409 PM  42    2015  31      2       42
  MINIMUM          5    732 AM  -6    2002  11     -6       32
  AVERAGE         19                        21     -2       37

PRECIPITATION (IN)
  YESTERDAY        0.00         MM      MM   0.03  -0.03     0.00
  MONTH TO DATE    0.09                      0.30  -0.21     0.29
  SINCE OCT 1      4.88                      4.25   0.63     3.78
  SINCE JAN 1      1.72                      1.04   0.68     1.01

SNOWFALL (IN)
  YESTERDAY       MM
  MONTH TO DATE   MM
  SINCE DEC 1     MM
  SINCE JUL 1     MM
  SNOW DEPTH      MM

DEGREE DAYS
 HEATING
  YESTERDAY       46                        44      2       28
  MONTH TO DATE  480                       448     32      273
  SINCE DEC 1   3182                      3213    -31     2684
  SINCE JUL 1   4916                      5225   -309     4494

 COOLING
  YESTERDAY        0                         0      0        0
  MONTH TO DATE    0                         0      0        0
  SINCE DEC 1      0                         0      0        0
  SINCE JAN 1      0                         0      0        0
..................................................................


WIND (MPH)
  HIGHEST WIND SPEED     7   HIGHEST WIND DIRECTION    NE (50)
  HIGHEST GUST SPEED     8   HIGHEST GUST DIRECTION    NE (30)
  AVERAGE WIND SPEED     2.2


SKY COVER
  POSSIBLE SUNSHINE  MM
  AVERAGE SKY COVER 0.3


WEATHER CONDITIONS
 THE FOLLOWING WEATHER WAS RECORDED YESTERDAY.
  FOG


RELATIVE HUMIDITY (PERCENT)
 HIGHEST    96           300 AM
 LOWEST     64           300 PM
 AVERAGE    80

..........................................................


THE REXBURG ID CLIMATE NORMALS FOR TODAY
                         NORMAL    RECORD    YEAR
 MAXIMUM TEMPERATURE (F)   31        47      2015
 MINIMUM TEMPERATURE (F)   11        -9      2006


SUNRISE AND SUNSET
FEBRUARY 11 2016......SUNRISE   732 AM MST   SUNSET   551 PM MST
FEBRUARY 12 2016......SUNRISE   731 AM MST   SUNSET   553 PM MST


-  INDICATES NEGATIVE NUMBERS.
R  INDICATES RECORD WAS SET OR TIED.
MM INDICATES DATA IS MISSING.
T  INDICATES TRACE AMOUNT.




$$
