000
CDUS45 KPIH 300736
CLIRXE


CLIMATE REPORT
NATIONAL WEATHER SERVICE POCATELLO ID
134 AM MDT SUN AUG 30 2015


...................................

...THE REXBURG ID CLIMATE SUMMARY FOR AUGUST 29 2015...

CLIMATE NORMAL PERIOD 1981 TO 2010
CLIMATE RECORD PERIOD 1998 TO 2015


WEATHER ITEM   OBSERVED TIME   RECORD YEAR NORMAL DEPARTURE LAST
                VALUE   (LST)  VALUE       VALUE  FROM      YEAR
                                                  NORMAL
..................................................................
TEMPERATURE (F)
 YESTERDAY
  MAXIMUM         92R   258 PM  91    2005  80     12       82
  MINIMUM         56    330 AM  41    2004  46     10       50
  AVERAGE         74                        63     11       66

PRECIPITATION (IN)
  YESTERDAY        0.02         MM      MM   0.04  -0.02     0.00
  MONTH TO DATE    0.55                      0.88  -0.33     3.80
  SINCE OCT 1      9.91                     12.05  -2.14    12.75
  SINCE JAN 1      7.14                      8.84  -1.70    10.89

SNOWFALL (IN)
  YESTERDAY       MM
  MONTH TO DATE   MM
  SINCE JUN 1     MM
  SINCE JUL 1     MM
  SNOW DEPTH      MM

DEGREE DAYS
 HEATING
  YESTERDAY        0                         3     -3        0
  MONTH TO DATE   26                        34     -8       55
  SINCE JUN 1    110                       236   -126      218
  SINCE JUL 1     70                        64      6       63

 COOLING
  YESTERDAY        9                         1      8        1
  MONTH TO DATE  101                        83     18       56
  SINCE JUN 1    286                       193     93      222
  SINCE JAN 1    286                       197     89      222
..................................................................


WIND (MPH)
  HIGHEST WIND SPEED    32   HIGHEST WIND DIRECTION    SW (230)
  HIGHEST GUST SPEED    41   HIGHEST GUST DIRECTION    SW (240)
  AVERAGE WIND SPEED     8.5


SKY COVER
  POSSIBLE SUNSHINE  MM
  AVERAGE SKY COVER 0.4


WEATHER CONDITIONS
 THE FOLLOWING WEATHER WAS RECORDED YESTERDAY.
  THUNDERSTORM
  LIGHT RAIN


RELATIVE HUMIDITY (PERCENT)
 HIGHEST    67          1100 PM
 LOWEST     16           300 PM
 AVERAGE    42

..........................................................


THE REXBURG ID CLIMATE NORMALS FOR TODAY
                         NORMAL    RECORD    YEAR
 MAXIMUM TEMPERATURE (F)   79        91      2008
                                             2007
 MINIMUM TEMPERATURE (F)   45        41      2005


SUNRISE AND SUNSET
AUGUST 30 2015........SUNRISE   648 AM MDT   SUNSET   807 PM MDT
AUGUST 31 2015........SUNRISE   649 AM MDT   SUNSET   805 PM MDT


-  INDICATES NEGATIVE NUMBERS.
R  INDICATES RECORD WAS SET OR TIED.
MM INDICATES DATA IS MISSING.
T  INDICATES TRACE AMOUNT.




$$
