000
CDUS45 KPIH 172325
CLIRXE


CLIMATE REPORT
NATIONAL WEATHER SERVICE POCATELLO ID
523 PM MDT TUE OCT 17 2017


...................................

...THE REXBURG ID CLIMATE SUMMARY FOR OCTOBER 17 2017...
VALID TODAY AS OF 0500 PM LOCAL TIME.

CLIMATE NORMAL PERIOD 1981 TO 2010
CLIMATE RECORD PERIOD 1998 TO 2017


WEATHER ITEM   OBSERVED TIME   RECORD YEAR NORMAL DEPARTURE LAST
                VALUE   (LST)  VALUE       VALUE  FROM      YEAR
                                                  NORMAL
..................................................................
TEMPERATURE (F)
 TODAY
  MAXIMUM         65    321 PM  76    2015  58      7       52
  MINIMUM         26    712 AM  17    1999  31     -5       37
  AVERAGE         46                        44      2       45

PRECIPITATION (IN)
  TODAY            0.00         MM      MM   0.04  -0.04     0.23
  MONTH TO DATE    0.22                      0.62  -0.40     1.90
  SINCE OCT 1      0.22                      0.62  -0.40     1.90
  SINCE JAN 1     10.58                     10.50   0.08     9.63

SNOWFALL (IN)
  TODAY           MM
  MONTH TO DATE   MM
  SINCE SEP 1     MM
  SINCE JUL 1     MM
  SNOW DEPTH      MM

DEGREE DAYS
 HEATING
  TODAY           19                        20     -1       20
  MONTH TO DATE  405                       300    105      289
  SINCE SEP 1    691                       585    106      545
  SINCE JUL 1    704                       658     46      609

 COOLING
  TODAY            0                         0      0        0
  MONTH TO DATE    0                         0      0        0
  SINCE SEP 1     38                         6     32       14
  SINCE JAN 1    347                       208    139      261
..................................................................


WIND (MPH)
  HIGHEST WIND SPEED    18   HIGHEST WIND DIRECTION    SW (230)
  HIGHEST GUST SPEED    24   HIGHEST GUST DIRECTION    SW (210)
  AVERAGE WIND SPEED     4.7


SKY COVER
  POSSIBLE SUNSHINE  MM
  AVERAGE SKY COVER 0.0


WEATHER CONDITIONS
 THE FOLLOWING WEATHER WAS RECORDED TODAY.
  NO SIGNIFICANT WEATHER WAS OBSERVED.


RELATIVE HUMIDITY (PERCENT)
 HIGHEST    85           300 AM
 LOWEST     18           300 PM
 AVERAGE    52

..........................................................


THE REXBURG ID CLIMATE NORMALS FOR TOMORROW
                         NORMAL    RECORD    YEAR
 MAXIMUM TEMPERATURE (F)   58        74      2003
 MINIMUM TEMPERATURE (F)   31        22      2006


SUNRISE AND SUNSET
OCTOBER 17 2017.......SUNRISE   745 AM MDT   SUNSET   640 PM MDT
OCTOBER 18 2017.......SUNRISE   746 AM MDT   SUNSET   638 PM MDT


-  INDICATES NEGATIVE NUMBERS.
R  INDICATES RECORD WAS SET OR TIED.
MM INDICATES DATA IS MISSING.
T  INDICATES TRACE AMOUNT.




$$
