000
CDUS45 KPIH 280729
CLIRXE


CLIMATE REPORT
NATIONAL WEATHER SERVICE POCATELLO ID
128 AM MDT SAT MAY 28 2016


...................................

...THE REXBURG ID CLIMATE SUMMARY FOR MAY 27 2016...

CLIMATE NORMAL PERIOD 1981 TO 2010
CLIMATE RECORD PERIOD 1998 TO 2016


WEATHER ITEM   OBSERVED TIME   RECORD YEAR NORMAL DEPARTURE LAST
                VALUE   (LST)  VALUE       VALUE  FROM      YEAR
                                                  NORMAL
..................................................................
TEMPERATURE (F)
 YESTERDAY
  MAXIMUM         67    206 PM  82    2007  69     -2       62
                                      2003
  MINIMUM         42    515 AM  34    2011  42      0       45
  AVERAGE         55                        56     -1       54

PRECIPITATION (IN)
  YESTERDAY        0.01         MM      MM   0.07  -0.06     0.06
  MONTH TO DATE    2.04                      1.49   0.55     2.98
  SINCE OCT 1      8.86                      8.81   0.05     7.56
  SINCE JAN 1      5.70                      5.60   0.10     4.79

SNOWFALL (IN)
  YESTERDAY       MM
  MONTH TO DATE   MM
  SINCE MAR 1     MM
  SINCE JUL 1     MM
  SNOW DEPTH      MM

DEGREE DAYS
 HEATING
  YESTERDAY       10                        10      0       11
  MONTH TO DATE  329                       356    -27      313
  SINCE MAR 1   1689                      1948   -259     1649
  SINCE JUL 1   7266                      7921   -655     6733

 COOLING
  YESTERDAY        0                         0      0        0
  MONTH TO DATE    0                         0      0        0
  SINCE MAR 1      0                         0      0        0
  SINCE JAN 1      0                         0      0        0
..................................................................


WIND (MPH)
  HIGHEST WIND SPEED    24   HIGHEST WIND DIRECTION    SW (230)
  HIGHEST GUST SPEED    32   HIGHEST GUST DIRECTION     W (250)
  AVERAGE WIND SPEED     9.0


SKY COVER
  POSSIBLE SUNSHINE  MM
  AVERAGE SKY COVER 0.4


WEATHER CONDITIONS
 THE FOLLOWING WEATHER WAS RECORDED YESTERDAY.
  THUNDERSTORM
  LIGHT RAIN


RELATIVE HUMIDITY (PERCENT)
 HIGHEST    89           500 AM
 LOWEST     31           500 PM
 AVERAGE    60

..........................................................


THE REXBURG ID CLIMATE NORMALS FOR TODAY
                         NORMAL    RECORD    YEAR
 MAXIMUM TEMPERATURE (F)   69        92      2003
 MINIMUM TEMPERATURE (F)   42        34      2006


SUNRISE AND SUNSET
MAY 28 2016...........SUNRISE   550 AM MDT   SUNSET   900 PM MDT
MAY 29 2016...........SUNRISE   549 AM MDT   SUNSET   901 PM MDT


-  INDICATES NEGATIVE NUMBERS.
R  INDICATES RECORD WAS SET OR TIED.
MM INDICATES DATA IS MISSING.
T  INDICATES TRACE AMOUNT.




$$
