000
CDUS45 KPIH 200733
CLIRXE


CLIMATE REPORT
NATIONAL WEATHER SERVICE POCATELLO ID
1231 AM MST SAT DEC 20 2014


...................................

...THE REXBURG ID CLIMATE SUMMARY FOR DECEMBER 19 2014...

CLIMATE NORMAL PERIOD 1981 TO 2010
CLIMATE RECORD PERIOD 1998 TO 2014


WEATHER ITEM   OBSERVED TIME   RECORD YEAR NORMAL DEPARTURE LAST
                VALUE   (LST)  VALUE       VALUE  FROM      YEAR
                                                  NORMAL
..................................................................
TEMPERATURE (F)
 YESTERDAY
  MAXIMUM         37    320 PM  39    2003  28      9       25
  MINIMUM         31   1026 AM   3    2006  12     19       11
  AVERAGE         34                        20     14       18

PRECIPITATION (IN)
  YESTERDAY        0.12         MM      MM   0.05   0.07     0.00
  MONTH TO DATE    0.50                      0.54  -0.04     0.42
  SINCE OCT 1      1.43                      2.69  -1.26     1.64
  SINCE JAN 1     15.53                     12.57   2.96     8.08

SNOWFALL (IN)
  YESTERDAY       MM
  MONTH TO DATE   MM
  SINCE DEC 1     MM
  SINCE JUL 1     MM
  SNOW DEPTH      MM

DEGREE DAYS
 HEATING
  YESTERDAY       31                        45    -14       47
  MONTH TO DATE  591                       830   -239     1019
  SINCE DEC 1    591                       830   -239     1019
  SINCE JUL 1   2401                      2842   -441     2782

 COOLING
  YESTERDAY        0                         0      0        0
  MONTH TO DATE    0                         0      0        0
  SINCE DEC 1      0                         0      0        0
  SINCE JAN 1    234                       208     26      452
..................................................................


WIND (MPH)
  HIGHEST WIND SPEED    14   HIGHEST WIND DIRECTION    SW (220)
  HIGHEST GUST SPEED    21   HIGHEST GUST DIRECTION    SW (210)
  AVERAGE WIND SPEED     4.1


SKY COVER
  POSSIBLE SUNSHINE  MM
  AVERAGE SKY COVER 1.0


WEATHER CONDITIONS
 THE FOLLOWING WEATHER WAS RECORDED YESTERDAY.
  LIGHT RAIN
  HEAVY SNOW
  SNOW
  LIGHT SNOW
  FOG
  FOG W/VISIBILITY <= 1/4 MILE


RELATIVE HUMIDITY (PERCENT)
 HIGHEST   100           800 AM
 LOWEST     82           500 PM
 AVERAGE    91

..........................................................


THE REXBURG ID CLIMATE NORMALS FOR TODAY
                         NORMAL    RECORD    YEAR
 MAXIMUM TEMPERATURE (F)   28        40      2003
 MINIMUM TEMPERATURE (F)   12        -9      2008


SUNRISE AND SUNSET
DECEMBER 20 2014......SUNRISE   758 AM MST   SUNSET   452 PM MST
DECEMBER 21 2014......SUNRISE   758 AM MST   SUNSET   453 PM MST


-  INDICATES NEGATIVE NUMBERS.
R  INDICATES RECORD WAS SET OR TIED.
MM INDICATES DATA IS MISSING.
T  INDICATES TRACE AMOUNT.




$$
