000
CDUS45 KPIH 060730
CLIRXE


CLIMATE REPORT
NATIONAL WEATHER SERVICE POCATELLO ID
130 AM MDT MON JUL 6 2015


...................................

...THE REXBURG ID CLIMATE SUMMARY FOR JULY 5 2015...

CLIMATE NORMAL PERIOD 1981 TO 2010
CLIMATE RECORD PERIOD 1998 TO 2015


WEATHER ITEM   OBSERVED TIME   RECORD YEAR NORMAL DEPARTURE LAST
                VALUE   (LST)  VALUE       VALUE  FROM      YEAR
                                                  NORMAL
..................................................................
TEMPERATURE (F)
 YESTERDAY
  MAXIMUM         81    235 PM  95    2007  81      0       91
  MINIMUM         63   1159 PM  38    1999  49     14       52
  AVERAGE         72                        65      7       72

PRECIPITATION (IN)
  YESTERDAY        0.06         MM      MM   0.03   0.03     0.00
  MONTH TO DATE    0.06                      0.16  -0.10      T
  SINCE OCT 1      8.50                     10.61  -2.11     7.65
  SINCE JAN 1      5.73                      7.40  -1.67     5.79

SNOWFALL (IN)
  YESTERDAY       MM
  MONTH TO DATE   MM
  SINCE JUN 1     MM
  SINCE JUL 1     MM
  SNOW DEPTH       0

DEGREE DAYS
 HEATING
  YESTERDAY        0                         2     -2        0
  MONTH TO DATE    0                        11    -11        3
  SINCE JUN 1     40                       183   -143      158
  SINCE JUL 1      0                        11    -11        3

 COOLING
  YESTERDAY        7                         1      6        7
  MONTH TO DATE   46                         5     41       21
  SINCE JUN 1    135                        23    112       24
  SINCE JAN 1    135                        27    108       24
..................................................................


WIND (MPH)
  HIGHEST WIND SPEED    22   HIGHEST WIND DIRECTION     S (200)
  HIGHEST GUST SPEED    28   HIGHEST GUST DIRECTION    NE (40)
  AVERAGE WIND SPEED    11.1


SKY COVER
  POSSIBLE SUNSHINE  MM
  AVERAGE SKY COVER 0.3


WEATHER CONDITIONS
 THE FOLLOWING WEATHER WAS RECORDED YESTERDAY.
  THUNDERSTORM
  LIGHT RAIN


RELATIVE HUMIDITY (PERCENT)
 HIGHEST    73          1000 PM
 LOWEST     37           500 PM
 AVERAGE    55

..........................................................


THE REXBURG ID CLIMATE NORMALS FOR TODAY
                         NORMAL    RECORD    YEAR
 MAXIMUM TEMPERATURE (F)   81        96      2007
 MINIMUM TEMPERATURE (F)   49        43      1999


SUNRISE AND SUNSET
JULY  6 2015..........SUNRISE   552 AM MDT   SUNSET   912 PM MDT
JULY  7 2015..........SUNRISE   552 AM MDT   SUNSET   911 PM MDT


-  INDICATES NEGATIVE NUMBERS.
R  INDICATES RECORD WAS SET OR TIED.
MM INDICATES DATA IS MISSING.
T  INDICATES TRACE AMOUNT.




$$
