000
CDUS46 KSTO 230053
CLISAC

CLIMATE REPORT
NATIONAL WEATHER SERVICE SACRAMENTO, CA
551 PM PDT WED MAR 22 2017


...................................

...THE SACRAMENTO EXEC. AIRPORT CA CLIMATE SUMMARY FOR MARCH 22 2017...
VALID TODAY AS OF 0500 PM LOCAL TIME.

CLIMATE NORMAL PERIOD 1981 TO 2010
CLIMATE RECORD PERIOD 1930 TO 2017


WEATHER ITEM   OBSERVED TIME   RECORD YEAR NORMAL DEPARTURE LAST
                VALUE   (LST)  VALUE       VALUE  FROM      YEAR
                                                  NORMAL
..................................................................
TEMPERATURE (F)
 TODAY
  MAXIMUM         62    316 PM  78    1960  66     -4       64
  MINIMUM         51    737 AM  33    1987  44      7       42
  AVERAGE         57

PRECIPITATION (IN)
  TODAY            0.62          1.45 1995   0.07   0.55     0.00
  MONTH TO DATE    2.11                      2.14  -0.03     5.07
  SINCE OCT 1     29.73                     15.53  14.20    14.77
  SINCE JAN 1     20.28                      9.25  11.03    11.33

SNOWFALL (IN)
  TODAY            0.0          MM      MM   0.0             0.0
  MONTH TO DATE    0.0                       0.0             0.0
  SINCE MAR 1      0.0                       0.0             0.0
  SINCE JUL 1      0.0                       0.0             0.0

DEGREE DAYS
 HEATING
  TODAY            8

 COOLING
  TODAY            0
..................................................................


WIND (MPH)
  RESULTANT WIND SPEED   4   RESULTANT WIND DIRECTION  SE (150)
  HIGHEST WIND SPEED    18   HIGHEST WIND DIRECTION    SW (230)
  HIGHEST GUST SPEED    22   HIGHEST GUST DIRECTION     W (250)


SKY COVER
  POSSIBLE SUNSHINE  MM
  AVERAGE SKY COVER 0.8


WEATHER CONDITIONS
 THE FOLLOWING WEATHER WAS RECORDED TODAY.
  RAIN
  LIGHT RAIN
  FOG


RELATIVE HUMIDITY (PERCENT)
 HIGHEST   100
 LOWEST     60
 AVERAGE    80

..........................................................


THE SACRAMENTO EXEC. AIRPORT CA CLIMATE NORMALS FOR TOMORROW
                         NORMAL    RECORD    YEAR
 MAXIMUM TEMPERATURE (F)   66        78      2007
                                             1997
 MINIMUM TEMPERATURE (F)   44        33      1994


SUNRISE AND SUNSET
MARCH 22 2017.........SUNRISE   706 AM PDT   SUNSET   720 PM PDT
MARCH 23 2017.........SUNRISE   704 AM PDT   SUNSET   721 PM PDT


-  INDICATES NEGATIVE NUMBERS.
R  INDICATES RECORD WAS SET OR TIED.
MM INDICATES DATA IS MISSING.
T  INDICATES TRACE AMOUNT.




&&
....................................................................

SACRAMENTO CITY CLIMATE DATA FOR WEDNESDAY MARCH 22 2017

HIGH...   62  RECORD HIGH    82 IN 1915    NORMAL    HIGH   68
LOW....   51  RECORD LOW     34 IN 1987    NORMAL    LOW    47

RAIN SINCE MIDNIGHT....  0.77   RECORD THIS DATE....... 1.09 IN 1995
TOTAL THIS MONTH.......  2.39   NORMAL SINCE OCT 1ST.........  16.98
TOTAL SINCE OCT 1ST... 29.93   PERCENT OF NORMAL.............  176%


$$
NNNN
