000
CDUS46 KSTO 030853
CLISAC

CLIMATE REPORT
NATIONAL WEATHER SERVICE SACRAMENTO, CA
147 AM PDT MON AUG 3 2015


...................................

...THE SACRAMENTO EXEC. AIRPORT CA CLIMATE SUMMARY FOR AUGUST 2 2015...

CLIMATE NORMAL PERIOD 1981 TO 2010
CLIMATE RECORD PERIOD 1930 TO 2015


WEATHER ITEM   OBSERVED TIME   RECORD YEAR NORMAL DEPARTURE LAST
                VALUE   (LST)  VALUE       VALUE  FROM      YEAR
                                                  NORMAL
..................................................................
TEMPERATURE (F)
 YESTERDAY
  MAXIMUM         90    327 PM 106    1975  92     -2       93
  MINIMUM         62    551 AM  53    1973  58      4       63
                                      1963
                                      1959
  AVERAGE         76

PRECIPITATION (IN)
  YESTERDAY        0.00          0.09 2003   0.00   0.00     0.00
  MONTH TO DATE    0.00                      0.00   0.00     0.00
  SINCE OCT 1     15.41                     18.18  -2.77     9.21
  SINCE JAN 1      5.03                     11.90  -6.87     7.90

SNOWFALL (IN)
  YESTERDAY        0.0          MM      MM   0.0             0.0
  MONTH TO DATE    0.0                       0.0             0.0
  SINCE JUN 1      0.0                       0.0             0.0
  SINCE JUL 1      0.0                       0.0             0.0

DEGREE DAYS
 HEATING
  YESTERDAY        0

 COOLING
  YESTERDAY       11
..................................................................


WIND (MPH)
  RESULTANT WIND SPEED   8   RESULTANT WIND DIRECTION   S (200)
  HIGHEST WIND SPEED    17   HIGHEST WIND DIRECTION    SW (230)
  HIGHEST GUST SPEED    23   HIGHEST GUST DIRECTION    SW (220)


SKY COVER
  POSSIBLE SUNSHINE  MM
  AVERAGE SKY COVER 0.0


WEATHER CONDITIONS
 THE FOLLOWING WEATHER WAS RECORDED YESTERDAY.
  NO SIGNIFICANT WEATHER WAS OBSERVED.


RELATIVE HUMIDITY (PERCENT)
 HIGHEST    84
 LOWEST     34
 AVERAGE    59

..........................................................


THE SACRAMENTO EXEC. AIRPORT CA CLIMATE NORMALS FOR TODAY
                         NORMAL    RECORD    YEAR
 MAXIMUM TEMPERATURE (F)   92       106      1975
                                             1969
 MINIMUM TEMPERATURE (F)   58        52      1984
                                             1951


SUNRISE AND SUNSET
AUGUST  3 2015........SUNRISE   609 AM PDT   SUNSET   814 PM PDT
AUGUST  4 2015........SUNRISE   610 AM PDT   SUNSET   813 PM PDT


-  INDICATES NEGATIVE NUMBERS.
R  INDICATES RECORD WAS SET OR TIED.
MM INDICATES DATA IS MISSING.
T  INDICATES TRACE AMOUNT.




&&
....................................................................

SACRAMENTO CITY CLIMATE DATA FOR SUNDAY AUGUST 2 2015

HIGH...   93  RECORD HIGH   108 IN 1987    NORMAL    HIGH   94
LOW....   63  RECORD LOW     50 IN 1887    NORMAL    LOW    61

RAIN SINCE MIDNIGHT....  0.00   RECORD THIS DATE.......    T IN 1917
TOTAL THIS MONTH.......  0.00   NORMAL SINCE OCT 1ST.........  19.89
TOTAL SINCE OCT 1ST... 13.80   PERCENT OF NORMAL.............  69%


$$
NNNN
