000
CDUS46 KSTO 290842
CLISAC

CLIMATE REPORT
NATIONAL WEATHER SERVICE SACRAMENTO, CA
139 AM PDT FRI APR 29 2016


................................................................

...THE SACRAMENTO EXEC. AIRPORT CA CLIMATE SUMMARY FOR APRIL 28 2016...

CLIMATE NORMAL PERIOD 1981 TO 2010
CLIMATE RECORD PERIOD 1930 TO 2016


WEATHER ITEM   OBSERVED TIME   RECORD YEAR NORMAL DEPARTURE LAST
                VALUE   (LST)  VALUE       VALUE  FROM      YEAR
                                                  NORMAL
..................................................................
TEMPERATURE (F)
 YESTERDAY
  MAXIMUM         81    355 PM  92    2013  75      6       83
  MINIMUM         46    253 AM  36    1970  48     -2       56
  AVERAGE         64

PRECIPITATION (IN)
  YESTERDAY        0.00          1.27 1983   0.03  -0.03     0.00
  MONTH TO DATE    1.03                      1.10  -0.07     1.85
  SINCE OCT 1     15.80                     17.24  -1.44    15.27
  SINCE JAN 1     12.36                     10.96   1.40     4.89

SNOWFALL (IN)
  YESTERDAY        0.0          MM      MM   0.0             0.0
  MONTH TO DATE    0.0                       0.0             0.0
  SINCE MAR 1      0.0                       0.0             0.0
  SINCE JUL 1      0.0                       0.0             0.0

DEGREE DAYS
 HEATING
  YESTERDAY        1

 COOLING
  YESTERDAY        0
..................................................................


WIND (MPH)
  RESULTANT WIND SPEED   6   RESULTANT WIND DIRECTION  NW (300)
  HIGHEST WIND SPEED    22   HIGHEST WIND DIRECTION    NW (330)
  HIGHEST GUST SPEED    28   HIGHEST GUST DIRECTION     N (350)


SKY COVER
  POSSIBLE SUNSHINE  MM
  AVERAGE SKY COVER 0.1


WEATHER CONDITIONS
 THE FOLLOWING WEATHER WAS RECORDED YESTERDAY.
  FOG


RELATIVE HUMIDITY (PERCENT)
 HIGHEST   100
 LOWEST     18
 AVERAGE    59

..........................................................


THE SACRAMENTO EXEC. AIRPORT CA CLIMATE NORMALS FOR TODAY
                         NORMAL    RECORD    YEAR
 MAXIMUM TEMPERATURE (F)   75        93      2013
 MINIMUM TEMPERATURE (F)   48        36      2010


SUNRISE AND SUNSET
APRIL 29 2016.........SUNRISE   611 AM PDT   SUNSET   757 PM PDT
APRIL 30 2016.........SUNRISE   609 AM PDT   SUNSET   757 PM PDT


-  INDICATES NEGATIVE NUMBERS.
R  INDICATES RECORD WAS SET OR TIED.
MM INDICATES DATA IS MISSING.
T  INDICATES TRACE AMOUNT.

&&
....................................................................

SACRAMENTO CITY CLIMATE DATA FOR THURSDAY APRIL 28 2016

HIGH...   82  RECORD HIGH    94 IN 1992    NORMAL    HIGH   76
LOW....   48  RECORD LOW     40 IN 1970    NORMAL    LOW    51

RAIN SINCE MIDNIGHT....  0.01   RECORD THIS DATE....... 1.24 IN 1983
TOTAL THIS MONTH.......  1.48   NORMAL SINCE OCT 1ST.........  18.88
TOTAL SINCE OCT 1ST...  16.38   PERCENT OF NORMAL.............  87%


$$
NNNN
