000
CDUS46 KSTO 290838
CLISAC

CLIMATE REPORT
NATIONAL WEATHER SERVICE SACRAMENTO, CA
1236 AM PST THU JAN 29 2015


...................................

...THE SACRAMENTO EXEC. AIRPORT CA CLIMATE SUMMARY FOR JANUARY 28 2015...

CLIMATE NORMAL PERIOD 1981 TO 2010
CLIMATE RECORD PERIOD 1930 TO 2015


WEATHER ITEM   OBSERVED TIME   RECORD YEAR NORMAL DEPARTURE LAST
                VALUE   (LST)  VALUE       VALUE  FROM      YEAR
                                                  NORMAL
..................................................................
TEMPERATURE (F)
 YESTERDAY
  MAXIMUM         68    311 PM  70    2014  56     12       70
  MINIMUM         46    708 AM  25    1975  40      6       47
  AVERAGE         57

PRECIPITATION (IN)
  YESTERDAY        0.00          0.86 1981   0.11  -0.11     0.00
  MONTH TO DATE    T                         3.27  -3.27     0.00
  SINCE OCT 1     10.38                      9.55   0.83     1.31
  SINCE JAN 1      T                         3.27  -3.27     0.00

SNOWFALL (IN)
  YESTERDAY        0.0          MM      MM   0.0             0.0
  MONTH TO DATE    0.0                       0.0             0.0
  SINCE DEC 1      0.0                       0.0             0.0
  SINCE JUL 1      0.0                       0.0             0.0

DEGREE DAYS
 HEATING
  YESTERDAY        8

 COOLING
  YESTERDAY        0
..................................................................


WIND (MPH)
  RESULTANT WIND SPEED   2   RESULTANT WIND DIRECTION   N (350)
  HIGHEST WIND SPEED    10   HIGHEST WIND DIRECTION    NW (330)
  HIGHEST GUST SPEED    14   HIGHEST GUST DIRECTION    NW (330)


SKY COVER
  POSSIBLE SUNSHINE  MM
  AVERAGE SKY COVER 0.0


WEATHER CONDITIONS
 THE FOLLOWING WEATHER WAS RECORDED YESTERDAY.
  FOG
  HAZE


RELATIVE HUMIDITY (PERCENT)
 HIGHEST    93
 LOWEST     45
 AVERAGE    69

..........................................................


THE SACRAMENTO EXEC. AIRPORT CA CLIMATE NORMALS FOR TODAY
                         NORMAL    RECORD    YEAR
 MAXIMUM TEMPERATURE (F)   56        67      2007
                                             1976
 MINIMUM TEMPERATURE (F)   40        25      1979


SUNRISE AND SUNSET
JANUARY 29 2015.......SUNRISE   714 AM PST   SUNSET   525 PM PST
JANUARY 30 2015.......SUNRISE   713 AM PST   SUNSET   526 PM PST


-  INDICATES NEGATIVE NUMBERS.
R  INDICATES RECORD WAS SET OR TIED.
MM INDICATES DATA IS MISSING.
T  INDICATES TRACE AMOUNT.






&&
....................................................................

SACRAMENTO CITY CLIMATE DATA FOR WEDNESDAY JANUARY 28 2015

HIGH...   68  RECORD HIGH    70 IN 2014    NORMAL    HIGH   57
LOW....   46  RECORD LOW     29 IN 1898    NORMAL    LOW    42

RAIN SINCE MIDNIGHT....  0.00   RECORD THIS DATE....... 1.32 IN 1926
TOTAL THIS MONTH.......  0.01   NORMAL SINCE OCT 1ST.........  10.55
TOTAL SINCE OCT 1ST...  9.29   PERCENT OF NORMAL.............  88%


$$
JCLAPP
