000
CDUS46 KSTO 070836
CLISAC

CLIMATE REPORT
NATIONAL WEATHER SERVICE SACRAMENTO, CA
1236 AM PST WED DEC 7 2016


...................................

...THE SACRAMENTO EXEC. AIRPORT CA CLIMATE SUMMARY FOR DECEMBER 6 2016...

CLIMATE NORMAL PERIOD 1981 TO 2010
CLIMATE RECORD PERIOD 1930 TO 2016


WEATHER ITEM   OBSERVED TIME   RECORD YEAR NORMAL DEPARTURE LAST
                VALUE   (LST)  VALUE       VALUE  FROM      YEAR
                                                  NORMAL
..................................................................
TEMPERATURE (F)
 YESTERDAY
  MAXIMUM         55    303 PM  68    2014  56     -1       64
                                      1989
  MINIMUM         35    800 AM  25    2013  39     -4       48
  AVERAGE         45

PRECIPITATION (IN)
  YESTERDAY        0.00          1.32 2007   0.10  -0.10     0.01
  MONTH TO DATE    0.00                      0.55  -0.55     0.41
  SINCE OCT 1      5.84                      3.58   2.26     2.10
  SINCE JAN 1     18.59                     15.82   2.77     7.17

SNOWFALL (IN)
  YESTERDAY        0.0           0.0  2001   0.0             0.0
  MONTH TO DATE    0.0                       0.0             0.0
  SINCE DEC 1      0.0                       0.0             0.0
  SINCE JUL 1      0.0                       0.0             0.0

DEGREE DAYS
 HEATING
  YESTERDAY       20

 COOLING
  YESTERDAY        0
..................................................................


WIND (MPH)
  RESULTANT WIND SPEED   1   RESULTANT WIND DIRECTION  SE (130)
  HIGHEST WIND SPEED     7   HIGHEST WIND DIRECTION     N (360)
  HIGHEST GUST SPEED    12   HIGHEST GUST DIRECTION    SE (130)


SKY COVER
  POSSIBLE SUNSHINE  MM
  AVERAGE SKY COVER 0.2


WEATHER CONDITIONS
 THE FOLLOWING WEATHER WAS RECORDED YESTERDAY.
  FOG
  FOG W/VISIBILITY <= 1/4 MILE


RELATIVE HUMIDITY (PERCENT)
 HIGHEST   100
 LOWEST     54
 AVERAGE    77

..........................................................


THE SACRAMENTO EXEC. AIRPORT CA CLIMATE NORMALS FOR TODAY
                         NORMAL    RECORD    YEAR
 MAXIMUM TEMPERATURE (F)   56        67      1988
 MINIMUM TEMPERATURE (F)   39        27      1998


SUNRISE AND SUNSET
DECEMBER  7 2016......SUNRISE   711 AM PST   SUNSET   445 PM PST
DECEMBER  8 2016......SUNRISE   711 AM PST   SUNSET   445 PM PST


-  INDICATES NEGATIVE NUMBERS.
R  INDICATES RECORD WAS SET OR TIED.
MM INDICATES DATA IS MISSING.
T  INDICATES TRACE AMOUNT.

&&
....................................................................

SACRAMENTO CITY CLIMATE DATA FOR TUESDAY DECEMBER 6 2016

HIGH...   56  RECORD HIGH    70 IN 2014    NORMAL    HIGH   56
LOW....   40  RECORD LOW     28 IN 2009    NORMAL    LOW    41

RAIN SINCE MIDNIGHT....  0.00   RECORD THIS DATE....... 1.42 IN 2007
TOTAL THIS MONTH.......  0.00   NORMAL SINCE OCT 1ST..........  4.08
TOTAL SINCE OCT 1ST....  5.74   PERCENT OF NORMAL.............  141%

$$
