892
CDUS46 KSGX 191520
CLISAN


CLIMATE REPORT
NATIONAL WEATHER SERVICE SAN DIEGO, CA
719 AM PST THU JAN 19 2017


...................................

...THE SAN DIEGO INTL AIRPORT CA CLIMATE SUMMARY FOR JANUARY 18 2017...

CLIMATE NORMAL PERIOD 1981 TO 2010
CLIMATE RECORD PERIOD 1874 TO 2017


WEATHER ITEM   OBSERVED TIME   RECORD YEAR NORMAL DEPARTURE LAST
                VALUE   (LST)  VALUE       VALUE  FROM      YEAR
                                                  NORMAL
..................................................................
TEMPERATURE (F)
 YESTERDAY
  MAXIMUM         62    217 PM  81    2009  65     -3       68
                                      2005
                                      1971
  MINIMUM         50    718 AM  34    1888  49      1       57
  AVERAGE         56                        57     -1       63

PRECIPITATION (IN)
  YESTERDAY        T             1.35 1874   0.06  -0.06     0.01
  MONTH TO DATE    1.06                      1.17  -0.11     3.03
  SINCE OCT 1      5.96                      4.28   1.68     5.88
  SINCE JAN 1      1.06                      1.17  -0.11     3.03

DEGREE DAYS
 HEATING
  YESTERDAY        9                         8      1        2
  MONTH TO DATE  114                       147    -33      134
  SINCE DEC 1    299                       409   -110      342
  SINCE JUL 1    349                       554   -205      411

 COOLING
  YESTERDAY        0                         0      0        0
  MONTH TO DATE    0                         0      0        0
  SINCE DEC 1      4                         0      4        0
  SINCE JAN 1      0                         0      0        0
..................................................................


WIND (MPH)
  RESULTANT WIND SPEED   2   RESULTANT WIND DIRECTION  NW (300)
  HIGHEST WIND SPEED    14   HIGHEST WIND DIRECTION    SE (130)
  HIGHEST GUST SPEED    19   HIGHEST GUST DIRECTION    SE (130)
  AVERAGE WIND SPEED     4.8


SKY COVER
  POSSIBLE SUNSHINE  MM
  AVERAGE SKY COVER 0.7


WEATHER CONDITIONS
 THE FOLLOWING WEATHER WAS RECORDED YESTERDAY.
  LIGHT RAIN


RELATIVE HUMIDITY (PERCENT)
 HIGHEST    83           100 AM
 LOWEST     57          1100 AM
 AVERAGE    70

..........................................................


THE SAN DIEGO INTL AIRPORT CA CLIMATE NORMALS FOR TODAY
                         NORMAL    RECORD    YEAR
 MAXIMUM TEMPERATURE (F)   65        87      2005
 MINIMUM TEMPERATURE (F)   49        39      1948
                                             1894
                                             1889


SUNRISE AND SUNSET
JANUARY 19 2017.......SUNRISE   650 AM PST   SUNSET   509 PM PST
JANUARY 20 2017.......SUNRISE   650 AM PST   SUNSET   510 PM PST


-  INDICATES NEGATIVE NUMBERS.
R  INDICATES RECORD WAS SET OR TIED.
MM INDICATES DATA IS MISSING.
T  INDICATES TRACE AMOUNT.




$$
