000
CDUS46 KSGX 260019
CLISAN


CLIMATE REPORT
NATIONAL WEATHER SERVICE SAN DIEGO, CA
419 PM PST SUN JAN 25 2015


...................................

...THE SAN DIEGO/LINDBERGH FIELD CA CLIMATE SUMMARY FOR JANUARY 25 2015...
VALID TODAY AS OF 0400 PM LOCAL TIME.

CLIMATE NORMAL PERIOD 1981 TO 2010
CLIMATE RECORD PERIOD 1850 TO 2015


WEATHER ITEM   OBSERVED TIME   RECORD YEAR NORMAL DEPARTURE LAST
                VALUE   (LST)  VALUE       VALUE  FROM      YEAR
                                                  NORMAL
..................................................................
TEMPERATURE (F)
 TODAY
  MAXIMUM         77    157 PM  81    1951  65     12       72
  MINIMUM         53    503 AM  36    1949  49      4       60
                                      1898
  AVERAGE         65                        57      8       66

PRECIPITATION (IN)
  TODAY            0.00          1.99 1995   0.07  -0.07     0.00
  MONTH TO DATE    0.37                      1.60  -1.23     0.00
  SINCE OCT 1      5.24                      4.71   0.53     2.19
  SINCE JAN 1      0.37                      1.60  -1.23     0.00

SNOWFALL (IN)
  TODAY            0.0
  MONTH TO DATE    0.0
  SINCE JAN 1      0.0
  SINCE JUL 1      0.0
  SNOW DEPTH       0

DEGREE DAYS
 HEATING
  TODAY            0                         8     -8        0
  MONTH TO DATE  114                       203    -89       90
  SINCE DEC 1    246                       465   -219      260
  SINCE JUL 1    268                       610   -342      330

 COOLING
  TODAY            0                         0      0        1
  MONTH TO DATE    0                         0      0        7
  SINCE DEC 1      4                         0      4       11
  SINCE JAN 1      0                         0      0        7
..................................................................


WIND (MPH)
  RESULTANT WIND SPEED   1   RESULTANT WIND DIRECTION   W (280)
  HIGHEST WIND SPEED    10   HIGHEST WIND DIRECTION    NW (330)
  HIGHEST GUST SPEED    13   HIGHEST GUST DIRECTION    NW (330)
  AVERAGE WIND SPEED     2.0


SKY COVER
  POSSIBLE SUNSHINE  MM
  AVERAGE SKY COVER 0.4


WEATHER CONDITIONS
 THE FOLLOWING WEATHER WAS RECORDED TODAY.
  NO SIGNIFICANT WEATHER WAS OBSERVED.


RELATIVE HUMIDITY (PERCENT)
 HIGHEST    51           400 AM
 LOWEST     11           200 PM
 AVERAGE    31

..........................................................


THE SAN DIEGO/LINDBERGH FIELD CA CLIMATE NORMALS FOR TOMORROW
                         NORMAL    RECORD    YEAR
 MAXIMUM TEMPERATURE (F)   65        82      2003
 MINIMUM TEMPERATURE (F)   50        36      1949


SUNRISE AND SUNSET
JANUARY 25 2015.......SUNRISE   648 AM PST   SUNSET   515 PM PST
JANUARY 26 2015.......SUNRISE   647 AM PST   SUNSET   516 PM PST


-  INDICATES NEGATIVE NUMBERS.
R  INDICATES RECORD WAS SET OR TIED.
MM INDICATES DATA IS MISSING.
T  INDICATES TRACE AMOUNT.




$$
