874
CDUS46 KSGX 062320
CLISAN


CLIMATE REPORT
NATIONAL WEATHER SERVICE SAN DIEGO, CA
420 PM PDT FRI MAY 6 2016


...................................

...THE SAN DIEGO/LINDBERGH FIELD CA CLIMATE SUMMARY FOR MAY 6 2016...
VALID TODAY AS OF 0400 PM LOCAL TIME.

CLIMATE NORMAL PERIOD 1981 TO 2010
CLIMATE RECORD PERIOD 1874 TO 2016


WEATHER ITEM   OBSERVED TIME   RECORD YEAR NORMAL DEPARTURE LAST
                VALUE   (LST)  VALUE       VALUE  FROM      YEAR
                                                  NORMAL
..................................................................
TEMPERATURE (F)
 TODAY
  MAXIMUM         71    240 PM  87    1990  68      3       67
  MINIMUM         59    901 AM  47    1892  59      0       61
  AVERAGE         65                        64      1       64

PRECIPITATION (IN)
  TODAY            0.34          0.42 1857   0.00   0.34     0.00
  MONTH TO DATE    0.43                      0.04   0.39      T
  SINCE OCT 1      7.85                      9.99  -2.14     6.52
  SINCE JAN 1      5.00                      6.88  -1.88     1.65

DEGREE DAYS
 HEATING
  TODAY            0                         2     -2        1
  MONTH TO DATE    4                        14    -10        1
  SINCE MAR 1    100                       305   -205       58
  SINCE JUL 1    640                      1163   -523      404

 COOLING
  TODAY            0                         1     -1        0
  MONTH TO DATE    0                         6     -6        8
  SINCE MAR 1     54                        25     29      155
  SINCE JAN 1     99                        30     69      177
..................................................................


WIND (MPH)
  RESULTANT WIND SPEED   3   RESULTANT WIND DIRECTION   S (180)
  HIGHEST WIND SPEED    14   HIGHEST WIND DIRECTION    SW (230)
  HIGHEST GUST SPEED    23   HIGHEST GUST DIRECTION    SW (220)
  AVERAGE WIND SPEED     6.0


SKY COVER
  POSSIBLE SUNSHINE  MM
  AVERAGE SKY COVER 0.8


WEATHER CONDITIONS
 THE FOLLOWING WEATHER WAS RECORDED TODAY.
  RAIN
  LIGHT RAIN


RELATIVE HUMIDITY (PERCENT)
 HIGHEST    87           400 AM
 LOWEST     58           200 PM
 AVERAGE    73

..........................................................


THE SAN DIEGO/LINDBERGH FIELD CA CLIMATE NORMALS FOR TOMORROW
                         NORMAL    RECORD    YEAR
 MAXIMUM TEMPERATURE (F)   68        85      1941
 MINIMUM TEMPERATURE (F)   59        49      1964
                                             1933
                                             1880


SUNRISE AND SUNSET
MAY  6 2016...........SUNRISE   556 AM PDT   SUNSET   734 PM PDT
MAY  7 2016...........SUNRISE   556 AM PDT   SUNSET   735 PM PDT


-  INDICATES NEGATIVE NUMBERS.
R  INDICATES RECORD WAS SET OR TIED.
MM INDICATES DATA IS MISSING.
T  INDICATES TRACE AMOUNT.




$$
