194
CDUS46 KSGX 261517
CLISAN


CLIMATE REPORT
NATIONAL WEATHER SERVICE SAN DIEGO, CA
717 AM PST SUN FEB 26 2017


...................................

...THE SAN DIEGO INTL AIRPORT CA CLIMATE SUMMARY FOR FEBRUARY 25 2017...

CLIMATE NORMAL PERIOD 1981 TO 2010
CLIMATE RECORD PERIOD 1874 TO 2017


WEATHER ITEM   OBSERVED TIME   RECORD YEAR NORMAL DEPARTURE LAST
                VALUE   (LST)  VALUE       VALUE  FROM      YEAR
                                                  NORMAL
..................................................................
TEMPERATURE (F)
 YESTERDAY
  MAXIMUM         62    224 PM  82    1926  65     -3       81
  MINIMUM         47    651 AM  41    1956  52     -5       55
                                      1919
  AVERAGE         55                        58     -3       68

PRECIPITATION (IN)
  YESTERDAY        0.00          1.48 2003   0.08  -0.08     0.00
  MONTH TO DATE    1.31                      2.03  -0.72     0.05
  SINCE OCT 1      9.22                      7.12   2.10     6.11
  SINCE JAN 1      4.32                      4.01   0.31     3.26

DEGREE DAYS
 HEATING
  YESTERDAY       10                         7      3        0
  MONTH TO DATE  118                       181    -63       64
  SINCE DEC 1    516                       691   -175      465
  SINCE JUL 1    566                       836   -270      534

 COOLING
  YESTERDAY        0                         0      0        3
  MONTH TO DATE    0                         0      0       45
  SINCE DEC 1      4                         2      2       45
  SINCE JAN 1      0                         2     -2       45
..................................................................


WIND (MPH)
  RESULTANT WIND SPEED   4   RESULTANT WIND DIRECTION  NW (300)
  HIGHEST WIND SPEED    14   HIGHEST WIND DIRECTION     W (290)
  HIGHEST GUST SPEED    20   HIGHEST GUST DIRECTION     W (280)
  AVERAGE WIND SPEED     5.4


SKY COVER
  POSSIBLE SUNSHINE  MM
  AVERAGE SKY COVER 0.4


WEATHER CONDITIONS
 THE FOLLOWING WEATHER WAS RECORDED YESTERDAY.
  NO SIGNIFICANT WEATHER WAS OBSERVED.


RELATIVE HUMIDITY (PERCENT)
 HIGHEST    71           600 AM
 LOWEST     40          1000 AM
 AVERAGE    56

..........................................................


THE SAN DIEGO INTL AIRPORT CA CLIMATE NORMALS FOR TODAY
                         NORMAL    RECORD    YEAR
 MAXIMUM TEMPERATURE (F)   65        87      1926
 MINIMUM TEMPERATURE (F)   52        38      1894


SUNRISE AND SUNSET
FEBRUARY 26 2017......SUNRISE   620 AM PST   SUNSET   544 PM PST
FEBRUARY 27 2017......SUNRISE   618 AM PST   SUNSET   545 PM PST


-  INDICATES NEGATIVE NUMBERS.
R  INDICATES RECORD WAS SET OR TIED.
MM INDICATES DATA IS MISSING.
T  INDICATES TRACE AMOUNT.




$$
