000
CDUS44 KEWX 300714
CLISAT


CLIMATE REPORT
NATIONAL WEATHER SERVICE AUSTIN/SAN ANTONIO, TX
212 AM CDT MON MAR 30 2015


...................................

...THE SAN ANTONIO CLIMATE SUMMARY FOR MARCH 29 2015...

CLIMATE NORMAL PERIOD 1981 TO 2010
CLIMATE RECORD PERIOD 1886 TO 2015


WEATHER ITEM   OBSERVED TIME   RECORD YEAR NORMAL DEPARTURE LAST
                VALUE   (LST)  VALUE       VALUE  FROM      YEAR
                                                  NORMAL
..................................................................
TEMPERATURE (F)
 YESTERDAY
  MAXIMUM         83    337 PM  94    2000  77      6       82
  MINIMUM         56    636 AM  35    1987  54      2       57
  AVERAGE         70                        65      5       70

PRECIPITATION (IN)
  YESTERDAY        0.00          2.63 1922   0.07  -0.07     0.00
  MONTH TO DATE    2.97                      2.19   0.78     1.06
  SINCE MAR 1      2.97                      2.19   0.78     1.06
  SINCE JAN 1      7.17                      5.74   1.43     1.71

SNOWFALL (IN)
  YESTERDAY        0.0
  MONTH TO DATE    0.0
  SINCE MAR 1      0.0
  SINCE JUL 1      T
  SNOW DEPTH       0

DEGREE DAYS
 HEATING
  YESTERDAY        0                         3     -3        0
  MONTH TO DATE  172                       147     25      188
  SINCE MAR 1    172                       147     25      188
  SINCE JUL 1   1487                      1448     39     1522

 COOLING
  YESTERDAY        5                         3      2        5
  MONTH TO DATE   43                        60    -17       51
  SINCE MAR 1     43                        60    -17       51
  SINCE JAN 1     56                        86    -30      116
..................................................................


WIND (MPH)
  HIGHEST WIND SPEED    22   HIGHEST WIND DIRECTION    SE (150)
  HIGHEST GUST SPEED    26   HIGHEST GUST DIRECTION    SE (150)
  AVERAGE WIND SPEED    11.6


SKY COVER
  AVERAGE SKY COVER 0.1


WEATHER CONDITIONS
 THE FOLLOWING WEATHER WAS RECORDED YESTERDAY.
  NO SIGNIFICANT WEATHER WAS OBSERVED.


RELATIVE HUMIDITY (PERCENT)
 HIGHEST    93           700 AM
 LOWEST     43           300 PM
 AVERAGE    68

..........................................................


THE SAN ANTONIO CLIMATE NORMALS FOR TODAY
                         NORMAL    RECORD    YEAR
 MAXIMUM TEMPERATURE (F)   77        97      1946
 MINIMUM TEMPERATURE (F)   54        29      1944


SUNRISE AND SUNSET
MARCH 30 2015.........SUNRISE   726 AM CDT   SUNSET   751 PM CDT
MARCH 31 2015.........SUNRISE   725 AM CDT   SUNSET   752 PM CDT


-  INDICATES NEGATIVE NUMBERS.
R  INDICATES RECORD WAS SET OR TIED.
MM INDICATES DATA IS MISSING.
T  INDICATES TRACE AMOUNT.




$$
