000
CDUS44 KEWX 282254
CLISAT


CLIMATE REPORT
NATIONAL WEATHER SERVICE AUSTIN/SAN ANTONIO, TX
553 PM CDT TUE JUL 28 2015


...................................

...THE SAN ANTONIO CLIMATE SUMMARY FOR JULY 28 2015...
VALID TODAY AS OF 553 PM LOCAL TIME.

CLIMATE NORMAL PERIOD 1981 TO 2010
CLIMATE RECORD PERIOD 1886 TO 2015


WEATHER ITEM   OBSERVED TIME   RECORD YEAR NORMAL DEPARTURE LAST
                VALUE   (LST)  VALUE       VALUE  FROM      YEAR
                                                  NORMAL
..................................................................
TEMPERATURE (F)
 TODAY
  MAXIMUM         99    433 PM 103    1995  96      3       97
                                      1962
                                      1951
  MINIMUM         78    549 AM  67    1903  75      3       76
  AVERAGE         89                        85      4       87

PRECIPITATION (IN)
  TODAY            0.00          0.74 1934   0.06  -0.06     0.00
  MONTH TO DATE    0.07                      2.57  -2.50     3.24
  SINCE JUN 1      6.49                      6.71  -0.22     8.62
  SINCE JAN 1     29.77                     18.68  11.09    15.98

SNOWFALL (IN)
  TODAY            0.0
  MONTH TO DATE    0.0
  SINCE JUN 1      0.0
  SINCE JUL 1      0.0
  SNOW DEPTH       0

DEGREE DAYS
 HEATING
  TODAY            0                         0      0        0
  MONTH TO DATE    0                         0      0        0
  SINCE JUN 1      0                         0      0        0
  SINCE JUL 1      0                         0      0        0

 COOLING
  TODAY           24                        20      4       22
  MONTH TO DATE  577                       546     31      558
  SINCE JUN 1   1083                      1069     14     1109
  SINCE JAN 1   1728                      1698     30     1813
..................................................................


WIND (MPH)
  HIGHEST WIND SPEED    17   HIGHEST WIND DIRECTION    SE (140)
  HIGHEST GUST SPEED    23   HIGHEST GUST DIRECTION     S (190)
  AVERAGE WIND SPEED    10.3


SKY COVER
  AVERAGE SKY COVER 0.6


WEATHER CONDITIONS
 THE FOLLOWING WEATHER WAS RECORDED TODAY.
  NO SIGNIFICANT WEATHER WAS OBSERVED.


RELATIVE HUMIDITY (PERCENT)
 HIGHEST    85          1200 AM
 LOWEST     35           400 PM
 AVERAGE    60

..........................................................


THE SAN ANTONIO CLIMATE NORMALS FOR TOMORROW
                         NORMAL    RECORD    YEAR
 MAXIMUM TEMPERATURE (F)   96       103      1946
                                             1912
 MINIMUM TEMPERATURE (F)   75        67      1994
                                             1903


SUNRISE AND SUNSET
JULY 28 2015..........SUNRISE   651 AM CDT   SUNSET   829 PM CDT
JULY 29 2015..........SUNRISE   652 AM CDT   SUNSET   828 PM CDT


-  INDICATES NEGATIVE NUMBERS.
R  INDICATES RECORD WAS SET OR TIED.
MM INDICATES DATA IS MISSING.
T  INDICATES TRACE AMOUNT.




$$
