000
CDUS44 KEWX 270907
CLISAT


CLIMATE REPORT
NATIONAL WEATHER SERVICE AUSTIN/SAN ANTONIO, TX
307 AM CST SAT DEC 27 2014


...................................

...THE SAN ANTONIO CLIMATE SUMMARY FOR DECEMBER 26 2014...

CLIMATE NORMAL PERIOD 1981 TO 2010
CLIMATE RECORD PERIOD 1886 TO 2014


WEATHER ITEM   OBSERVED TIME   RECORD YEAR NORMAL DEPARTURE LAST
                VALUE   (LST)  VALUE       VALUE  FROM      YEAR
                                                  NORMAL
..................................................................
TEMPERATURE (F)
 YESTERDAY
  MAXIMUM         73    313 PM  83    2008  63     10       54
  MINIMUM         54    338 AM  15    1983  41     13       47
  AVERAGE         64                        52     12       51

PRECIPITATION (IN)
  YESTERDAY        T             0.56 1997   0.07  -0.07      T
  MONTH TO DATE    0.95                      1.59  -0.64     0.28
  SINCE DEC 1      0.95                      1.59  -0.64     0.28
  SINCE JAN 1     27.91                     31.95  -4.04    31.73

SNOWFALL (IN)
  YESTERDAY        0.0
  MONTH TO DATE    0.0
  SINCE DEC 1      0.0
  SINCE JUL 1      0.0
  SNOW DEPTH       0

DEGREE DAYS
 HEATING
  YESTERDAY        1                        14    -13       14
  MONTH TO DATE  161                       322   -161      333
  SINCE DEC 1    161                       322   -161      333
  SINCE JUL 1    408                       533   -125      561

 COOLING
  YESTERDAY        0                         0      0        0
  MONTH TO DATE    7                         7      0       18
  SINCE DEC 1      7                         7      0       18
  SINCE JAN 1   3506                      3124    382     3524
..................................................................


WIND (MPH)
  HIGHEST WIND SPEED    15   HIGHEST WIND DIRECTION    SE (150)
  HIGHEST GUST SPEED    18   HIGHEST GUST DIRECTION    SE (140)
  AVERAGE WIND SPEED     5.5


SKY COVER
  AVERAGE SKY COVER 0.8


WEATHER CONDITIONS
 THE FOLLOWING WEATHER WAS RECORDED YESTERDAY.
  LIGHT RAIN
  FOG


RELATIVE HUMIDITY (PERCENT)
 HIGHEST    93          1000 PM
 LOWEST     57           400 PM
 AVERAGE    75

..........................................................


THE SAN ANTONIO CLIMATE NORMALS FOR TODAY
                         NORMAL    RECORD    YEAR
 MAXIMUM TEMPERATURE (F)   63        82      2005
 MINIMUM TEMPERATURE (F)   41        22      1892


SUNRISE AND SUNSET
DECEMBER 27 2014......SUNRISE   727 AM CST   SUNSET   543 PM CST
DECEMBER 28 2014......SUNRISE   727 AM CST   SUNSET   544 PM CST


-  INDICATES NEGATIVE NUMBERS.
R  INDICATES RECORD WAS SET OR TIED.
MM INDICATES DATA IS MISSING.
T  INDICATES TRACE AMOUNT.




$$
