000
CDUS44 KEWX 050725
CLISAT


CLIMATE REPORT
NATIONAL WEATHER SERVICE AUSTIN/SAN ANTONIO, TX
122 AM CST MON DEC 5 2016


...................................

...THE SAN ANTONIO CLIMATE SUMMARY FOR DECEMBER 4 2016...

CLIMATE NORMAL PERIOD 1981 TO 2010
CLIMATE RECORD PERIOD 1886 TO 2016


WEATHER ITEM   OBSERVED TIME   RECORD YEAR NORMAL DEPARTURE LAST
                VALUE   (LST)  VALUE       VALUE  FROM      YEAR
                                                  NORMAL
..................................................................
TEMPERATURE (F)
 YESTERDAY
  MAXIMUM         53    111 PM  85    1954  66    -13       64
                                      1928
  MINIMUM         49   1159 PM  26    1886  44      5       38
  AVERAGE         51                        55     -4       51

PRECIPITATION (IN)
  YESTERDAY        1.02          2.02 1913   0.05   0.97     0.00
  MONTH TO DATE    5.52                      0.22   5.30     0.00
  SINCE DEC 1      5.52                      0.22   5.30     0.00
  SINCE JAN 1     43.22                     30.58  12.64    42.74

SNOWFALL (IN)
  YESTERDAY       MM
  MONTH TO DATE    0.0
  SINCE DEC 1      0.0
  SINCE JUL 1      0.0
  SNOW DEPTH       0

DEGREE DAYS
 HEATING
  YESTERDAY       14                        11      3       14
  MONTH TO DATE   45                        42      3       44
  SINCE DEC 1     45                        42      3       44
  SINCE JUL 1    103                       253   -150      173

 COOLING
  YESTERDAY        0                         1     -1        0
  MONTH TO DATE    0                         4     -4        0
  SINCE DEC 1      0                         4     -4        0
  SINCE JAN 1   3346                      3121    225     3476
..................................................................


WIND (MPH)
  HIGHEST WIND SPEED    20   HIGHEST WIND DIRECTION    NE (30)
  HIGHEST GUST SPEED    26   HIGHEST GUST DIRECTION    NE (30)
  AVERAGE WIND SPEED    10.4


SKY COVER
  AVERAGE SKY COVER 1.0


WEATHER CONDITIONS
 THE FOLLOWING WEATHER WAS RECORDED YESTERDAY.
  HEAVY RAIN
  RAIN
  LIGHT RAIN
  FOG


RELATIVE HUMIDITY (PERCENT)
 HIGHEST    93           900 PM
 LOWEST     86           700 PM
 AVERAGE    90

..........................................................


THE SAN ANTONIO CLIMATE NORMALS FOR TODAY
                         NORMAL    RECORD    YEAR
 MAXIMUM TEMPERATURE (F)   66        85      1977
 MINIMUM TEMPERATURE (F)   43        17      1886


SUNRISE AND SUNSET
DECEMBER  5 2016......SUNRISE   715 AM CST   SUNSET   535 PM CST
DECEMBER  6 2016......SUNRISE   715 AM CST   SUNSET   535 PM CST


-  INDICATES NEGATIVE NUMBERS.
R  INDICATES RECORD WAS SET OR TIED.
MM INDICATES DATA IS MISSING.
T  INDICATES TRACE AMOUNT.




$$
