000
CDUS44 KEWX 272227
CLISAT


CLIMATE REPORT
NATIONAL WEATHER SERVICE AUSTIN/SAN ANTONIO, TX
526 PM CDT WED JUL 27 2016


...................................

...THE SAN ANTONIO CLIMATE SUMMARY FOR JULY 27 2016...
VALID TODAY AS OF 525 PM LOCAL TIME.

CLIMATE NORMAL PERIOD 1981 TO 2010
CLIMATE RECORD PERIOD 1886 TO 2016


WEATHER ITEM   OBSERVED TIME   RECORD YEAR NORMAL DEPARTURE LAST
                VALUE   (LST)  VALUE       VALUE  FROM      YEAR
                                                  NORMAL
..................................................................
TEMPERATURE (F)
 TODAY
  MAXIMUM         88    103 PM 106    1954  96     -8       98
  MINIMUM         74    333 PM  66    1903  75     -1       79
  AVERAGE         81                        85     -4       89

PRECIPITATION (IN)
  TODAY            0.16          1.98 1979   0.06   0.10     0.00
  MONTH TO DATE    0.31                      2.51  -2.20     0.07
  SINCE JUN 1      2.70                      6.65  -3.95     6.49
  SINCE JAN 1     24.52                     18.62   5.90    29.77

SNOWFALL (IN)
  TODAY            0.0
  MONTH TO DATE    0.0
  SINCE JUN 1      0.0
  SINCE JUL 1      0.0
  SNOW DEPTH       0

DEGREE DAYS
 HEATING
  TODAY            0                         0      0        0
  MONTH TO DATE    0                         0      0        0
  SINCE JUN 1      0                         0      0        0
  SINCE JUL 1      0                         0      0        0

 COOLING
  TODAY           16                        20     -4       24
  MONTH TO DATE  606                       526     80      553
  SINCE JUN 1   1125                      1049     76     1059
  SINCE JAN 1   1750                      1678     72     1704
..................................................................


WIND (MPH)
  HIGHEST WIND SPEED    23   HIGHEST WIND DIRECTION    SW (220)
  HIGHEST GUST SPEED    32   HIGHEST GUST DIRECTION    SW (230)
  AVERAGE WIND SPEED     4.7


SKY COVER
  AVERAGE SKY COVER 0.8


WEATHER CONDITIONS
 THE FOLLOWING WEATHER WAS RECORDED TODAY.
  THUNDERSTORM
  RAIN
  LIGHT RAIN
  FOG


RELATIVE HUMIDITY (PERCENT)
 HIGHEST    94          1200 AM
 LOWEST     61          1200 PM
 AVERAGE    78

..........................................................


THE SAN ANTONIO CLIMATE NORMALS FOR TOMORROW
                         NORMAL    RECORD    YEAR
 MAXIMUM TEMPERATURE (F)   96       103      1995
                                             1962
                                             1951
 MINIMUM TEMPERATURE (F)   75        67      1903


SUNRISE AND SUNSET
JULY 27 2016..........SUNRISE   651 AM CDT   SUNSET   829 PM CDT
JULY 28 2016..........SUNRISE   652 AM CDT   SUNSET   829 PM CDT


-  INDICATES NEGATIVE NUMBERS.
R  INDICATES RECORD WAS SET OR TIED.
MM INDICATES DATA IS MISSING.
T  INDICATES TRACE AMOUNT.




$$
