000
CDUS44 KEWX 120721
CLISAT


CLIMATE REPORT
NATIONAL WEATHER SERVICE AUSTIN/SAN ANTONIO, TX
119 AM CST FRI FEB 12 2016


...................................

...THE SAN ANTONIO CLIMATE SUMMARY FOR FEBRUARY 11 2016...

CLIMATE NORMAL PERIOD 1981 TO 2010
CLIMATE RECORD PERIOD 1886 TO 2016


WEATHER ITEM   OBSERVED TIME   RECORD YEAR NORMAL DEPARTURE LAST
                VALUE   (LST)  VALUE       VALUE  FROM      YEAR
                                                  NORMAL
..................................................................
TEMPERATURE (F)
 YESTERDAY
  MAXIMUM         80    432 PM  84    1922  66     14       76
  MINIMUM         42    622 AM  17    1981  43     -1       47
  AVERAGE         61                        55      6       62

PRECIPITATION (IN)
  YESTERDAY        0.00          0.93 1945   0.07  -0.07     0.00
  MONTH TO DATE    0.00                      0.69  -0.69     0.30
  SINCE DEC 1      2.86                      4.36  -1.50     5.21
  SINCE JAN 1      1.38                      2.45  -1.07     3.97

SNOWFALL (IN)
  YESTERDAY        0.0
  MONTH TO DATE    0.0
  SINCE DEC 1      0.0
  SINCE JUL 1      0.0
  SNOW DEPTH       0

DEGREE DAYS
 HEATING
  YESTERDAY        4                        11     -7        3
  MONTH TO DATE  117                       128    -11      105
  SINCE DEC 1    750                       935   -185      836
  SINCE JUL 1    879                      1146   -267     1083

 COOLING
  YESTERDAY        0                         1     -1        0
  MONTH TO DATE    0                         7     -7        2
  SINCE DEC 1     28                        28      0        9
  SINCE JAN 1      3                        14    -11        2
..................................................................


WIND (MPH)
  HIGHEST WIND SPEED    16   HIGHEST WIND DIRECTION    SW (220)
  HIGHEST GUST SPEED    21   HIGHEST GUST DIRECTION     S (200)
  AVERAGE WIND SPEED     6.9


SKY COVER
  AVERAGE SKY COVER 0.1


WEATHER CONDITIONS
 THE FOLLOWING WEATHER WAS RECORDED YESTERDAY.
  NO SIGNIFICANT WEATHER WAS OBSERVED.


RELATIVE HUMIDITY (PERCENT)
 HIGHEST    65           600 AM
 LOWEST     18           400 PM
 AVERAGE    42

..........................................................


THE SAN ANTONIO CLIMATE NORMALS FOR TODAY
                         NORMAL    RECORD    YEAR
 MAXIMUM TEMPERATURE (F)   66        84      1962
                                             1922
                                             1916
 MINIMUM TEMPERATURE (F)   44         4      1899


SUNRISE AND SUNSET
FEBRUARY 12 2016......SUNRISE   716 AM CST   SUNSET   620 PM CST
FEBRUARY 13 2016......SUNRISE   715 AM CST   SUNSET   621 PM CST


-  INDICATES NEGATIVE NUMBERS.
R  INDICATES RECORD WAS SET OR TIED.
MM INDICATES DATA IS MISSING.
T  INDICATES TRACE AMOUNT.




$$
