000
CDUS44 KEWX 032256
CLISAT


CLIMATE REPORT
NATIONAL WEATHER SERVICE AUSTIN/SAN ANTONIO, TX
555 PM CDT WED JUN 3 2015


...................................

...THE SAN ANTONIO CLIMATE SUMMARY FOR JUNE 3 2015...
VALID TODAY AS OF 555 PM LOCAL TIME.

CLIMATE NORMAL PERIOD 1981 TO 2010
CLIMATE RECORD PERIOD 1886 TO 2015


WEATHER ITEM   OBSERVED TIME   RECORD YEAR NORMAL DEPARTURE LAST
                VALUE   (LST)  VALUE       VALUE  FROM      YEAR
                                                  NORMAL
..................................................................
TEMPERATURE (F)
 TODAY
  MAXIMUM         88    323 PM 100    2008  91     -3       91
                                      1990
  MINIMUM         72    422 AM  48    1919  71      1       73
  AVERAGE         80                        81     -1       82

PRECIPITATION (IN)
  TODAY            0.00          6.18 1951   0.14  -0.14     0.00
  MONTH TO DATE    0.00                      0.43  -0.43     0.00
  SINCE JUN 1      0.00                      0.43  -0.43     0.00
  SINCE JAN 1     23.28                     12.40  10.88     7.36

SNOWFALL (IN)
  TODAY            0.0
  MONTH TO DATE    0.0
  SINCE JUN 1      0.0
  SINCE JUL 1      T
  SNOW DEPTH       0

DEGREE DAYS
 HEATING
  TODAY            0                         0      0        0
  MONTH TO DATE    0                         0      0        0
  SINCE JUN 1      0                         0      0        0
  SINCE JUL 1   1494                      1496     -2     1566

 COOLING
  TODAY           15                        16     -1       17
  MONTH TO DATE   40                        47     -7       51
  SINCE JUN 1     40                        47     -7       51
  SINCE JAN 1    685                       676      9      755
..................................................................


WIND (MPH)
  HIGHEST WIND SPEED    17   HIGHEST WIND DIRECTION    SE (140)
  HIGHEST GUST SPEED    23   HIGHEST GUST DIRECTION    SE (130)
  AVERAGE WIND SPEED     8.5


SKY COVER
  AVERAGE SKY COVER 0.4


WEATHER CONDITIONS
 THE FOLLOWING WEATHER WAS RECORDED TODAY.
  NO SIGNIFICANT WEATHER WAS OBSERVED.


RELATIVE HUMIDITY (PERCENT)
 HIGHEST    90           300 AM
 LOWEST     48           400 PM
 AVERAGE    69

..........................................................


THE SAN ANTONIO CLIMATE NORMALS FOR TOMORROW
                         NORMAL    RECORD    YEAR
 MAXIMUM TEMPERATURE (F)   91       100      1916
 MINIMUM TEMPERATURE (F)   71        57      1919


SUNRISE AND SUNSET
JUNE  3 2015..........SUNRISE   634 AM CDT   SUNSET   830 PM CDT
JUNE  4 2015..........SUNRISE   634 AM CDT   SUNSET   831 PM CDT


-  INDICATES NEGATIVE NUMBERS.
R  INDICATES RECORD WAS SET OR TIED.
MM INDICATES DATA IS MISSING.
T  INDICATES TRACE AMOUNT.




$$
