000
CDUS44 KEWX 232351
CLISAT


CLIMATE REPORT
NATIONAL WEATHER SERVICE AUSTIN/SAN ANTONIO, TX
548 PM CST FRI FEB 23 2018


...................................

...THE SAN ANTONIO CLIMATE SUMMARY FOR FEBRUARY 23 2018...
VALID TODAY AS OF 0500 PM LOCAL TIME.

CLIMATE NORMAL PERIOD 1981 TO 2010
CLIMATE RECORD PERIOD 1886 TO 2018


WEATHER ITEM   OBSERVED TIME   RECORD YEAR NORMAL DEPARTURE LAST
                VALUE   (LST)  VALUE       VALUE  FROM      YEAR
                                                  NORMAL
..................................................................
TEMPERATURE (F)
 TODAY
  MAXIMUM         70    359 PM  97    1996  69      1       89
  MINIMUM         48    108 AM  27    1967  46      2       49
                                      1901
  AVERAGE         59                        57      2       69

PRECIPITATION (IN)
  TODAY            1.31          2.63 1912   0.06   1.25     0.00
  MONTH TO DATE    1.82                      1.46   0.36     3.61
  SINCE DEC 1      6.14                      5.13   1.01    12.55
  SINCE JAN 1      2.10                      3.22  -1.12     6.33

SNOWFALL (IN)
  TODAY            0.0
  MONTH TO DATE    0.0
  SINCE DEC 1      1.9
  SINCE JUL 1      1.9
  SNOW DEPTH       0

DEGREE DAYS
 HEATING
  TODAY            6                         9     -3        0
  MONTH TO DATE  218                       243    -25       81
  SINCE DEC 1   1079                      1050     29      646
  SINCE JUL 1   1211                      1261    -50      704

 COOLING
  TODAY            0                         1     -1        4
  MONTH TO DATE   26                        19      7       61
  SINCE DEC 1     44                        40      4      124
  SINCE JAN 1     26                        26      0       82
..................................................................


WIND (MPH)
  HIGHEST WIND SPEED    26   HIGHEST WIND DIRECTION     E (100)
  HIGHEST GUST SPEED    30   HIGHEST GUST DIRECTION     E (100)
  AVERAGE WIND SPEED     8.6


SKY COVER
  AVERAGE SKY COVER 0.9


WEATHER CONDITIONS
 THE FOLLOWING WEATHER WAS RECORDED TODAY.
  THUNDERSTORM
  HEAVY RAIN
  RAIN
  LIGHT RAIN
  FOG
  FOG W/VISIBILITY <= 1/4 MILE


RELATIVE HUMIDITY (PERCENT)
 HIGHEST   100           200 AM
 LOWEST     84           300 PM
 AVERAGE    92

..........................................................


THE SAN ANTONIO CLIMATE NORMALS FOR TOMORROW
                         NORMAL    RECORD    YEAR
 MAXIMUM TEMPERATURE (F)   69        90      1904
 MINIMUM TEMPERATURE (F)   46        25      1968
                                             1965
                                             1914


SUNRISE AND SUNSET
FEBRUARY 23 2018......SUNRISE   706 AM CST   SUNSET   629 PM CST
FEBRUARY 24 2018......SUNRISE   705 AM CST   SUNSET   630 PM CST


-  INDICATES NEGATIVE NUMBERS.
R  INDICATES RECORD WAS SET OR TIED.
MM INDICATES DATA IS MISSING.
T  INDICATES TRACE AMOUNT.




$$
