000
CDUS44 KEWX 012353
CLISAT


CLIMATE REPORT
NATIONAL WEATHER SERVICE AUSTIN/SAN ANTONIO, TX
551 PM CST SUN FEB 1 2015


...................................

...THE SAN ANTONIO CLIMATE SUMMARY FOR FEBRUARY 1 2015...
VALID TODAY AS OF 551 PM LOCAL TIME.

CLIMATE NORMAL PERIOD 1981 TO 2010
CLIMATE RECORD PERIOD 1886 TO 2015


WEATHER ITEM   OBSERVED TIME   RECORD YEAR NORMAL DEPARTURE LAST
                VALUE   (LST)  VALUE       VALUE  FROM      YEAR
                                                  NORMAL
..................................................................
TEMPERATURE (F)
 TODAY
  MAXIMUM         77    215 PM  85    1963  65     12       80
                                      1911
  MINIMUM         60    320 AM  15    1951  42     18       66
  AVERAGE         69                        53     16       73

PRECIPITATION (IN)
  TODAY            0.00          0.77 2000   0.07  -0.07      T
  MONTH TO DATE    0.00                      0.07  -0.07      T
  SINCE DEC 1      4.91                      3.74   1.17     0.78
  SINCE JAN 1      3.67                      1.83   1.84     0.23

SNOWFALL (IN)
  TODAY            0.0
  MONTH TO DATE    0.0
  SINCE DEC 1      0.0
  SINCE JUL 1      0.0
  SNOW DEPTH       0

DEGREE DAYS
 HEATING
  TODAY            0                        12    -12        0
  MONTH TO DATE    0                        12    -12        0
  SINCE DEC 1    731                       819    -88      840
  SINCE JUL 1    978                      1030    -52     1068

 COOLING
  TODAY            4                         0      4        8
  MONTH TO DATE    4                         0      4        8
  SINCE DEC 1     11                        21    -10       29
  SINCE JAN 1      4                         7     -3       11
..................................................................


WIND (MPH)
  HIGHEST WIND SPEED    23   HIGHEST WIND DIRECTION     N (350)
  HIGHEST GUST SPEED    30   HIGHEST GUST DIRECTION     N (360)
  AVERAGE WIND SPEED     7.3


SKY COVER
  AVERAGE SKY COVER 0.9


WEATHER CONDITIONS
 THE FOLLOWING WEATHER WAS RECORDED TODAY.
  FOG
  FOG W/VISIBILITY <= 1/4 MILE


RELATIVE HUMIDITY (PERCENT)
 HIGHEST   100           400 AM
 LOWEST     49           300 PM
 AVERAGE    75

..........................................................


THE SAN ANTONIO CLIMATE NORMALS FOR TOMORROW
                         NORMAL    RECORD    YEAR
 MAXIMUM TEMPERATURE (F)   65        85      2006
                                             1974
 MINIMUM TEMPERATURE (F)   42         6      1951


SUNRISE AND SUNSET
FEBRUARY  1 2015......SUNRISE   723 AM CST   SUNSET   612 PM CST
FEBRUARY  2 2015......SUNRISE   723 AM CST   SUNSET   613 PM CST


-  INDICATES NEGATIVE NUMBERS.
R  INDICATES RECORD WAS SET OR TIED.
MM INDICATES DATA IS MISSING.
T  INDICATES TRACE AMOUNT.




$$
