423
CDUS44 KEWX 252353
CLISAT


CLIMATE REPORT
NATIONAL WEATHER SERVICE AUSTIN/SAN ANTONIO, TX
552 PM CST SAT FEB 25 2017


...................................

...THE SAN ANTONIO CLIMATE SUMMARY FOR FEBRUARY 25 2017...
VALID TODAY AS OF 552 PM LOCAL TIME.

CLIMATE NORMAL PERIOD 1981 TO 2010
CLIMATE RECORD PERIOD 1886 TO 2017


WEATHER ITEM   OBSERVED TIME   RECORD YEAR NORMAL DEPARTURE LAST
                VALUE   (LST)  VALUE       VALUE  FROM      YEAR
                                                  NORMAL
..................................................................
TEMPERATURE (F)
 TODAY
  MAXIMUM         66    340 PM  92    2008  69     -3       71
  MINIMUM         46    735 AM  21    1960  47     -1       35
  AVERAGE         56                        58     -2       53

PRECIPITATION (IN)
  TODAY            0.00          1.96 1949   0.06  -0.06     0.00
  MONTH TO DATE    3.61                      1.58   2.03     1.55
  SINCE DEC 1     12.55                      5.25   7.30     4.41
  SINCE JAN 1      6.33                      3.34   2.99     2.93

SNOWFALL (IN)
  TODAY            0.0
  MONTH TO DATE    0.0
  SINCE DEC 1      0.0
  SINCE JUL 1      0.0
  SNOW DEPTH       0

DEGREE DAYS
 HEATING
  TODAY            9                         8      1       12
  MONTH TO DATE   90                       259   -169      166
  SINCE DEC 1    655                      1066   -411      799
  SINCE JUL 1    713                      1277   -564      928

 COOLING
  TODAY            0                         1     -1        0
  MONTH TO DATE   62                        21     41       21
  SINCE DEC 1    125                        42     83       49
  SINCE JAN 1     83                        28     55       24
..................................................................


WIND (MPH)
  HIGHEST WIND SPEED    17   HIGHEST WIND DIRECTION    NE (40)
  HIGHEST GUST SPEED    23   HIGHEST GUST DIRECTION    NE (30)
  AVERAGE WIND SPEED    10.4


SKY COVER
  AVERAGE SKY COVER 0.1


WEATHER CONDITIONS
 THE FOLLOWING WEATHER WAS RECORDED TODAY.
  NO SIGNIFICANT WEATHER WAS OBSERVED.


RELATIVE HUMIDITY (PERCENT)
 HIGHEST    53           800 AM
 LOWEST     24           300 PM
 AVERAGE    39

..........................................................


THE SAN ANTONIO CLIMATE NORMALS FOR TOMORROW
                         NORMAL    RECORD    YEAR
 MAXIMUM TEMPERATURE (F)   69        91      1954
                                             1917
 MINIMUM TEMPERATURE (F)   47        22      1974


SUNRISE AND SUNSET
FEBRUARY 25 2017......SUNRISE   703 AM CST   SUNSET   631 PM CST
FEBRUARY 26 2017......SUNRISE   702 AM CST   SUNSET   631 PM CST


-  INDICATES NEGATIVE NUMBERS.
R  INDICATES RECORD WAS SET OR TIED.
MM INDICATES DATA IS MISSING.
T  INDICATES TRACE AMOUNT.




$$
