000
CDUS44 KEWX 232349
CLISAT


CLIMATE REPORT
NATIONAL WEATHER SERVICE AUSTIN/SAN ANTONIO, TX
549 PM CST THU NOV 23 2017


...................................

...THE SAN ANTONIO CLIMATE SUMMARY FOR NOVEMBER 23 2017...
VALID TODAY AS OF 0500 PM LOCAL TIME.

CLIMATE NORMAL PERIOD 1981 TO 2010
CLIMATE RECORD PERIOD 1886 TO 2017


WEATHER ITEM   OBSERVED TIME   RECORD YEAR NORMAL DEPARTURE LAST
                VALUE   (LST)  VALUE       VALUE  FROM      YEAR
                                                  NORMAL
..................................................................
TEMPERATURE (F)
 TODAY
  MAXIMUM         71    359 PM  84    2005  70      1       76
                                      1967
  MINIMUM         36    709 AM  25    1975  47    -11       50
  AVERAGE         54                        58     -4       63

PRECIPITATION (IN)
  TODAY            0.00          2.00 1974   0.06  -0.06     0.00
  MONTH TO DATE    0.53                      1.85  -1.32     1.79
  SINCE SEP 1      3.79                      8.99  -5.20     8.25
  SINCE JAN 1     23.29                     29.93  -6.64    37.70

SNOWFALL (IN)
  TODAY            0.0
  MONTH TO DATE    0.0
  SINCE SEP 1      0.0
  SINCE JUL 1      0.0
  SNOW DEPTH       0

DEGREE DAYS
 HEATING
  TODAY           11                         8      3        2
  MONTH TO DATE   72                       115    -43       40
  SINCE SEP 1    118                       148    -30       43
  SINCE JUL 1    118                       148    -30       43

 COOLING
  TODAY            0                         1     -1        0
  MONTH TO DATE  138                        55     83      100
  SINCE SEP 1    799                       719     80      914
  SINCE JAN 1   3448                      3110    338     3340
..................................................................


WIND (MPH)
  HIGHEST WIND SPEED     9   HIGHEST WIND DIRECTION    SW (240)
  HIGHEST GUST SPEED    12   HIGHEST GUST DIRECTION    SW (240)
  AVERAGE WIND SPEED     4.3


SKY COVER
  AVERAGE SKY COVER 0.2


WEATHER CONDITIONS
 THE FOLLOWING WEATHER WAS RECORDED TODAY.
  HAZE


RELATIVE HUMIDITY (PERCENT)
 HIGHEST    70           600 AM
 LOWEST     19           400 PM
 AVERAGE    45

..........................................................


THE SAN ANTONIO CLIMATE NORMALS FOR TOMORROW
                         NORMAL    RECORD    YEAR
 MAXIMUM TEMPERATURE (F)   69        85      2010
 MINIMUM TEMPERATURE (F)   47        25      1970


SUNRISE AND SUNSET
NOVEMBER 23 2017......SUNRISE   705 AM CST   SUNSET   536 PM CST
NOVEMBER 24 2017......SUNRISE   706 AM CST   SUNSET   535 PM CST


-  INDICATES NEGATIVE NUMBERS.
R  INDICATES RECORD WAS SET OR TIED.
MM INDICATES DATA IS MISSING.
T  INDICATES TRACE AMOUNT.




$$
