000
CDUS42 KCHS 190611
CLISAV


CLIMATE REPORT
NATIONAL WEATHER SERVICE CHARLESTON SC
211 AM EDT THU OCT 19 2017


...................................

...THE SAVANNAH GA CLIMATE SUMMARY FOR OCTOBER 18 2017...

CLIMATE NORMAL PERIOD 1981 TO 2010
CLIMATE RECORD PERIOD 1871 TO 2017


WEATHER ITEM   OBSERVED TIME   RECORD YEAR NORMAL DEPARTURE LAST
                VALUE   (LST)  VALUE       VALUE  FROM      YEAR
                                                  NORMAL
..................................................................
TEMPERATURE (F)
 YESTERDAY
  MAXIMUM         77    337 PM  89    2007  78     -1       87
  MINIMUM         53    644 AM  40    1977  57     -4       62
                                      1943
  AVERAGE         65                        67     -2       75

PRECIPITATION (IN)
  YESTERDAY        0.00          3.43 1897   0.11  -0.11     0.00
  MONTH TO DATE    0.93                      2.50  -1.57    11.60
  SINCE SEP 1      6.52                      7.08  -0.56    16.59
  SINCE JAN 1     48.88                     41.45   7.43    50.96

SNOWFALL (IN)
  YESTERDAY        0.0                       0.0    0.0
  SINCE SEP 1      0.0                       0.0    0.0
  SINCE JUL 1      0.0                       0.0    0.0

DEGREE DAYS
 HEATING
  YESTERDAY        0                         2     -2        0
  MONTH TO DATE    1                        20    -19        0
  SINCE SEP 1      1                        22    -21        0
  SINCE JUL 1      1                        22    -21        0

 COOLING
  YESTERDAY        0                         4     -4       10
  MONTH TO DATE  211                       108    103      136
  SINCE SEP 1    633                       467    166      579
  SINCE JAN 1   2893                      2374    519     2889
..................................................................


WIND (MPH)
  HIGHEST WIND SPEED    16   HIGHEST WIND DIRECTION    NE (40)
  HIGHEST GUST SPEED    21   HIGHEST GUST DIRECTION    NE (30)
  AVERAGE WIND SPEED     9.1


SKY COVER
  POSSIBLE SUNSHINE  MM
  AVERAGE SKY COVER 0.1


WEATHER CONDITIONS
 THE FOLLOWING WEATHER WAS RECORDED YESTERDAY.
  NO SIGNIFICANT WEATHER WAS OBSERVED.


RELATIVE HUMIDITY (PERCENT)
 HIGHEST    87           800 PM
 LOWEST     50           300 PM
 AVERAGE    69

..........................................................


THE SAVANNAH GA CLIMATE NORMALS FOR TODAY
                         NORMAL    RECORD    YEAR
 MAXIMUM TEMPERATURE (F)   78        88      1972
 MINIMUM TEMPERATURE (F)   56        40      2009


SUNRISE AND SUNSET
OCTOBER 19 2017.......SUNRISE   731 AM EDT   SUNSET   647 PM EDT
OCTOBER 20 2017.......SUNRISE   732 AM EDT   SUNSET   646 PM EDT


-  INDICATES NEGATIVE NUMBERS.
R  INDICATES RECORD WAS SET OR TIED.
MM INDICATES DATA IS MISSING.
T  INDICATES TRACE AMOUNT.




$$
