000
CDUS42 KCHS 280607
CLISAV


CLIMATE REPORT
NATIONAL WEATHER SERVICE CHARLESTON SC
107 AM EST SAT FEB 28 2015


...................................

...THE SAVANNAH GA CLIMATE SUMMARY FOR FEBRUARY 27 2015...

CLIMATE NORMAL PERIOD 1981 TO 2010
CLIMATE RECORD PERIOD 1871 TO 2015


WEATHER ITEM   OBSERVED TIME   RECORD YEAR NORMAL DEPARTURE LAST
                VALUE   (LST)  VALUE       VALUE  FROM      YEAR
                                                  NORMAL
..................................................................
TEMPERATURE (F)
 YESTERDAY
  MAXIMUM         53    349 PM  85    2011  67    -14       60
                                      1997
  MINIMUM         38    717 AM  21    1974  44     -6       39
  AVERAGE         46                        56    -10       50

PRECIPITATION (IN)
  YESTERDAY        0.00          2.15 1893   0.10  -0.10     0.00
  MONTH TO DATE    3.41                      2.69   0.72     1.70
  SINCE DEC 1     11.55                      9.33   2.22     6.49
  SINCE JAN 1      7.53                      6.38   1.15     4.11

SNOWFALL (IN)
  YESTERDAY        0.0                       0.0    0.0
  SINCE DEC 1      0.0                       0.3   -0.3
  SINCE JUL 1      0.0                       0.3   -0.3

DEGREE DAYS
 HEATING
  YESTERDAY       19                        10      9       15
  MONTH TO DATE  466                       333    133      264
  SINCE DEC 1   1223                      1240    -17     1107
  SINCE JUL 1   1515                      1507      8     1363

 COOLING
  YESTERDAY        0                         0      0        0
  MONTH TO DATE    0                         0      0       15
  SINCE DEC 1     11                        12     -1       56
  SINCE JAN 1      5                         3      2       18
..................................................................


WIND (MPH)
  HIGHEST WIND SPEED    13   HIGHEST WIND DIRECTION    NE (50)
  HIGHEST GUST SPEED    17   HIGHEST GUST DIRECTION    NE (60)
  AVERAGE WIND SPEED     6.7


SKY COVER
  POSSIBLE SUNSHINE  MM
  AVERAGE SKY COVER 0.7


WEATHER CONDITIONS
 THE FOLLOWING WEATHER WAS RECORDED YESTERDAY.
  NO SIGNIFICANT WEATHER WAS OBSERVED.


RELATIVE HUMIDITY (PERCENT)
 HIGHEST    85           400 AM
 LOWEST     44           100 PM
 AVERAGE    65

..........................................................


THE SAVANNAH GA CLIMATE NORMALS FOR TODAY
                         NORMAL    RECORD    YEAR
 MAXIMUM TEMPERATURE (F)   67        86      1962
 MINIMUM TEMPERATURE (F)   44        20      2002


SUNRISE AND SUNSET
FEBRUARY 28 2015......SUNRISE   654 AM EST   SUNSET   622 PM EST
MARCH  1 2015.........SUNRISE   652 AM EST   SUNSET   622 PM EST


-  INDICATES NEGATIVE NUMBERS.
R  INDICATES RECORD WAS SET OR TIED.
MM INDICATES DATA IS MISSING.
T  INDICATES TRACE AMOUNT.




$$
