000
CDUS42 KCHS 200526
CLISAV


CLIMATE REPORT
NATIONAL WEATHER SERVICE CHARLESTON SC
126 AM EDT WED AUG 20 2014


...................................

...THE SAVANNAH GA CLIMATE SUMMARY FOR AUGUST 19 2014...

CLIMATE NORMAL PERIOD 1981 TO 2010
CLIMATE RECORD PERIOD 1871 TO 2014


WEATHER ITEM   OBSERVED TIME   RECORD YEAR NORMAL DEPARTURE LAST
                VALUE   (LST)  VALUE       VALUE  FROM      YEAR
                                                  NORMAL
..................................................................
TEMPERATURE (F)
 YESTERDAY
  MAXIMUM         91   1208 PM  99    1900  90      1       90
                                      1899
                                      1878
  MINIMUM         74    112 PM  64    1960  72      2       74
                                      1889
  AVERAGE         83                        81      2       82

PRECIPITATION (IN)
  YESTERDAY        0.12          8.12 1871   0.21  -0.09     0.19
  MONTH TO DATE    3.41                      4.05  -0.64     5.58
  SINCE JUN 1     19.27                     15.60   3.67    26.18
  SINCE JAN 1     35.06                     31.86   3.20    45.72

DEGREE DAYS
 HEATING
  YESTERDAY        0                         0      0        0
  MONTH TO DATE    0                         0      0        0
  SINCE JUN 1      0                         0      0        0
  SINCE JUL 1      0                         0      0        0

 COOLING
  YESTERDAY       18                        16      2       17
  MONTH TO DATE  352                       322     30      329
  SINCE JUN 1   1406                      1314     92     1303
  SINCE JAN 1   1895                      1717    178     1661
..................................................................


WIND (MPH)
  HIGHEST WIND SPEED    29   HIGHEST WIND DIRECTION    SW (240)
  HIGHEST GUST SPEED    38   HIGHEST GUST DIRECTION    SW (220)
  AVERAGE WIND SPEED     9.2


SKY COVER
  POSSIBLE SUNSHINE  MM
  AVERAGE SKY COVER 0.5


WEATHER CONDITIONS
 THE FOLLOWING WEATHER WAS RECORDED YESTERDAY.
  THUNDERSTORM
  HEAVY RAIN
  RAIN
  LIGHT RAIN
  FOG


RELATIVE HUMIDITY (PERCENT)
 HIGHEST    87           500 AM
 LOWEST     59          1200 PM
 AVERAGE    73

..........................................................


THE SAVANNAH GA CLIMATE NORMALS FOR TODAY
                         NORMAL    RECORD    YEAR
 MAXIMUM TEMPERATURE (F)   90       102      1900
 MINIMUM TEMPERATURE (F)   72        65      1961
                                             1948


SUNRISE AND SUNSET
AUGUST 20 2014........SUNRISE   652 AM EDT   SUNSET   803 PM EDT
AUGUST 21 2014........SUNRISE   653 AM EDT   SUNSET   802 PM EDT


-  INDICATES NEGATIVE NUMBERS.
R  INDICATES RECORD WAS SET OR TIED.
MM INDICATES DATA IS MISSING.
T  INDICATES TRACE AMOUNT.




$$
