000
CDUS42 KCHS 252113
CLISAV


CLIMATE REPORT
NATIONAL WEATHER SERVICE CHARLESTON SC
513 PM EDT SAT OCT 25 2014


...................................

...THE SAVANNAH GA CLIMATE SUMMARY FOR OCTOBER 25 2014...
VALID TODAY AS OF 0500 PM LOCAL TIME.

CLIMATE NORMAL PERIOD 1981 TO 2010
CLIMATE RECORD PERIOD 1871 TO 2014


WEATHER ITEM   OBSERVED TIME   RECORD YEAR NORMAL DEPARTURE LAST
                VALUE   (LST)  VALUE       VALUE  FROM      YEAR
                                                  NORMAL
..................................................................
TEMPERATURE (F)
 TODAY
  MAXIMUM         79    305 PM  87    2001  76      3       67
                                      1931
  MINIMUM         48    642 AM  33    1965  54     -6       44
  AVERAGE         64                        65     -1       56

PRECIPITATION (IN)
  TODAY            0.00          0.86 1888   0.09  -0.09     0.00
  MONTH TO DATE    1.72                      3.21  -1.49     0.23
  SINCE SEP 1      6.84                      7.79  -0.95     2.01
  SINCE JAN 1     41.90                     42.16  -0.26    49.18

SNOWFALL (IN)
  TODAY            0.0                       0.0    0.0
  SINCE SEP 1      0.0                       0.0    0.0
  SINCE JUL 1      0.0                       0.0    0.0

DEGREE DAYS
 HEATING
  TODAY            1                         3     -2        9
  MONTH TO DATE   17                        37    -20       18
  SINCE SEP 1     18                        39    -21       18
  SINCE JUL 1     18                        39    -21       18

 COOLING
  TODAY            0                         3     -3        0
  MONTH TO DATE  147                       132     15      166
  SINCE SEP 1    556                       491     65      551
  SINCE JAN 1   2669                      2398    271     2400
..................................................................


WIND (MPH)
  HIGHEST WIND SPEED    12   HIGHEST WIND DIRECTION    NW (330)
  HIGHEST GUST SPEED    15   HIGHEST GUST DIRECTION     N (340)
  AVERAGE WIND SPEED     2.4


SKY COVER
  POSSIBLE SUNSHINE  MM
  AVERAGE SKY COVER 0.0


WEATHER CONDITIONS
 THE FOLLOWING WEATHER WAS RECORDED TODAY.
  NO SIGNIFICANT WEATHER WAS OBSERVED.


RELATIVE HUMIDITY (PERCENT)
 HIGHEST    86           200 AM
 LOWEST     29           400 PM
 AVERAGE    58

..........................................................


THE SAVANNAH GA CLIMATE NORMALS FOR TOMORROW
                         NORMAL    RECORD    YEAR
 MAXIMUM TEMPERATURE (F)   76        87      2010
                                             1944
 MINIMUM TEMPERATURE (F)   54        34      1965
                                             1962


SUNRISE AND SUNSET
OCTOBER 25 2014.......SUNRISE   736 AM EDT   SUNSET   641 PM EDT
OCTOBER 26 2014.......SUNRISE   737 AM EDT   SUNSET   640 PM EDT


-  INDICATES NEGATIVE NUMBERS.
R  INDICATES RECORD WAS SET OR TIED.
MM INDICATES DATA IS MISSING.
T  INDICATES TRACE AMOUNT.




$$
