000
CDUS42 KCHS 160602
CLISAV


CLIMATE REPORT
NATIONAL WEATHER SERVICE CHARLESTON SC
202 AM EDT WED AUG 16 2017


...................................

...THE SAVANNAH GA CLIMATE SUMMARY FOR AUGUST 15 2017...

CLIMATE NORMAL PERIOD 1981 TO 2010
CLIMATE RECORD PERIOD 1871 TO 2017


WEATHER ITEM   OBSERVED TIME   RECORD YEAR NORMAL DEPARTURE LAST
                VALUE   (LST)  VALUE       VALUE  FROM      YEAR
                                                  NORMAL
..................................................................
TEMPERATURE (F)
 YESTERDAY
  MAXIMUM         95    419 PM 100    1918  91      4       95
  MINIMUM         75    547 AM  62    1967  73      2       77
  AVERAGE         85                        82      3       86

PRECIPITATION (IN)
  YESTERDAY        0.00          2.08 1903   0.20  -0.20     0.00
  MONTH TO DATE    3.45                      3.21   0.24     2.76
  SINCE JUN 1     16.31                     14.76   1.55    10.93
  SINCE JAN 1     40.06                     31.02   9.04    33.60

DEGREE DAYS
 HEATING
  YESTERDAY        0                         0      0        0
  MONTH TO DATE    0                         0      0        0
  SINCE JUN 1      0                         0      0        0
  SINCE JUL 1      0                         0      0        0

 COOLING
  YESTERDAY       20                        17      3       21
  MONTH TO DATE  271                       256     15      301
  SINCE JUN 1   1298                      1248     50     1478
  SINCE JAN 1   1972                      1651    321     2006
..................................................................


WIND (MPH)
  HIGHEST WIND SPEED    14   HIGHEST WIND DIRECTION     W (270)
  HIGHEST GUST SPEED    17   HIGHEST GUST DIRECTION     W (280)
  AVERAGE WIND SPEED     6.8


SKY COVER
  POSSIBLE SUNSHINE  MM
  AVERAGE SKY COVER 0.3


WEATHER CONDITIONS
 THE FOLLOWING WEATHER WAS RECORDED YESTERDAY.
  NO SIGNIFICANT WEATHER WAS OBSERVED.


RELATIVE HUMIDITY (PERCENT)
 HIGHEST   100           300 AM
 LOWEST     49           400 PM
 AVERAGE    75

..........................................................


THE SAVANNAH GA CLIMATE NORMALS FOR TODAY
                         NORMAL    RECORD    YEAR
 MAXIMUM TEMPERATURE (F)   91       100      1954
 MINIMUM TEMPERATURE (F)   73        63      1967


SUNRISE AND SUNSET
AUGUST 16 2017........SUNRISE   650 AM EDT   SUNSET   807 PM EDT
AUGUST 17 2017........SUNRISE   651 AM EDT   SUNSET   806 PM EDT


-  INDICATES NEGATIVE NUMBERS.
R  INDICATES RECORD WAS SET OR TIED.
MM INDICATES DATA IS MISSING.
T  INDICATES TRACE AMOUNT.




$$
