033
CDUS42 KCHS 200602
CLISAV


CLIMATE REPORT
NATIONAL WEATHER SERVICE CHARLESTON SC
102 AM EST FRI JAN 20 2017


...................................

...THE SAVANNAH GA CLIMATE SUMMARY FOR JANUARY 19 2017...

CLIMATE NORMAL PERIOD 1981 TO 2010
CLIMATE RECORD PERIOD 1871 TO 2017


WEATHER ITEM   OBSERVED TIME   RECORD YEAR NORMAL DEPARTURE LAST
                VALUE   (LST)  VALUE       VALUE  FROM      YEAR
                                                  NORMAL
..................................................................
TEMPERATURE (F)
 YESTERDAY
  MAXIMUM         79R   154 PM  79    1990  60     19       48
                                      1937
  MINIMUM         55    800 AM  16    1977  39     16       25
  AVERAGE         67                        49     18       37

PRECIPITATION (IN)
  YESTERDAY        0.00          2.20 1991   0.13  -0.13     0.00
  MONTH TO DATE    1.62                      2.18  -0.56     2.37
  SINCE DEC 1      5.91                      5.13   0.78     5.72
  SINCE JAN 1      1.62                      2.18  -0.56     2.37

SNOWFALL (IN)
  YESTERDAY        0.0                       0.0    0.0
  SINCE DEC 1      0.0                       0.2   -0.2
  SINCE JUL 1      0.0                       0.2   -0.2

DEGREE DAYS
 HEATING
  YESTERDAY        0                        16    -16       28
  MONTH TO DATE  137                       304   -167      301
  SINCE DEC 1    409                       727   -318      425
  SINCE JUL 1    590                       994   -404      550

 COOLING
  YESTERDAY        2                         0      2        0
  MONTH TO DATE   16                         0     16        0
  SINCE DEC 1     26                         9     17      106
  SINCE JAN 1     16                         0     16        0
..................................................................


WIND (MPH)
  HIGHEST WIND SPEED    14   HIGHEST WIND DIRECTION     E (110)
  HIGHEST GUST SPEED    16   HIGHEST GUST DIRECTION     E (100)
  AVERAGE WIND SPEED     5.5


SKY COVER
  POSSIBLE SUNSHINE  MM
  AVERAGE SKY COVER 0.6


WEATHER CONDITIONS
 THE FOLLOWING WEATHER WAS RECORDED YESTERDAY.
  FOG
  FOG W/VISIBILITY <= 1/4 MILE


RELATIVE HUMIDITY (PERCENT)
 HIGHEST    93           500 AM
 LOWEST     31           100 PM
 AVERAGE    62

..........................................................


THE SAVANNAH GA CLIMATE NORMALS FOR TODAY
                         NORMAL    RECORD    YEAR
 MAXIMUM TEMPERATURE (F)   60        77      1951
                                             1937
                                             1927
 MINIMUM TEMPERATURE (F)   39        14      1985


SUNRISE AND SUNSET
JANUARY 20 2017.......SUNRISE   724 AM EST   SUNSET   548 PM EST
JANUARY 21 2017.......SUNRISE   724 AM EST   SUNSET   549 PM EST


-  INDICATES NEGATIVE NUMBERS.
R  INDICATES RECORD WAS SET OR TIED.
MM INDICATES DATA IS MISSING.
T  INDICATES TRACE AMOUNT.




$$
