000
CDUS42 KCHS 070635
CLISAV


CLIMATE REPORT
NATIONAL WEATHER SERVICE CHARLESTON SC
133 AM EST WED DEC 7 2016


...................................

...THE SAVANNAH GA CLIMATE SUMMARY FOR DECEMBER 6 2016...

CLIMATE NORMAL PERIOD 1981 TO 2010
CLIMATE RECORD PERIOD 1871 TO 2016


WEATHER ITEM   OBSERVED TIME   RECORD YEAR NORMAL DEPARTURE LAST
                VALUE   (LST)  VALUE       VALUE  FROM      YEAR
                                                  NORMAL
..................................................................
TEMPERATURE (F)
 YESTERDAY
  MAXIMUM         80    406 PM  83    2013  65     15       68
  MINIMUM         56   1159 PM  23    1937  43     13       46
  AVERAGE         68                        54     14       57

PRECIPITATION (IN)
  YESTERDAY        1.98          3.01 1880   0.09   1.89     0.01
  MONTH TO DATE    3.46                      0.52   2.94     0.38
  SINCE DEC 1      3.46                      0.52   2.94     0.38
  SINCE JAN 1     54.62                     45.53   9.09    44.63

SNOWFALL (IN)
  YESTERDAY        0.0                       0.0    0.0
  SINCE DEC 1      0.0                       0.0    0.0
  SINCE JUL 1      0.0                       0.0    0.0

DEGREE DAYS
 HEATING
  YESTERDAY        0                        12    -12        8
  MONTH TO DATE   39                        68    -29       33
  SINCE DEC 1     39                        68    -29       33
  SINCE JUL 1    219                       335   -116      158

 COOLING
  YESTERDAY        3                         0      3        0
  MONTH TO DATE    3                         3      0        6
  SINCE DEC 1      3                         3      0        6
  SINCE JAN 1   3014                      2452    562     2751
..................................................................


WIND (MPH)
  HIGHEST WIND SPEED    20   HIGHEST WIND DIRECTION    SW (230)
  HIGHEST GUST SPEED    24   HIGHEST GUST DIRECTION    SW (230)
  AVERAGE WIND SPEED     7.0


SKY COVER
  POSSIBLE SUNSHINE  MM
  AVERAGE SKY COVER 0.7


WEATHER CONDITIONS
 THE FOLLOWING WEATHER WAS RECORDED YESTERDAY.
  THUNDERSTORM
  HEAVY RAIN
  RAIN
  LIGHT RAIN
  FOG


RELATIVE HUMIDITY (PERCENT)
 HIGHEST    93           200 AM
 LOWEST     54           500 PM
 AVERAGE    74

..........................................................


THE SAVANNAH GA CLIMATE NORMALS FOR TODAY
                         NORMAL    RECORD    YEAR
 MAXIMUM TEMPERATURE (F)   64        82      1998
                                             1978
 MINIMUM TEMPERATURE (F)   42        18      1937


SUNRISE AND SUNSET
DECEMBER  7 2016......SUNRISE   713 AM EST   SUNSET   520 PM EST
DECEMBER  8 2016......SUNRISE   714 AM EST   SUNSET   520 PM EST


-  INDICATES NEGATIVE NUMBERS.
R  INDICATES RECORD WAS SET OR TIED.
MM INDICATES DATA IS MISSING.
T  INDICATES TRACE AMOUNT.




$$
