000
CDUS42 KCHS 010605
CLISAV


CLIMATE REPORT
NATIONAL WEATHER SERVICE CHARLESTON SC
202 AM EDT TUE SEP 1 2015


...................................

...THE SAVANNAH GA CLIMATE SUMMARY FOR AUGUST 31 2015...

CLIMATE NORMAL PERIOD 1981 TO 2010
CLIMATE RECORD PERIOD 1871 TO 2015


WEATHER ITEM   OBSERVED TIME   RECORD YEAR NORMAL DEPARTURE LAST
                VALUE   (LST)  VALUE       VALUE  FROM      YEAR
                                                  NORMAL
..................................................................
TEMPERATURE (F)
 YESTERDAY
  MAXIMUM         86    441 PM  99    1998  89     -3       94
  MINIMUM         73    658 AM  61    1999  71      2       75
  AVERAGE         80                        80      0       85

PRECIPITATION (IN)
  YESTERDAY        0.58          7.31 1898   0.19   0.39     0.00
  MONTH TO DATE    7.84                      6.56   1.28     3.41
  SINCE JUN 1     18.83                     18.11   0.72    19.27
  SINCE JAN 1     36.16                     34.37   1.79    35.06

DEGREE DAYS
 HEATING
  YESTERDAY        0                         0      0        0
  MONTH TO DATE    0                         0      0        0
  SINCE JUN 1      0                         0      0        0
  SINCE JUL 1      0                         0      0        0

 COOLING
  YESTERDAY       15                        15      0       20
  MONTH TO DATE  527                       512     15      570
  SINCE JUN 1   1619                      1504    115     1624
  SINCE JAN 1   2154                      1907    247     2113
..................................................................


WIND (MPH)
  HIGHEST WIND SPEED    10   HIGHEST WIND DIRECTION    NW (330)
  HIGHEST GUST SPEED    13   HIGHEST GUST DIRECTION    NW (330)
  AVERAGE WIND SPEED     3.5


SKY COVER
  POSSIBLE SUNSHINE  MM
  AVERAGE SKY COVER 0.8


WEATHER CONDITIONS
 THE FOLLOWING WEATHER WAS RECORDED YESTERDAY.
  HEAVY RAIN
  RAIN
  LIGHT RAIN
  FOG


RELATIVE HUMIDITY (PERCENT)
 HIGHEST    94          1200 AM
 LOWEST     65           400 PM
 AVERAGE    80

..........................................................


THE SAVANNAH GA CLIMATE NORMALS FOR TODAY
                         NORMAL    RECORD    YEAR
 MAXIMUM TEMPERATURE (F)   89        97      1957
                                             1926
                                             1912
 MINIMUM TEMPERATURE (F)   71        60      1999


SUNRISE AND SUNSET
SEPTEMBER  1 2015.....SUNRISE   700 AM EDT   SUNSET   749 PM EDT
SEPTEMBER  2 2015.....SUNRISE   700 AM EDT   SUNSET   748 PM EDT


-  INDICATES NEGATIVE NUMBERS.
R  INDICATES RECORD WAS SET OR TIED.
MM INDICATES DATA IS MISSING.
T  INDICATES TRACE AMOUNT.

$$
