000
CDUS42 KCHS 240602
CLISAV


CLIMATE REPORT
NATIONAL WEATHER SERVICE CHARLESTON SC
102 AM EST SAT FEB 24 2018


...................................

...THE SAVANNAH GA CLIMATE SUMMARY FOR FEBRUARY 23 2018...

CLIMATE NORMAL PERIOD 1981 TO 2010
CLIMATE RECORD PERIOD 1871 TO 2018


WEATHER ITEM   OBSERVED TIME   RECORD YEAR NORMAL DEPARTURE LAST
                VALUE   (LST)  VALUE       VALUE  FROM      YEAR
                                                  NORMAL
..................................................................
TEMPERATURE (F)
 YESTERDAY
  MAXIMUM         83    241 PM  84    2012  66     17       79
  MINIMUM         56    729 AM  23    1978  43     13       60
  AVERAGE         70                        55     15       70

PRECIPITATION (IN)
  YESTERDAY        0.00          1.23 2013   0.11  -0.11     0.00
  MONTH TO DATE    1.70                      2.29  -0.59     2.22
  SINCE DEC 1      5.12                      8.93  -3.81    13.12
  SINCE JAN 1      2.77                      5.98  -3.21     8.83

SNOWFALL (IN)
  YESTERDAY        0.0                       0.0    0.0
  SINCE DEC 1      1.2                       0.3    0.9
  SINCE JUL 1      1.2                       0.3    0.9

DEGREE DAYS
 HEATING
  YESTERDAY        0                        11    -11        0
  MONTH TO DATE  102                       292   -190      113
  SINCE DEC 1   1041                      1199   -158      614
  SINCE JUL 1   1265                      1466   -201      795

 COOLING
  YESTERDAY        5                         0      5        5
  MONTH TO DATE   62                         0     62       18
  SINCE DEC 1     74                        12     62       51
  SINCE JAN 1     65                         3     62       41
..................................................................


WIND (MPH)
  HIGHEST WIND SPEED    17   HIGHEST WIND DIRECTION    SE (140)
  HIGHEST GUST SPEED    21   HIGHEST GUST DIRECTION     E (110)
  AVERAGE WIND SPEED     4.6


SKY COVER
  POSSIBLE SUNSHINE  MM
  AVERAGE SKY COVER 0.3


WEATHER CONDITIONS
 THE FOLLOWING WEATHER WAS RECORDED YESTERDAY.
  FOG
  FOG W/VISIBILITY <= 1/4 MILE


RELATIVE HUMIDITY (PERCENT)
 HIGHEST   100           200 AM
 LOWEST     47           100 PM
 AVERAGE    74

..........................................................


THE SAVANNAH GA CLIMATE NORMALS FOR TODAY
                         NORMAL    RECORD    YEAR
 MAXIMUM TEMPERATURE (F)   66        86      2012
 MINIMUM TEMPERATURE (F)   43        25      1989


SUNRISE AND SUNSET
FEBRUARY 24 2018......SUNRISE   658 AM EST   SUNSET   619 PM EST
FEBRUARY 25 2018......SUNRISE   657 AM EST   SUNSET   619 PM EST


-  INDICATES NEGATIVE NUMBERS.
R  INDICATES RECORD WAS SET OR TIED.
MM INDICATES DATA IS MISSING.
T  INDICATES TRACE AMOUNT.




$$
