870
CDUS42 KCHS 272110
CLISAV


CLIMATE REPORT
NATIONAL WEATHER SERVICE CHARLESTON SC
510 PM EDT THU APR 27 2017


...................................

...THE SAVANNAH GA CLIMATE SUMMARY FOR APRIL 27 2017...
VALID TODAY AS OF 0500 PM LOCAL TIME.

CLIMATE NORMAL PERIOD 1981 TO 2010
CLIMATE RECORD PERIOD 1871 TO 2017


WEATHER ITEM   OBSERVED TIME   RECORD YEAR NORMAL DEPARTURE LAST
                VALUE   (LST)  VALUE       VALUE  FROM      YEAR
                                                  NORMAL
..................................................................
TEMPERATURE (F)
 TODAY
  MAXIMUM         90    259 PM  95    1986  80     10       87
  MINIMUM         63    600 AM  42    2001  56      7       64
  AVERAGE         77                        68      9       76

PRECIPITATION (IN)
  TODAY            0.00          1.50 1879   0.09  -0.09     0.00
  MONTH TO DATE    2.88                      2.81   0.07     2.26
  SINCE MAR 1      3.38                      6.54  -3.16     7.27
  SINCE JAN 1     12.21                     13.02  -0.81    13.68

SNOWFALL (IN)
  TODAY            0.0                       0.0    0.0
  SINCE MAR 1      0.0                       T      0.0
  SINCE JUL 1      0.0                       0.3   -0.3

DEGREE DAYS
 HEATING
  TODAY            0                         1     -1        0
  MONTH TO DATE   19                        73    -54       42
  SINCE MAR 1    212                       283    -71      142
  SINCE JUL 1   1022                      1800   -778     1211

 COOLING
  TODAY           12                         4      8       11
  MONTH TO DATE  160                        79     81       67
  SINCE MAR 1    235                       111    124      173
  SINCE JAN 1    293                       121    172      194
..................................................................


WIND (MPH)
  HIGHEST WIND SPEED    24   HIGHEST WIND DIRECTION     S (160)
  HIGHEST GUST SPEED    29   HIGHEST GUST DIRECTION     S (170)
  AVERAGE WIND SPEED    10.4


SKY COVER
  POSSIBLE SUNSHINE  MM
  AVERAGE SKY COVER 0.3


WEATHER CONDITIONS
 THE FOLLOWING WEATHER WAS RECORDED TODAY.
  NO SIGNIFICANT WEATHER WAS OBSERVED.


RELATIVE HUMIDITY (PERCENT)
 HIGHEST    93           500 AM
 LOWEST     34           300 PM
 AVERAGE    64

..........................................................


THE SAVANNAH GA CLIMATE NORMALS FOR TOMORROW
                         NORMAL    RECORD    YEAR
 MAXIMUM TEMPERATURE (F)   81        93      1942
 MINIMUM TEMPERATURE (F)   57        42      1898


SUNRISE AND SUNSET
APRIL 27 2017.........SUNRISE   642 AM EDT   SUNSET   803 PM EDT
APRIL 28 2017.........SUNRISE   641 AM EDT   SUNSET   804 PM EDT


-  INDICATES NEGATIVE NUMBERS.
R  INDICATES RECORD WAS SET OR TIED.
MM INDICATES DATA IS MISSING.
T  INDICATES TRACE AMOUNT.




$$
