000
CDUS42 KCHS 012142
CLISAV


CLIMATE REPORT
NATIONAL WEATHER SERVICE CHARLESTON SC
542 PM EDT FRI AUG 1 2014


...................................

...THE SAVANNAH GA CLIMATE SUMMARY FOR AUGUST 1 2014...
VALID TODAY AS OF 0500 PM LOCAL TIME.

CLIMATE NORMAL PERIOD 1981 TO 2010
CLIMATE RECORD PERIOD 1871 TO 2014


WEATHER ITEM   OBSERVED TIME   RECORD YEAR NORMAL DEPARTURE LAST
                VALUE   (LST)  VALUE       VALUE  FROM      YEAR
                                                  NORMAL
..................................................................
TEMPERATURE (F)
 TODAY
  MAXIMUM         91   1201 PM 102    1999  92     -1       87
  MINIMUM         74    652 AM  66    1997  73      1       73
                                      1966
  AVERAGE         83                        82      1       80

PRECIPITATION (IN)
  TODAY            T             2.14 1991   0.22  -0.22     0.00
  MONTH TO DATE    T                         0.22  -0.22     0.00
  SINCE JUN 1     15.86                     11.77   4.09    20.60
  SINCE JAN 1     31.65                     28.03   3.62    40.14

DEGREE DAYS
 HEATING
  TODAY            0                         0      0        0
  MONTH TO DATE    0                         0      0        0
  SINCE JUN 1      0                         0      0        0
  SINCE JUL 1      0                         0      0        0

 COOLING
  TODAY           18                        18      0       15
  MONTH TO DATE   18                        18      0       15
  SINCE JUN 1   1072                      1010     62      989
  SINCE JAN 1   1561                      1413    148     1347
..................................................................


WIND (MPH)
  HIGHEST WIND SPEED    20   HIGHEST WIND DIRECTION    SE (120)
  HIGHEST GUST SPEED    26   HIGHEST GUST DIRECTION     E (100)
  AVERAGE WIND SPEED     4.1


SKY COVER
  POSSIBLE SUNSHINE  MM
  AVERAGE SKY COVER 0.8


WEATHER CONDITIONS
 THE FOLLOWING WEATHER WAS RECORDED TODAY.
  THUNDERSTORM
  LIGHT RAIN
  FOG
  FOG W/VISIBILITY <= 1/4 MILE


RELATIVE HUMIDITY (PERCENT)
 HIGHEST   100           600 AM
 LOWEST     64          1200 PM
 AVERAGE    82

..........................................................


THE SAVANNAH GA CLIMATE NORMALS FOR TOMORROW
                         NORMAL    RECORD    YEAR
 MAXIMUM TEMPERATURE (F)   92       101      1980
 MINIMUM TEMPERATURE (F)   73        65      1966


SUNRISE AND SUNSET
AUGUST  1 2014........SUNRISE   640 AM EDT   SUNSET   822 PM EDT
AUGUST  2 2014........SUNRISE   641 AM EDT   SUNSET   821 PM EDT


-  INDICATES NEGATIVE NUMBERS.
R  INDICATES RECORD WAS SET OR TIED.
MM INDICATES DATA IS MISSING.
T  INDICATES TRACE AMOUNT.




$$
