000
CDUS42 KCHS 110603
CLISAV


CLIMATE REPORT
NATIONAL WEATHER SERVICE CHARLESTON SC
102 AM EST MON DEC 11 2017


...................................

...THE SAVANNAH GA CLIMATE SUMMARY FOR DECEMBER 10 2017...

CLIMATE NORMAL PERIOD 1981 TO 2010
CLIMATE RECORD PERIOD 1871 TO 2017


WEATHER ITEM   OBSERVED TIME   RECORD YEAR NORMAL DEPARTURE LAST
                VALUE   (LST)  VALUE       VALUE  FROM      YEAR
                                                  NORMAL
..................................................................
TEMPERATURE (F)
 YESTERDAY
  MAXIMUM         51    343 PM  82    1972  64    -13       55
  MINIMUM         28    722 AM  23    1968  42    -14       29
  AVERAGE         40                        53    -13       42

PRECIPITATION (IN)
  YESTERDAY        0.00          1.42 1969   0.09  -0.09     0.00
  MONTH TO DATE    1.92                      0.88   1.04     3.46
  SINCE DEC 1      1.92                      0.88   1.04     3.46
  SINCE JAN 1     52.81                     45.89   6.92    54.62

SNOWFALL (IN)
  YESTERDAY        0.0                       0.0    0.0
  SINCE DEC 1      0.0                       0.0    0.0
  SINCE JUL 1      0.0                       0.0    0.0

DEGREE DAYS
 HEATING
  YESTERDAY       25                        13     12       23
  MONTH TO DATE  102                       117    -15      100
  SINCE DEC 1    102                       117    -15      100
  SINCE JUL 1    326                       384    -58      281

 COOLING
  YESTERDAY        0                         0      0        0
  MONTH TO DATE    5                         3      2        3
  SINCE DEC 1      5                         3      2        3
  SINCE JAN 1   2969                      2452    517     3014
..................................................................


WIND (MPH)
  HIGHEST WIND SPEED    14   HIGHEST WIND DIRECTION     W (290)
  HIGHEST GUST SPEED    18   HIGHEST GUST DIRECTION     W (280)
  AVERAGE WIND SPEED     6.2


SKY COVER
  POSSIBLE SUNSHINE  MM
  AVERAGE SKY COVER 0.0


WEATHER CONDITIONS
 THE FOLLOWING WEATHER WAS RECORDED YESTERDAY.
  NO SIGNIFICANT WEATHER WAS OBSERVED.


RELATIVE HUMIDITY (PERCENT)
 HIGHEST    92           500 AM
 LOWEST     39           300 PM
 AVERAGE    66

..........................................................


THE SAVANNAH GA CLIMATE NORMALS FOR TODAY
                         NORMAL    RECORD    YEAR
 MAXIMUM TEMPERATURE (F)   63        83      1971
 MINIMUM TEMPERATURE (F)   42        22      1981


SUNRISE AND SUNSET
DECEMBER 11 2017......SUNRISE   716 AM EST   SUNSET   521 PM EST
DECEMBER 12 2017......SUNRISE   716 AM EST   SUNSET   521 PM EST


-  INDICATES NEGATIVE NUMBERS.
R  INDICATES RECORD WAS SET OR TIED.
MM INDICATES DATA IS MISSING.
T  INDICATES TRACE AMOUNT.




$$
