000
CDUS42 KCHS 230602
CLISAV


CLIMATE REPORT
NATIONAL WEATHER SERVICE CHARLESTON SC
202 AM EDT SAT JUL 23 2016


...................................

...THE SAVANNAH GA CLIMATE SUMMARY FOR JULY 22 2016...

CLIMATE NORMAL PERIOD 1981 TO 2010
CLIMATE RECORD PERIOD 1871 TO 2016


WEATHER ITEM   OBSERVED TIME   RECORD YEAR NORMAL DEPARTURE LAST
                VALUE   (LST)  VALUE       VALUE  FROM      YEAR
                                                  NORMAL
..................................................................
TEMPERATURE (F)
 YESTERDAY
  MAXIMUM         95    251 PM 103    1977  93      2       98
  MINIMUM         75    601 AM  62    1929  73      2       77
  AVERAGE         85                        83      2       88

PRECIPITATION (IN)
  YESTERDAY        0.10          2.27 1964   0.18  -0.08     0.02
  MONTH TO DATE    0.42                      3.79  -3.37     4.15
  SINCE JUN 1      7.38                      9.74  -2.36     9.78
  SINCE JAN 1     30.05                     26.00   4.05    27.11

DEGREE DAYS
 HEATING
  YESTERDAY        0                         0      0        0
  MONTH TO DATE    0                         0      0        0
  SINCE JUN 1      0                         0      0        0
  SINCE JUL 1      0                         0      0        0

 COOLING
  YESTERDAY       20                        18      2       23
  MONTH TO DATE  462                       388     74      420
  SINCE JUN 1    978                       834    144      926
  SINCE JAN 1   1506                      1237    269     1461
..................................................................


WIND (MPH)
  HIGHEST WIND SPEED    18   HIGHEST WIND DIRECTION     E (90)
  HIGHEST GUST SPEED    22   HIGHEST GUST DIRECTION     E (90)
  AVERAGE WIND SPEED     4.5


SKY COVER
  POSSIBLE SUNSHINE  MM
  AVERAGE SKY COVER 0.5


WEATHER CONDITIONS
 THE FOLLOWING WEATHER WAS RECORDED YESTERDAY.
  RAIN


RELATIVE HUMIDITY (PERCENT)
 HIGHEST    94           400 AM
 LOWEST     49           100 PM
 AVERAGE    72

..........................................................


THE SAVANNAH GA CLIMATE NORMALS FOR TODAY
                         NORMAL    RECORD    YEAR
 MAXIMUM TEMPERATURE (F)   93       103      1952
 MINIMUM TEMPERATURE (F)   73        61      1966


SUNRISE AND SUNSET
JULY 23 2016..........SUNRISE   634 AM EDT   SUNSET   828 PM EDT
JULY 24 2016..........SUNRISE   635 AM EDT   SUNSET   827 PM EDT


-  INDICATES NEGATIVE NUMBERS.
R  INDICATES RECORD WAS SET OR TIED.
MM INDICATES DATA IS MISSING.
T  INDICATES TRACE AMOUNT.




$$
