000
CDUS46 KLOX 310904
CLISBA


CLIMATE REPORT
NATIONAL WEATHER SERVICE LOS ANGELES/OXNARD CA
204 AM PDT MON AUG 31 2015


...................................

...THE SANTA BARBARA AIRPORT CA CLIMATE SUMMARY FOR AUGUST 30 2015...

CLIMATE NORMAL PERIOD 1981 TO 2010
CLIMATE RECORD PERIOD 1940 TO 2015


WEATHER ITEM   OBSERVED TIME   RECORD YEAR NORMAL DEPARTURE LAST
                VALUE   (LST)  VALUE       VALUE  FROM      YEAR
                                                  NORMAL
..................................................................
TEMPERATURE (F)
 YESTERDAY
  MAXIMUM         88    417 PM 101    1984  75     13       77
  MINIMUM         68    509 AM  48    2010  57     11       58
  AVERAGE         78                        66     12       68

PRECIPITATION (IN)
  YESTERDAY        0.00          0.01 1951   0.01  -0.01     0.00
  MONTH TO DATE    T                         0.12  -0.12     0.01
  SINCE OCT 1      9.63                     17.50  -7.87     6.51
  SINCE JAN 1      3.34                     12.20  -8.86     5.22

SNOWFALL (IN)
  YESTERDAY        0.0
  MONTH TO DATE    0.0
  SINCE JUN 1      0.0
  SINCE JUL 1      0.0

DEGREE DAYS
 HEATING
  YESTERDAY        0                         1     -1        0
  MONTH TO DATE    0                        30    -30        0
  SINCE JUN 1     30                       147   -117       52
  SINCE JUL 1      0                        57    -57        0

 COOLING
  YESTERDAY       13                         2     11        3
  MONTH TO DATE  189                        60    129       88
  SINCE JUN 1    333                       118    215      259
  SINCE JAN 1    371                       132    239      327
..................................................................


WIND (MPH)
  HIGHEST WIND SPEED    15   HIGHEST WIND DIRECTION     S (170)
  HIGHEST GUST SPEED    18   HIGHEST GUST DIRECTION     S (180)
  AVERAGE WIND SPEED     6.0


SKY COVER
  POSSIBLE SUNSHINE  MM
  AVERAGE SKY COVER 0.1


WEATHER CONDITIONS
 THE FOLLOWING WEATHER WAS RECORDED YESTERDAY.
  NO SIGNIFICANT WEATHER WAS OBSERVED.


RELATIVE HUMIDITY (PERCENT)
 HIGHEST    84           800 PM
 LOWEST     40           400 PM
 AVERAGE    62

..........................................................


THE SANTA BARBARA AIRPORT CA CLIMATE NORMALS FOR TODAY
                         NORMAL    RECORD    YEAR
 MAXIMUM TEMPERATURE (F)   75        94      1955
 MINIMUM TEMPERATURE (F)   57        48      1941


SUNRISE AND SUNSET
AUGUST 31 2015........SUNRISE   632 AM PDT   SUNSET   727 PM PDT
SEPTEMBER  1 2015.....SUNRISE   632 AM PDT   SUNSET   726 PM PDT


-  INDICATES NEGATIVE NUMBERS.
R  INDICATES RECORD WAS SET OR TIED.
MM INDICATES DATA IS MISSING.
T  INDICATES TRACE AMOUNT.




$$
