894
CDUS46 KLOX 230120
CLISBA


CLIMATE REPORT
NATIONAL WEATHER SERVICE LOS ANGELES/OXNARD CA
620 PM PDT THU JUN 22 2017


...................................

...THE SANTA BARBARA AIRPORT CA CLIMATE SUMMARY FOR JUNE 22 2017...
VALID TODAY AS OF 0600 PM LOCAL TIME.

CLIMATE NORMAL PERIOD 1981 TO 2010
CLIMATE RECORD PERIOD 1940 TO 2017


WEATHER ITEM   OBSERVED TIME   RECORD YEAR NORMAL DEPARTURE LAST
                VALUE   (LST)  VALUE       VALUE  FROM      YEAR
                                                  NORMAL
..................................................................
TEMPERATURE (F)
 TODAY
  MAXIMUM         71    147 PM  96    1976  71      0       70
  MINIMUM         57    648 AM  47    1991  55      2       58
  AVERAGE         64                        63      1       64

PRECIPITATION (IN)
  TODAY            0.00          T    1972   0.00   0.00     0.00
  MONTH TO DATE    0.00                      0.06  -0.06     0.01
  SINCE OCT 1     24.23                     17.34   6.89    10.21
  SINCE JAN 1     19.42                     12.04   7.38     9.33

SNOWFALL (IN)
  TODAY            0.0
  MONTH TO DATE    0.0
  SINCE JUN 1      0.0
  SINCE JUL 1      0.0

DEGREE DAYS
 HEATING
  TODAY            1                         2     -1        1
  MONTH TO DATE   32                        75    -43       65
  SINCE JUN 1     32                        75    -43       65
  SINCE JUL 1   1888                      2359   -471     1610

 COOLING
  TODAY            0                         1     -1        0
  MONTH TO DATE    7                         5      2       18
  SINCE JUN 1      7                         5      2       18
  SINCE JAN 1     34                        19     15       28
..................................................................


WIND (MPH)
  HIGHEST WIND SPEED    17   HIGHEST WIND DIRECTION    SE (140)
  HIGHEST GUST SPEED    21   HIGHEST GUST DIRECTION    SE (130)
  AVERAGE WIND SPEED     7.4


SKY COVER
  POSSIBLE SUNSHINE  MM
  AVERAGE SKY COVER 0.7


WEATHER CONDITIONS
 THE FOLLOWING WEATHER WAS RECORDED TODAY.
  FOG
  FOG W/VISIBILITY <= 1/4 MILE
  HAZE


RELATIVE HUMIDITY (PERCENT)
 HIGHEST   100           200 AM
 LOWEST     73          1100 AM
 AVERAGE    87

..........................................................


THE SANTA BARBARA AIRPORT CA CLIMATE NORMALS FOR TOMORROW
                         NORMAL    RECORD    YEAR
 MAXIMUM TEMPERATURE (F)   71        97      1976
 MINIMUM TEMPERATURE (F)   55        47      1991


SUNRISE AND SUNSET
JUNE 22 2017..........SUNRISE   548 AM PDT   SUNSET   815 PM PDT
JUNE 23 2017..........SUNRISE   548 AM PDT   SUNSET   815 PM PDT


-  INDICATES NEGATIVE NUMBERS.
R  INDICATES RECORD WAS SET OR TIED.
MM INDICATES DATA IS MISSING.
T  INDICATES TRACE AMOUNT.




$$
