000
CDUS46 KLOX 260901
CLISBA


CLIMATE REPORT
NATIONAL WEATHER SERVICE LOS ANGELES/OXNARD CA
101 AM PST FRI DEC 26 2014


...................................

...THE SANTA BARBARA AIRPORT CA CLIMATE SUMMARY FOR DECEMBER 25 2014...

CLIMATE NORMAL PERIOD 1981 TO 2010
CLIMATE RECORD PERIOD 1940 TO 2014


WEATHER ITEM   OBSERVED TIME   RECORD YEAR NORMAL DEPARTURE LAST
                VALUE   (LST)  VALUE       VALUE  FROM      YEAR
                                                  NORMAL
..................................................................
TEMPERATURE (F)
 YESTERDAY
  MAXIMUM         65    239 PM  81    1947  63      2       78
  MINIMUM         43   1001 PM  25    1990  40      3       38
  AVERAGE         54                        51      3       58

PRECIPITATION (IN)
  YESTERDAY        0.00          1.73 1983   0.12  -0.12     0.00
  MONTH TO DATE    4.95                      2.17   2.78     0.16
  SINCE JUL 1      6.31                      4.94   1.37     1.36
  SINCE JAN 1     11.51                     16.99  -5.48     4.71

SNOWFALL (IN)
  YESTERDAY        0.0
  MONTH TO DATE    0.0
  SINCE DEC 1      0.0
  SINCE JUL 1      0.0

DEGREE DAYS
 HEATING
  YESTERDAY       11                        14     -3        7
  MONTH TO DATE  151                       326   -175      305
  SINCE DEC 1    151                       326   -175      305
  SINCE JUL 1    284                       804   -520      679

 COOLING
  YESTERDAY        0                         0      0        0
  MONTH TO DATE    1                         0      1        0
  SINCE DEC 1      1                         0      1        0
  SINCE JAN 1    530                       188    342      285
..................................................................


WIND (MPH)
  HIGHEST WIND SPEED    25   HIGHEST WIND DIRECTION     N (20)
  HIGHEST GUST SPEED    34   HIGHEST GUST DIRECTION     N (10)
  AVERAGE WIND SPEED    12.2


SKY COVER
  POSSIBLE SUNSHINE  MM
  AVERAGE SKY COVER 0.0


WEATHER CONDITIONS
 THE FOLLOWING WEATHER WAS RECORDED YESTERDAY.
  NO SIGNIFICANT WEATHER WAS OBSERVED.


RELATIVE HUMIDITY (PERCENT)
 HIGHEST    57          1200 AM
 LOWEST     18           300 PM
 AVERAGE    38

..........................................................


THE SANTA BARBARA AIRPORT CA CLIMATE NORMALS FOR TODAY
                         NORMAL    RECORD    YEAR
 MAXIMUM TEMPERATURE (F)   63        82      1947
 MINIMUM TEMPERATURE (F)   40        27      1990


SUNRISE AND SUNSET
DECEMBER 26 2014......SUNRISE   704 AM PST   SUNSET   456 PM PST
DECEMBER 27 2014......SUNRISE   704 AM PST   SUNSET   457 PM PST


-  INDICATES NEGATIVE NUMBERS.
R  INDICATES RECORD WAS SET OR TIED.
MM INDICATES DATA IS MISSING.
T  INDICATES TRACE AMOUNT.




$$
