209
CDUS46 KLOX 010859
CLISBA


CLIMATE REPORT
NATIONAL WEATHER SERVICE LOS ANGELES/OXNARD CA
159 AM PDT SAT OCT 1 2016


...................................

...THE SANTA BARBARA AIRPORT CA CLIMATE SUMMARY FOR SEPTEMBER 30 2016...

CLIMATE NORMAL PERIOD 1981 TO 2010
CLIMATE RECORD PERIOD 1940 TO 2016


WEATHER ITEM   OBSERVED TIME   RECORD YEAR NORMAL DEPARTURE LAST
                VALUE   (LST)  VALUE       VALUE  FROM      YEAR
                                                  NORMAL
..................................................................
TEMPERATURE (F)
 YESTERDAY
  MAXIMUM         78    302 PM  90    1980  73      5       84
  MINIMUM         58   1147 PM  42    1950  54      4       58
  AVERAGE         68                        64      4       71

PRECIPITATION (IN)
  YESTERDAY        0.00          3.01 1983   0.02  -0.02     0.00
  MONTH TO DATE    0.01                      0.26  -0.25     0.17
  SINCE OCT 1     10.22                     17.76  -7.54     9.80
  SINCE JAN 1      9.34                     12.46  -3.12     3.51

SNOWFALL (IN)
  YESTERDAY        0.0
  MONTH TO DATE    0.0
  SINCE SEP 1      0.0
  SINCE JUL 1      0.0

DEGREE DAYS
 HEATING
  YESTERDAY        0                         2     -2        0
  MONTH TO DATE   36                        41     -5        0
  SINCE SEP 1     36                        44     -8        0
  SINCE JUL 1     58                        95    -37        0

 COOLING
  YESTERDAY        3                         1      2        6
  MONTH TO DATE   77                        44     33      214
  SINCE SEP 1     77                        44     33      214
  SINCE JAN 1    225                       171     54      592
..................................................................


WIND (MPH)
  HIGHEST WIND SPEED    12   HIGHEST WIND DIRECTION     W (270)
  HIGHEST GUST SPEED    14   HIGHEST GUST DIRECTION     W (270)
  AVERAGE WIND SPEED     4.1


SKY COVER
  POSSIBLE SUNSHINE  MM
  AVERAGE SKY COVER 0.2


WEATHER CONDITIONS
 THE FOLLOWING WEATHER WAS RECORDED YESTERDAY.
  FOG
  FOG W/VISIBILITY <= 1/4 MILE


RELATIVE HUMIDITY (PERCENT)
 HIGHEST   100           100 AM
 LOWEST     40           300 PM
 AVERAGE    70

..........................................................


THE SANTA BARBARA AIRPORT CA CLIMATE NORMALS FOR TODAY
                         NORMAL    RECORD    YEAR
 MAXIMUM TEMPERATURE (F)   73        93      2015
 MINIMUM TEMPERATURE (F)   54        42      1950


SUNRISE AND SUNSET
OCTOBER  1 2016.......SUNRISE   654 AM PDT   SUNSET   643 PM PDT
OCTOBER  2 2016.......SUNRISE   655 AM PDT   SUNSET   641 PM PDT


-  INDICATES NEGATIVE NUMBERS.
R  INDICATES RECORD WAS SET OR TIED.
MM INDICATES DATA IS MISSING.
T  INDICATES TRACE AMOUNT.




$$
