000
CDUS46 KLOX 210911
CLISBA


CLIMATE REPORT
NATIONAL WEATHER SERVICE LOS ANGELES/OXNARD CA
111 AM PST SAT JAN 21 2017


...................................

...THE SANTA BARBARA AIRPORT CA CLIMATE SUMMARY FOR JANUARY 20 2017...

CLIMATE NORMAL PERIOD 1981 TO 2010
CLIMATE RECORD PERIOD 1940 TO 2017


WEATHER ITEM   OBSERVED TIME   RECORD YEAR NORMAL DEPARTURE LAST
                VALUE   (LST)  VALUE       VALUE  FROM      YEAR
                                                  NORMAL
..................................................................
TEMPERATURE (F)
 YESTERDAY
  MAXIMUM         57    300 PM  78    2009  64     -7       63
  MINIMUM         46   1159 PM  30    1987  41      5       54
  AVERAGE         52                        52      0       59

PRECIPITATION (IN)
  YESTERDAY        2.67R         1.86 1962   0.11   2.56      T
  MONTH TO DATE    7.21                      2.36   4.85     4.70
  SINCE OCT 1     12.02                      7.66   4.36     5.58
  SINCE JAN 1      7.21                      2.36   4.85     4.70

SNOWFALL (IN)
  YESTERDAY       MM
  MONTH TO DATE    0.0
  SINCE DEC 1      0.0
  SINCE JUL 1      0.0

DEGREE DAYS
 HEATING
  YESTERDAY       13                        13      0        6
  MONTH TO DATE  232                       260    -28      205
  SINCE DEC 1    605                       666    -61      557
  SINCE JUL 1    934                      1144   -210      799

 COOLING
  YESTERDAY        0                         0      0        0
  MONTH TO DATE    0                         0      0        0
  SINCE DEC 1      0                         0      0        0
  SINCE JAN 1      0                         0      0        0
..................................................................


WIND (MPH)
  HIGHEST WIND SPEED    23   HIGHEST WIND DIRECTION     W (280)
  HIGHEST GUST SPEED    30   HIGHEST GUST DIRECTION    SE (120)
  AVERAGE WIND SPEED     7.8


SKY COVER
  POSSIBLE SUNSHINE  MM
  AVERAGE SKY COVER 0.8


WEATHER CONDITIONS
 THE FOLLOWING WEATHER WAS RECORDED YESTERDAY.
  HEAVY RAIN
  RAIN
  LIGHT RAIN
  FOG
  FOG W/VISIBILITY <= 1/4 MILE


RELATIVE HUMIDITY (PERCENT)
 HIGHEST   100          1200 AM
 LOWEST     62           200 PM
 AVERAGE    81

..........................................................


THE SANTA BARBARA AIRPORT CA CLIMATE NORMALS FOR TODAY
                         NORMAL    RECORD    YEAR
 MAXIMUM TEMPERATURE (F)   64        77      2013
 MINIMUM TEMPERATURE (F)   41        31      2006
                                             1990


SUNRISE AND SUNSET
JANUARY 21 2017.......SUNRISE   703 AM PST   SUNSET   519 PM PST
JANUARY 22 2017.......SUNRISE   703 AM PST   SUNSET   519 PM PST


-  INDICATES NEGATIVE NUMBERS.
R  INDICATES RECORD WAS SET OR TIED.
MM INDICATES DATA IS MISSING.
T  INDICATES TRACE AMOUNT.




$$
