000
CDUS46 KLOX 210902
CLISBA


CLIMATE REPORT
NATIONAL WEATHER SERVICE LOS ANGELES/OXNARD CA
201 AM PDT MON AUG 21 2017


...................................

...THE SANTA BARBARA AIRPORT CA CLIMATE SUMMARY FOR AUGUST 20 2017...

CLIMATE NORMAL PERIOD 1981 TO 2010
CLIMATE RECORD PERIOD 1940 TO 2017


WEATHER ITEM   OBSERVED TIME   RECORD YEAR NORMAL DEPARTURE LAST
                VALUE   (LST)  VALUE       VALUE  FROM      YEAR
                                                  NORMAL
..................................................................
TEMPERATURE (F)
 YESTERDAY
  MAXIMUM         74    120 PM  84    1941  75     -1       70
  MINIMUM         59   1026 PM  50    1947  58      1       56
  AVERAGE         67                        66      1       63

PRECIPITATION (IN)
  YESTERDAY        0.00          0.02 1997   0.00   0.00     0.00
  MONTH TO DATE    0.01                      0.07  -0.06     0.00
  SINCE OCT 1     24.28                     17.45   6.83    10.21
  SINCE JAN 1     19.47                     12.15   7.32     9.33

SNOWFALL (IN)
  YESTERDAY        0.0
  MONTH TO DATE    0.0
  SINCE JUN 1      0.0
  SINCE JUL 1      0.0

DEGREE DAYS
 HEATING
  YESTERDAY        0                         1     -1        2
  MONTH TO DATE    0                        20    -20        4
  SINCE JUN 1     50                       137    -87       91
  SINCE JUL 1     11                        47    -36       19

 COOLING
  YESTERDAY        2                         2      0        0
  MONTH TO DATE   69                        40     29       26
  SINCE JUN 1    156                        98     58      115
  SINCE JAN 1    183                       112     71      125
..................................................................


WIND (MPH)
  HIGHEST WIND SPEED    12   HIGHEST WIND DIRECTION     W (270)
  HIGHEST GUST SPEED    14   HIGHEST GUST DIRECTION     W (280)
  AVERAGE WIND SPEED     4.9


SKY COVER
  POSSIBLE SUNSHINE  MM
  AVERAGE SKY COVER 0.7


WEATHER CONDITIONS
 THE FOLLOWING WEATHER WAS RECORDED YESTERDAY.
  NO SIGNIFICANT WEATHER WAS OBSERVED.


RELATIVE HUMIDITY (PERCENT)
 HIGHEST    97          1000 PM
 LOWEST     66           100 PM
 AVERAGE    82

..........................................................


THE SANTA BARBARA AIRPORT CA CLIMATE NORMALS FOR TODAY
                         NORMAL    RECORD    YEAR
 MAXIMUM TEMPERATURE (F)   75        85      1972
 MINIMUM TEMPERATURE (F)   58        43      1941


SUNRISE AND SUNSET
AUGUST 21 2017........SUNRISE   625 AM PDT   SUNSET   739 PM PDT
AUGUST 22 2017........SUNRISE   626 AM PDT   SUNSET   738 PM PDT


-  INDICATES NEGATIVE NUMBERS.
R  INDICATES RECORD WAS SET OR TIED.
MM INDICATES DATA IS MISSING.
T  INDICATES TRACE AMOUNT.




$$
