000
CDUS46 KLOX 010901
CLISBA


CLIMATE REPORT
NATIONAL WEATHER SERVICE LOS ANGELES/OXNARD CA
201 AM PDT WED JUL 1 2015


...................................

...THE SANTA BARBARA AIRPORT CA CLIMATE SUMMARY FOR JUNE 30 2015...

CLIMATE NORMAL PERIOD 1981 TO 2010
CLIMATE RECORD PERIOD 1940 TO 2015


WEATHER ITEM   OBSERVED TIME   RECORD YEAR NORMAL DEPARTURE LAST
                VALUE   (LST)  VALUE       VALUE  FROM      YEAR
                                                  NORMAL
..................................................................
TEMPERATURE (F)
 YESTERDAY
  MAXIMUM         77    615 PM  94    2006  72      5       73
  MINIMUM         60    506 AM  48    1955  57      3       63
  AVERAGE         69                        64      5       68

PRECIPITATION (IN)
  YESTERDAY        0.00          T    2004   0.00   0.00      T
                                      2004
                                      2014
  MONTH TO DATE    0.30                      0.07   0.23      T
  SINCE OCT 1      9.62                     17.35  -7.73     6.49
  SINCE JAN 1      3.33                     12.05  -8.72     5.20

SNOWFALL (IN)
  YESTERDAY        0.0
  MONTH TO DATE    0.0
  SINCE JUN 1      0.0
  SINCE JUL 1      0.0

DEGREE DAYS
 HEATING
  YESTERDAY        0                         2     -2        0
  MONTH TO DATE   30                        91    -61       52
  SINCE JUN 1     30                        90    -60       52
  SINCE JUL 1   1297                      2374  -1077     1666

 COOLING
  YESTERDAY        4                         1      3        3
  MONTH TO DATE   24                        14     10       22
  SINCE JUN 1     24                        14     10       22
  SINCE JAN 1     62                        28     34       90
..................................................................


WIND (MPH)
  HIGHEST WIND SPEED    17   HIGHEST WIND DIRECTION     W (250)
  HIGHEST GUST SPEED    23   HIGHEST GUST DIRECTION     W (250)
  AVERAGE WIND SPEED     5.9


SKY COVER
  POSSIBLE SUNSHINE  MM
  AVERAGE SKY COVER 0.1


WEATHER CONDITIONS
 THE FOLLOWING WEATHER WAS RECORDED YESTERDAY.
  FOG


RELATIVE HUMIDITY (PERCENT)
 HIGHEST    93          1100 PM
 LOWEST     58           200 PM
 AVERAGE    76

..........................................................


THE SANTA BARBARA AIRPORT CA CLIMATE NORMALS FOR TODAY
                         NORMAL    RECORD    YEAR
 MAXIMUM TEMPERATURE (F)   72        97      1985
 MINIMUM TEMPERATURE (F)   57        49      1955


SUNRISE AND SUNSET
JULY  1 2015..........SUNRISE   551 AM PDT   SUNSET   816 PM PDT
JULY  2 2015..........SUNRISE   551 AM PDT   SUNSET   816 PM PDT


-  INDICATES NEGATIVE NUMBERS.
R  INDICATES RECORD WAS SET OR TIED.
MM INDICATES DATA IS MISSING.
T  INDICATES TRACE AMOUNT.




$$
