032
CDUS43 KIWX 290528
CLISBN


CLIMATE REPORT
NATIONAL WEATHER SERVICE NORTHERN INDIANA
125 AM EDT MON MAY 29 2017


...................................

...THE SOUTH BEND CLIMATE SUMMARY FOR MAY 28 2017...

CLIMATE NORMAL PERIOD 1981 TO 2010
CLIMATE RECORD PERIOD 1893 TO 2017


WEATHER ITEM   OBSERVED TIME   RECORD YEAR NORMAL DEPARTURE LAST
                VALUE   (LST)  VALUE       VALUE  FROM      YEAR
                                                  NORMAL
..................................................................
TEMPERATURE (F)
 YESTERDAY
  MAXIMUM         76   1227 PM  95    2012  74      2       84
  MINIMUM         57   1155 PM  34    1902  53      4       69
  AVERAGE         67                        63      4       77

PRECIPITATION (IN)
  YESTERDAY        0.00          1.08 1955   0.13  -0.13      T
  MONTH TO DATE    4.92                      3.42   1.50     2.41
  SINCE MAR 1     12.24                      9.07   3.17    11.25
  SINCE JAN 1     19.23                     13.31   5.92    15.03

SNOWFALL (IN)
  YESTERDAY        0.0           0.0  2002   0.0    0.0      0.0
                                      2001
  MONTH TO DATE    0.0                       0.0    0.0      0.0
  SINCE MAR 1      8.5                       8.5    0.0     10.9
  SINCE JUL 1     42.2                      66.6  -24.4     70.2
  SNOW DEPTH       0

DEGREE DAYS
 HEATING
  YESTERDAY        0                         4     -4        0
  MONTH TO DATE  262                       212     50      261
  SINCE MAR 1   1514                      1554    -40     1475
  SINCE JUL 1   5491                      6243   -752     5605

 COOLING
  YESTERDAY        2                         2      0       12
  MONTH TO DATE   28                        38    -10       43
  SINCE MAR 1     39                        48     -9       47
  SINCE JAN 1     39                        48     -9       47
..................................................................


WIND (MPH)
  HIGHEST WIND SPEED    20   HIGHEST WIND DIRECTION    NW (320)
  HIGHEST GUST SPEED    24   HIGHEST GUST DIRECTION    NW (320)
  AVERAGE WIND SPEED     6.8


SKY COVER
  AVERAGE SKY COVER 0.2


WEATHER CONDITIONS
 THE FOLLOWING WEATHER WAS RECORDED YESTERDAY.
  FOG


RELATIVE HUMIDITY (PERCENT)
 HIGHEST   100           500 AM
 LOWEST     66           500 PM
 AVERAGE    83

..........................................................


THE SOUTH BEND CLIMATE NORMALS FOR TODAY
                         NORMAL    RECORD    YEAR
 MAXIMUM TEMPERATURE (F)   74        95      1942
 MINIMUM TEMPERATURE (F)   53        31      1897


SUNRISE AND SUNSET
MAY 29 2017...........SUNRISE   615 AM EDT   SUNSET   911 PM EDT
MAY 30 2017...........SUNRISE   614 AM EDT   SUNSET   912 PM EDT


-  INDICATES NEGATIVE NUMBERS.
R  INDICATES RECORD WAS SET OR TIED.
MM INDICATES DATA IS MISSING.
T  INDICATES TRACE AMOUNT.




$$
