000
CDUS43 KIWX 300521
CLISBN


CLIMATE REPORT
NATIONAL WEATHER SERVICE NORTHERN INDIANA
121 AM EDT MON MAY 30 2016


...................................

...THE SOUTH BEND CLIMATE SUMMARY FOR MAY 29 2016...

CLIMATE NORMAL PERIOD 1981 TO 2010
CLIMATE RECORD PERIOD 1893 TO 2016


WEATHER ITEM   OBSERVED TIME   RECORD YEAR NORMAL DEPARTURE LAST
                VALUE   (LST)  VALUE       VALUE  FROM      YEAR
                                                  NORMAL
..................................................................
TEMPERATURE (F)
 YESTERDAY
  MAXIMUM         85    226 PM  95    1942  74     11       85
  MINIMUM         62   1159 PM  31    1897  53      9       64
  AVERAGE         74                        63     11       75

PRECIPITATION (IN)
  YESTERDAY        0.00          2.17 1981   0.14  -0.14     0.08
  MONTH TO DATE    2.41                      3.56  -1.15     3.55
  SINCE MAR 1     11.25                      9.21   2.04     6.73
  SINCE JAN 1     15.03                     13.45   1.58    10.63

SNOWFALL (IN)
  YESTERDAY        0.0           0.0  2002   0.0    0.0      0.0
                                      2001
  MONTH TO DATE    0.0                       0.0    0.0      0.0
  SINCE MAR 1     10.9                       8.5    2.4      6.1
  SINCE JUL 1     70.2                      66.6    3.6     83.9
  SNOW DEPTH       0

DEGREE DAYS
 HEATING
  YESTERDAY        0                         4     -4        0
  MONTH TO DATE  261                       216     45      121
  SINCE MAR 1   1475                      1558    -83     1496
  SINCE JUL 1   5605                      6247   -642     6593

 COOLING
  YESTERDAY        9                         3      6       10
  MONTH TO DATE   52                        41     11       84
  SINCE MAR 1     56                        51      5       86
  SINCE JAN 1     56                        51      5       86
..................................................................


WIND (MPH)
  HIGHEST WIND SPEED    23   HIGHEST WIND DIRECTION    SW (240)
  HIGHEST GUST SPEED    29   HIGHEST GUST DIRECTION    SW (230)
  AVERAGE WIND SPEED    10.5


SKY COVER
  AVERAGE SKY COVER 0.1


WEATHER CONDITIONS
 THE FOLLOWING WEATHER WAS RECORDED YESTERDAY.
  NO SIGNIFICANT WEATHER WAS OBSERVED.


RELATIVE HUMIDITY (PERCENT)
 HIGHEST    87           400 AM
 LOWEST     40          1200 PM
 AVERAGE    64

..........................................................


THE SOUTH BEND CLIMATE NORMALS FOR TODAY
                         NORMAL    RECORD    YEAR
 MAXIMUM TEMPERATURE (F)   74        94      1942
                                             1895
 MINIMUM TEMPERATURE (F)   53        34      1930


SUNRISE AND SUNSET
MAY 30 2016...........SUNRISE   614 AM EDT   SUNSET   912 PM EDT
MAY 31 2016...........SUNRISE   613 AM EDT   SUNSET   913 PM EDT


-  INDICATES NEGATIVE NUMBERS.
R  INDICATES RECORD WAS SET OR TIED.
MM INDICATES DATA IS MISSING.
T  INDICATES TRACE AMOUNT.




$$
