000
CDUS43 KIWX 190524
CLISBN


CLIMATE REPORT
NATIONAL WEATHER SERVICE NORTHERN INDIANA
1223 AM EST THU JAN 19 2017


...................................

...THE SOUTH BEND CLIMATE SUMMARY FOR JANUARY 18 2017...

CLIMATE NORMAL PERIOD 1981 TO 2010
CLIMATE RECORD PERIOD 1893 TO 2017


WEATHER ITEM   OBSERVED TIME   RECORD YEAR NORMAL DEPARTURE LAST
                VALUE   (LST)  VALUE       VALUE  FROM      YEAR
                                                  NORMAL
..................................................................
TEMPERATURE (F)
 YESTERDAY
  MAXIMUM         35   1159 PM  62    1996  31      4        8
  MINIMUM         33    652 PM -20    1930  17     16       -3
  AVERAGE         34                        24     10        3

PRECIPITATION (IN)
  YESTERDAY        0.00          1.70 1949   0.08  -0.08     0.06
  MONTH TO DATE    2.34                      1.44   0.90     1.36
  SINCE DEC 1      4.33                      4.05   0.28     5.48
  SINCE JAN 1      2.34                      1.44   0.90     1.36

SNOWFALL (IN)
  YESTERDAY        0.0           4.1  1977   0.7   -0.7      1.5
  MONTH TO DATE    3.8                      11.7   -7.9     16.8
  SINCE DEC 1     27.5                      29.0   -1.5     18.2
  SINCE JUL 1     28.0                      34.2   -6.2     27.3
  SNOW DEPTH       0

DEGREE DAYS
 HEATING
  YESTERDAY       31                        41    -10       62
  MONTH TO DATE  693                       730    -37      744
  SINCE DEC 1   1914                      1852     62     1530
  SINCE JUL 1   2815                      3121   -306     2597

 COOLING
  YESTERDAY        0                         0      0        0
  MONTH TO DATE    0                         0      0        0
  SINCE DEC 1      0                         0      0        0
  SINCE JAN 1      0                         0      0        0
..................................................................


WIND (MPH)
  HIGHEST WIND SPEED    18   HIGHEST WIND DIRECTION    SW (230)
  HIGHEST GUST SPEED    24   HIGHEST GUST DIRECTION    SW (230)
  AVERAGE WIND SPEED    10.7


SKY COVER
  AVERAGE SKY COVER 1.0


WEATHER CONDITIONS
 THE FOLLOWING WEATHER WAS RECORDED YESTERDAY.
  FOG


RELATIVE HUMIDITY (PERCENT)
 HIGHEST   100          1200 AM
 LOWEST     89           900 PM
 AVERAGE    95

..........................................................


THE SOUTH BEND CLIMATE NORMALS FOR TODAY
                         NORMAL    RECORD    YEAR
 MAXIMUM TEMPERATURE (F)   31        60      1907
 MINIMUM TEMPERATURE (F)   17       -21      1994


SUNRISE AND SUNSET
JANUARY 19 2017.......SUNRISE   808 AM EST   SUNSET   545 PM EST
JANUARY 20 2017.......SUNRISE   807 AM EST   SUNSET   546 PM EST


-  INDICATES NEGATIVE NUMBERS.
R  INDICATES RECORD WAS SET OR TIED.
MM INDICATES DATA IS MISSING.
T  INDICATES TRACE AMOUNT.




$$
