000
CDUS43 KIWX 210603
CLISBN


CLIMATE REPORT
NATIONAL WEATHER SERVICE NORTHERN INDIANA
1235 AM EST WED FEB 21 2018


...................................

...THE SOUTH BEND CLIMATE SUMMARY FOR FEBRUARY 20 2018...

CLIMATE NORMAL PERIOD 1981 TO 2010
CLIMATE RECORD PERIOD 1893 TO 2018


WEATHER ITEM   OBSERVED TIME   RECORD YEAR NORMAL DEPARTURE LAST
                VALUE   (LST)  VALUE       VALUE  FROM      YEAR
                                                  NORMAL
..................................................................
TEMPERATURE (F)
 YESTERDAY
  MAXIMUM         64    431 PM  65    1983  37     27       64
                                      1930
  MINIMUM         37   1159 PM -12    2015  22     15       34
  AVERAGE         51                        29     22       49

PRECIPITATION (IN)
  YESTERDAY        3.73R         1.64 2014   0.07   3.66     0.00
  MONTH TO DATE    7.34                      1.33   6.01     1.46
  SINCE DEC 1     10.63                      6.23   4.40     6.79
  SINCE JAN 1      9.27                      3.62   5.65     4.80

SNOWFALL (IN)
  YESTERDAY        0.0           4.6  1963   0.5   -0.5      0.0
  MONTH TO DATE   29.6                      11.4   18.2      0.3
  SINCE DEC 1     84.0                      49.3   34.7     33.1
  SINCE JUL 1     84.0                      54.5   29.5     33.6
  SNOW DEPTH       0

DEGREE DAYS
 HEATING
  YESTERDAY       14                        36    -22       16
  MONTH TO DATE  823                       767     56      607
  SINCE DEC 1   3315                      3146    169     2914
  SINCE JUL 1   4498                      4415     83     3815

 COOLING
  YESTERDAY        0                         0      0        0
  MONTH TO DATE    0                         0      0        0
  SINCE DEC 1      0                         0      0        0
  SINCE JAN 1      0                         0      0        0
..................................................................


WIND (MPH)
  HIGHEST WIND SPEED    26   HIGHEST WIND DIRECTION    NW (310)
  HIGHEST GUST SPEED    34   HIGHEST GUST DIRECTION    NW (300)
  AVERAGE WIND SPEED    14.9


SKY COVER
  AVERAGE SKY COVER 1.0


WEATHER CONDITIONS
 THE FOLLOWING WEATHER WAS RECORDED YESTERDAY.
  THUNDERSTORM
  HEAVY RAIN
  RAIN
  LIGHT RAIN
  FOG


RELATIVE HUMIDITY (PERCENT)
 HIGHEST   100           100 AM
 LOWEST     90           800 AM
 AVERAGE    95

..........................................................


THE SOUTH BEND CLIMATE NORMALS FOR TODAY
                         NORMAL    RECORD    YEAR
 MAXIMUM TEMPERATURE (F)   37        66      1983
                                             1930
 MINIMUM TEMPERATURE (F)   22        -5      1963


SUNRISE AND SUNSET
FEBRUARY 21 2018......SUNRISE   732 AM EST   SUNSET   626 PM EST
FEBRUARY 22 2018......SUNRISE   731 AM EST   SUNSET   627 PM EST


-  INDICATES NEGATIVE NUMBERS.
R  INDICATES RECORD WAS SET OR TIED.
MM INDICATES DATA IS MISSING.
T  INDICATES TRACE AMOUNT.




$$
