000
CDUS41 KAKQ 220827
CLISBY


CLIMATE REPORT
NATIONAL WEATHER SERVICE WAKEFIELD, VA
427 AM EDT MON SEP 22 2014


...................................

...THE SALISBURY MD CLIMATE SUMMARY FOR SEPTEMBER 21 2014...

CLIMATE NORMAL PERIOD 1981 TO 2010
CLIMATE RECORD PERIOD 1900 TO 2014


WEATHER ITEM   OBSERVED TIME   RECORD YEAR NORMAL DEPARTURE LAST
                VALUE   (LST)  VALUE       VALUE  FROM      YEAR
                                                  NORMAL
..................................................................
TEMPERATURE (F)
 YESTERDAY
  MAXIMUM         83    342 PM  95    1931  77      6       84
  MINIMUM         70    738 PM  34    1956  56     14       52
  AVERAGE         77                        66     11       68

PRECIPITATION (IN)
  YESTERDAY        0.00          2.03 1938   0.13  -0.13     0.43
  MONTH TO DATE    3.03                      2.77   0.26     0.75
  SINCE SEP 1      3.03                      2.77   0.26     0.75
  SINCE JAN 1     23.31                     33.84 -10.53    40.43

SNOWFALL (IN)
  YESTERDAY        0.0           0.0  2002   0.0    0.0
                                      2001
  MONTH TO DATE    0.0                       0.0    0.0
  SINCE NOV 1     22.5                       9.3   13.2
  SINCE JUL 1      0.0                       0.0    0.0
  SNOW DEPTH       0

DEGREE DAYS
 HEATING
  YESTERDAY        0                         2     -2        0
  MONTH TO DATE    0                        17    -17       15
  SINCE SEP 1      0                        17    -17       15
  SINCE JUL 1      0                        19    -19       15

 COOLING
  YESTERDAY       12                         3      9        3
  MONTH TO DATE  189                       120     69      162
  SINCE SEP 1    189                       120     69      162
  SINCE JAN 1   1311                      1103    208     1525
..................................................................


WIND (MPH)
  HIGHEST WIND SPEED    16   HIGHEST WIND DIRECTION    SW (240)
  HIGHEST GUST SPEED    21   HIGHEST GUST DIRECTION     W (250)
  AVERAGE WIND SPEED     6.3


SKY COVER
  POSSIBLE SUNSHINE  MM
  AVERAGE SKY COVER 0.6


WEATHER CONDITIONS
 THE FOLLOWING WEATHER WAS RECORDED YESTERDAY.
  FOG
  HAZE


RELATIVE HUMIDITY (PERCENT)
 HIGHEST    93           800 AM
 LOWEST     58           300 PM
 AVERAGE    76

..........................................................


THE SALISBURY MD CLIMATE NORMALS FOR TODAY
                         NORMAL    RECORD    YEAR
 MAXIMUM TEMPERATURE (F)   76        96      1914
 MINIMUM TEMPERATURE (F)   56        37      1962


SUNRISE AND SUNSET
SEPTEMBER 22 2014.....SUNRISE   650 AM EDT   SUNSET   659 PM EDT
SEPTEMBER 23 2014.....SUNRISE   651 AM EDT   SUNSET   657 PM EDT


-  INDICATES NEGATIVE NUMBERS.
R  INDICATES RECORD WAS SET OR TIED.
MM INDICATES DATA IS MISSING.
T  INDICATES TRACE AMOUNT.




$$
