000
CDUS41 KAKQ 030550
CLISBY


CLIMATE REPORT
NATIONAL WEATHER SERVICE WAKEFIELD, VA
150 AM EDT MON AUG 3 2015


...................................

...THE SALISBURY MD CLIMATE SUMMARY FOR AUGUST 2 2015...

CLIMATE NORMAL PERIOD 1981 TO 2010
CLIMATE RECORD PERIOD 1900 TO 2015


WEATHER ITEM   OBSERVED TIME   RECORD YEAR NORMAL DEPARTURE LAST
                VALUE   (LST)  VALUE       VALUE  FROM      YEAR
                                                  NORMAL
..................................................................
TEMPERATURE (F)
 YESTERDAY
  MAXIMUM         88    136 PM  98    1995  86      2       79
  MINIMUM         67    434 AM  52    1981  67      0       65
  AVERAGE         78                        76      2       72

PRECIPITATION (IN)
  YESTERDAY        0.00          2.20 2009   0.16  -0.16     2.37
  MONTH TO DATE    0.00                      0.32  -0.32     3.33
  SINCE JUN 1     14.52                      8.41   6.11     9.69
  SINCE JAN 1     31.73                     26.96   4.77    29.40

SNOWFALL (IN)
  YESTERDAY        0.0           0.0  2002   0.0    0.0
                                      2001
  MONTH TO DATE    0.0                       0.0    0.0
  SINCE NOV 1     15.7                       9.3    6.4
  SINCE JUL 1      0.0                       0.0    0.0
  SNOW DEPTH       0

DEGREE DAYS
 HEATING
  YESTERDAY        0                         0      0        0
  MONTH TO DATE    0                         0      0        0
  SINCE JUN 1     15                        20     -5        5
  SINCE JUL 1      0                         1     -1        0

 COOLING
  YESTERDAY       13                        11      2        7
  MONTH TO DATE   27                        22      5       15
  SINCE JUN 1    672                       613     59      698
  SINCE JAN 1    828                       697    131      833
..................................................................


WIND (MPH)
  HIGHEST WIND SPEED    12   HIGHEST WIND DIRECTION    SE (130)
  HIGHEST GUST SPEED    14   HIGHEST GUST DIRECTION    SE (130)
  AVERAGE WIND SPEED     3.2


SKY COVER
  POSSIBLE SUNSHINE  MM
  AVERAGE SKY COVER 0.1


WEATHER CONDITIONS
 THE FOLLOWING WEATHER WAS RECORDED YESTERDAY.
  FOG


RELATIVE HUMIDITY (PERCENT)
 HIGHEST    97           600 AM
 LOWEST     42          1200 PM
 AVERAGE    70

..........................................................


THE SALISBURY MD CLIMATE NORMALS FOR TODAY
                         NORMAL    RECORD    YEAR
 MAXIMUM TEMPERATURE (F)   86        97      2006
 MINIMUM TEMPERATURE (F)   67        51      1913


SUNRISE AND SUNSET
AUGUST  3 2015........SUNRISE   606 AM EDT   SUNSET   810 PM EDT
AUGUST  4 2015........SUNRISE   607 AM EDT   SUNSET   809 PM EDT


-  INDICATES NEGATIVE NUMBERS.
R  INDICATES RECORD WAS SET OR TIED.
MM INDICATES DATA IS MISSING.
T  INDICATES TRACE AMOUNT.




$$
