504
CDUS41 KAKQ 240529
CLISBY


CLIMATE REPORT
NATIONAL WEATHER SERVICE WAKEFIELD, VA
127 AM EDT TUE MAY 24 2016


...................................

...THE SALISBURY MD CLIMATE SUMMARY FOR MAY 23 2016...

CLIMATE NORMAL PERIOD 1981 TO 2010
CLIMATE RECORD PERIOD 1900 TO 2016


WEATHER ITEM   OBSERVED TIME   RECORD YEAR NORMAL DEPARTURE LAST
                VALUE   (LST)  VALUE       VALUE  FROM      YEAR
                                                  NORMAL
..................................................................
TEMPERATURE (F)
 YESTERDAY
  MAXIMUM         69    342 PM  96    1925  75     -6       71
  MINIMUM         55    507 AM  33    2002  54      1       48
  AVERAGE         62                        64     -2       60

PRECIPITATION (IN)
  YESTERDAY        0.01          1.80 1951   0.13  -0.12     0.00
  MONTH TO DATE    4.50                      2.60   1.90     1.75
  SINCE MAR 1      9.95                     10.57  -0.62     9.49
  SINCE JAN 1     16.80                     17.53  -0.73    17.21

SNOWFALL (IN)
  YESTERDAY        0.0           0.0  2002   0.0    0.0
                                      2001
  MONTH TO DATE    0.0                       0.0    0.0
  SINCE NOV 1     19.8                       9.3   10.5
  SINCE JUL 1     19.8                       9.3   10.5
  SNOW DEPTH       0

DEGREE DAYS
 HEATING
  YESTERDAY        3                         3      0        5
  MONTH TO DATE  159                       121     38       71
  SINCE MAR 1    965                      1096   -131     1055
  SINCE JUL 1   3636                      4401   -765     4268

 COOLING
  YESTERDAY        0                         3     -3        0
  MONTH TO DATE    2                        38    -36       86
  SINCE MAR 1     26                        55    -29       93
  SINCE JAN 1     26                        55    -29       93
..................................................................


WIND (MPH)
  HIGHEST WIND SPEED    16   HIGHEST WIND DIRECTION    NE (60)
  HIGHEST GUST SPEED    19   HIGHEST GUST DIRECTION     E (70)
  AVERAGE WIND SPEED     5.7


SKY COVER
  POSSIBLE SUNSHINE  MM
  AVERAGE SKY COVER 0.7


WEATHER CONDITIONS
 THE FOLLOWING WEATHER WAS RECORDED YESTERDAY.
  LIGHT RAIN
  FOG


RELATIVE HUMIDITY (PERCENT)
 HIGHEST    93           200 AM
 LOWEST     52           300 PM
 AVERAGE    73

..........................................................


THE SALISBURY MD CLIMATE NORMALS FOR TODAY
                         NORMAL    RECORD    YEAR
 MAXIMUM TEMPERATURE (F)   76        91      1964
 MINIMUM TEMPERATURE (F)   54        38      1926


SUNRISE AND SUNSET
MAY 24 2016...........SUNRISE   544 AM EDT   SUNSET   814 PM EDT
MAY 25 2016...........SUNRISE   543 AM EDT   SUNSET   815 PM EDT


-  INDICATES NEGATIVE NUMBERS.
R  INDICATES RECORD WAS SET OR TIED.
MM INDICATES DATA IS MISSING.
T  INDICATES TRACE AMOUNT.




$$
