000
CDUS41 KAKQ 280545
CLISBY


CLIMATE REPORT
NATIONAL WEATHER SERVICE WAKEFIELD, VA
145 AM EDT WED JUN 28 2017


...................................

...THE SALISBURY MD CLIMATE SUMMARY FOR JUNE 27 2017...

CLIMATE NORMAL PERIOD 1981 TO 2010
CLIMATE RECORD PERIOD 1900 TO 2017


WEATHER ITEM   OBSERVED TIME   RECORD YEAR NORMAL DEPARTURE LAST
                VALUE   (LST)  VALUE       VALUE  FROM      YEAR
                                                  NORMAL
..................................................................
TEMPERATURE (F)
 YESTERDAY
  MAXIMUM         83    310 PM  99    1952  85     -2       85
  MINIMUM         59   1107 PM  48    1965  65     -6       61
  AVERAGE         71                        75     -4       73

PRECIPITATION (IN)
  YESTERDAY        0.06          2.12 2006   0.12  -0.06     0.00
  MONTH TO DATE    1.99                      3.36  -1.37     3.42
  SINCE JUN 1      1.99                      3.36  -1.37     3.42
  SINCE JAN 1     18.52                     21.91  -3.39    22.15

SNOWFALL (IN)
  YESTERDAY        0.0           0.0  2002   0.0    0.0
                                      2001
  MONTH TO DATE    0.0                       0.0    0.0
  SINCE NOV 1      9.6                       9.3    0.3
  SINCE JUL 1      9.6                       9.3    0.3
  SNOW DEPTH       0

DEGREE DAYS
 HEATING
  YESTERDAY        0                         0      0        0
  MONTH TO DATE   15                        18     -3        1
  SINCE JUN 1     15                        18     -3        1
  SINCE JUL 1   3703                      4440   -737     3637

 COOLING
  YESTERDAY        6                        10     -4        8
  MONTH TO DATE  253                       195     58      187
  SINCE JUN 1    253                       195     58      187
  SINCE JAN 1    391                       279    112      272
..................................................................


WIND (MPH)
  HIGHEST WIND SPEED    18   HIGHEST WIND DIRECTION     S (200)
  HIGHEST GUST SPEED    24   HIGHEST GUST DIRECTION    NW (320)
  AVERAGE WIND SPEED     5.4


SKY COVER
  POSSIBLE SUNSHINE  MM
  AVERAGE SKY COVER 0.3


WEATHER CONDITIONS
 THE FOLLOWING WEATHER WAS RECORDED YESTERDAY.
  THUNDERSTORM
  LIGHT RAIN
  FOG


RELATIVE HUMIDITY (PERCENT)
 HIGHEST    97          1000 PM
 LOWEST     34           200 PM
 AVERAGE    66

..........................................................


THE SALISBURY MD CLIMATE NORMALS FOR TODAY
                         NORMAL    RECORD    YEAR
 MAXIMUM TEMPERATURE (F)   85        99      1921
 MINIMUM TEMPERATURE (F)   65        50      1918


SUNRISE AND SUNSET
JUNE 28 2017..........SUNRISE   541 AM EDT   SUNSET   830 PM EDT
JUNE 29 2017..........SUNRISE   541 AM EDT   SUNSET   830 PM EDT


-  INDICATES NEGATIVE NUMBERS.
R  INDICATES RECORD WAS SET OR TIED.
MM INDICATES DATA IS MISSING.
T  INDICATES TRACE AMOUNT.




$$
