610
CDUS41 KAKQ 100627
CLISBY


CLIMATE REPORT
NATIONAL WEATHER SERVICE WAKEFIELD, VA
126 AM EST WED FEB 10 2016


...................................

...THE SALISBURY MD CLIMATE SUMMARY FOR FEBRUARY 9 2016...

CLIMATE NORMAL PERIOD 1981 TO 2010
CLIMATE RECORD PERIOD 1900 TO 2016


WEATHER ITEM   OBSERVED TIME   RECORD YEAR NORMAL DEPARTURE LAST
                VALUE   (LST)  VALUE       VALUE  FROM      YEAR
                                                  NORMAL
..................................................................
TEMPERATURE (F)
 YESTERDAY
  MAXIMUM         42    221 PM  72    1925  46     -4       44
  MINIMUM         34   1159 PM  -6    1934  28      6       34
  AVERAGE         38                        37      1       39

PRECIPITATION (IN)
  YESTERDAY        0.14          0.92 1969   0.12   0.02     0.02
  MONTH TO DATE    1.51                      1.07   0.44     0.63
  SINCE DEC 1      9.21                      8.39   0.82     9.22
  SINCE JAN 1      4.72                      4.68   0.04     5.19

SNOWFALL (IN)
  YESTERDAY        0.0           5.0  1967   0.1   -0.1
  MONTH TO DATE    1.3                       1.3    0.0
  SINCE NOV 1      8.0                       6.3    1.7
  SINCE JUL 1      8.0                       6.3    1.7
  SNOW DEPTH       0

DEGREE DAYS
 HEATING
  YESTERDAY       27                        28     -1       26
  MONTH TO DATE  195                       259    -64      257
  SINCE DEC 1   1506                      1982   -476     1789
  SINCE JUL 1   2153                      2800   -647     2461

 COOLING
  YESTERDAY        0                         0      0        0
  MONTH TO DATE    0                         0      0        0
  SINCE DEC 1      9                         0      9        0
  SINCE JAN 1      0                         0      0        0
..................................................................


WIND (MPH)
  HIGHEST WIND SPEED    14   HIGHEST WIND DIRECTION    NW (300)
  HIGHEST GUST SPEED    19   HIGHEST GUST DIRECTION    NW (310)
  AVERAGE WIND SPEED     6.4


SKY COVER
  POSSIBLE SUNSHINE  MM
  AVERAGE SKY COVER 1.0


WEATHER CONDITIONS
 THE FOLLOWING WEATHER WAS RECORDED YESTERDAY.
  HEAVY RAIN
  LIGHT RAIN
  FOG


RELATIVE HUMIDITY (PERCENT)
 HIGHEST   100           100 AM
 LOWEST     75          1100 PM
 AVERAGE    88

..........................................................


THE SALISBURY MD CLIMATE NORMALS FOR TODAY
                         NORMAL    RECORD    YEAR
 MAXIMUM TEMPERATURE (F)   46        69      1990
 MINIMUM TEMPERATURE (F)   28         1      1979


SUNRISE AND SUNSET
FEBRUARY 10 2016......SUNRISE   659 AM EST   SUNSET   534 PM EST
FEBRUARY 11 2016......SUNRISE   658 AM EST   SUNSET   535 PM EST


-  INDICATES NEGATIVE NUMBERS.
R  INDICATES RECORD WAS SET OR TIED.
MM INDICATES DATA IS MISSING.
T  INDICATES TRACE AMOUNT.




$$
