000
CDUS41 KAKQ 280532
CLISBY


CLIMATE REPORT
NATIONAL WEATHER SERVICE WAKEFIELD, VA
131 AM EDT THU MAY 28 2015


...................................

...THE SALISBURY MD CLIMATE SUMMARY FOR MAY 27 2015...

CLIMATE NORMAL PERIOD 1981 TO 2010
CLIMATE RECORD PERIOD 1900 TO 2015


WEATHER ITEM   OBSERVED TIME   RECORD YEAR NORMAL DEPARTURE LAST
                VALUE   (LST)  VALUE       VALUE  FROM      YEAR
                                                  NORMAL
..................................................................
TEMPERATURE (F)
 YESTERDAY
  MAXIMUM         86    239 PM  97    1917  77      9       90
  MINIMUM         68    136 AM  40    1967  55     13       69
  AVERAGE         77                        66     11       80

PRECIPITATION (IN)
  YESTERDAY        0.00          0.89 1974   0.13  -0.13     0.29
  MONTH TO DATE    1.75                      3.11  -1.36     2.76
  SINCE MAR 1      9.49                     11.08  -1.59    11.74
  SINCE JAN 1     17.21                     18.04  -0.83    18.96

SNOWFALL (IN)
  YESTERDAY        0.0           0.0  2002   0.0    0.0
                                      2001
  MONTH TO DATE    0.0                       0.0    0.0
  SINCE NOV 1     15.7                       9.3    6.4
  SINCE JUL 1     15.7                       9.3    6.4
  SNOW DEPTH       0

DEGREE DAYS
 HEATING
  YESTERDAY        0                         3     -3        0
  MONTH TO DATE   75                       133    -58       41
  SINCE MAR 1   1059                      1108    -49     1022
  SINCE JUL 1   4272                      4413   -141     4162

 COOLING
  YESTERDAY       12                         4      8       15
  MONTH TO DATE  109                        51     58      112
  SINCE MAR 1    116                        68     48      126
  SINCE JAN 1    116                        68     48      126
..................................................................


WIND (MPH)
  HIGHEST WIND SPEED    20   HIGHEST WIND DIRECTION     S (200)
  HIGHEST GUST SPEED    28   HIGHEST GUST DIRECTION    SW (210)
  AVERAGE WIND SPEED    10.7


SKY COVER
  POSSIBLE SUNSHINE  MM
  AVERAGE SKY COVER 0.3


WEATHER CONDITIONS
 THE FOLLOWING WEATHER WAS RECORDED YESTERDAY.
  NO SIGNIFICANT WEATHER WAS OBSERVED.


RELATIVE HUMIDITY (PERCENT)
 HIGHEST    90           200 AM
 LOWEST     51           200 PM
 AVERAGE    71

..........................................................


THE SALISBURY MD CLIMATE NORMALS FOR TODAY
                         NORMAL    RECORD    YEAR
 MAXIMUM TEMPERATURE (F)   77        96      1941
 MINIMUM TEMPERATURE (F)   55        39      1994


SUNRISE AND SUNSET
MAY 28 2015...........SUNRISE   542 AM EDT   SUNSET   817 PM EDT
MAY 29 2015...........SUNRISE   542 AM EDT   SUNSET   818 PM EDT


-  INDICATES NEGATIVE NUMBERS.
R  INDICATES RECORD WAS SET OR TIED.
MM INDICATES DATA IS MISSING.
T  INDICATES TRACE AMOUNT.




$$
