316
CDUS46 KSTO 280833
CLISCK


CLIMATE REPORT
NATIONAL WEATHER SERVICE SACRAMENTO, CA
133 AM PDT WED SEP 28 2016


...................................

...THE STOCKTON AIRPORT CA CLIMATE SUMMARY FOR SEPTEMBER 27 2016...

CLIMATE NORMAL PERIOD 1981 TO 2010
CLIMATE RECORD PERIOD 1948 TO 2016


WEATHER ITEM   OBSERVED TIME   RECORD YEAR NORMAL DEPARTURE LAST
                VALUE   (LST)  VALUE       VALUE  FROM      YEAR
                                                  NORMAL
..................................................................
TEMPERATURE (F)
 YESTERDAY
  MAXIMUM         98    358 PM 100    2010  85     13       90
                                      2009
  MINIMUM         56    620 AM  47    1971  54      2       60
                                      1955
  AVERAGE         77

PRECIPITATION (IN)
  YESTERDAY        0.00          0.30 1972   0.01  -0.01     0.00
  MONTH TO DATE    T                         0.24  -0.24      T
  SINCE OCT 1     16.69                     14.01   2.68    10.72
  SINCE JAN 1     12.12                      9.28   2.84     2.88

SNOWFALL (IN)
  YESTERDAY        0.0           0.0  2002
                                      2001
  MONTH TO DATE    0.0
  SINCE SEP 1      0.0
  SINCE JUL 1      0.0
  SNOW DEPTH       0

DEGREE DAYS
 HEATING
  YESTERDAY        0                         0      0        0
  MONTH TO DATE    3                         0      3        0
  SINCE SEP 1      3                         0      3        0
  SINCE JUL 1      3                         0      3        0

 COOLING
  YESTERDAY       12                         5      7       10
  MONTH TO DATE  204                       208     -4      284
  SINCE SEP 1    204                       208     -4      284
  SINCE JAN 1   1402                      1252    150     1503
..................................................................


WIND (MPH)
  RESULTANT WIND SPEED   3   RESULTANT WIND DIRECTION   W (280)
  HIGHEST WIND SPEED    14   HIGHEST WIND DIRECTION     W (260)
  HIGHEST GUST SPEED    20   HIGHEST GUST DIRECTION     W (270)


SKY COVER
  POSSIBLE SUNSHINE  MM
  AVERAGE SKY COVER 0.0


WEATHER CONDITIONS
 THE FOLLOWING WEATHER WAS RECORDED YESTERDAY.
  HAZE


RELATIVE HUMIDITY (PERCENT)
 HIGHEST    72           600 AM
 LOWEST     12           200 PM
 AVERAGE    42

..........................................................


THE STOCKTON AIRPORT CA CLIMATE NORMALS FOR TODAY
                         NORMAL    RECORD    YEAR
 MAXIMUM TEMPERATURE (F)   85       102      2010
 MINIMUM TEMPERATURE (F)   54        45      1986


SUNRISE AND SUNSET
SEPTEMBER 28 2016.....SUNRISE   658 AM PDT   SUNSET   652 PM PDT
SEPTEMBER 29 2016.....SUNRISE   659 AM PDT   SUNSET   650 PM PDT


-  INDICATES NEGATIVE NUMBERS.
R  INDICATES RECORD WAS SET OR TIED.
MM INDICATES DATA IS MISSING.
T  INDICATES TRACE AMOUNT.




$$
