000
CDUS46 KSTO 270835
CLISCK


CLIMATE REPORT
NATIONAL WEATHER SERVICE SACRAMENTO, CA
135 AM PDT FRI MAY 27 2016


...................................

...THE STOCKTON AIRPORT CA CLIMATE SUMMARY FOR MAY 26 2016...

CLIMATE NORMAL PERIOD 1981 TO 2010
CLIMATE RECORD PERIOD 1948 TO 2016


WEATHER ITEM   OBSERVED TIME   RECORD YEAR NORMAL DEPARTURE LAST
                VALUE   (LST)  VALUE       VALUE  FROM      YEAR
                                                  NORMAL
..................................................................
TEMPERATURE (F)
 YESTERDAY
  MAXIMUM         86    348 PM 101    1974  84      2       81
  MINIMUM         55    528 AM  43    2011  53      2       51
                                      1998
  AVERAGE         71

PRECIPITATION (IN)
  YESTERDAY        0.00          0.14 1962   0.01  -0.01     0.01
  MONTH TO DATE    0.35                      0.47  -0.12     0.02
  SINCE OCT 1     16.69                     13.62   3.07    10.62
  SINCE JAN 1     12.12                      8.89   3.23     2.78

SNOWFALL (IN)
  YESTERDAY        0.0          MM      MM
  MONTH TO DATE    0.0
  SINCE MAR 1      0.0
  SINCE JUL 1      0.0
  SNOW DEPTH       0

DEGREE DAYS
 HEATING
  YESTERDAY        0                         1     -1        0
  MONTH TO DATE   37                        54    -17       42
  SINCE MAR 1    348                       568   -220      274
  SINCE JUL 1   2066                      2630   -564     1713

 COOLING
  YESTERDAY        6                         4      2        1
  MONTH TO DATE   70                        77     -7       27
  SINCE MAR 1     96                        94      2       76
  SINCE JAN 1     96                        94      2       76
..................................................................


WIND (MPH)
  RESULTANT WIND SPEED   8   RESULTANT WIND DIRECTION   W (280)
  HIGHEST WIND SPEED    22   HIGHEST WIND DIRECTION     W (260)
  HIGHEST GUST SPEED    25   HIGHEST GUST DIRECTION     W (260)


SKY COVER
  POSSIBLE SUNSHINE  MM
  AVERAGE SKY COVER 0.0


WEATHER CONDITIONS
 THE FOLLOWING WEATHER WAS RECORDED YESTERDAY.
  NO SIGNIFICANT WEATHER WAS OBSERVED.


RELATIVE HUMIDITY (PERCENT)
 HIGHEST    77           200 AM
 LOWEST     31           400 PM
 AVERAGE    54

..........................................................


THE STOCKTON AIRPORT CA CLIMATE NORMALS FOR TODAY
                         NORMAL    RECORD    YEAR
 MAXIMUM TEMPERATURE (F)   84       102      1984
 MINIMUM TEMPERATURE (F)   54        43      1998


SUNRISE AND SUNSET
MAY 27 2016...........SUNRISE   546 AM PDT   SUNSET   819 PM PDT
MAY 28 2016...........SUNRISE   546 AM PDT   SUNSET   819 PM PDT


-  INDICATES NEGATIVE NUMBERS.
R  INDICATES RECORD WAS SET OR TIED.
MM INDICATES DATA IS MISSING.
T  INDICATES TRACE AMOUNT.




$$
