000
CDUS46 KSTO 230842
CLISCK


CLIMATE REPORT
NATIONAL WEATHER SERVICE SACRAMENTO, CA
142 AM PDT FRI JUN 23 2017


...................................

...THE STOCKTON AIRPORT CA CLIMATE SUMMARY FOR JUNE 22 2017...

CLIMATE NORMAL PERIOD 1981 TO 2010
CLIMATE RECORD PERIOD 1948 TO 2017


WEATHER ITEM   OBSERVED TIME   RECORD YEAR NORMAL DEPARTURE LAST
                VALUE   (LST)  VALUE       VALUE  FROM      YEAR
                                                  NORMAL
..................................................................
TEMPERATURE (F)
 YESTERDAY
  MAXIMUM        109R   305 PM 108    1981  90     19       96
  MINIMUM         73    520 AM  51    2003  58     15       62
                                      1998
                                      1951
  AVERAGE         91

PRECIPITATION (IN)
  YESTERDAY        0.00          0.00 2016   0.01  -0.01     0.00
                                      2015
                                      2014
  MONTH TO DATE    0.03                      0.08  -0.05     0.00
  SINCE OCT 1     21.78                     13.76   8.02    16.69
  SINCE JAN 1     15.62                      9.03   6.59    12.12

SNOWFALL (IN)
  YESTERDAY        0.0          MM      MM
  MONTH TO DATE    0.0
  SINCE JUN 1      0.0
  SINCE JUL 1      0.0
  SNOW DEPTH       0

DEGREE DAYS
 HEATING
  YESTERDAY        0                         0      0        0
  MONTH TO DATE    4                         4      0        2
  SINCE JUN 1      4                         4      0        2
  SINCE JUL 1   2114                      2640   -526     2068

 COOLING
  YESTERDAY       26                         9     17       14
  MONTH TO DATE  261                       153    108      203
  SINCE JUN 1    261                       153    108      203
  SINCE JAN 1    424                       272    152      349
..................................................................


WIND (MPH)
  RESULTANT WIND SPEED   8   RESULTANT WIND DIRECTION  NW (300)
  HIGHEST WIND SPEED    18   HIGHEST WIND DIRECTION    NW (300)
  HIGHEST GUST SPEED    22   HIGHEST GUST DIRECTION    NW (300)


SKY COVER
  POSSIBLE SUNSHINE  MM
  AVERAGE SKY COVER 0.0


WEATHER CONDITIONS
 THE FOLLOWING WEATHER WAS RECORDED YESTERDAY.
  NO SIGNIFICANT WEATHER WAS OBSERVED.


RELATIVE HUMIDITY (PERCENT)
 HIGHEST    68           400 AM
 LOWEST     19           500 PM
 AVERAGE    44

..........................................................


THE STOCKTON AIRPORT CA CLIMATE NORMALS FOR TODAY
                         NORMAL    RECORD    YEAR
 MAXIMUM TEMPERATURE (F)   90       108      1964
 MINIMUM TEMPERATURE (F)   58        50      1955


SUNRISE AND SUNSET
JUNE 23 2017..........SUNRISE   544 AM PDT   SUNSET   831 PM PDT
JUNE 24 2017..........SUNRISE   544 AM PDT   SUNSET   831 PM PDT


-  INDICATES NEGATIVE NUMBERS.
R  INDICATES RECORD WAS SET OR TIED.
MM INDICATES DATA IS MISSING.
T  INDICATES TRACE AMOUNT.




$$
