000
CDUS46 KSTO 240835
CLISCK


CLIMATE REPORT
NATIONAL WEATHER SERVICE SACRAMENTO, CA
135 AM PDT SUN MAY 24 2015


...................................

...THE STOCKTON AIRPORT CA CLIMATE SUMMARY FOR MAY 23 2015...

CLIMATE NORMAL PERIOD 1981 TO 2010
CLIMATE RECORD PERIOD 1948 TO 2015


WEATHER ITEM   OBSERVED TIME   RECORD YEAR NORMAL DEPARTURE LAST
                VALUE   (LST)  VALUE       VALUE  FROM      YEAR
                                                  NORMAL
..................................................................
TEMPERATURE (F)
 YESTERDAY
  MAXIMUM         78    348 PM 102    1982  83     -5       91
  MINIMUM         55    118 AM  44    1960  53      2       55
  AVERAGE         67

PRECIPITATION (IN)
  YESTERDAY        0.00          0.36 1990   0.02  -0.02     0.00
  MONTH TO DATE    0.01                      0.43  -0.42      T
  SINCE OCT 1     10.61                     13.58  -2.97     7.22
  SINCE JAN 1      2.77                      8.85  -6.08     5.79

SNOWFALL (IN)
  YESTERDAY        0.0          MM      MM
  MONTH TO DATE    0.0
  SINCE MAR 1      0.0
  SINCE JUL 1      0.0
  SNOW DEPTH       0

DEGREE DAYS
 HEATING
  YESTERDAY        0                         1     -1        0
  MONTH TO DATE   42                        51     -9       13
  SINCE MAR 1    274                       565   -291      327
  SINCE JUL 1   1713                      2627   -914     2160

 COOLING
  YESTERDAY        2                         4     -2        8
  MONTH TO DATE   21                        65    -44       91
  SINCE MAR 1     70                        82    -12      120
  SINCE JAN 1     70                        82    -12      120
..................................................................


WIND (MPH)
  RESULTANT WIND SPEED  10   RESULTANT WIND DIRECTION   W (270)
  HIGHEST WIND SPEED    21   HIGHEST WIND DIRECTION     W (260)
  HIGHEST GUST SPEED    23   HIGHEST GUST DIRECTION     W (260)


SKY COVER
  POSSIBLE SUNSHINE  MM
  AVERAGE SKY COVER 0.3


WEATHER CONDITIONS
 THE FOLLOWING WEATHER WAS RECORDED YESTERDAY.
  NO SIGNIFICANT WEATHER WAS OBSERVED.


RELATIVE HUMIDITY (PERCENT)
 HIGHEST    86           200 AM
 LOWEST     39           300 PM
 AVERAGE    63

..........................................................


THE STOCKTON AIRPORT CA CLIMATE NORMALS FOR TODAY
                         NORMAL    RECORD    YEAR
 MAXIMUM TEMPERATURE (F)   83       104      1982
 MINIMUM TEMPERATURE (F)   53        41      1953


SUNRISE AND SUNSET
MAY 24 2015...........SUNRISE   548 AM PDT   SUNSET   816 PM PDT
MAY 25 2015...........SUNRISE   548 AM PDT   SUNSET   816 PM PDT


-  INDICATES NEGATIVE NUMBERS.
R  INDICATES RECORD WAS SET OR TIED.
MM INDICATES DATA IS MISSING.
T  INDICATES TRACE AMOUNT.




$$
