000
CDUS46 KSTO 240842
CLISCK


CLIMATE REPORT
NATIONAL WEATHER SERVICE SACRAMENTO, CA
141 AM PDT WED MAY 24 2017


...................................

...THE STOCKTON AIRPORT CA CLIMATE SUMMARY FOR MAY 23 2017...

CLIMATE NORMAL PERIOD 1981 TO 2010
CLIMATE RECORD PERIOD 1948 TO 2017


WEATHER ITEM   OBSERVED TIME   RECORD YEAR NORMAL DEPARTURE LAST
                VALUE   (LST)  VALUE       VALUE  FROM      YEAR
                                                  NORMAL
..................................................................
TEMPERATURE (F)
 YESTERDAY
  MAXIMUM        101    217 PM 102    1982  83     18       77
  MINIMUM         62    243 AM  44    1960  53      9       50
  AVERAGE         82

PRECIPITATION (IN)
  YESTERDAY        0.00          0.36 1990   0.02  -0.02     0.00
  MONTH TO DATE    T                         0.43  -0.43     0.35
  SINCE OCT 1     21.68                     13.58   8.10    16.69
  SINCE JAN 1     15.52                      8.85   6.67    12.12

SNOWFALL (IN)
  YESTERDAY        0.0          MM      MM
  MONTH TO DATE    0.0
  SINCE MAR 1      0.0
  SINCE JUL 1      0.0
  SNOW DEPTH       0

DEGREE DAYS
 HEATING
  YESTERDAY        0                         1     -1        1
  MONTH TO DATE   24                        51    -27       35
  SINCE MAR 1    399                       565   -166      346
  SINCE JUL 1   2108                      2627   -519     2064

 COOLING
  YESTERDAY       17                         4     13        0
  MONTH TO DATE  125                        65     60       63
  SINCE MAR 1    127                        82     45       89
  SINCE JAN 1    127                        82     45       89
..................................................................


WIND (MPH)
  RESULTANT WIND SPEED   6   RESULTANT WIND DIRECTION  NW (310)
  HIGHEST WIND SPEED    21   HIGHEST WIND DIRECTION     W (270)
  HIGHEST GUST SPEED    26   HIGHEST GUST DIRECTION     W (260)


SKY COVER
  POSSIBLE SUNSHINE  MM
  AVERAGE SKY COVER 0.0


WEATHER CONDITIONS
 THE FOLLOWING WEATHER WAS RECORDED YESTERDAY.
  NO SIGNIFICANT WEATHER WAS OBSERVED.


RELATIVE HUMIDITY (PERCENT)
 HIGHEST    78           200 AM
 LOWEST     18           400 PM
 AVERAGE    48

..........................................................


THE STOCKTON AIRPORT CA CLIMATE NORMALS FOR TODAY
                         NORMAL    RECORD    YEAR
 MAXIMUM TEMPERATURE (F)   83       104      1982
 MINIMUM TEMPERATURE (F)   53        41      1953


SUNRISE AND SUNSET
MAY 24 2017...........SUNRISE   548 AM PDT   SUNSET   816 PM PDT
MAY 25 2017...........SUNRISE   548 AM PDT   SUNSET   817 PM PDT


-  INDICATES NEGATIVE NUMBERS.
R  INDICATES RECORD WAS SET OR TIED.
MM INDICATES DATA IS MISSING.
T  INDICATES TRACE AMOUNT.




$$
