000
CDUS46 KLOX 050915
CLISDB


CLIMATE REPORT
NATIONAL WEATHER SERVICE LOS ANGELES/OXNARD CA
115 AM PST MON DEC 5 2016


...................................

...THE SANDBERG CA CLIMATE SUMMARY FOR DECEMBER 4 2016...

CLIMATE NORMAL PERIOD 1981 TO 2010
CLIMATE RECORD PERIOD 1934 TO 2016


WEATHER ITEM   OBSERVED TIME   RECORD YEAR NORMAL DEPARTURE LAST
                VALUE   (LST)  VALUE       VALUE  FROM      YEAR
                                                  NORMAL
..................................................................
TEMPERATURE (F)
 YESTERDAY
  MAXIMUM         74R  1144 AM  71    1958  49     25       47
  MINIMUM         46    903 PM  21    1986  38      8       38
  AVERAGE         60                        43     17       43

PRECIPITATION (IN)
  YESTERDAY        0.00          1.72 1974   0.05  -0.05     0.00
  MONTH TO DATE    T                         0.18  -0.18     0.00
  SINCE OCT 1      1.41                      1.56  -0.15     1.08
  SINCE JAN 1      6.64                     10.26  -3.62     5.65

DEGREE DAYS
 HEATING
  YESTERDAY        5                        22    -17       22
  MONTH TO DATE   74                        85    -11       68
  SINCE DEC 1     74                        85    -11       68
  SINCE JUL 1    523                       864   -341      684

 COOLING
  YESTERDAY        0                         0      0        0
  MONTH TO DATE    0                         0      0        0
  SINCE DEC 1      0                         0      0        0
  SINCE JAN 1   1673                       998    675     1499
..................................................................


WIND (MPH)
  HIGHEST WIND SPEED    31   HIGHEST WIND DIRECTION    NW (330)
  HIGHEST GUST SPEED    35   HIGHEST GUST DIRECTION    NW (330)
  AVERAGE WIND SPEED    15.2


SKY COVER
  POSSIBLE SUNSHINE  MM
  AVERAGE SKY COVER 0.0


WEATHER CONDITIONS
 THE FOLLOWING WEATHER WAS RECORDED YESTERDAY.
  NO SIGNIFICANT WEATHER WAS OBSERVED.


RELATIVE HUMIDITY (PERCENT)
 HIGHEST    30          1100 PM
 LOWEST     13          1000 AM
 AVERAGE    22

..........................................................


THE SANDBERG CA CLIMATE NORMALS FOR TODAY
                         NORMAL    RECORD    YEAR
 MAXIMUM TEMPERATURE (F)   49        70      1993
 MINIMUM TEMPERATURE (F)   37        17      1972


SUNRISE AND SUNSET
DECEMBER  5 2016......SUNRISE   648 AM PST   SUNSET   444 PM PST
DECEMBER  6 2016......SUNRISE   649 AM PST   SUNSET   444 PM PST


-  INDICATES NEGATIVE NUMBERS.
R  INDICATES RECORD WAS SET OR TIED.
MM INDICATES DATA IS MISSING.
T  INDICATES TRACE AMOUNT.




$$
