000
CDUS46 KLOX 250909
CLISDB


CLIMATE REPORT
NATIONAL WEATHER SERVICE LOS ANGELES/OXNARD CA
208 AM PDT MON MAY 25 2015


...................................

...THE SANDBERG CA CLIMATE SUMMARY FOR MAY 24 2015...

CLIMATE NORMAL PERIOD 1981 TO 2010
CLIMATE RECORD PERIOD 1934 TO 2015


WEATHER ITEM   OBSERVED TIME   RECORD YEAR NORMAL DEPARTURE LAST
                VALUE   (LST)  VALUE       VALUE  FROM      YEAR
                                                  NORMAL
..................................................................
TEMPERATURE (F)
 YESTERDAY
  MAXIMUM         71    113 PM  87    1936  70      1       79
  MINIMUM         48    104 AM  30    1980  51     -3       64
  AVERAGE         60                        60      0       72

PRECIPITATION (IN)
  YESTERDAY        0.03          0.18 1941   0.01   0.02     0.00
  MONTH TO DATE    0.26                      0.36  -0.10      T
  SINCE OCT 1      7.28                     12.00  -4.72     4.28
  SINCE JAN 1      2.38                      8.37  -5.99     3.58

DEGREE DAYS
 HEATING
  YESTERDAY        5                         6     -1        0
  MONTH TO DATE  239                       212     27      120
  SINCE MAR 1    745                      1228   -483      728
  SINCE JUL 1   2376                      3987  -1611     2513

 COOLING
  YESTERDAY        0                         2     -2        7
  MONTH TO DATE   10                        24    -14       69
  SINCE MAR 1     65                        32     33       93
  SINCE JAN 1     68                        32     36      100
..................................................................


WIND (MPH)
  HIGHEST WIND SPEED    39   HIGHEST WIND DIRECTION    NW (330)
  HIGHEST GUST SPEED    47   HIGHEST GUST DIRECTION    NW (320)
  AVERAGE WIND SPEED    12.7


SKY COVER
  POSSIBLE SUNSHINE  MM
  AVERAGE SKY COVER 0.4


WEATHER CONDITIONS
 THE FOLLOWING WEATHER WAS RECORDED YESTERDAY.
  LIGHT RAIN
  FOG


RELATIVE HUMIDITY (PERCENT)
 HIGHEST    86           200 AM
 LOWEST     44           100 PM
 AVERAGE    65

..........................................................


THE SANDBERG CA CLIMATE NORMALS FOR TODAY
                         NORMAL    RECORD    YEAR
 MAXIMUM TEMPERATURE (F)   70        94      1951
 MINIMUM TEMPERATURE (F)   51        32      1953


SUNRISE AND SUNSET
MAY 25 2015...........SUNRISE   546 AM PDT   SUNSET   758 PM PDT
MAY 26 2015...........SUNRISE   545 AM PDT   SUNSET   759 PM PDT


-  INDICATES NEGATIVE NUMBERS.
R  INDICATES RECORD WAS SET OR TIED.
MM INDICATES DATA IS MISSING.
T  INDICATES TRACE AMOUNT.




$$
