000
CDUS46 KLOX 231025
CLISDB


CLIMATE REPORT
NATIONAL WEATHER SERVICE LOS ANGELES/OXNARD CA
225 AM PST SUN NOV 23 2014


...................................

...THE SANDBERG CA CLIMATE SUMMARY FOR NOVEMBER 22 2014...

CLIMATE NORMAL PERIOD 1981 TO 2010
CLIMATE RECORD PERIOD 1934 TO 2014


WEATHER ITEM   OBSERVED TIME   RECORD YEAR NORMAL DEPARTURE LAST
                VALUE   (LST)  VALUE       VALUE  FROM      YEAR
                                                  NORMAL
..................................................................
TEMPERATURE (F)
 YESTERDAY
  MAXIMUM         60    131 PM  71    1995  53      7       40
  MINIMUM         44    328 AM  27    2003  41      3       35
                                      1983
  AVERAGE         52                        47      5       38

PRECIPITATION (IN)
  YESTERDAY        0.03          1.77 1965   0.03   0.00     0.01
  MONTH TO DATE    0.06                      0.51  -0.45     0.39
  SINCE JUL 1      0.72                      1.33  -0.61     0.70
  SINCE JAN 1      4.30                      9.81  -5.51     3.61

DEGREE DAYS
 HEATING
  YESTERDAY       13                        18     -5       27
  MONTH TO DATE  236                       320    -84      207
  SINCE SEP 1    328                       604   -276      424
  SINCE JUL 1    328                       621   -293      424

 COOLING
  YESTERDAY        0                         0      0        0
  MONTH TO DATE   18                         0     18        4
  SINCE SEP 1    507                       239    268      333
  SINCE JAN 1   1687                       996    691     1565
..................................................................


WIND (MPH)
  HIGHEST WIND SPEED    37   HIGHEST WIND DIRECTION    NW (320)
  HIGHEST GUST SPEED    45   HIGHEST GUST DIRECTION    NW (330)
  AVERAGE WIND SPEED    20.7


SKY COVER
  POSSIBLE SUNSHINE  MM
  AVERAGE SKY COVER 0.4


WEATHER CONDITIONS
 THE FOLLOWING WEATHER WAS RECORDED YESTERDAY.
  LIGHT RAIN
  FOG
  FOG W/VISIBILITY <= 1/4 MILE
  HAZE


RELATIVE HUMIDITY (PERCENT)
 HIGHEST    86          1100 PM
 LOWEST     32           600 AM
 AVERAGE    59

..........................................................


THE SANDBERG CA CLIMATE NORMALS FOR TODAY
                         NORMAL    RECORD    YEAR
 MAXIMUM TEMPERATURE (F)   53        72      1949
 MINIMUM TEMPERATURE (F)   40        23      1952


SUNRISE AND SUNSET
NOVEMBER 23 2014......SUNRISE   637 AM PST   SUNSET   446 PM PST
NOVEMBER 24 2014......SUNRISE   638 AM PST   SUNSET   446 PM PST


-  INDICATES NEGATIVE NUMBERS.
R  INDICATES RECORD WAS SET OR TIED.
MM INDICATES DATA IS MISSING.
T  INDICATES TRACE AMOUNT.




$$
