000
CDUS46 KLOX 210911
CLISDB


CLIMATE REPORT
NATIONAL WEATHER SERVICE LOS ANGELES/OXNARD CA
111 AM PST SAT JAN 21 2017


...................................

...THE SANDBERG CA CLIMATE SUMMARY FOR JANUARY 20 2017...

CLIMATE NORMAL PERIOD 1981 TO 2010
CLIMATE RECORD PERIOD 1934 TO 2017


WEATHER ITEM   OBSERVED TIME   RECORD YEAR NORMAL DEPARTURE LAST
                VALUE   (LST)  VALUE       VALUE  FROM      YEAR
                                                  NORMAL
..................................................................
TEMPERATURE (F)
 YESTERDAY
  MAXIMUM         44    130 PM  65    2014  49     -5       60
                                      1994
  MINIMUM         34   1149 PM  10    1937  37     -3       41
  AVERAGE         39                        43     -4       51

PRECIPITATION (IN)
  YESTERDAY        0.49          1.13 1969   0.06   0.43     0.00
  MONTH TO DATE    2.01                      1.80   0.21     2.06
  SINCE OCT 1      5.85                      5.43   0.42     3.76
  SINCE JAN 1      2.01                      1.80   0.21     2.06

DEGREE DAYS
 HEATING
  YESTERDAY       26                        22      4       14
  MONTH TO DATE  436                       443     -7      437
  SINCE DEC 1   1051                      1145    -94     1122
  SINCE JUL 1   1500                      1924   -424     1738

 COOLING
  YESTERDAY        0                         0      0        0
  MONTH TO DATE    0                         0      0        0
  SINCE DEC 1      0                         0      0        0
  SINCE JAN 1      0                         0      0        0
..................................................................


WIND (MPH)
  HIGHEST WIND SPEED    45   HIGHEST WIND DIRECTION     S (200)
  HIGHEST GUST SPEED    64   HIGHEST GUST DIRECTION    SW (220)
  AVERAGE WIND SPEED    18.1


SKY COVER
  POSSIBLE SUNSHINE  MM
  AVERAGE SKY COVER 0.8


WEATHER CONDITIONS
 THE FOLLOWING WEATHER WAS RECORDED YESTERDAY.
  RAIN
  LIGHT RAIN
  LIGHT SNOW
  FOG
  FOG W/VISIBILITY <= 1/4 MILE


RELATIVE HUMIDITY (PERCENT)
 HIGHEST   100           100 AM
 LOWEST     75           900 PM
 AVERAGE    88

..........................................................


THE SANDBERG CA CLIMATE NORMALS FOR TODAY
                         NORMAL    RECORD    YEAR
 MAXIMUM TEMPERATURE (F)   49        63      2014
                                             2005
                                             1975
 MINIMUM TEMPERATURE (F)   37         3      1937


SUNRISE AND SUNSET
JANUARY 21 2017.......SUNRISE   700 AM PST   SUNSET   513 PM PST
JANUARY 22 2017.......SUNRISE   659 AM PST   SUNSET   514 PM PST


-  INDICATES NEGATIVE NUMBERS.
R  INDICATES RECORD WAS SET OR TIED.
MM INDICATES DATA IS MISSING.
T  INDICATES TRACE AMOUNT.




$$
