000
CDUS46 KLOX 270953
CLISDB


CLIMATE REPORT
NATIONAL WEATHER SERVICE LOS ANGELES/OXNARD CA
253 AM PDT MON MAR 27 2017


...................................

...THE SANDBERG CA CLIMATE SUMMARY FOR MARCH 26 2017...

CLIMATE NORMAL PERIOD 1981 TO 2010
CLIMATE RECORD PERIOD 1934 TO 2017


WEATHER ITEM   OBSERVED TIME   RECORD YEAR NORMAL DEPARTURE LAST
                VALUE   (LST)  VALUE       VALUE  FROM      YEAR
                                                  NORMAL
..................................................................
TEMPERATURE (F)
 YESTERDAY
  MAXIMUM         59   1133 AM  77    2015  56      3       70
  MINIMUM         42    652 AM  23    1975  40      2       47
  AVERAGE         51                        48      3       59

PRECIPITATION (IN)
  YESTERDAY        0.00          0.79 1993   0.05  -0.05     0.00
  MONTH TO DATE    0.29                      1.52  -1.23     1.16
  SINCE OCT 1     12.60                     10.80   1.80     6.16
  SINCE JAN 1      8.76                      7.17   1.59     4.46

DEGREE DAYS
 HEATING
  YESTERDAY       14                        18     -4        6
  MONTH TO DATE  258                       485   -227      298
  SINCE MAR 1    258                       485   -227      298
  SINCE JUL 1   2515                      3244   -729     2558

 COOLING
  YESTERDAY        0                         0      0        0
  MONTH TO DATE   16                         0     16        1
  SINCE MAR 1     16                         0     16        1
  SINCE JAN 1     16                         0     16        1
..................................................................


WIND (MPH)
  HIGHEST WIND SPEED    30   HIGHEST WIND DIRECTION     N (340)
  HIGHEST GUST SPEED    36   HIGHEST GUST DIRECTION     N (340)
  AVERAGE WIND SPEED    18.5


SKY COVER
  POSSIBLE SUNSHINE  MM
  AVERAGE SKY COVER 0.3


WEATHER CONDITIONS
 THE FOLLOWING WEATHER WAS RECORDED YESTERDAY.
  FOG
  FOG W/VISIBILITY <= 1/4 MILE


RELATIVE HUMIDITY (PERCENT)
 HIGHEST    96           300 AM
 LOWEST     55          1100 AM
 AVERAGE    76

..........................................................


THE SANDBERG CA CLIMATE NORMALS FOR TODAY
                         NORMAL    RECORD    YEAR
 MAXIMUM TEMPERATURE (F)   56        83      2015
 MINIMUM TEMPERATURE (F)   40        26      1975


SUNRISE AND SUNSET
MARCH 27 2017.........SUNRISE   648 AM PDT   SUNSET   712 PM PDT
MARCH 28 2017.........SUNRISE   647 AM PDT   SUNSET   713 PM PDT


-  INDICATES NEGATIVE NUMBERS.
R  INDICATES RECORD WAS SET OR TIED.
MM INDICATES DATA IS MISSING.
T  INDICATES TRACE AMOUNT.




$$
