000
CDUS46 KLOX 190910
CLISDB


CLIMATE REPORT
NATIONAL WEATHER SERVICE LOS ANGELES/OXNARD CA
210 AM PDT FRI SEP 19 2014


...................................

...THE SANDBERG CA CLIMATE SUMMARY FOR SEPTEMBER 18 2014...

CLIMATE NORMAL PERIOD 1981 TO 2010
CLIMATE RECORD PERIOD 1934 TO 2014


WEATHER ITEM   OBSERVED TIME   RECORD YEAR NORMAL DEPARTURE LAST
                VALUE   (LST)  VALUE       VALUE  FROM      YEAR
                                                  NORMAL
..................................................................
TEMPERATURE (F)
 YESTERDAY
  MAXIMUM         80    147 PM  92    2000  78      2       78
  MINIMUM         62    847 PM  39    1947  60      2       53
  AVERAGE         71                        69      2       66

PRECIPITATION (IN)
  YESTERDAY        0.00          0.86 1963   0.01  -0.01     0.00
  MONTH TO DATE    T                         0.08  -0.08     0.00
  SINCE JUL 1      0.17                      0.13   0.04     0.06
  SINCE JAN 1      3.75                      8.61  -4.86     2.97

DEGREE DAYS
 HEATING
  YESTERDAY        0                         2     -2        0
  MONTH TO DATE    0                        24    -24        0
  SINCE SEP 1      0                        24    -24        0
  SINCE JUL 1      0                        41    -41        0

 COOLING
  YESTERDAY        6                         6      0        1
  MONTH TO DATE  271                       130    141      244
  SINCE SEP 1    271                       130    141      244
  SINCE JAN 1   1451                       887    564     1476
..................................................................


WIND (MPH)
  HIGHEST WIND SPEED    20   HIGHEST WIND DIRECTION    SE (140)
  HIGHEST GUST SPEED    26   HIGHEST GUST DIRECTION    SE (130)
  AVERAGE WIND SPEED     9.1


SKY COVER
  POSSIBLE SUNSHINE  MM
  AVERAGE SKY COVER 0.0


WEATHER CONDITIONS
 THE FOLLOWING WEATHER WAS RECORDED YESTERDAY.
  NO SIGNIFICANT WEATHER WAS OBSERVED.


RELATIVE HUMIDITY (PERCENT)
 HIGHEST    72           700 PM
 LOWEST     35          1200 AM
 AVERAGE    54

..........................................................


THE SANDBERG CA CLIMATE NORMALS FOR TODAY
                         NORMAL    RECORD    YEAR
 MAXIMUM TEMPERATURE (F)   78        93      2000
 MINIMUM TEMPERATURE (F)   59        39      1965


SUNRISE AND SUNSET
SEPTEMBER 19 2014.....SUNRISE   641 AM PDT   SUNSET   656 PM PDT
SEPTEMBER 20 2014.....SUNRISE   642 AM PDT   SUNSET   654 PM PDT


-  INDICATES NEGATIVE NUMBERS.
R  INDICATES RECORD WAS SET OR TIED.
MM INDICATES DATA IS MISSING.
T  INDICATES TRACE AMOUNT.




$$
