000
CDUS46 KLOX 240143
CLISDB


CLIMATE REPORT
NATIONAL WEATHER SERVICE LOS ANGELES/OXNARD CA
632 PM PDT MON OCT 23 2017


...................................

...THE SANDBERG CA CLIMATE SUMMARY FOR OCTOBER 23 2017...
VALID TODAY AS OF 0600 PM LOCAL TIME.

CLIMATE NORMAL PERIOD 1981 TO 2010
CLIMATE RECORD PERIOD 1934 TO 2017


WEATHER ITEM   OBSERVED TIME   RECORD YEAR NORMAL DEPARTURE LAST
                VALUE   (LST)  VALUE       VALUE  FROM      YEAR
                                                  NORMAL
..................................................................
TEMPERATURE (F)
 TODAY
  MAXIMUM         84R   233 PM  84    1959  65     19       74
  MINIMUM         65    225 AM  31    1975  49     16       55
  AVERAGE         75                        57     18       65

PRECIPITATION (IN)
  TODAY            0.00          0.35 1941   0.02  -0.02     0.00
  MONTH TO DATE    T                         0.40  -0.40     0.01
  SINCE OCT 1      T                         0.40  -0.40     0.01
  SINCE JAN 1     10.05                      9.10   0.95     5.24

DEGREE DAYS
 HEATING
  TODAY            0                         9     -9        0
  MONTH TO DATE   66                       144    -78       76
  SINCE SEP 1    117                       205    -88      109
  SINCE JUL 1    118                       222   -104      109

 COOLING
  TODAY           10                         1      9        0
  MONTH TO DATE   61                        45     16       53
  SINCE SEP 1    264                       234     30      293
  SINCE JAN 1   1736                       991    745     1637
..................................................................


WIND (MPH)
  HIGHEST WIND SPEED    29   HIGHEST WIND DIRECTION     E (80)
  HIGHEST GUST SPEED    37   HIGHEST GUST DIRECTION     E (70)
  AVERAGE WIND SPEED    20.9


SKY COVER
  POSSIBLE SUNSHINE  MM
  AVERAGE SKY COVER 0.0


WEATHER CONDITIONS
 THE FOLLOWING WEATHER WAS RECORDED TODAY.
  NO SIGNIFICANT WEATHER WAS OBSERVED.


RELATIVE HUMIDITY (PERCENT)
 HIGHEST    22          1200 AM
 LOWEST     10          1200 PM
 AVERAGE    16

..........................................................


THE SANDBERG CA CLIMATE NORMALS FOR TOMORROW
                         NORMAL    RECORD    YEAR
 MAXIMUM TEMPERATURE (F)   64        87      1959
 MINIMUM TEMPERATURE (F)   49        28      1956


SUNRISE AND SUNSET
OCTOBER 23 2017.......SUNRISE   708 AM PDT   SUNSET   610 PM PDT
OCTOBER 24 2017.......SUNRISE   709 AM PDT   SUNSET   609 PM PDT


-  INDICATES NEGATIVE NUMBERS.
R  INDICATES RECORD WAS SET OR TIED.
MM INDICATES DATA IS MISSING.
T  INDICATES TRACE AMOUNT.




$$
