000
CDUS46 KLOX 050225
CLISDB


CLIMATE REPORT
NATIONAL WEATHER SERVICE LOS ANGELES/OXNARD CA
625 PM PST WED MAR 4 2015


...................................

...THE SANDBERG CA CLIMATE SUMMARY FOR MARCH 4 2015...
VALID TODAY AS OF 0600 PM LOCAL TIME.

CLIMATE NORMAL PERIOD 1981 TO 2010
CLIMATE RECORD PERIOD 1934 TO 2015


WEATHER ITEM   OBSERVED TIME   RECORD YEAR NORMAL DEPARTURE LAST
                VALUE   (LST)  VALUE       VALUE  FROM      YEAR
                                                  NORMAL
..................................................................
TEMPERATURE (F)
 TODAY
  MAXIMUM         54    249 PM  68    1950  52      2       56
  MINIMUM         37    625 AM  25    1976  39     -2       44
  AVERAGE         46                        46      0       50

PRECIPITATION (IN)
  TODAY            0.00          2.98 1978   0.08  -0.08      T
  MONTH TO DATE    0.27                      0.31  -0.04     0.24
  SINCE OCT 1      6.81                      9.59  -2.78     3.85
  SINCE JAN 1      1.91                      5.96  -4.05     3.15

DEGREE DAYS
 HEATING
  TODAY           19                        20     -1       15
  MONTH TO DATE   89                        80      9       76
  SINCE MAR 1     89                        80      9       76
  SINCE JUL 1   1720                      2839  -1119     1861

 COOLING
  TODAY            0                         0      0        0
  MONTH TO DATE    0                         0      0        0
  SINCE MAR 1      0                         0      0        0
  SINCE JAN 1      3                         0      3        7
..................................................................


WIND (MPH)
  HIGHEST WIND SPEED    18   HIGHEST WIND DIRECTION     E (80)
  HIGHEST GUST SPEED    26   HIGHEST GUST DIRECTION     E (80)
  AVERAGE WIND SPEED     9.8


SKY COVER
  POSSIBLE SUNSHINE  MM
  AVERAGE SKY COVER 0.0


WEATHER CONDITIONS
 THE FOLLOWING WEATHER WAS RECORDED TODAY.
  NO SIGNIFICANT WEATHER WAS OBSERVED.


RELATIVE HUMIDITY (PERCENT)
 HIGHEST    76           600 AM
 LOWEST     24           300 PM
 AVERAGE    50

..........................................................


THE SANDBERG CA CLIMATE NORMALS FOR TOMORROW
                         NORMAL    RECORD    YEAR
 MAXIMUM TEMPERATURE (F)   52        75      1972
 MINIMUM TEMPERATURE (F)   39        22      1971


SUNRISE AND SUNSET
MARCH  4 2015.........SUNRISE   621 AM PST   SUNSET   553 PM PST
MARCH  5 2015.........SUNRISE   619 AM PST   SUNSET   554 PM PST


-  INDICATES NEGATIVE NUMBERS.
R  INDICATES RECORD WAS SET OR TIED.
MM INDICATES DATA IS MISSING.
T  INDICATES TRACE AMOUNT.




$$
