000
CDUS46 KLOX 290902
CLISDB


CLIMATE REPORT
NATIONAL WEATHER SERVICE LOS ANGELES/OXNARD CA
201 AM PDT SUN MAY 29 2016


...................................

...THE SANDBERG CA CLIMATE SUMMARY FOR MAY 28 2016...

CLIMATE NORMAL PERIOD 1981 TO 2010
CLIMATE RECORD PERIOD 1934 TO 2016


WEATHER ITEM   OBSERVED TIME   RECORD YEAR NORMAL DEPARTURE LAST
                VALUE   (LST)  VALUE       VALUE  FROM      YEAR
                                                  NORMAL
..................................................................
TEMPERATURE (F)
 YESTERDAY
  MAXIMUM         79    132 PM  91    2003  71      8       86
  MINIMUM         59    440 AM  33    1971  51      8       59
  AVERAGE         69                        61      8       73

PRECIPITATION (IN)
  YESTERDAY        0.00          0.12 1990   0.01  -0.01     0.00
  MONTH TO DATE    0.29                      0.39  -0.10     0.26
  SINCE OCT 1      6.93                     12.03  -5.10     7.28
  SINCE JAN 1      5.23                      8.40  -3.17     2.38

DEGREE DAYS
 HEATING
  YESTERDAY        0                         6     -6        0
  MONTH TO DATE  175                       236    -61      245
  SINCE MAR 1    784                      1252   -468      751
  SINCE JUL 1   3044                      4011   -967     2382

 COOLING
  YESTERDAY        4                         2      2        8
  MONTH TO DATE   35                        32      3       21
  SINCE MAR 1     54                        40     14       76
  SINCE JAN 1     54                        40     14       79
..................................................................


WIND (MPH)
  HIGHEST WIND SPEED    18   HIGHEST WIND DIRECTION     S (180)
  HIGHEST GUST SPEED    27   HIGHEST GUST DIRECTION    NW (320)
  AVERAGE WIND SPEED    10.3


SKY COVER
  POSSIBLE SUNSHINE  MM
  AVERAGE SKY COVER 0.1


WEATHER CONDITIONS
 THE FOLLOWING WEATHER WAS RECORDED YESTERDAY.
  NO SIGNIFICANT WEATHER WAS OBSERVED.


RELATIVE HUMIDITY (PERCENT)
 HIGHEST    51           100 AM
 LOWEST     26           200 PM
 AVERAGE    39

..........................................................


THE SANDBERG CA CLIMATE NORMALS FOR TODAY
                         NORMAL    RECORD    YEAR
 MAXIMUM TEMPERATURE (F)   71        92      1984
 MINIMUM TEMPERATURE (F)   52        34      1988


SUNRISE AND SUNSET
MAY 29 2016...........SUNRISE   544 AM PDT   SUNSET   801 PM PDT
MAY 30 2016...........SUNRISE   543 AM PDT   SUNSET   802 PM PDT


-  INDICATES NEGATIVE NUMBERS.
R  INDICATES RECORD WAS SET OR TIED.
MM INDICATES DATA IS MISSING.
T  INDICATES TRACE AMOUNT.




$$
