000
CDUS43 KLMK 020627
CLISDF


CLIMATE REPORT
NATIONAL WEATHER SERVICE LOUISVILLE KY
227 AM EDT SUN AUG 2 2015


...................................

...THE LOUISVILLE KY CLIMATE SUMMARY FOR AUGUST 1 2015...

CLIMATE NORMAL PERIOD 1981 TO 2010
CLIMATE RECORD PERIOD 1871 TO 2015


WEATHER ITEM   OBSERVED TIME   RECORD YEAR NORMAL DEPARTURE LAST
                VALUE   (LST)  VALUE       VALUE  FROM      YEAR
                                                  NORMAL
..................................................................
TEMPERATURE (F)
 YESTERDAY
  MAXIMUM         89    258 PM 101    1897  89      0       89
  MINIMUM         71    618 AM  55    1971  70      1       64
  AVERAGE         80                        79      1       77

PRECIPITATION (IN)
  YESTERDAY        0.00          1.05 1956   0.13  -0.13     0.00
  MONTH TO DATE    0.00                      0.13  -0.13     0.00
  SINCE JUN 1     15.47                      8.15   7.32     5.26
  SINCE JAN 1     39.59                     28.02  11.57    24.77

SNOWFALL (IN)
  YESTERDAY        0.0          MM      MM   0.0    0.0      0.0
  MONTH TO DATE    0.0                       0.0    0.0      0.0
  SINCE JUN 1      0.0                       0.0    0.0      0.0
  SINCE JUL 1      0.0                       0.0    0.0      0.0
  SNOW DEPTH       0

DEGREE DAYS
 HEATING
  YESTERDAY        0                         0      0        0
  MONTH TO DATE    0                         0      0        0
  SINCE JUN 1      6                         5      1        0
  SINCE JUL 1      0                         0      0        0

 COOLING
  YESTERDAY       15                        14      1       12
  MONTH TO DATE   15                        14      1       12
  SINCE JUN 1    857                       781     76      746
  SINCE JAN 1   1108                       955    153      980
..................................................................


WIND (MPH)
  HIGHEST WIND SPEED    16   HIGHEST WIND DIRECTION     N (340)
  HIGHEST GUST SPEED    25   HIGHEST GUST DIRECTION     W (290)
  AVERAGE WIND SPEED     5.9


SKY COVER
  POSSIBLE SUNSHINE  MM
  AVERAGE SKY COVER 0.3


WEATHER CONDITIONS
 THE FOLLOWING WEATHER WAS RECORDED YESTERDAY.
  NO SIGNIFICANT WEATHER WAS OBSERVED.


RELATIVE HUMIDITY (PERCENT)
 HIGHEST    79           600 AM
 LOWEST     29           300 PM
 AVERAGE    54

..........................................................


THE LOUISVILLE KY CLIMATE NORMALS FOR TODAY
                         NORMAL    RECORD    YEAR
 MAXIMUM TEMPERATURE (F)   89        99      1991
                                             1897
 MINIMUM TEMPERATURE (F)   70        55      1920


SUNRISE AND SUNSET
AUGUST  2 2015........SUNRISE   646 AM EDT   SUNSET   852 PM EDT
AUGUST  3 2015........SUNRISE   647 AM EDT   SUNSET   851 PM EDT


-  INDICATES NEGATIVE NUMBERS.
R  INDICATES RECORD WAS SET OR TIED.
MM INDICATES DATA IS MISSING.
T  INDICATES TRACE AMOUNT.




$$
