538
CDUS43 KLMK 040627
CLISDF


CLIMATE REPORT
NATIONAL WEATHER SERVICE LOUISVILLE KY
226 AM EDT WED MAY 4 2016


...................................

...THE LOUISVILLE KY CLIMATE SUMMARY FOR MAY 3 2016...

CLIMATE NORMAL PERIOD 1981 TO 2010
CLIMATE RECORD PERIOD 1871 TO 2016


WEATHER ITEM   OBSERVED TIME   RECORD YEAR NORMAL DEPARTURE LAST
                VALUE   (LST)  VALUE       VALUE  FROM      YEAR
                                                  NORMAL
..................................................................
TEMPERATURE (F)
 YESTERDAY
  MAXIMUM         68    114 PM  93    1959  74     -6       81
  MINIMUM         54   1159 PM  34    2005  53      1       53
  AVERAGE         61                        63     -2       67

PRECIPITATION (IN)
  YESTERDAY        0.00          2.43 1877   0.18  -0.18     0.00
  MONTH TO DATE    0.33                      0.52  -0.19     0.00
  SINCE MAR 1      9.01                      8.70   0.31    18.64
  SINCE JAN 1     14.83                     15.12  -0.29    21.74

SNOWFALL (IN)
  YESTERDAY        0.0          MM      MM   0.0    0.0      0.0
  MONTH TO DATE    0.0                       0.0    0.0      0.0
  SINCE MAR 1      0.5                       1.5   -1.0     11.9
  SINCE JUL 1     14.9                      12.5    2.4     27.6
  SNOW DEPTH       0

DEGREE DAYS
 HEATING
  YESTERDAY        4                         4      0        0
  MONTH TO DATE    5                        12     -7        6
  SINCE MAR 1    544                       796   -252      749
  SINCE JUL 1   3166                      4037   -871     4369

 COOLING
  YESTERDAY        0                         2     -2        2
  MONTH TO DATE    9                         6      3        3
  SINCE MAR 1     72                        49     23       45
  SINCE JAN 1     72                        49     23       45
..................................................................


WIND (MPH)
  HIGHEST WIND SPEED    17   HIGHEST WIND DIRECTION    NW (320)
  HIGHEST GUST SPEED    25   HIGHEST GUST DIRECTION     W (280)
  AVERAGE WIND SPEED     8.1


SKY COVER
  POSSIBLE SUNSHINE  MM
  AVERAGE SKY COVER 0.8


WEATHER CONDITIONS
 THE FOLLOWING WEATHER WAS RECORDED YESTERDAY.
  NO SIGNIFICANT WEATHER WAS OBSERVED.


RELATIVE HUMIDITY (PERCENT)
 HIGHEST    83           600 AM
 LOWEST     44           200 PM
 AVERAGE    64

..........................................................


THE LOUISVILLE KY CLIMATE NORMALS FOR TODAY
                         NORMAL    RECORD    YEAR
 MAXIMUM TEMPERATURE (F)   74        95      1959
 MINIMUM TEMPERATURE (F)   53        32      1976


SUNRISE AND SUNSET
MAY  4 2016...........SUNRISE   642 AM EDT   SUNSET   837 PM EDT
MAY  5 2016...........SUNRISE   641 AM EDT   SUNSET   838 PM EDT


-  INDICATES NEGATIVE NUMBERS.
R  INDICATES RECORD WAS SET OR TIED.
MM INDICATES DATA IS MISSING.
T  INDICATES TRACE AMOUNT.




$$
