000
CDUS46 KSEW 020827
CLISEA


CLIMATE REPORT
NATIONAL WEATHER SERVICE SEATTLE WA
127 AM PDT TUE JUN 2 2015


...................................

...THE SEATTLE-TACOMA WA AIRPORT CLIMATE SUMMARY FOR JUNE 1 2015...

CLIMATE NORMAL PERIOD 1981 TO 2010
CLIMATE RECORD PERIOD 1945 TO 2015


WEATHER ITEM   OBSERVED TIME   RECORD YEAR NORMAL DEPARTURE LAST
                VALUE   (LST)  VALUE       VALUE  FROM      YEAR
                                                  NORMAL
..................................................................
TEMPERATURE (F)
 YESTERDAY
  MAXIMUM         61   1236 AM  94    1970  67     -6       72
  MINIMUM         53    520 AM  40    1951  50      3       51
  AVERAGE         57                        59     -2       62

PRECIPITATION (IN)
  YESTERDAY        0.18          1.75 1968   0.07   0.11     0.00
  MONTH TO DATE    0.18                      0.07   0.11     0.00
  SINCE OCT 1     32.57                     32.91  -0.34    33.57
  SINCE JAN 1     16.19                     17.51  -1.32    26.58

DEGREE DAYS
 HEATING
  YESTERDAY        8                         7      1        3
  MONTH TO DATE    8                         7      1        3
  SINCE JUN 1      8                         7      1        3
  SINCE JUL 1   3534                      4560  -1026     4155

 COOLING
  YESTERDAY        0                         0      0        0
  MONTH TO DATE    0                         0      0        0
  SINCE JUN 1      0                         0      0        0
  SINCE JAN 1      7                         6      1       15
..................................................................


WIND (MPH)
  RESULTANT WIND SPEED   7   RESULTANT WIND DIRECTION  SW (210)
  HIGHEST WIND SPEED    16   HIGHEST WIND DIRECTION    SW (210)
  HIGHEST GUST SPEED    22   HIGHEST GUST DIRECTION    SW (210)
  AVERAGE WIND SPEED     7.6


SKY COVER
  AVERAGE SKY COVER 0.9


WEATHER CONDITIONS
 THE FOLLOWING WEATHER WAS RECORDED YESTERDAY.
  RAIN
  LIGHT RAIN
  FOG


RELATIVE HUMIDITY (PERCENT)
 HIGHEST    93           400 AM
 LOWEST     62          1200 AM
 AVERAGE    78

..........................................................


THE SEATTLE-TACOMA WA AIRPORT CLIMATE NORMALS FOR TODAY
                         NORMAL    RECORD    YEAR
 MAXIMUM TEMPERATURE (F)   68        94      1970
 MINIMUM TEMPERATURE (F)   50        40      1951


SUNRISE AND SUNSET
JUNE  2 2015..........SUNRISE   516 AM PDT   SUNSET   859 PM PDT
JUNE  3 2015..........SUNRISE   515 AM PDT   SUNSET   900 PM PDT


-  INDICATES NEGATIVE NUMBERS.
R  INDICATES RECORD WAS SET OR TIED.
MM INDICATES DATA IS MISSING.
T  INDICATES TRACE AMOUNT.




$$
