000
CDUS46 KSEW 230119
CLISEA


CLIMATE REPORT
NATIONAL WEATHER SERVICE SEATTLE WA
519 PM PST SAT NOV 22 2014


...................................

...THE SEATTLE-TACOMA WA AIRPORT CLIMATE SUMMARY FOR NOVEMBER 22 2014...
VALID TODAY AS OF 0500 PM LOCAL TIME.

CLIMATE NORMAL PERIOD 1981 TO 2010
CLIMATE RECORD PERIOD 1945 TO 2014


WEATHER ITEM   OBSERVED TIME   RECORD YEAR NORMAL DEPARTURE LAST
                VALUE   (LST)  VALUE       VALUE  FROM      YEAR
                                                  NORMAL
..................................................................
TEMPERATURE (F)
 TODAY
  MAXIMUM         49    403 PM  58    1959  49      0       49
                                      1954
  MINIMUM         44    929 AM  14    1985  39      5       32
  AVERAGE         47                        44      3       41

PRECIPITATION (IN)
  TODAY            0.02          1.76 2011   0.22  -0.20     0.00
  MONTH TO DATE    1.97                      4.80  -2.83     3.68
  SINCE OCT 1      8.72                      8.28   0.44     5.22
  SINCE JAN 1     40.84                     30.37  10.47    30.79

SNOWFALL (IN)
  TODAY            0.0           2.5  2010                   0.0
  MONTH TO DATE    0.0                                       0.0
  SINCE OCT 1      0.0                                       0.0
  SINCE JUL 1      0.0                                       0.0
  SNOW DEPTH       0

DEGREE DAYS
 HEATING
  TODAY           18                        21     -3       24
  MONTH TO DATE  414                       411      3      353
  SINCE SEP 1    668                       923   -255      854
  SINCE JUL 1    691                      1008   -317      869

 COOLING
  TODAY            0                         0      0        0
  MONTH TO DATE    0                         0      0        0
  SINCE SEP 1     46                        21     25       55
  SINCE JAN 1    369                       189    180      385
..................................................................


WIND (MPH)
  RESULTANT WIND SPEED  11   RESULTANT WIND DIRECTION   S (190)
  HIGHEST WIND SPEED    28   HIGHEST WIND DIRECTION    SW (210)
  HIGHEST GUST SPEED    37   HIGHEST GUST DIRECTION    SW (210)
  AVERAGE WIND SPEED    12.3


SKY COVER
  AVERAGE SKY COVER 0.8


WEATHER CONDITIONS
 THE FOLLOWING WEATHER WAS RECORDED TODAY.
  LIGHT RAIN


RELATIVE HUMIDITY (PERCENT)
 HIGHEST    89           800 AM
 LOWEST     71           100 AM
 AVERAGE    80

..........................................................


THE SEATTLE-TACOMA WA AIRPORT CLIMATE NORMALS FOR TOMORROW
                         NORMAL    RECORD    YEAR
 MAXIMUM TEMPERATURE (F)   49        58      1959
 MINIMUM TEMPERATURE (F)   38        10      1985


SUNRISE AND SUNSET
NOVEMBER 22 2014......SUNRISE   724 AM PST   SUNSET   426 PM PST
NOVEMBER 23 2014......SUNRISE   726 AM PST   SUNSET   425 PM PST


-  INDICATES NEGATIVE NUMBERS.
R  INDICATES RECORD WAS SET OR TIED.
MM INDICATES DATA IS MISSING.
T  INDICATES TRACE AMOUNT.




$$
