000
CDUS46 KSEW 240127
CLISEA


CLIMATE REPORT
NATIONAL WEATHER SERVICE SEATTLE WA
627 PM PDT THU OCT 23 2014


...................................

...THE SEATTLE-TACOMA WA AIRPORT CLIMATE SUMMARY FOR OCTOBER 23 2014...
VALID TODAY AS OF 0600 PM LOCAL TIME.

CLIMATE NORMAL PERIOD 1981 TO 2010
CLIMATE RECORD PERIOD 1945 TO 2014


WEATHER ITEM   OBSERVED TIME   RECORD YEAR NORMAL DEPARTURE LAST
                VALUE   (LST)  VALUE       VALUE  FROM      YEAR
                                                  NORMAL
..................................................................
TEMPERATURE (F)
 TODAY
  MAXIMUM         58    129 PM  73    1992  57      1       55
                                      1965
  MINIMUM         47    346 PM  32    1953  45      2       43
  AVERAGE         53                        51      2       49

PRECIPITATION (IN)
  TODAY            0.36          1.24 1960   0.14   0.22     0.00
  MONTH TO DATE    4.06                      2.24   1.82     1.44
  SINCE OCT 1      4.06                      2.24   1.82     1.44
  SINCE JAN 1     36.18                     24.33  11.85    27.01

SNOWFALL (IN)
  TODAY            0.0          MM      MM                   0.0
  MONTH TO DATE    0.0                                       0.0
  SINCE OCT 1      0.0                                       0.0
  SINCE JUL 1      0.0                                       0.0
  SNOW DEPTH       0

DEGREE DAYS
 HEATING
  TODAY           12                        14     -2       16
  MONTH TO DATE  122                       257   -135      289
  SINCE SEP 1    164                       389   -225      385
  SINCE JUL 1    187                       474   -287      400

 COOLING
  TODAY            0                         0      0        0
  MONTH TO DATE    2                         0      2        0
  SINCE SEP 1     46                        21     25       55
  SINCE JAN 1    369                       189    180      385
..................................................................


WIND (MPH)
  RESULTANT WIND SPEED   9   RESULTANT WIND DIRECTION   S (170)
  HIGHEST WIND SPEED    23   HIGHEST WIND DIRECTION     W (270)
  HIGHEST GUST SPEED    32   HIGHEST GUST DIRECTION     W (270)
  AVERAGE WIND SPEED     9.8


SKY COVER
  AVERAGE SKY COVER 0.9


WEATHER CONDITIONS
 THE FOLLOWING WEATHER WAS RECORDED TODAY.
  LIGHT RAIN
  FOG


RELATIVE HUMIDITY (PERCENT)
 HIGHEST    89           200 AM
 LOWEST     72           100 PM
 AVERAGE    81

..........................................................


THE SEATTLE-TACOMA WA AIRPORT CLIMATE NORMALS FOR TOMORROW
                         NORMAL    RECORD    YEAR
 MAXIMUM TEMPERATURE (F)   57        72      1965
 MINIMUM TEMPERATURE (F)   44        33      1954


SUNRISE AND SUNSET
OCTOBER 23 2014.......SUNRISE   740 AM PDT   SUNSET   607 PM PDT
OCTOBER 24 2014.......SUNRISE   741 AM PDT   SUNSET   605 PM PDT


-  INDICATES NEGATIVE NUMBERS.
R  INDICATES RECORD WAS SET OR TIED.
MM INDICATES DATA IS MISSING.
T  INDICATES TRACE AMOUNT.




$$
