000
CDUS46 KSEW 230125
CLISEW


CLIMATE REPORT
NATIONAL WEATHER SERVICE SEATTLE WA
524 PM PST MON JAN 22 2018


...................................

...THE SEATTLE WA WFO CLIMATE SUMMARY FOR JANUARY 22 2018...
VALID TODAY AS OF 0500 PM LOCAL TIME.

CLIMATE NORMAL PERIOD 1981 TO 2010
CLIMATE RECORD PERIOD 1986 TO 2018


WEATHER ITEM   OBSERVED TIME   RECORD YEAR     LAST
                VALUE   (LST)  VALUE           YEAR
....................................................
TEMPERATURE (F)
 TODAY
  MAXIMUM         48        MM  60    2005    50
  MINIMUM         41        MM  25    2008    40
  AVERAGE         45                          45

PRECIPITATION (IN)
  TODAY            0.12          0.70 2003     0.09
  MONTH TO DATE    5.50                        3.67
  SINCE OCT 1     22.37                       25.39
  SINCE JAN 1      5.50                        3.67

SNOWFALL (IN)
  TODAY            0.0                         0.0
  MONTH TO DATE    0.0                          T
  SINCE OCT 1      3.2                         1.4
  SINCE JUL 1      3.2                         1.4
  SNOW DEPTH       0

DEGREE DAYS
 HEATING
  TODAY           20                          20
  MONTH TO DATE  432                         605
  SINCE DEC 1   1183                        1417
  SINCE JUL 1   2158                        2228

 COOLING
  TODAY            0                           0
  MONTH TO DATE    0                           0
  SINCE DEC 1      0                           0
  SINCE JAN 1      0                           0
....................................................


WIND (MPH)
  HIGHEST WIND SPEED    MM   HIGHEST WIND DIRECTION    MM
  HIGHEST GUST SPEED    MM   HIGHEST GUST DIRECTION    MM
  AVERAGE WIND SPEED    MM



WEATHER CONDITIONS
 THE FOLLOWING WEATHER WAS RECORDED TODAY.
  LIGHT RAIN






-  INDICATES NEGATIVE NUMBERS.
R  INDICATES RECORD WAS SET OR TIED.
MM INDICATES DATA IS MISSING.
T  INDICATES TRACE AMOUNT.




$$
