000
CDUS46 KSEW 280121
CLISEW


CLIMATE REPORT
NATIONAL WEATHER SERVICE SEATTLE WA
521 PM PST MON FEB 27 2017


...................................

...THE SEATTLE WA WFO CLIMATE SUMMARY FOR FEBRUARY 27 2017...
VALID TODAY AS OF 0500 PM LOCAL TIME.

CLIMATE NORMAL PERIOD 1981 TO 2010
CLIMATE RECORD PERIOD 1986 TO 2017


WEATHER ITEM   OBSERVED TIME   RECORD YEAR     LAST
                VALUE   (LST)  VALUE           YEAR
....................................................
TEMPERATURE (F)
 TODAY
  MAXIMUM         42        MM  65    1990    56
  MINIMUM         32        MM  28    2002    43
  AVERAGE         37                          50

PRECIPITATION (IN)
  TODAY            0.37          0.70 2015     0.12
  MONTH TO DATE    8.03                        3.72
  SINCE OCT 1     33.45                       31.31
  SINCE JAN 1     11.73                       10.91

SNOWFALL (IN)
  TODAY            1.2                         0.0
  MONTH TO DATE    2.2                         0.0
  SINCE OCT 1      3.6                          T
  SINCE JUL 1      3.6                          T
  SNOW DEPTH       0

DEGREE DAYS
 HEATING
  TODAY           28                          15
  MONTH TO DATE  621                         464
  SINCE DEC 1   2243                        1788
  SINCE JUL 1   3054                        2772

 COOLING
  TODAY            0                           0
  MONTH TO DATE    0                           0
  SINCE DEC 1      0                           0
  SINCE JAN 1      0                           0
....................................................


WIND (MPH)
  HIGHEST WIND SPEED    MM   HIGHEST WIND DIRECTION    MM
  HIGHEST GUST SPEED    MM   HIGHEST GUST DIRECTION    MM
  AVERAGE WIND SPEED    MM



WEATHER CONDITIONS
 THE FOLLOWING WEATHER WAS RECORDED TODAY.
  THUNDERSTORM
  LIGHT RAIN
  SNOW
  LIGHT SNOW
  FOG






-  INDICATES NEGATIVE NUMBERS.
R  INDICATES RECORD WAS SET OR TIED.
MM INDICATES DATA IS MISSING.
T  INDICATES TRACE AMOUNT.




$$
