000
CDUS46 KMTR 060828
CLISFD


CLIMATE REPORT
NATIONAL WEATHER SERVICE SAN FRANCISCO BAY AREA
127 AM PDT FRI MAY 6 2016


...................................

...THE SAN FRANCISCO DWTN CA CLIMATE SUMMARY FOR MAY 5 2016...

CLIMATE NORMAL PERIOD 1981 TO 2010
CLIMATE RECORD PERIOD 1850 TO 2016


WEATHER ITEM   OBSERVED TIME   RECORD YEAR NORMAL DEPARTURE LAST
                VALUE   (LST)  VALUE       VALUE  FROM      YEAR
                                                  NORMAL
..................................................................
TEMPERATURE (F)
 YESTERDAY
  MAXIMUM         65    243 PM  93    1987  64      1       61
  MINIMUM         54   1143 PM  46    1952  50      4       50
  AVERAGE         60                        57      3       56

PRECIPITATION (IN)
  YESTERDAY        0.00          1.29 1889   0.03  -0.03     0.00
  MONTH TO DATE    0.00                      0.16  -0.16     0.00
  SINCE OCT 1     22.91                     22.68   0.23    17.34
  SINCE JAN 1     16.30                     13.84   2.46     2.89

DEGREE DAYS
 HEATING
  YESTERDAY        5                        MM     MM        9
  MONTH TO DATE   27                        MM     MM       42
  SINCE MAR 1    451                        MM     MM      439
  SINCE JUL 1   1776                        MM     MM     1513

 COOLING
  YESTERDAY        0                        MM     MM        0
  MONTH TO DATE    1                         0      1        0
  SINCE MAR 1     20                         0     20       14
  SINCE JAN 1     23                         0     23       14
..................................................................







THE SAN FRANCISCO DWTN CA CLIMATE NORMALS FOR TODAY
                         NORMAL    RECORD    YEAR
 MAXIMUM TEMPERATURE (F)   64        88      1987
 MINIMUM TEMPERATURE (F)   50        44      1964


SUNRISE AND SUNSET
MAY  6 2016...........SUNRISE   608 AM PDT   SUNSET   805 PM PDT
MAY  7 2016...........SUNRISE   607 AM PDT   SUNSET   806 PM PDT


-  INDICATES NEGATIVE NUMBERS.
R  INDICATES RECORD WAS SET OR TIED.
MM INDICATES DATA IS MISSING.
T  INDICATES TRACE AMOUNT.




$$
