000
CDUS46 KMTR 210037
CLISFD


CLIMATE REPORT
NATIONAL WEATHER SERVICE SAN FRANCISCO BAY AREA
537 PM PDT SUN APR 20 2014


...................................

...THE SAN FRANCISCO DWTN CA CLIMATE SUMMARY FOR APRIL 20 2014...
VALID TODAY AS OF 0500 PM LOCAL TIME.

CLIMATE NORMAL PERIOD 1981 TO 2010
CLIMATE RECORD PERIOD 1850 TO 2014


WEATHER ITEM   OBSERVED TIME   RECORD YEAR NORMAL DEPARTURE LAST
                VALUE   (LST)  VALUE       VALUE  FROM      YEAR
                                                  NORMAL
..................................................................
TEMPERATURE (F)
 TODAY
  MAXIMUM         75    143 PM  93    2009  63     12       71
  MINIMUM         51    443 AM  42    1963  49      2       51
  AVERAGE         63                        56      7       61

PRECIPITATION (IN)
  TODAY            0.00          1.81 1880   0.04  -0.04     0.00
  MONTH TO DATE    1.27                      1.09   0.18     1.01
  SINCE JUL 1     12.18                     22.42 -10.24    16.42
  SINCE JAN 1     10.10                     13.31  -3.21     3.32

DEGREE DAYS
 HEATING
  TODAY            2                        MM     MM        4
  MONTH TO DATE  147                        MM     MM      157
  SINCE MAR 1    346                        MM     MM      462
  SINCE JUL 1   2009                        MM     MM     2493

 COOLING
  TODAY            0                        MM     MM        0
  MONTH TO DATE    3                         0      3        0
  SINCE MAR 1      4                         0      4        0
  SINCE JAN 1      4                         0      4        0
..................................................................







THE SAN FRANCISCO DWTN CA CLIMATE NORMALS FOR TOMORROW
                         NORMAL    RECORD    YEAR
 MAXIMUM TEMPERATURE (F)   63        90      1987
 MINIMUM TEMPERATURE (F)   49        42      1967


SUNRISE AND SUNSET
APRIL 20 2014.........SUNRISE   628 AM PDT   SUNSET   750 PM PDT
APRIL 21 2014.........SUNRISE   626 AM PDT   SUNSET   751 PM PDT


-  INDICATES NEGATIVE NUMBERS.
R  INDICATES RECORD WAS SET OR TIED.
MM INDICATES DATA IS MISSING.
T  INDICATES TRACE AMOUNT.




$$
