000
CDUS46 KMTR 240929
CLISFD


CLIMATE REPORT
NATIONAL WEATHER SERVICE SAN FRANCISCO BAY AREA
229 AM PDT WED AUG 24 2016


...................................

...THE SAN FRANCISCO DWTN CA CLIMATE SUMMARY FOR AUGUST 23 2016...

CLIMATE NORMAL PERIOD 1981 TO 2010
CLIMATE RECORD PERIOD 1850 TO 2016


WEATHER ITEM   OBSERVED TIME   RECORD YEAR NORMAL DEPARTURE LAST
                VALUE   (LST)  VALUE       VALUE  FROM      YEAR
                                                  NORMAL
..................................................................
TEMPERATURE (F)
 YESTERDAY
  MAXIMUM         66    243 PM  89    1931  69     -3       69
  MINIMUM         57   1143 PM  50    1894  55      2       61
  AVERAGE         62                        62      0       65

PRECIPITATION (IN)
  YESTERDAY        0.00          0.05 1989   0.00   0.00     0.00
  MONTH TO DATE    0.02                      0.04  -0.02     0.02
  SINCE OCT 1     23.10                     23.42  -0.32    17.66
  SINCE JAN 1     16.49                     14.58   1.91     3.21

DEGREE DAYS
 HEATING
  YESTERDAY        3                        MM     MM        0
  MONTH TO DATE  114                        MM     MM       13
  SINCE JUN 1    422                        MM     MM      192
  SINCE JUL 1    282                        MM     MM       56

 COOLING
  YESTERDAY        0                        MM     MM        0
  MONTH TO DATE    0                         0      0       32
  SINCE JUN 1      5                         0      5       53
  SINCE JAN 1     31                         0     31       67
..................................................................







THE SAN FRANCISCO DWTN CA CLIMATE NORMALS FOR TODAY
                         NORMAL    RECORD    YEAR
 MAXIMUM TEMPERATURE (F)   69        98      2010
 MINIMUM TEMPERATURE (F)   55        50      1911


SUNRISE AND SUNSET
AUGUST 24 2016........SUNRISE   634 AM PDT   SUNSET   750 PM PDT
AUGUST 25 2016........SUNRISE   634 AM PDT   SUNSET   748 PM PDT


-  INDICATES NEGATIVE NUMBERS.
R  INDICATES RECORD WAS SET OR TIED.
MM INDICATES DATA IS MISSING.
T  INDICATES TRACE AMOUNT.




$$
