027
CDUS46 KMTR 100838
CLISFD


CLIMATE REPORT
NATIONAL WEATHER SERVICE SAN FRANCISCO BAY AREA
1235 AM PST WED FEB 10 2016


...................................

...THE SAN FRANCISCO DWTN CA CLIMATE SUMMARY FOR FEBRUARY 9 2016...

CLIMATE NORMAL PERIOD 1981 TO 2010
CLIMATE RECORD PERIOD 1850 TO 2016


WEATHER ITEM   OBSERVED TIME   RECORD YEAR NORMAL DEPARTURE LAST
                VALUE   (LST)  VALUE       VALUE  FROM      YEAR
                                                  NORMAL
..................................................................
TEMPERATURE (F)
 YESTERDAY
  MAXIMUM         72    143 PM  73    2006  60     12       64
  MINIMUM         54    543 AM  38    1901  47      7       53
  AVERAGE         63                        53     10       59

PRECIPITATION (IN)
  YESTERDAY        0.00          1.66 1879   0.16  -0.16     0.00
  MONTH TO DATE    0.15                      1.49  -1.34     1.47
  SINCE OCT 1     13.70                     14.83  -1.13    15.92
  SINCE JAN 1      7.09                      5.99   1.10     1.47

DEGREE DAYS
 HEATING
  YESTERDAY        2                        MM     MM        6
  MONTH TO DATE   77                        MM     MM       44
  SINCE DEC 1    828                        MM     MM      599
  SINCE JUL 1   1219                        MM     MM      968

 COOLING
  YESTERDAY        0                        MM     MM        0
  MONTH TO DATE    0                         0      0        0
  SINCE DEC 1      0                         0      0        0
  SINCE JAN 1      0                         0      0        0
..................................................................







THE SAN FRANCISCO DWTN CA CLIMATE NORMALS FOR TODAY
                         NORMAL    RECORD    YEAR
 MAXIMUM TEMPERATURE (F)   60        78      1988
 MINIMUM TEMPERATURE (F)   47        38      1894


SUNRISE AND SUNSET
FEBRUARY 10 2016......SUNRISE   705 AM PST   SUNSET   543 PM PST
FEBRUARY 11 2016......SUNRISE   704 AM PST   SUNSET   544 PM PST


-  INDICATES NEGATIVE NUMBERS.
R  INDICATES RECORD WAS SET OR TIED.
MM INDICATES DATA IS MISSING.
T  INDICATES TRACE AMOUNT.




$$
