000
CDUS46 KMTR 020826
CLISFD


CLIMATE REPORT
NATIONAL WEATHER SERVICE SAN FRANCISCO BAY AREA
125 AM PDT TUE SEP 2 2014


...................................

...THE SAN FRANCISCO DWTN CA CLIMATE SUMMARY FOR SEPTEMBER 1 2014...

CLIMATE NORMAL PERIOD 1981 TO 2010
CLIMATE RECORD PERIOD 1850 TO 2014


WEATHER ITEM   OBSERVED TIME   RECORD YEAR NORMAL DEPARTURE LAST
                VALUE   (LST)  VALUE       VALUE  FROM      YEAR
                                                  NORMAL
..................................................................
TEMPERATURE (F)
 YESTERDAY
  MAXIMUM         74    243 PM  90    1952  70      4       67
  MINIMUM         59    643 AM  48    1910  55      4       56
  AVERAGE         67                        63      4       62

PRECIPITATION (IN)
  YESTERDAY        0.00          0.14 2000   0.00   0.00     0.00
  MONTH TO DATE    0.00                      0.00   0.00     0.00
  SINCE JUL 1      0.09                      0.06   0.03     0.04
  SINCE JAN 1     10.55                     14.60  -4.05     3.55

DEGREE DAYS
 HEATING
  YESTERDAY        0                        MM     MM        3
  MONTH TO DATE    0                        MM     MM        3
  SINCE SEP 1      0                        MM     MM        3
  SINCE JUL 1    130                        MM     MM      273

 COOLING
  YESTERDAY        2                        MM     MM        0
  MONTH TO DATE    2                         0      2        0
  SINCE SEP 1      2                         0      2        0
  SINCE JAN 1     69                         0     69       28
..................................................................







THE SAN FRANCISCO DWTN CA CLIMATE NORMALS FOR TODAY
                         NORMAL    RECORD    YEAR
 MAXIMUM TEMPERATURE (F)   70        94      1991
 MINIMUM TEMPERATURE (F)   55        49      1910


SUNRISE AND SUNSET
SEPTEMBER  2 2014.....SUNRISE   641 AM PDT   SUNSET   737 PM PDT
SEPTEMBER  3 2014.....SUNRISE   642 AM PDT   SUNSET   736 PM PDT


-  INDICATES NEGATIVE NUMBERS.
R  INDICATES RECORD WAS SET OR TIED.
MM INDICATES DATA IS MISSING.
T  INDICATES TRACE AMOUNT.




$$
