000
CDUS46 KMTR 280030
CLISFD


CLIMATE REPORT
NATIONAL WEATHER SERVICE SAN FRANCISCO BAY AREA
430 PM PST MON FEB 27 2017


...................................

...THE SAN FRANCISCO DWTN CA CLIMATE SUMMARY FOR FEBRUARY 27 2017...
VALID TODAY AS OF 0400 PM LOCAL TIME.

CLIMATE NORMAL PERIOD 1981 TO 2010
CLIMATE RECORD PERIOD 1850 TO 2017


WEATHER ITEM   OBSERVED TIME   RECORD YEAR NORMAL DEPARTURE LAST
                VALUE   (LST)  VALUE       VALUE  FROM      YEAR
                                                  NORMAL
..................................................................
TEMPERATURE (F)
 TODAY
  MAXIMUM         55    143 PM  78    1986  61     -6       65
  MINIMUM         43    643 AM  38    1890  48     -5       53
  AVERAGE         49                        55     -6       59

PRECIPITATION (IN)
  TODAY            0.05          1.22 2006   0.14  -0.09     0.00
  MONTH TO DATE    7.60                      4.31   3.29     0.98
  SINCE OCT 1     26.05                     17.65   8.40    14.62
  SINCE JAN 1     17.02                      8.81   8.21     8.01

DEGREE DAYS
 HEATING
  TODAY           16                        MM     MM        6
  MONTH TO DATE  278                        MM     MM      173
  SINCE DEC 1   1117                        MM     MM      924
  SINCE JUL 1   1833                        MM     MM     1315

 COOLING
  TODAY            0                        MM     MM        0
  MONTH TO DATE    0                         0      0        3
  SINCE DEC 1      0                         0      0        3
  SINCE JAN 1      0                         0      0        3
..................................................................







THE SAN FRANCISCO DWTN CA CLIMATE NORMALS FOR TOMORROW
                         NORMAL    RECORD    YEAR
 MAXIMUM TEMPERATURE (F)   61        76      1986
 MINIMUM TEMPERATURE (F)   48        36      1951


SUNRISE AND SUNSET
FEBRUARY 27 2017......SUNRISE   643 AM PST   SUNSET   602 PM PST
FEBRUARY 28 2017......SUNRISE   642 AM PST   SUNSET   603 PM PST


-  INDICATES NEGATIVE NUMBERS.
R  INDICATES RECORD WAS SET OR TIED.
MM INDICATES DATA IS MISSING.
T  INDICATES TRACE AMOUNT.




$$
