000
CDUS46 KMTR 010026
CLISFD


CLIMATE REPORT
NATIONAL WEATHER SERVICE SAN FRANCISCO BAY AREA
526 PM PDT TUE SEP 30 2014


...................................

...THE SAN FRANCISCO DWTN CA CLIMATE SUMMARY FOR SEPTEMBER 30 2014...
VALID TODAY AS OF 0500 PM LOCAL TIME.

CLIMATE NORMAL PERIOD 1981 TO 2010
CLIMATE RECORD PERIOD 1850 TO 2014


WEATHER ITEM   OBSERVED TIME   RECORD YEAR NORMAL DEPARTURE LAST
                VALUE   (LST)  VALUE       VALUE  FROM      YEAR
                                                  NORMAL
..................................................................
TEMPERATURE (F)
 TODAY
  MAXIMUM         69    143 PM  96    2001  70     -1       68
  MINIMUM         58    643 AM  47    1900  55      3       57
  AVERAGE         64                        63      1       63

PRECIPITATION (IN)
  TODAY            0.00          0.72 1916   0.02  -0.02     0.00
  MONTH TO DATE    0.55                      0.21   0.34     0.39
  SINCE JUL 1      0.64                      0.27   0.37     0.43
  SINCE JAN 1     11.10                     14.81  -3.71     3.94

DEGREE DAYS
 HEATING
  TODAY            1                        MM     MM        2
  MONTH TO DATE   30                        MM     MM       53
  SINCE SEP 1     30                        MM     MM       53
  SINCE JUL 1    160                       375   -215      323

 COOLING
  TODAY            0                        MM     MM        0
  MONTH TO DATE   27                        30     -3       16
  SINCE SEP 1     27                        30     -3       16
  SINCE JAN 1     94                        84     10       44
..................................................................







THE SAN FRANCISCO DWTN CA CLIMATE NORMALS FOR TOMORROW
                         NORMAL    RECORD    YEAR
 MAXIMUM TEMPERATURE (F)   70        97      1980
 MINIMUM TEMPERATURE (F)   55        49      1950


SUNRISE AND SUNSET
SEPTEMBER 30 2014.....SUNRISE   704 AM PDT   SUNSET   654 PM PDT
OCTOBER  1 2014.......SUNRISE   705 AM PDT   SUNSET   653 PM PDT


-  INDICATES NEGATIVE NUMBERS.
R  INDICATES RECORD WAS SET OR TIED.
MM INDICATES DATA IS MISSING.
T  INDICATES TRACE AMOUNT.




$$
