000
CDUS46 KMTR 050046
CLISFD


CLIMATE REPORT
NATIONAL WEATHER SERVICE SAN FRANCISCO BAY AREA
546 PM PDT SAT JUL 4 2015


...................................

...THE SAN FRANCISCO DWTN CA CLIMATE SUMMARY FOR JULY 4 2015...
VALID TODAY AS OF 0500 PM LOCAL TIME.

CLIMATE NORMAL PERIOD 1981 TO 2010
CLIMATE RECORD PERIOD 1850 TO 2015


WEATHER ITEM   OBSERVED TIME   RECORD YEAR NORMAL DEPARTURE LAST
                VALUE   (LST)  VALUE       VALUE  FROM      YEAR
                                                  NORMAL
..................................................................
TEMPERATURE (F)
 TODAY
  MAXIMUM         66    243 PM  95    1905  67     -1       62
  MINIMUM         58    343 AM  47    1953  54      4       54
  AVERAGE         62                        60      2       58

PRECIPITATION (IN)
  TODAY            0.00          0.06 1925   0.00   0.00     0.00
  MONTH TO DATE    0.00                      0.00   0.00     0.00
  SINCE OCT 1     17.55                     23.38  -5.83    12.11
  SINCE JAN 1      3.10                     14.54 -11.44    10.46

DEGREE DAYS
 HEATING
  TODAY            3                        MM     MM        7
  MONTH TO DATE   11                        MM     MM       22
  SINCE JUN 1    147                        MM     MM      173
  SINCE JUL 1     11                        MM     MM       22

 COOLING
  TODAY            0                        MM     MM        0
  MONTH TO DATE    0                         0      0        0
  SINCE JUN 1      2                         0      2        1
  SINCE JAN 1     16                         0     16       50
..................................................................







THE SAN FRANCISCO DWTN CA CLIMATE NORMALS FOR TOMORROW
                         NORMAL    RECORD    YEAR
 MAXIMUM TEMPERATURE (F)   67        82      1905
 MINIMUM TEMPERATURE (F)   54        48      1898


SUNRISE AND SUNSET
JULY  4 2015..........SUNRISE   553 AM PDT   SUNSET   835 PM PDT
JULY  5 2015..........SUNRISE   553 AM PDT   SUNSET   835 PM PDT


-  INDICATES NEGATIVE NUMBERS.
R  INDICATES RECORD WAS SET OR TIED.
MM INDICATES DATA IS MISSING.
T  INDICATES TRACE AMOUNT.




$$
