323
CDUS46 KOTX 280836
CLISFF


CLIMATE REPORT
NATIONAL WEATHER SERVICE SPOKANE, WA
134 AM PDT FRI APR 28 2017


...................................

...THE SPOKANE WA FELTS AIRPORT CLIMATE SUMMARY FOR APRIL 27 2017...

CLIMATE NORMAL PERIOD 1981 TO 2010
CLIMATE RECORD PERIOD 9999 TO 9999


WEATHER ITEM   OBSERVED TIME   RECORD YEAR NORMAL DEPARTURE LAST
                VALUE   (LST)  VALUE       VALUE  FROM      YEAR
                                                  NORMAL
..................................................................
TEMPERATURE (F)
 YESTERDAY
  MAXIMUM         52    253 PM  MM      MM  62    -10       67
  MINIMUM         36    227 AM  MM      MM  37     -1       46
  AVERAGE         44                        50     -6       57

PRECIPITATION (IN)
  YESTERDAY        0.08         MM      MM   0.04   0.04     0.00
  MONTH TO DATE    1.88                      1.13   0.75     0.44
  SINCE OCT 1     19.59                     12.23   7.36    12.32
  SINCE JAN 1     10.50                      6.03   4.47     6.78

DEGREE DAYS
 HEATING
  YESTERDAY       21                        15      6        8
  MONTH TO DATE  475                       488    -13      258
  SINCE MAR 1   1158                      1238    -80      901
  SINCE JUL 1   5754                      5809    -55     4806

 COOLING
  YESTERDAY        0                         0      0        0
  MONTH TO DATE    0                         0      0        5
  SINCE MAR 1      0                         0      0        5
  SINCE JAN 1      0                         0      0        5
..................................................................


WIND (MPH)
  HIGHEST WIND SPEED    20   HIGHEST WIND DIRECTION    SW (220)
  HIGHEST GUST SPEED    25   HIGHEST GUST DIRECTION    SW (230)
  AVERAGE WIND SPEED     7.3


SKY COVER
  POSSIBLE SUNSHINE  MM
  AVERAGE SKY COVER 0.7


WEATHER CONDITIONS
 THE FOLLOWING WEATHER WAS RECORDED YESTERDAY.
  RAIN
  LIGHT RAIN


RELATIVE HUMIDITY (PERCENT)
 HIGHEST    92           100 AM
 LOWEST     54          1200 PM
 AVERAGE    73

..........................................................


THE SPOKANE WA FELTS AIRPORT CLIMATE NORMALS FOR TODAY
                         NORMAL    RECORD    YEAR
 MAXIMUM TEMPERATURE (F)   63        MM        MM
 MINIMUM TEMPERATURE (F)   37        MM        MM


SUNRISE AND SUNSET
APRIL 28 2017.........SUNRISE   536 AM PDT   SUNSET   758 PM PDT
APRIL 29 2017.........SUNRISE   535 AM PDT   SUNSET   759 PM PDT


-  INDICATES NEGATIVE NUMBERS.
R  INDICATES RECORD WAS SET OR TIED.
MM INDICATES DATA IS MISSING.
T  INDICATES TRACE AMOUNT.




$$
