000
CDUS46 KOTX 230823
CLISFF


CLIMATE REPORT
NATIONAL WEATHER SERVICE SPOKANE, WA
122 AM PDT SAT JUL 23 2016


...................................

...THE SPOKANE WA FELTS AIRPORT CLIMATE SUMMARY FOR JULY 22 2016...

CLIMATE NORMAL PERIOD 1981 TO 2010
CLIMATE RECORD PERIOD 9999 TO 9999


WEATHER ITEM   OBSERVED TIME   RECORD YEAR NORMAL DEPARTURE LAST
                VALUE   (LST)  VALUE       VALUE  FROM      YEAR
                                                  NORMAL
..................................................................
TEMPERATURE (F)
 YESTERDAY
  MAXIMUM         74    855 AM  MM      MM  87    -13       82
  MINIMUM         51    310 PM  MM      MM  55     -4       60
  AVERAGE         63                        71     -8       71

PRECIPITATION (IN)
  YESTERDAY        0.90         MM      MM   0.02   0.88     0.00
  MONTH TO DATE    1.27                      0.68   0.59     0.39
  SINCE OCT 1     16.24                     16.10   0.14    13.10
  SINCE JAN 1     10.70                      9.90   0.80     8.37

SNOWFALL (IN)
  YESTERDAY       MM

DEGREE DAYS
 HEATING
  YESTERDAY        2                         0      2        0
  MONTH TO DATE   11                        18     -7        0
  SINCE JUN 1     96                       136    -40       15
  SINCE JUL 1     11                        18     -7        0

 COOLING
  YESTERDAY        0                         6     -6        6
  MONTH TO DATE   66                       109    -43      257
  SINCE JUN 1    169                       149     20      481
  SINCE JAN 1    184                       156     28      519
..................................................................


WIND (MPH)
  HIGHEST WIND SPEED    21   HIGHEST WIND DIRECTION    SE (130)
  HIGHEST GUST SPEED    30   HIGHEST GUST DIRECTION     W (290)
  AVERAGE WIND SPEED     3.6


SKY COVER
  POSSIBLE SUNSHINE  MM
  AVERAGE SKY COVER 0.4


WEATHER CONDITIONS
 THE FOLLOWING WEATHER WAS RECORDED YESTERDAY.
  THUNDERSTORM
  HEAVY RAIN
  LIGHT RAIN
  FOG


RELATIVE HUMIDITY (PERCENT)
 HIGHEST    93           800 PM
 LOWEST     38           900 AM
 AVERAGE    66

..........................................................


THE SPOKANE WA FELTS AIRPORT CLIMATE NORMALS FOR TODAY
                         NORMAL    RECORD    YEAR
 MAXIMUM TEMPERATURE (F)   87        MM        MM
 MINIMUM TEMPERATURE (F)   55        MM        MM


SUNRISE AND SUNSET
JULY 23 2016..........SUNRISE   516 AM PDT   SUNSET   835 PM PDT
JULY 24 2016..........SUNRISE   517 AM PDT   SUNSET   833 PM PDT


-  INDICATES NEGATIVE NUMBERS.
R  INDICATES RECORD WAS SET OR TIED.
MM INDICATES DATA IS MISSING.
T  INDICATES TRACE AMOUNT.




$$
