000
CDUS46 KOTX 210846
CLISFF


CLIMATE REPORT
NATIONAL WEATHER SERVICE SPOKANE, WA
1245 AM PST WED FEB 21 2018


...................................

...THE SPOKANE WA FELTS AIRPORT CLIMATE SUMMARY FOR FEBRUARY 20 2018...

CLIMATE NORMAL PERIOD 1981 TO 2010
CLIMATE RECORD PERIOD 9999 TO 9999


WEATHER ITEM   OBSERVED TIME   RECORD YEAR NORMAL DEPARTURE LAST
                VALUE   (LST)  VALUE       VALUE  FROM      YEAR
                                                  NORMAL
..................................................................
TEMPERATURE (F)
 YESTERDAY
  MAXIMUM         24    409 PM  MM      MM  44    -20       44
  MINIMUM         10    451 AM  MM      MM  26    -16       31
  AVERAGE         17                        35    -18       38

PRECIPITATION (IN)
  YESTERDAY        0.00         MM      MM   0.04  -0.04     0.22
  MONTH TO DATE    1.54                      1.06   0.48     3.53
  SINCE OCT 1     10.59                      9.21   1.38    14.08
  SINCE JAN 1      3.69                      3.01   0.68     4.99

SNOWFALL (IN)
  YESTERDAY       MM

DEGREE DAYS
 HEATING
  YESTERDAY       48                        30     18       27
  MONTH TO DATE  605                       626    -21      645
  SINCE DEC 1   2613                      2764   -151     3131
  SINCE JUL 1   4018                      4338   -320     4320

 COOLING
  YESTERDAY        0                         0      0        0
  MONTH TO DATE    0                         0      0        0
  SINCE DEC 1      0                         0      0        0
  SINCE JAN 1      0                         0      0        0
..................................................................


WIND (MPH)
  HIGHEST WIND SPEED     9   HIGHEST WIND DIRECTION    SW (230)
  HIGHEST GUST SPEED    11   HIGHEST GUST DIRECTION    SW (230)
  AVERAGE WIND SPEED     1.7


SKY COVER
  POSSIBLE SUNSHINE  MM
  AVERAGE SKY COVER 0.9


WEATHER CONDITIONS
 THE FOLLOWING WEATHER WAS RECORDED YESTERDAY.
  NO SIGNIFICANT WEATHER WAS OBSERVED.


RELATIVE HUMIDITY (PERCENT)
 HIGHEST    83           500 AM
 LOWEST     40           400 PM
 AVERAGE    62

..........................................................


THE SPOKANE WA FELTS AIRPORT CLIMATE NORMALS FOR TODAY
                         NORMAL    RECORD    YEAR
 MAXIMUM TEMPERATURE (F)   44        MM        MM
 MINIMUM TEMPERATURE (F)   26        MM        MM


SUNRISE AND SUNSET
FEBRUARY 21 2018......SUNRISE   644 AM PST   SUNSET   522 PM PST
FEBRUARY 22 2018......SUNRISE   643 AM PST   SUNSET   524 PM PST


-  INDICATES NEGATIVE NUMBERS.
R  INDICATES RECORD WAS SET OR TIED.
MM INDICATES DATA IS MISSING.
T  INDICATES TRACE AMOUNT.




$$
