256
CDUS43 KSGF 010627
CLISGF


CLIMATE REPORT
NATIONAL WEATHER SERVICE SPRINGFIELD MO
127 AM CDT WED JUN 1 2016


...................................

...THE SPRINGFIELD MO CLIMATE SUMMARY FOR MAY 31 2016...

CLIMATE NORMAL PERIOD 1981 TO 2010
CLIMATE RECORD PERIOD 1888 TO 2016


WEATHER ITEM   OBSERVED TIME   RECORD YEAR NORMAL DEPARTURE LAST
                VALUE   (LST)  VALUE       VALUE  FROM      YEAR
                                                  NORMAL
..................................................................
TEMPERATURE (F)
 YESTERDAY
  MAXIMUM         81    307 PM  95    1934  79      2       66
  MINIMUM         65    557 AM  40    1889  59      6       57
  AVERAGE         73                        69      4       62

PRECIPITATION (IN)
  YESTERDAY        0.01          3.70 1906   0.15  -0.14      T
  MONTH TO DATE    4.53                      5.10  -0.57     6.23
  SINCE MAR 1      9.97                     13.04  -3.07    12.80
  SINCE JAN 1     11.25                     18.03  -6.78    15.40

SNOWFALL (IN)
  YESTERDAY        0.0
  MONTH TO DATE    0.0
  SINCE MAR 1      T
  SINCE JUL 1      3.0
  SNOW DEPTH       0

DEGREE DAYS
 HEATING
  YESTERDAY        0                         1     -1        3
  MONTH TO DATE  129                        94     35       63
  SINCE MAR 1    716                       976   -260      828
  SINCE JUL 1   3629                      4569   -940     4535

 COOLING
  YESTERDAY        8                         5      3        0
  MONTH TO DATE   93                        90      3      120
  SINCE MAR 1    120                       115      5      142
  SINCE JAN 1    120                       115      5      142
..................................................................


WIND (MPH)
  HIGHEST WIND SPEED    16   HIGHEST WIND DIRECTION    SE (130)
  HIGHEST GUST SPEED    21   HIGHEST GUST DIRECTION    SE (130)
  AVERAGE WIND SPEED     6.9


SKY COVER
  AVERAGE SKY COVER 0.7


WEATHER CONDITIONS
 THE FOLLOWING WEATHER WAS RECORDED YESTERDAY.
  NO SIGNIFICANT WEATHER WAS OBSERVED.


RELATIVE HUMIDITY (PERCENT)
 HIGHEST    93           400 AM
 LOWEST     54           300 PM
 AVERAGE    74

..........................................................


THE SPRINGFIELD MO CLIMATE NORMALS FOR TODAY
                         NORMAL    RECORD    YEAR
 MAXIMUM TEMPERATURE (F)   80        95      1934
 MINIMUM TEMPERATURE (F)   59        42      1966


SUNRISE AND SUNSET
JUNE  1 2016..........SUNRISE   555 AM CDT   SUNSET   829 PM CDT
JUNE  2 2016..........SUNRISE   554 AM CDT   SUNSET   829 PM CDT


-  INDICATES NEGATIVE NUMBERS.
R  INDICATES RECORD WAS SET OR TIED.
MM INDICATES DATA IS MISSING.
T  INDICATES TRACE AMOUNT.




$$
