000
CDUS43 KSGF 300626
CLISGF


CLIMATE REPORT
NATIONAL WEATHER SERVICE SPRINGFIELD MO
125 AM CDT TUE AUG 30 2016


...................................

...THE SPRINGFIELD MO CLIMATE SUMMARY FOR AUGUST 29 2016...

CLIMATE NORMAL PERIOD 1981 TO 2010
CLIMATE RECORD PERIOD 1888 TO 2016


WEATHER ITEM   OBSERVED TIME   RECORD YEAR NORMAL DEPARTURE LAST
                VALUE   (LST)  VALUE       VALUE  FROM      YEAR
                                                  NORMAL
..................................................................
TEMPERATURE (F)
 YESTERDAY
  MAXIMUM         93   1252 PM 106    1984  87      6       83
  MINIMUM         71    546 AM  46    1988  65      6       67
  AVERAGE         82                        76      6       75

PRECIPITATION (IN)
  YESTERDAY        0.00          0.83 1975   0.13  -0.13      T
  MONTH TO DATE    2.12                      3.28  -1.16     6.13
  SINCE JUN 1     13.87                     11.81   2.06    20.12
  SINCE JAN 1     25.12                     29.84  -4.72    35.52

SNOWFALL (IN)
  YESTERDAY        0.0
  MONTH TO DATE    0.0
  SINCE JUN 1      0.0
  SINCE JUL 1      0.0
  SNOW DEPTH       0

DEGREE DAYS
 HEATING
  YESTERDAY        0                         0      0        0
  MONTH TO DATE    0                         0      0        3
  SINCE JUN 1      0                         9     -9        4
  SINCE JUL 1      0                         0      0        3

 COOLING
  YESTERDAY       17                        11      6       10
  MONTH TO DATE  411                       379     32      287
  SINCE JUN 1   1283                      1052    231     1100
  SINCE JAN 1   1403                      1167    236     1242
..................................................................


WIND (MPH)
  HIGHEST WIND SPEED    14   HIGHEST WIND DIRECTION     S (170)
  HIGHEST GUST SPEED    17   HIGHEST GUST DIRECTION     S (170)
  AVERAGE WIND SPEED     4.8


SKY COVER
  AVERAGE SKY COVER 0.2


WEATHER CONDITIONS
 THE FOLLOWING WEATHER WAS RECORDED YESTERDAY.
  NO SIGNIFICANT WEATHER WAS OBSERVED.


RELATIVE HUMIDITY (PERCENT)
 HIGHEST    90           600 AM
 LOWEST     41          1200 PM
 AVERAGE    66

..........................................................


THE SPRINGFIELD MO CLIMATE NORMALS FOR TODAY
                         NORMAL    RECORD    YEAR
 MAXIMUM TEMPERATURE (F)   87       101      2000
                                             1947
 MINIMUM TEMPERATURE (F)   64        48      1946


SUNRISE AND SUNSET
AUGUST 30 2016........SUNRISE   643 AM CDT   SUNSET   744 PM CDT
AUGUST 31 2016........SUNRISE   644 AM CDT   SUNSET   743 PM CDT


-  INDICATES NEGATIVE NUMBERS.
R  INDICATES RECORD WAS SET OR TIED.
MM INDICATES DATA IS MISSING.
T  INDICATES TRACE AMOUNT.




$$
