000
CDUS43 KSGF 230634
CLISGF


CLIMATE REPORT
NATIONAL WEATHER SERVICE SPRINGFIELD MO
1234 AM CST MON JAN 23 2017


...................................

...THE SPRINGFIELD MO CLIMATE SUMMARY FOR JANUARY 22 2017...

CLIMATE NORMAL PERIOD 1981 TO 2010
CLIMATE RECORD PERIOD 1888 TO 2017


WEATHER ITEM   OBSERVED TIME   RECORD YEAR NORMAL DEPARTURE LAST
                VALUE   (LST)  VALUE       VALUE  FROM      YEAR
                                                  NORMAL
..................................................................
TEMPERATURE (F)
 YESTERDAY
  MAXIMUM         52   1235 AM  74    1967  43      9       33
  MINIMUM         36    928 PM -11    1930  22     14       22
  AVERAGE         44                        33     11       28

PRECIPITATION (IN)
  YESTERDAY        0.50          0.97 1937   0.08   0.42      T
  MONTH TO DATE    4.07                      1.81   2.26     0.92
  SINCE DEC 1      4.69                      4.85  -0.16    12.35
  SINCE JAN 1      4.07                      1.81   2.26     0.92

SNOWFALL (IN)
  YESTERDAY        0.0
  MONTH TO DATE    1.5
  SINCE DEC 1      1.7
  SINCE JUL 1      1.7
  SNOW DEPTH       0

DEGREE DAYS
 HEATING
  YESTERDAY       21                        32    -11       37
  MONTH TO DATE  585                       719   -134      740
  SINCE DEC 1   1482                      1650   -168     1389
  SINCE JUL 1   1998                      2529   -531     2034

 COOLING
  YESTERDAY        0                         0      0        0
  MONTH TO DATE    0                         0      0        0
  SINCE DEC 1      0                         0      0        0
  SINCE JAN 1      0                         0      0        0
..................................................................


WIND (MPH)
  HIGHEST WIND SPEED    26   HIGHEST WIND DIRECTION     N (340)
  HIGHEST GUST SPEED    32   HIGHEST GUST DIRECTION    NW (330)
  AVERAGE WIND SPEED    15.2


SKY COVER
  AVERAGE SKY COVER 1.0


WEATHER CONDITIONS
 THE FOLLOWING WEATHER WAS RECORDED YESTERDAY.
  RAIN
  LIGHT RAIN
  FOG


RELATIVE HUMIDITY (PERCENT)
 HIGHEST    96           600 PM
 LOWEST     85          1000 PM
 AVERAGE    91

..........................................................


THE SPRINGFIELD MO CLIMATE NORMALS FOR TODAY
                         NORMAL    RECORD    YEAR
 MAXIMUM TEMPERATURE (F)   43        75      1909
 MINIMUM TEMPERATURE (F)   22       -10      1963


SUNRISE AND SUNSET
JANUARY 23 2017.......SUNRISE   723 AM CST   SUNSET   529 PM CST
JANUARY 24 2017.......SUNRISE   722 AM CST   SUNSET   530 PM CST


-  INDICATES NEGATIVE NUMBERS.
R  INDICATES RECORD WAS SET OR TIED.
MM INDICATES DATA IS MISSING.
T  INDICATES TRACE AMOUNT.




$$
