000
CDUS45 KBYZ 310939
CLISHR


CLIMATE REPORT
NATIONAL WEATHER SERVICE BILLINGS MT
337 AM MDT THU JUL 31 2014


...................................

...THE SHERIDAN WY CLIMATE SUMMARY FOR JULY 30 2014...

CLIMATE NORMAL PERIOD 1981 TO 2010
CLIMATE RECORD PERIOD 1907 TO 2014


WEATHER ITEM   OBSERVED TIME   RECORD YEAR NORMAL DEPARTURE LAST
                VALUE   (LST)  VALUE       VALUE  FROM      YEAR
                                                  NORMAL
..................................................................
TEMPERATURE (F)
 YESTERDAY
  MAXIMUM         88    419 PM 103    1988  89     -1       82
  MINIMUM         48    442 AM  36    1971  54     -6       52
  AVERAGE         68                        72     -4       67

PRECIPITATION (IN)
  YESTERDAY        0.00          0.44 1911   0.04  -0.04     0.05
  MONTH TO DATE    1.01                      1.15  -0.14     0.43
  SINCE OCT 1     13.78                     11.98   1.80    12.48
  SINCE JAN 1     10.02                      9.30   0.72     9.94

SNOWFALL (IN)
  YESTERDAY       MM             0.0  2001   0.0   MM       MM
                                      2000
  MONTH TO DATE   MM                         0.0   MM       MM
  SINCE JUN 1     MM                         T     MM       MM
  SINCE JUL 1     MM                         0.0   MM       MM
  SNOW DEPTH      MM

DEGREE DAYS
 HEATING
  YESTERDAY        0                         0      0        0
  MONTH TO DATE    9                        24    -15        1
  SINCE JUN 1    191                       173     18      121
  SINCE JUL 1      9                        24    -15        1

 COOLING
  YESTERDAY        3                         7     -4        2
  MONTH TO DATE  170                       177     -7      218
  SINCE JUN 1    178                       223    -45      266
  SINCE JAN 1    186                       227    -41      274
..................................................................


WIND (MPH)
  HIGHEST WIND SPEED    10   HIGHEST WIND DIRECTION    NE (30)
  HIGHEST GUST SPEED    13   HIGHEST GUST DIRECTION     E (110)
  AVERAGE WIND SPEED     2.9


SKY COVER
  POSSIBLE SUNSHINE  MM
  AVERAGE SKY COVER 0.0


WEATHER CONDITIONS
 THE FOLLOWING WEATHER WAS RECORDED YESTERDAY.
  NO SIGNIFICANT WEATHER WAS OBSERVED.


RELATIVE HUMIDITY (PERCENT)
 HIGHEST    86           500 AM
 LOWEST     14           400 PM
 AVERAGE    50

..........................................................


THE SHERIDAN WY CLIMATE NORMALS FOR TODAY
                         NORMAL    RECORD    YEAR
 MAXIMUM TEMPERATURE (F)   89       100      1989
                                             1983
                                             1926
 MINIMUM TEMPERATURE (F)   54        37      1968


SUNRISE AND SUNSET
JULY 31 2014..........SUNRISE   553 AM MDT   SUNSET   835 PM MDT
AUGUST  1 2014........SUNRISE   554 AM MDT   SUNSET   834 PM MDT


-  INDICATES NEGATIVE NUMBERS.
R  INDICATES RECORD WAS SET OR TIED.
MM INDICATES DATA IS MISSING.
T  INDICATES TRACE AMOUNT.




$$
