000
CDUS45 KBYZ 220723
CLISHR


CLIMATE REPORT
NATIONAL WEATHER SERVICE BILLINGS MT
123 AM MDT SAT JUL 22 2017


...................................

...THE SHERIDAN WY CLIMATE SUMMARY FOR JULY 21 2017...

CLIMATE NORMAL PERIOD 1981 TO 2010
CLIMATE RECORD PERIOD 1907 TO 2017


WEATHER ITEM   OBSERVED TIME   RECORD YEAR NORMAL DEPARTURE LAST
                VALUE   (LST)  VALUE       VALUE  FROM      YEAR
                                                  NORMAL
..................................................................
TEMPERATURE (F)
 YESTERDAY
  MAXIMUM         91    436 PM 102    2007  89      2       99
                                      1982
                                      1931
  MINIMUM         57   1159 PM  42    1978  54      3       55
  AVERAGE         74                        71      3       77

PRECIPITATION (IN)
  YESTERDAY        0.00          0.48 2014   0.03  -0.03     0.00
  MONTH TO DATE    0.34                      0.83  -0.49     0.16
  SINCE OCT 1     17.15                     11.66   5.49    10.16
  SINCE JAN 1     13.42                      8.98   4.44     8.01

DEGREE DAYS
 HEATING
  YESTERDAY        0                         0      0        0
  MONTH TO DATE    0                        24    -24        6
  SINCE JUN 1     78                       173    -95       22
  SINCE JUL 1      0                        24    -24        6

 COOLING
  YESTERDAY        9                         7      2       12
  MONTH TO DATE  210                       114     96      134
  SINCE JUN 1    244                       160     84      257
  SINCE JAN 1    244                       164     80      259
..................................................................


WIND (MPH)
  HIGHEST WIND SPEED    21   HIGHEST WIND DIRECTION    NW (330)
  HIGHEST GUST SPEED    26   HIGHEST GUST DIRECTION     N (340)
  AVERAGE WIND SPEED     6.4


SKY COVER
  POSSIBLE SUNSHINE  MM
  AVERAGE SKY COVER 0.0


WEATHER CONDITIONS
 THE FOLLOWING WEATHER WAS RECORDED YESTERDAY.
  NO SIGNIFICANT WEATHER WAS OBSERVED.


RELATIVE HUMIDITY (PERCENT)
 HIGHEST    78           300 AM
 LOWEST     14           400 PM
 AVERAGE    46

..........................................................


THE SHERIDAN WY CLIMATE NORMALS FOR TODAY
                         NORMAL    RECORD    YEAR
 MAXIMUM TEMPERATURE (F)   89       103      2005
 MINIMUM TEMPERATURE (F)   54        41      1978


SUNRISE AND SUNSET
JULY 22 2017..........SUNRISE   543 AM MDT   SUNSET   845 PM MDT
JULY 23 2017..........SUNRISE   544 AM MDT   SUNSET   844 PM MDT


-  INDICATES NEGATIVE NUMBERS.
R  INDICATES RECORD WAS SET OR TIED.
MM INDICATES DATA IS MISSING.
T  INDICATES TRACE AMOUNT.




$$
