000
CDUS45 KBYZ 302226
CLISHR


CLIMATE REPORT
NATIONAL WEATHER SERVICE BILLINGS MT
424 PM MDT SAT JUL 30 2016


...................................

...THE SHERIDAN WY CLIMATE SUMMARY FOR JULY 30 2016...
VALID TODAY AS OF 0400 PM LOCAL TIME.

CLIMATE NORMAL PERIOD 1981 TO 2010
CLIMATE RECORD PERIOD 1907 TO 2016


WEATHER ITEM   OBSERVED TIME   RECORD YEAR NORMAL DEPARTURE LAST
                VALUE   (LST)  VALUE       VALUE  FROM      YEAR
                                                  NORMAL
..................................................................
TEMPERATURE (F)
 TODAY
  MAXIMUM         99    303 PM 103    1988  89     10       90
  MINIMUM         54    449 AM  36    1971  54      0       47
  AVERAGE         77                        72      5       69

PRECIPITATION (IN)
  TODAY            0.00          0.44 1911   0.04  -0.04     0.00
  MONTH TO DATE    0.20                      1.15  -0.95     0.84
  SINCE OCT 1     10.20                     11.98  -1.78    15.26
  SINCE JAN 1      8.05                      9.30  -1.25    12.87

DEGREE DAYS
 HEATING
  TODAY            0                         0      0        0
  MONTH TO DATE    6                        24    -18       20
  SINCE JUN 1     22                       173   -151       64
  SINCE JUL 1      6                        24    -18       20

 COOLING
  TODAY           12                         7      5        4
  MONTH TO DATE  225                       177     48      140
  SINCE JUN 1    348                       223    125      219
  SINCE JAN 1    350                       227    123      219
..................................................................


WIND (MPH)
  HIGHEST WIND SPEED    14   HIGHEST WIND DIRECTION     N (350)
  HIGHEST GUST SPEED    19   HIGHEST GUST DIRECTION     N (360)
  AVERAGE WIND SPEED     4.2


SKY COVER
  POSSIBLE SUNSHINE  MM
  AVERAGE SKY COVER 0.0


WEATHER CONDITIONS
 THE FOLLOWING WEATHER WAS RECORDED TODAY.
  NO SIGNIFICANT WEATHER WAS OBSERVED.


RELATIVE HUMIDITY (PERCENT)
 HIGHEST    83           400 AM
 LOWEST     16           200 PM
 AVERAGE    50

..........................................................


THE SHERIDAN WY CLIMATE NORMALS FOR TOMORROW
                         NORMAL    RECORD    YEAR
 MAXIMUM TEMPERATURE (F)   89       100      1989
                                             1983
                                             1926
 MINIMUM TEMPERATURE (F)   54        37      1968


SUNRISE AND SUNSET
JULY 30 2016..........SUNRISE   552 AM MDT   SUNSET   836 PM MDT
JULY 31 2016..........SUNRISE   553 AM MDT   SUNSET   834 PM MDT


-  INDICATES NEGATIVE NUMBERS.
R  INDICATES RECORD WAS SET OR TIED.
MM INDICATES DATA IS MISSING.
T  INDICATES TRACE AMOUNT.




$$
