000
CDUS45 KBYZ 242232
CLISHR


CLIMATE REPORT
NATIONAL WEATHER SERVICE BILLINGS MT
431 PM MDT FRI MAR 24 2017


...................................

...THE SHERIDAN WY CLIMATE SUMMARY FOR MARCH 24 2017...
VALID TODAY AS OF 0400 PM LOCAL TIME.

CLIMATE NORMAL PERIOD 1981 TO 2010
CLIMATE RECORD PERIOD 1907 TO 2017


WEATHER ITEM   OBSERVED TIME   RECORD YEAR NORMAL DEPARTURE LAST
                VALUE   (LST)  VALUE       VALUE  FROM      YEAR
                                                  NORMAL
..................................................................
TEMPERATURE (F)
 TODAY
  MAXIMUM         63    259 PM  77    1993  51     12       55
  MINIMUM         28    559 AM -19    1965  24      4       26
  AVERAGE         46                        38      8       41

PRECIPITATION (IN)
  TODAY            0.00          0.60 1915   0.04  -0.04     0.01
  MONTH TO DATE    1.51                      0.71   0.80     0.80
  SINCE OCT 1      6.94                      4.49   2.45     4.40
  SINCE JAN 1      3.21                      1.81   1.40     2.25

DEGREE DAYS
 HEATING
  TODAY           19                        27     -8       24
  MONTH TO DATE  590                       741   -151      580
  SINCE MAR 1    590                       741   -151      580
  SINCE JUL 1   6112                      6276   -164     5326

 COOLING
  TODAY            0                         0      0        0
  MONTH TO DATE    0                         0      0        0
  SINCE MAR 1      0                         0      0        0
  SINCE JAN 1      0                         0      0        0
..................................................................


WIND (MPH)
  HIGHEST WIND SPEED    18   HIGHEST WIND DIRECTION    SE (150)
  HIGHEST GUST SPEED    23   HIGHEST GUST DIRECTION    SE (120)
  AVERAGE WIND SPEED     6.8


SKY COVER
  POSSIBLE SUNSHINE  MM
  AVERAGE SKY COVER 0.0


WEATHER CONDITIONS
 THE FOLLOWING WEATHER WAS RECORDED TODAY.
  NO SIGNIFICANT WEATHER WAS OBSERVED.


RELATIVE HUMIDITY (PERCENT)
 HIGHEST    89           100 AM
 LOWEST     30           300 PM
 AVERAGE    60

..........................................................


THE SHERIDAN WY CLIMATE NORMALS FOR TOMORROW
                         NORMAL    RECORD    YEAR
 MAXIMUM TEMPERATURE (F)   51        77      2007
 MINIMUM TEMPERATURE (F)   25       -23      1965


SUNRISE AND SUNSET
MARCH 24 2017.........SUNRISE   703 AM MDT   SUNSET   726 PM MDT
MARCH 25 2017.........SUNRISE   701 AM MDT   SUNSET   727 PM MDT


-  INDICATES NEGATIVE NUMBERS.
R  INDICATES RECORD WAS SET OR TIED.
MM INDICATES DATA IS MISSING.
T  INDICATES TRACE AMOUNT.




$$
