000
CDUS45 KBYZ 020932
CLISHR


CLIMATE REPORT
NATIONAL WEATHER SERVICE BILLINGS MT
331 AM MDT TUE SEP 2 2014


...................................

...THE SHERIDAN WY CLIMATE SUMMARY FOR SEPTEMBER 1 2014...

CLIMATE NORMAL PERIOD 1981 TO 2010
CLIMATE RECORD PERIOD 1907 TO 2014


WEATHER ITEM   OBSERVED TIME   RECORD YEAR NORMAL DEPARTURE LAST
                VALUE   (LST)  VALUE       VALUE  FROM      YEAR
                                                  NORMAL
..................................................................
TEMPERATURE (F)
 YESTERDAY
  MAXIMUM         70    414 PM 103    1983  82    -12       92
  MINIMUM         44   1152 PM  34    1930  47     -3       45
                                      1924
  AVERAGE         57                        64     -7       69

PRECIPITATION (IN)
  YESTERDAY        0.16          0.58 1919   0.03   0.13     0.00
  MONTH TO DATE    0.16                      0.03   0.13     0.00
  SINCE OCT 1     14.99                     12.76   2.23    12.53
  SINCE JAN 1     11.23                     10.08   1.15     9.99

SNOWFALL (IN)
  YESTERDAY       MM             0.0  2000   0.0   MM       MM
  MONTH TO DATE   MM                         0.0   MM       MM
  SINCE SEP 1     MM                         0.0   MM       MM
  SINCE JUL 1     MM                         0.0   MM       MM
  SNOW DEPTH      MM

DEGREE DAYS
 HEATING
  YESTERDAY        8                         3      5        0
  MONTH TO DATE    8                         3      5        0
  SINCE SEP 1      8                         3      5        0
  SINCE JUL 1     58                        65     -7        1

 COOLING
  YESTERDAY        0                         3     -3        4
  MONTH TO DATE    0                         3     -3        4
  SINCE SEP 1      0                         3     -3        4
  SINCE JAN 1    318                       393    -75      514
..................................................................


WIND (MPH)
  HIGHEST WIND SPEED    24   HIGHEST WIND DIRECTION    NW (310)
  HIGHEST GUST SPEED    30   HIGHEST GUST DIRECTION    NW (310)
  AVERAGE WIND SPEED     7.6


SKY COVER
  POSSIBLE SUNSHINE  MM
  AVERAGE SKY COVER 0.5


WEATHER CONDITIONS
 THE FOLLOWING WEATHER WAS RECORDED YESTERDAY.
  HEAVY RAIN
  RAIN
  LIGHT RAIN
  FOG


RELATIVE HUMIDITY (PERCENT)
 HIGHEST    89          1100 PM
 LOWEST     33           400 PM
 AVERAGE    61

..........................................................


THE SHERIDAN WY CLIMATE NORMALS FOR TODAY
                         NORMAL    RECORD    YEAR
 MAXIMUM TEMPERATURE (F)   81       100      1940
 MINIMUM TEMPERATURE (F)   47        30      1914


SUNRISE AND SUNSET
SEPTEMBER  2 2014.....SUNRISE   631 AM MDT   SUNSET   743 PM MDT
SEPTEMBER  3 2014.....SUNRISE   633 AM MDT   SUNSET   741 PM MDT


-  INDICATES NEGATIVE NUMBERS.
R  INDICATES RECORD WAS SET OR TIED.
MM INDICATES DATA IS MISSING.
T  INDICATES TRACE AMOUNT.




$$
