000
CDUS45 KBYZ 281039
CLISHR


CLIMATE REPORT
NATIONAL WEATHER SERVICE BILLINGS MT
331 AM MST SAT FEB 28 2015


...................................

...THE SHERIDAN WY CLIMATE SUMMARY FOR FEBRUARY 27 2015...

CLIMATE NORMAL PERIOD 1981 TO 2010
CLIMATE RECORD PERIOD 1907 TO 2015


WEATHER ITEM   OBSERVED TIME   RECORD YEAR NORMAL DEPARTURE LAST
                VALUE   (LST)  VALUE       VALUE  FROM      YEAR
                                                  NORMAL
..................................................................
TEMPERATURE (F)
 YESTERDAY
  MAXIMUM         19    413 PM  70    1992  42    -23       37
                                      1932
  MINIMUM        -13    655 AM -19    1947  17    -30        0
  AVERAGE          3                        30    -27       19

PRECIPITATION (IN)
  YESTERDAY        0.00          0.48        0.02  -0.02      T
  MONTH TO DATE    1.28                      0.52   0.76     0.99
  SINCE OCT 1      4.12                      3.76   0.36     5.39
  SINCE JAN 1      1.73                      1.08   0.65     1.63

DEGREE DAYS
 HEATING
  YESTERDAY       62                        35     27       46
  MONTH TO DATE  925                      1038   -113     1302
  SINCE DEC 1   3352                      3620   -268     3897
  SINCE JUL 1   5178                      5498   -320     5702

 COOLING
  YESTERDAY        0                         0      0        0
  MONTH TO DATE    0                         0      0        0
  SINCE DEC 1      0                         0      0        0
  SINCE JAN 1      0                         0      0        0
..................................................................


WIND (MPH)
  HIGHEST WIND SPEED    13   HIGHEST WIND DIRECTION    NW (310)
  HIGHEST GUST SPEED    16   HIGHEST GUST DIRECTION    NW (300)
  AVERAGE WIND SPEED     2.3


SKY COVER
  POSSIBLE SUNSHINE  MM
  AVERAGE SKY COVER 0.2


WEATHER CONDITIONS
 THE FOLLOWING WEATHER WAS RECORDED YESTERDAY.
  NO SIGNIFICANT WEATHER WAS OBSERVED.


RELATIVE HUMIDITY (PERCENT)
 HIGHEST    87           600 AM
 LOWEST     56           400 PM
 AVERAGE    72

..........................................................


THE SHERIDAN WY CLIMATE NORMALS FOR TODAY
                         NORMAL    RECORD    YEAR
 MAXIMUM TEMPERATURE (F)   43        68      2006
                                             1992
 MINIMUM TEMPERATURE (F)   17       -22      1962


SUNRISE AND SUNSET
FEBRUARY 28 2015......SUNRISE   647 AM MST   SUNSET   554 PM MST
MARCH  1 2015.........SUNRISE   646 AM MST   SUNSET   555 PM MST


-  INDICATES NEGATIVE NUMBERS.
R  INDICATES RECORD WAS SET OR TIED.
MM INDICATES DATA IS MISSING.
T  INDICATES TRACE AMOUNT.




$$
