000
CDUS45 KBYZ 250944
CLISHR


CLIMATE REPORT
NATIONAL WEATHER SERVICE BILLINGS MT
341 AM MDT TUE APR 25 2017


...................................

...THE SHERIDAN WY CLIMATE SUMMARY FOR APRIL 24 2017...

CLIMATE NORMAL PERIOD 1981 TO 2010
CLIMATE RECORD PERIOD 1907 TO 2017


WEATHER ITEM   OBSERVED TIME   RECORD YEAR NORMAL DEPARTURE LAST
                VALUE   (LST)  VALUE       VALUE  FROM      YEAR
                                                  NORMAL
..................................................................
TEMPERATURE (F)
 YESTERDAY
  MAXIMUM         59    226 PM  84    2012  60     -1       48
                                      1962
  MINIMUM         34    450 AM  13    1958  32      2       33
  AVERAGE         47                        46      1       41

PRECIPITATION (IN)
  YESTERDAY        0.56          1.71 2016   0.07   0.49     1.71
  MONTH TO DATE    1.52                      1.17   0.35     2.97
  SINCE OCT 1     10.38                      5.93   4.45     8.16
  SINCE JAN 1      6.65                      3.25   3.40     6.01

DEGREE DAYS
 HEATING
  YESTERDAY       18                        19     -1       24
  MONTH TO DATE  434                       533    -99      397
  SINCE MAR 1   1169                      1457   -288     1167
  SINCE JUL 1   6691                      6992   -301     5913

 COOLING
  YESTERDAY        0                         0      0        0
  MONTH TO DATE    0                         0      0        0
  SINCE MAR 1      0                         0      0        0
  SINCE JAN 1      0                         0      0        0
..................................................................


WIND (MPH)
  HIGHEST WIND SPEED    16   HIGHEST WIND DIRECTION    NW (320)
  HIGHEST GUST SPEED    22   HIGHEST GUST DIRECTION    NW (330)
  AVERAGE WIND SPEED     5.3


SKY COVER
  POSSIBLE SUNSHINE  MM
  AVERAGE SKY COVER 0.6


WEATHER CONDITIONS
 THE FOLLOWING WEATHER WAS RECORDED YESTERDAY.
  RAIN
  LIGHT RAIN
  FOG


RELATIVE HUMIDITY (PERCENT)
 HIGHEST    93           600 PM
 LOWEST     40          1200 PM
 AVERAGE    67

..........................................................


THE SHERIDAN WY CLIMATE NORMALS FOR TODAY
                         NORMAL    RECORD    YEAR
 MAXIMUM TEMPERATURE (F)   60        81      1952
                                             1910
 MINIMUM TEMPERATURE (F)   32        14      1988
                                             1958
                                             1950


SUNRISE AND SUNSET
APRIL 25 2017.........SUNRISE   606 AM MDT   SUNSET   806 PM MDT
APRIL 26 2017.........SUNRISE   605 AM MDT   SUNSET   807 PM MDT


-  INDICATES NEGATIVE NUMBERS.
R  INDICATES RECORD WAS SET OR TIED.
MM INDICATES DATA IS MISSING.
T  INDICATES TRACE AMOUNT.




$$
