000
CDUS45 KBYZ 100938
CLISHR


CLIMATE REPORT
NATIONAL WEATHER SERVICE BILLINGS MT
337 AM MDT THU JUL 10 2014


...................................

...THE SHERIDAN WY CLIMATE SUMMARY FOR JULY 9 2014...

CLIMATE NORMAL PERIOD 1981 TO 2010
CLIMATE RECORD PERIOD 1907 TO 2014


WEATHER ITEM   OBSERVED TIME   RECORD YEAR NORMAL DEPARTURE LAST
                VALUE   (LST)  VALUE       VALUE  FROM      YEAR
                                                  NORMAL
..................................................................
TEMPERATURE (F)
 YESTERDAY
  MAXIMUM         91    323 PM 103    2005  86      5       83
                                      1954
  MINIMUM         51    434 AM  37    1911  52     -1       52
  AVERAGE         71                        69      2       68

PRECIPITATION (IN)
  YESTERDAY        0.00          0.44 1951   0.04  -0.04     0.00
  MONTH TO DATE    0.08                      0.36  -0.28     0.36
  SINCE OCT 1     12.85                     11.19   1.66    12.41
  SINCE JAN 1      9.09                      8.51   0.58     9.87

SNOWFALL (IN)
  YESTERDAY       MM             0.0  2001   0.0   MM       MM
                                      2000
  MONTH TO DATE   MM                         0.0   MM       MM
  SINCE JUN 1     MM                         T     MM       MM
  SINCE JUL 1     MM                         0.0   MM       MM
  SNOW DEPTH      MM

DEGREE DAYS
 HEATING
  YESTERDAY        0                         1     -1        0
  MONTH TO DATE    7                        13     -6        0
  SINCE JUN 1    189                       162     27      120
  SINCE JUL 1      7                        13     -6        0

 COOLING
  YESTERDAY        6                         5      1        3
  MONTH TO DATE   41                        40      1       62
  SINCE JUN 1     49                        86    -37      110
  SINCE JAN 1     57                        90    -33      118
..................................................................


WIND (MPH)
  HIGHEST WIND SPEED    22   HIGHEST WIND DIRECTION    SW (220)
  HIGHEST GUST SPEED    27   HIGHEST GUST DIRECTION    SW (220)
  AVERAGE WIND SPEED     6.0


SKY COVER
  POSSIBLE SUNSHINE  MM
  AVERAGE SKY COVER 0.1


WEATHER CONDITIONS
 THE FOLLOWING WEATHER WAS RECORDED YESTERDAY.
  NO SIGNIFICANT WEATHER WAS OBSERVED.


RELATIVE HUMIDITY (PERCENT)
 HIGHEST    83           200 AM
 LOWEST     24           200 PM
 AVERAGE    54

..........................................................


THE SHERIDAN WY CLIMATE NORMALS FOR TODAY
                         NORMAL    RECORD    YEAR
 MAXIMUM TEMPERATURE (F)   86       106      1954
 MINIMUM TEMPERATURE (F)   52        40      1910


SUNRISE AND SUNSET
JULY 10 2014..........SUNRISE   532 AM MDT   SUNSET   854 PM MDT
JULY 11 2014..........SUNRISE   533 AM MDT   SUNSET   853 PM MDT


-  INDICATES NEGATIVE NUMBERS.
R  INDICATES RECORD WAS SET OR TIED.
MM INDICATES DATA IS MISSING.
T  INDICATES TRACE AMOUNT.




$$
