000
CDUS45 KBYZ 272223
CLISHR


CLIMATE REPORT
NATIONAL WEATHER SERVICE BILLINGS MT
423 PM MDT WED MAY 27 2015


...................................

...THE SHERIDAN WY CLIMATE SUMMARY FOR MAY 27 2015...
VALID TODAY AS OF 0400 PM LOCAL TIME.

CLIMATE NORMAL PERIOD 1981 TO 2010
CLIMATE RECORD PERIOD 1907 TO 2015


WEATHER ITEM   OBSERVED TIME   RECORD YEAR NORMAL DEPARTURE LAST
                VALUE   (LST)  VALUE       VALUE  FROM      YEAR
                                                  NORMAL
..................................................................
TEMPERATURE (F)
 TODAY
  MAXIMUM         69    235 PM  93    1934  70     -1       78
  MINIMUM         46    220 AM  29    1965  41      5       48
  AVERAGE         58                        56      2       63

PRECIPITATION (IN)
  TODAY            T             0.92 1956   0.07  -0.07     0.00
  MONTH TO DATE    4.35                      2.04   2.31     1.58
  SINCE OCT 1     10.30                      8.40   1.90    10.42
  SINCE JAN 1      7.91                      5.72   2.19     6.66

DEGREE DAYS
 HEATING
  TODAY            7                        10     -3        2
  MONTH TO DATE  415                       357     58      348
  SINCE MAR 1   1734                      1923   -189     1965
  SINCE JUL 1   6964                      7458   -494     7715

 COOLING
  TODAY            0                         0      0        0
  MONTH TO DATE    0                         0      0        0
  SINCE MAR 1      0                         0      0        0
  SINCE JAN 1      0                         0      0        0
..................................................................


WIND (MPH)
  HIGHEST WIND SPEED    14   HIGHEST WIND DIRECTION     W (270)
  HIGHEST GUST SPEED    17   HIGHEST GUST DIRECTION     W (280)
  AVERAGE WIND SPEED     4.4


SKY COVER
  POSSIBLE SUNSHINE  MM
  AVERAGE SKY COVER 0.5


WEATHER CONDITIONS
 THE FOLLOWING WEATHER WAS RECORDED TODAY.
  LIGHT RAIN


RELATIVE HUMIDITY (PERCENT)
 HIGHEST    93          1200 AM
 LOWEST     53           200 PM
 AVERAGE    73

..........................................................


THE SHERIDAN WY CLIMATE NORMALS FOR TOMORROW
                         NORMAL    RECORD    YEAR
 MAXIMUM TEMPERATURE (F)   70        93      2014
                                             1934
 MINIMUM TEMPERATURE (F)   42        28      1947


SUNRISE AND SUNSET
MAY 27 2015...........SUNRISE   529 AM MDT   SUNSET   842 PM MDT
MAY 28 2015...........SUNRISE   528 AM MDT   SUNSET   843 PM MDT


-  INDICATES NEGATIVE NUMBERS.
R  INDICATES RECORD WAS SET OR TIED.
MM INDICATES DATA IS MISSING.
T  INDICATES TRACE AMOUNT.




$$
