000
CDUS45 KBYZ 041033
CLISHR


CLIMATE REPORT
NATIONAL WEATHER SERVICE BILLINGS MT
331 AM MST SUN DEC 4 2016


...................................

...THE SHERIDAN WY CLIMATE SUMMARY FOR DECEMBER 3 2016...

CLIMATE NORMAL PERIOD 1981 TO 2010
CLIMATE RECORD PERIOD 1907 TO 2016


WEATHER ITEM   OBSERVED TIME   RECORD YEAR NORMAL DEPARTURE LAST
                VALUE   (LST)  VALUE       VALUE  FROM      YEAR
                                                  NORMAL
..................................................................
TEMPERATURE (F)
 YESTERDAY
  MAXIMUM         46    112 PM  71    1941  37      9       48
  MINIMUM         14   1232 AM -14    1919  13      1       19
  AVERAGE         30                        25      5       34

PRECIPITATION (IN)
  YESTERDAY        T             0.32 1961   0.02  -0.02     0.00
  MONTH TO DATE    T                         0.06  -0.06     0.00
  SINCE OCT 1      2.73                      2.18   0.55     1.91
  SINCE JAN 1     15.95                     13.66   2.29    15.65

DEGREE DAYS
 HEATING
  YESTERDAY       35                        40     -5       31
  MONTH TO DATE  107                       120    -13      108
  SINCE DEC 1    107                       120    -13      108
  SINCE JUL 1   1584                      1998   -414     1660

 COOLING
  YESTERDAY        0                         0      0        0
  MONTH TO DATE    0                         0      0        0
  SINCE DEC 1      0                         0      0        0
  SINCE JAN 1    549                       419    130      479
..................................................................


WIND (MPH)
  HIGHEST WIND SPEED    35   HIGHEST WIND DIRECTION    NW (320)
  HIGHEST GUST SPEED    41   HIGHEST GUST DIRECTION    NW (320)
  AVERAGE WIND SPEED     6.4


SKY COVER
  POSSIBLE SUNSHINE  MM
  AVERAGE SKY COVER 0.8


WEATHER CONDITIONS
 THE FOLLOWING WEATHER WAS RECORDED YESTERDAY.
  LIGHT SNOW


RELATIVE HUMIDITY (PERCENT)
 HIGHEST    81           700 AM
 LOWEST     33           400 PM
 AVERAGE    57

..........................................................


THE SHERIDAN WY CLIMATE NORMALS FOR TODAY
                         NORMAL    RECORD    YEAR
 MAXIMUM TEMPERATURE (F)   37        70      1975
                                             1965
 MINIMUM TEMPERATURE (F)   12       -28      1972


SUNRISE AND SUNSET
DECEMBER  4 2016......SUNRISE   729 AM MST   SUNSET   428 PM MST
DECEMBER  5 2016......SUNRISE   730 AM MST   SUNSET   427 PM MST


-  INDICATES NEGATIVE NUMBERS.
R  INDICATES RECORD WAS SET OR TIED.
MM INDICATES DATA IS MISSING.
T  INDICATES TRACE AMOUNT.




$$
