000
CDUS45 KBYZ 160723
CLISHR


CLIMATE REPORT
NATIONAL WEATHER SERVICE BILLINGS MT
1223 AM MST SAT DEC 16 2017


...................................

...THE SHERIDAN WY CLIMATE SUMMARY FOR DECEMBER 15 2017...

CLIMATE NORMAL PERIOD 1981 TO 2010
CLIMATE RECORD PERIOD 1907 TO 2017


WEATHER ITEM   OBSERVED TIME   RECORD YEAR NORMAL DEPARTURE LAST
                VALUE   (LST)  VALUE       VALUE  FROM      YEAR
                                                  NORMAL
..................................................................
TEMPERATURE (F)
 YESTERDAY
  MAXIMUM         48    158 PM  63    2006  35     13       20
  MINIMUM         17    247 AM -19    1964  10      7       11
  AVERAGE         33                        22     11       16

PRECIPITATION (IN)
  YESTERDAY        0.00          0.29 1989   0.02  -0.02     0.02
  MONTH TO DATE    0.02                      0.29  -0.27     0.30
  SINCE OCT 1      1.90                      2.41  -0.51     3.03
  SINCE JAN 1     17.68                     13.89   3.79    16.25

DEGREE DAYS
 HEATING
  YESTERDAY       32                        43    -11       49
  MONTH TO DATE  431                       622   -191      737
  SINCE DEC 1    431                       622   -191      737
  SINCE JUL 1   2221                      2500   -279     2214

 COOLING
  YESTERDAY        0                         0      0        0
  MONTH TO DATE    0                         0      0        0
  SINCE DEC 1      0                         0      0        0
  SINCE JAN 1    481                       419     62      549
..................................................................


WIND (MPH)
  HIGHEST WIND SPEED    16   HIGHEST WIND DIRECTION    NW (320)
  HIGHEST GUST SPEED    23   HIGHEST GUST DIRECTION    NW (310)
  AVERAGE WIND SPEED     2.8


SKY COVER
  POSSIBLE SUNSHINE  MM
  AVERAGE SKY COVER 0.0


WEATHER CONDITIONS
 THE FOLLOWING WEATHER WAS RECORDED YESTERDAY.
  NO SIGNIFICANT WEATHER WAS OBSERVED.


RELATIVE HUMIDITY (PERCENT)
 HIGHEST    77          1200 AM
 LOWEST     38           100 PM
 AVERAGE    58

..........................................................


THE SHERIDAN WY CLIMATE NORMALS FOR TODAY
                         NORMAL    RECORD    YEAR
 MAXIMUM TEMPERATURE (F)   34        63      1939
 MINIMUM TEMPERATURE (F)   10       -24      1964


SUNRISE AND SUNSET
DECEMBER 16 2017......SUNRISE   739 AM MST   SUNSET   428 PM MST
DECEMBER 17 2017......SUNRISE   740 AM MST   SUNSET   428 PM MST


-  INDICATES NEGATIVE NUMBERS.
R  INDICATES RECORD WAS SET OR TIED.
MM INDICATES DATA IS MISSING.
T  INDICATES TRACE AMOUNT.




$$
