000
CDUS45 KBYZ 280937
CLISHR


CLIMATE REPORT
NATIONAL WEATHER SERVICE BILLINGS MT
331 AM MDT FRI AUG 28 2015


...................................

...THE SHERIDAN WY CLIMATE SUMMARY FOR AUGUST 27 2015...

CLIMATE NORMAL PERIOD 1981 TO 2010
CLIMATE RECORD PERIOD 1907 TO 2015


WEATHER ITEM   OBSERVED TIME   RECORD YEAR NORMAL DEPARTURE LAST
                VALUE   (LST)  VALUE       VALUE  FROM      YEAR
                                                  NORMAL
..................................................................
TEMPERATURE (F)
 YESTERDAY
  MAXIMUM         90    245 PM  99    1937  84      6       85
  MINIMUM         63    507 AM  35    1976  49     14       46
  AVERAGE         77                        66     11       66

PRECIPITATION (IN)
  YESTERDAY        0.03          0.97 1956   0.03   0.00     0.00
  MONTH TO DATE    0.59                      0.61  -0.02     0.89
  SINCE OCT 1     15.85                     12.62   3.23    14.67
  SINCE JAN 1     13.46                      9.94   3.52    10.91

DEGREE DAYS
 HEATING
  YESTERDAY        0                         2     -2        0
  MONTH TO DATE   44                        25     19       34
  SINCE JUN 1    108                       200    -92      225
  SINCE JUL 1     64                        51     13       43

 COOLING
  YESTERDAY       12                         3      9        1
  MONTH TO DATE  155                       147      8      124
  SINCE JUN 1    381                       375      6      307
  SINCE JAN 1    381                       379      2      315
..................................................................


WIND (MPH)
  HIGHEST WIND SPEED    26   HIGHEST WIND DIRECTION    SW (230)
  HIGHEST GUST SPEED    34   HIGHEST GUST DIRECTION     W (250)
  AVERAGE WIND SPEED    10.2


SKY COVER
  POSSIBLE SUNSHINE  MM
  AVERAGE SKY COVER 0.2


WEATHER CONDITIONS
 THE FOLLOWING WEATHER WAS RECORDED YESTERDAY.
  LIGHT RAIN


RELATIVE HUMIDITY (PERCENT)
 HIGHEST    73           400 AM
 LOWEST     21           100 PM
 AVERAGE    47

..........................................................


THE SHERIDAN WY CLIMATE NORMALS FOR TODAY
                         NORMAL    RECORD    YEAR
 MAXIMUM TEMPERATURE (F)   83       100      1924
 MINIMUM TEMPERATURE (F)   49        31      1911


SUNRISE AND SUNSET
AUGUST 28 2015........SUNRISE   625 AM MDT   SUNSET   752 PM MDT
AUGUST 29 2015........SUNRISE   626 AM MDT   SUNSET   750 PM MDT


-  INDICATES NEGATIVE NUMBERS.
R  INDICATES RECORD WAS SET OR TIED.
MM INDICATES DATA IS MISSING.
T  INDICATES TRACE AMOUNT.




$$
