000
CDUS45 KBYZ 010932
CLISHR


CLIMATE REPORT
NATIONAL WEATHER SERVICE BILLINGS MT
331 AM MDT WED JUL 1 2015


...................................

...THE SHERIDAN WY CLIMATE SUMMARY FOR JUNE 30 2015...

CLIMATE NORMAL PERIOD 1981 TO 2010
CLIMATE RECORD PERIOD 1907 TO 2015


WEATHER ITEM   OBSERVED TIME   RECORD YEAR NORMAL DEPARTURE LAST
                VALUE   (LST)  VALUE       VALUE  FROM      YEAR
                                                  NORMAL
..................................................................
TEMPERATURE (F)
 YESTERDAY
  MAXIMUM         92    332 PM  98    2002  83      9       72
                                      1990
                                      1953
  MINIMUM         63    516 AM  36    1995  50     13       53
  AVERAGE         78                        66     12       63

PRECIPITATION (IN)
  YESTERDAY        0.00          0.29 1959   0.04  -0.04     0.00
                                      1908
  MONTH TO DATE    3.05                      2.12   0.93     2.20
  SINCE OCT 1     14.42                     10.83   3.59    12.77
  SINCE JAN 1     12.03                      8.15   3.88     9.01

DEGREE DAYS
 HEATING
  YESTERDAY        0                         2     -2        2
  MONTH TO DATE   44                       148   -104      182
  SINCE JUN 1     44                       149   -105      182
  SINCE JUL 1   7045                      7643   -598     7904

 COOLING
  YESTERDAY       13                         3     10        0
  MONTH TO DATE   79                        46     33        8
  SINCE JUN 1     79                        46     33        8
  SINCE JAN 1     79                        50     29       16
..................................................................


WIND (MPH)
  HIGHEST WIND SPEED    24   HIGHEST WIND DIRECTION    NW (330)
  HIGHEST GUST SPEED    30   HIGHEST GUST DIRECTION     N (340)
  AVERAGE WIND SPEED     7.8


SKY COVER
  POSSIBLE SUNSHINE  MM
  AVERAGE SKY COVER 0.0


WEATHER CONDITIONS
 THE FOLLOWING WEATHER WAS RECORDED YESTERDAY.
  NO SIGNIFICANT WEATHER WAS OBSERVED.


RELATIVE HUMIDITY (PERCENT)
 HIGHEST    78           500 AM
 LOWEST     26           200 PM
 AVERAGE    52

..........................................................


THE SHERIDAN WY CLIMATE NORMALS FOR TODAY
                         NORMAL    RECORD    YEAR
 MAXIMUM TEMPERATURE (F)   83       103      2012
 MINIMUM TEMPERATURE (F)   50        40      1999
                                             1968


SUNRISE AND SUNSET
JULY  1 2015..........SUNRISE   526 AM MDT   SUNSET   857 PM MDT
JULY  2 2015..........SUNRISE   526 AM MDT   SUNSET   857 PM MDT


-  INDICATES NEGATIVE NUMBERS.
R  INDICATES RECORD WAS SET OR TIED.
MM INDICATES DATA IS MISSING.
T  INDICATES TRACE AMOUNT.




$$
