000
CDUS45 KBYZ 252323
CLISHR


CLIMATE REPORT
NATIONAL WEATHER SERVICE BILLINGS MT
420 PM MST SAT FEB 25 2017


...................................

...THE SHERIDAN WY CLIMATE SUMMARY FOR FEBRUARY 25 2017...
VALID TODAY AS OF 0400 PM LOCAL TIME.

CLIMATE NORMAL PERIOD 1981 TO 2010
CLIMATE RECORD PERIOD 1907 TO 2017


WEATHER ITEM   OBSERVED TIME   RECORD YEAR NORMAL DEPARTURE LAST
                VALUE   (LST)  VALUE       VALUE  FROM      YEAR
                                                  NORMAL
..................................................................
TEMPERATURE (F)
 TODAY
  MAXIMUM         32    307 PM  69    1983  42    -10       54
  MINIMUM         18    731 AM -19    1934  16      2       13
  AVERAGE         25                        29     -4       34

PRECIPITATION (IN)
  TODAY            0.00          0.30 1946   0.02  -0.02     0.00
  MONTH TO DATE    0.62                      0.48   0.14     0.88
  SINCE OCT 1      5.39                      3.72   1.67     3.59
  SINCE JAN 1      1.66                      1.04   0.62     1.44

DEGREE DAYS
 HEATING
  TODAY           40                        36      4       31
  MONTH TO DATE  879                       967    -88      726
  SINCE DEC 1   3923                      3549    374     3109
  SINCE JUL 1   5400                      5427    -27     4661

 COOLING
  TODAY            0                         0      0        0
  MONTH TO DATE    0                         0      0        0
  SINCE DEC 1      0                         0      0        0
  SINCE JAN 1      0                         0      0        0
..................................................................


WIND (MPH)
  HIGHEST WIND SPEED    17   HIGHEST WIND DIRECTION     S (190)
  HIGHEST GUST SPEED    23   HIGHEST GUST DIRECTION    SE (150)
  AVERAGE WIND SPEED     8.2


SKY COVER
  POSSIBLE SUNSHINE  MM
  AVERAGE SKY COVER 0.7


WEATHER CONDITIONS
 THE FOLLOWING WEATHER WAS RECORDED TODAY.
  NO SIGNIFICANT WEATHER WAS OBSERVED.


RELATIVE HUMIDITY (PERCENT)
 HIGHEST    84          1200 AM
 LOWEST     53           200 PM
 AVERAGE    69

..........................................................


THE SHERIDAN WY CLIMATE NORMALS FOR TOMORROW
                         NORMAL    RECORD    YEAR
 MAXIMUM TEMPERATURE (F)   42        66      2016
                                             1932
 MINIMUM TEMPERATURE (F)   17       -23      1934


SUNRISE AND SUNSET
FEBRUARY 25 2017......SUNRISE   652 AM MST   SUNSET   551 PM MST
FEBRUARY 26 2017......SUNRISE   650 AM MST   SUNSET   552 PM MST


-  INDICATES NEGATIVE NUMBERS.
R  INDICATES RECORD WAS SET OR TIED.
MM INDICATES DATA IS MISSING.
T  INDICATES TRACE AMOUNT.




$$
