000
CDUS45 KBYZ 262226
CLISHR


CLIMATE REPORT
NATIONAL WEATHER SERVICE BILLINGS MT
425 PM MDT FRI AUG 26 2016


...................................

...THE SHERIDAN WY CLIMATE SUMMARY FOR AUGUST 26 2016...
VALID TODAY AS OF 0400 PM LOCAL TIME.

CLIMATE NORMAL PERIOD 1981 TO 2010
CLIMATE RECORD PERIOD 1907 TO 2016


WEATHER ITEM   OBSERVED TIME   RECORD YEAR NORMAL DEPARTURE LAST
                VALUE   (LST)  VALUE       VALUE  FROM      YEAR
                                                  NORMAL
..................................................................
TEMPERATURE (F)
 TODAY
  MAXIMUM         74    158 PM 102    1926  84    -10       90
  MINIMUM         45    530 AM  30    1910  49     -4       55
  AVERAGE         60                        66     -6       73

PRECIPITATION (IN)
  TODAY            0.00          0.39 1957   0.02  -0.02      T
  MONTH TO DATE    1.44                      0.58   0.86     0.56
  SINCE OCT 1     11.66                     12.59  -0.93    15.82
  SINCE JAN 1      9.51                      9.91  -0.40    13.43

DEGREE DAYS
 HEATING
  TODAY            5                         2      3        0
  MONTH TO DATE   36                        23     13       44
  SINCE JUN 1     58                       198   -140      108
  SINCE JUL 1     42                        49     -7       64

 COOLING
  TODAY            0                         3     -3        8
  MONTH TO DATE  129                       144    -15      143
  SINCE JUN 1    490                       372    118      369
  SINCE JAN 1    492                       376    116      369
..................................................................


WIND (MPH)
  HIGHEST WIND SPEED    10   HIGHEST WIND DIRECTION    NW (300)
  HIGHEST GUST SPEED    15   HIGHEST GUST DIRECTION    NE (50)
  AVERAGE WIND SPEED     3.2


SKY COVER
  POSSIBLE SUNSHINE  MM
  AVERAGE SKY COVER 0.3


WEATHER CONDITIONS
 THE FOLLOWING WEATHER WAS RECORDED TODAY.
  NO SIGNIFICANT WEATHER WAS OBSERVED.


RELATIVE HUMIDITY (PERCENT)
 HIGHEST    86           600 AM
 LOWEST     33           200 PM
 AVERAGE    60

..........................................................


THE SHERIDAN WY CLIMATE NORMALS FOR TOMORROW
                         NORMAL    RECORD    YEAR
 MAXIMUM TEMPERATURE (F)   84        99      1937
 MINIMUM TEMPERATURE (F)   49        35      1976


SUNRISE AND SUNSET
AUGUST 26 2016........SUNRISE   624 AM MDT   SUNSET   754 PM MDT
AUGUST 27 2016........SUNRISE   625 AM MDT   SUNSET   753 PM MDT


-  INDICATES NEGATIVE NUMBERS.
R  INDICATES RECORD WAS SET OR TIED.
MM INDICATES DATA IS MISSING.
T  INDICATES TRACE AMOUNT.




$$
