000
CDUS44 KSHV 280745
CLISHV


CLIMATE REPORT
NATIONAL WEATHER SERVICE SHREVEPORT, LA
244 AM CDT THU JUL 28 2016


...................................

...THE SHREVEPORT CLIMATE SUMMARY FOR JULY 27 2016...

CLIMATE NORMAL PERIOD 1981 TO 2010
CLIMATE RECORD PERIOD 1874 TO 2016


WEATHER ITEM   OBSERVED TIME   RECORD YEAR NORMAL DEPARTURE LAST
                VALUE   (LST)  VALUE       VALUE  FROM      YEAR
                                                  NORMAL
..................................................................
TEMPERATURE (F)
 YESTERDAY
  MAXIMUM         95   1153 AM 103    2008  94      1      100
                                      1934
  MINIMUM         75    318 PM  65    1911  73      2       74
  AVERAGE         85                        84      1       87

PRECIPITATION (IN)
  YESTERDAY        0.67          3.21 2006   0.11   0.56     0.00
  MONTH TO DATE    2.72                      3.22  -0.50     0.59
  SINCE DEC 1     44.28                     35.60   8.68    46.49
  SINCE JAN 1     41.39                     30.83  10.56    42.74

SNOWFALL (IN)
  YESTERDAY        0.0
  MONTH TO DATE    0.0
  SINCE JUN 1      0.0
  SINCE JUL 1      0.0
  SNOW DEPTH       0

DEGREE DAYS
 HEATING
  YESTERDAY        0                         0      0        0
  MONTH TO DATE    0                         0      0        0
  SINCE JUN 1      0                         0      0        0
  SINCE JUL 1      0                         0      0        0

 COOLING
  YESTERDAY       20                        19      1       22
  MONTH TO DATE  577                       482     95      565
  SINCE JUN 1   1104                       926    178     1082
  SINCE JAN 1   1564                      1324    240     1554
..................................................................


WIND (MPH)
  HIGHEST WIND SPEED    16   HIGHEST WIND DIRECTION     S (170)
  HIGHEST GUST SPEED    22   HIGHEST GUST DIRECTION     S (160)
  AVERAGE WIND SPEED     4.6


SKY COVER
  POSSIBLE SUNSHINE  MM
  AVERAGE SKY COVER 0.5


WEATHER CONDITIONS
 THE FOLLOWING WEATHER WAS RECORDED YESTERDAY.
  THUNDERSTORM
  LIGHT RAIN
  FOG
  HAZE


RELATIVE HUMIDITY (PERCENT)
 HIGHEST   100           400 PM
 LOWEST     52          1200 PM
 AVERAGE    76

..........................................................


THE SHREVEPORT CLIMATE NORMALS FOR TODAY
                         NORMAL    RECORD    YEAR
 MAXIMUM TEMPERATURE (F)   94       103      1998
                                             1995
                                             1930
 MINIMUM TEMPERATURE (F)   73        64      1994


SUNRISE AND SUNSET
JULY 28 2016..........SUNRISE   627 AM CDT   SUNSET   816 PM CDT
JULY 29 2016..........SUNRISE   628 AM CDT   SUNSET   815 PM CDT


-  INDICATES NEGATIVE NUMBERS.
R  INDICATES RECORD WAS SET OR TIED.
MM INDICATES DATA IS MISSING.
T  INDICATES TRACE AMOUNT.




$$
