000
CDUS44 KSHV 260732
CLISHV


CLIMATE REPORT
NATIONAL WEATHER SERVICE SHREVEPORT, LA
232 AM CDT MON SEP 26 2016


...................................

...THE SHREVEPORT CLIMATE SUMMARY FOR SEPTEMBER 25 2016...

CLIMATE NORMAL PERIOD 1981 TO 2010
CLIMATE RECORD PERIOD 1874 TO 2016


WEATHER ITEM   OBSERVED TIME   RECORD YEAR NORMAL DEPARTURE LAST
                VALUE   (LST)  VALUE       VALUE  FROM      YEAR
                                                  NORMAL
..................................................................
TEMPERATURE (F)
 YESTERDAY
  MAXIMUM         91    408 PM  98    2011  85      6       95
                                      1931
  MINIMUM         70    623 AM  46    1994  62      8       67
  AVERAGE         81                        74      7       81

PRECIPITATION (IN)
  YESTERDAY        0.00          4.16 1913   0.12  -0.12     0.00
  MONTH TO DATE    0.16                      2.56  -2.40     0.06
  SINCE DEC 1     53.42                     41.32  12.10    48.67
  SINCE JAN 1     50.53                     36.55  13.98    44.92

SNOWFALL (IN)
  YESTERDAY        0.0
  MONTH TO DATE    0.0
  SINCE SEP 1      0.0
  SINCE JUL 1      0.0
  SNOW DEPTH       0

DEGREE DAYS
 HEATING
  YESTERDAY        0                         0      0        0
  MONTH TO DATE    0                         0      0        0
  SINCE SEP 1      0                         0      0        0
  SINCE JUL 1      0                         0      0        0

 COOLING
  YESTERDAY       16                         9      7       16
  MONTH TO DATE  446                       322    124      413
  SINCE SEP 1    446                       322    124      413
  SINCE JAN 1   2687                      2284    403     2689
..................................................................


WIND (MPH)
  HIGHEST WIND SPEED    15   HIGHEST WIND DIRECTION     S (160)
  HIGHEST GUST SPEED    18   HIGHEST GUST DIRECTION    SE (150)
  AVERAGE WIND SPEED     4.4


SKY COVER
  POSSIBLE SUNSHINE  MM
  AVERAGE SKY COVER 0.6


WEATHER CONDITIONS
 THE FOLLOWING WEATHER WAS RECORDED YESTERDAY.
  FOG


RELATIVE HUMIDITY (PERCENT)
 HIGHEST   100           200 AM
 LOWEST     52           200 PM
 AVERAGE    76

..........................................................


THE SHREVEPORT CLIMATE NORMALS FOR TODAY
                         NORMAL    RECORD    YEAR
 MAXIMUM TEMPERATURE (F)   85       101      2005
 MINIMUM TEMPERATURE (F)   62        46      1975
                                             1942


SUNRISE AND SUNSET
SEPTEMBER 26 2016.....SUNRISE   706 AM CDT   SUNSET   706 PM CDT
SEPTEMBER 27 2016.....SUNRISE   707 AM CDT   SUNSET   705 PM CDT


-  INDICATES NEGATIVE NUMBERS.
R  INDICATES RECORD WAS SET OR TIED.
MM INDICATES DATA IS MISSING.
T  INDICATES TRACE AMOUNT.




$$
