000
CDUS44 KSHV 250850
CLISHV


CLIMATE REPORT
NATIONAL WEATHER SERVICE SHREVEPORT, LA
242 AM CST THU DEC 25 2014


...................................

...THE SHREVEPORT CLIMATE SUMMARY FOR DECEMBER 24 2014...

CLIMATE NORMAL PERIOD 1981 TO 2010
CLIMATE RECORD PERIOD 1874 TO 2014


WEATHER ITEM   OBSERVED TIME   RECORD YEAR NORMAL DEPARTURE LAST
                VALUE   (LST)  VALUE       VALUE  FROM      YEAR
                                                  NORMAL
..................................................................
TEMPERATURE (F)
 YESTERDAY
  MAXIMUM         48    435 PM  84    1955  57     -9       50
  MINIMUM         32   1159 PM   8    1989  37     -5       27
                                      1983
  AVERAGE         40                        47     -7       39

PRECIPITATION (IN)
  YESTERDAY        0.00          2.18 1904   0.15  -0.15     0.00
  MONTH TO DATE    2.92                      3.81  -0.89     4.98
  SINCE DEC 1      2.92                      3.81  -0.89     4.98
  SINCE JAN 1     40.39                     50.45 -10.06    53.45

SNOWFALL (IN)
  YESTERDAY        0.0
  MONTH TO DATE    0.0
  SINCE DEC 1      0.0
  SINCE JUL 1      T
  SNOW DEPTH       0

DEGREE DAYS
 HEATING
  YESTERDAY       25                        18      7       26
  MONTH TO DATE  306                       399    -93      416
  SINCE DEC 1    306                       399    -93      416
  SINCE JUL 1    710                       770    -60      827

 COOLING
  YESTERDAY        0                         0      0        0
  MONTH TO DATE    2                         0      2       11
  SINCE DEC 1      2                         0      2       11
  SINCE JAN 1   2498                      2474     24     2717
..................................................................


WIND (MPH)
  HIGHEST WIND SPEED    21   HIGHEST WIND DIRECTION     W (290)
  HIGHEST GUST SPEED    25   HIGHEST GUST DIRECTION    NW (300)
  AVERAGE WIND SPEED     9.0


SKY COVER
  POSSIBLE SUNSHINE  MM
  AVERAGE SKY COVER 0.7


WEATHER CONDITIONS
 THE FOLLOWING WEATHER WAS RECORDED YESTERDAY.
  NO SIGNIFICANT WEATHER WAS OBSERVED.


RELATIVE HUMIDITY (PERCENT)
 HIGHEST    92           900 PM
 LOWEST     56          1100 AM
 AVERAGE    74

..........................................................


THE SHREVEPORT CLIMATE NORMALS FOR TODAY
                         NORMAL    RECORD    YEAR
 MAXIMUM TEMPERATURE (F)   57        83      1964
 MINIMUM TEMPERATURE (F)   36         6      1983


SUNRISE AND SUNSET
DECEMBER 25 2014......SUNRISE   715 AM CST   SUNSET   516 PM CST
DECEMBER 26 2014......SUNRISE   715 AM CST   SUNSET   517 PM CST


-  INDICATES NEGATIVE NUMBERS.
R  INDICATES RECORD WAS SET OR TIED.
MM INDICATES DATA IS MISSING.
T  INDICATES TRACE AMOUNT.




$$
