000
CDUS44 KSHV 160813
CLISHV


CLIMATE REPORT
NATIONAL WEATHER SERVICE SHREVEPORT, LA
303 AM CDT TUE SEP 16 2014


...................................

...THE SHREVEPORT CLIMATE SUMMARY FOR SEPTEMBER 15 2014...

CLIMATE NORMAL PERIOD 1981 TO 2010
CLIMATE RECORD PERIOD 1874 TO 2014


WEATHER ITEM   OBSERVED TIME   RECORD YEAR NORMAL DEPARTURE LAST
                VALUE   (LST)  VALUE       VALUE  FROM      YEAR
                                                  NORMAL
..................................................................
TEMPERATURE (F)
 YESTERDAY
  MAXIMUM         87    218 PM 103    1980  89     -2       96
  MINIMUM         67    222 AM  52    1902  66      1       63
  AVERAGE         77                        77      0       80

PRECIPITATION (IN)
  YESTERDAY        0.00          4.91 1968   0.11  -0.11     0.00
  MONTH TO DATE    1.21                      1.54  -0.33     0.06
  SINCE DEC 1     32.18                     40.30  -8.12    32.68
  SINCE JAN 1     27.20                     35.53  -8.33    27.02

SNOWFALL (IN)
  YESTERDAY        0.0
  MONTH TO DATE    0.0
  SINCE SEP 1      0.0
  SINCE JUL 1      0.0
  SNOW DEPTH       0

DEGREE DAYS
 HEATING
  YESTERDAY        0                         0      0        0
  MONTH TO DATE    0                         0      0        0
  SINCE SEP 1      0                         0      0        0
  SINCE JUL 1      0                         0      0        0

 COOLING
  YESTERDAY       12                        12      0       15
  MONTH TO DATE  242                       217     25      307
  SINCE SEP 1    242                       217     25      307
  SINCE JAN 1   2134                      2179    -45     2352
..................................................................


WIND (MPH)
  HIGHEST WIND SPEED     9   HIGHEST WIND DIRECTION     E (90)
  HIGHEST GUST SPEED    17   HIGHEST GUST DIRECTION     N (350)
  AVERAGE WIND SPEED     2.8


SKY COVER
  POSSIBLE SUNSHINE  MM
  AVERAGE SKY COVER 0.8


WEATHER CONDITIONS
 THE FOLLOWING WEATHER WAS RECORDED YESTERDAY.
  NO SIGNIFICANT WEATHER WAS OBSERVED.


RELATIVE HUMIDITY (PERCENT)
 HIGHEST    93           200 AM
 LOWEST     57           200 PM
 AVERAGE    75

..........................................................


THE SHREVEPORT CLIMATE NORMALS FOR TODAY
                         NORMAL    RECORD    YEAR
 MAXIMUM TEMPERATURE (F)   88       103      1980
 MINIMUM TEMPERATURE (F)   66        47      1881


SUNRISE AND SUNSET
SEPTEMBER 16 2014.....SUNRISE   700 AM CDT   SUNSET   720 PM CDT
SEPTEMBER 17 2014.....SUNRISE   700 AM CDT   SUNSET   719 PM CDT


-  INDICATES NEGATIVE NUMBERS.
R  INDICATES RECORD WAS SET OR TIED.
MM INDICATES DATA IS MISSING.
T  INDICATES TRACE AMOUNT.




$$
