000
CDUS44 KSHV 190739
CLISHV


CLIMATE REPORT
NATIONAL WEATHER SERVICE SHREVEPORT, LA
236 AM CDT TUE SEP 19 2017


...................................

...THE SHREVEPORT CLIMATE SUMMARY FOR SEPTEMBER 18 2017...

CLIMATE NORMAL PERIOD 1981 TO 2010
CLIMATE RECORD PERIOD 1874 TO 2017


WEATHER ITEM   OBSERVED TIME   RECORD YEAR NORMAL DEPARTURE LAST
                VALUE   (LST)  VALUE       VALUE  FROM      YEAR
                                                  NORMAL
..................................................................
TEMPERATURE (F)
 YESTERDAY
  MAXIMUM         91    254 PM 101    2005  88      3       92
  MINIMUM         70    521 AM  50    1981  65      5       72
                                      1903
  AVERAGE         81                        76      5       82

PRECIPITATION (IN)
  YESTERDAY        0.00          1.43 1875   0.10  -0.10     0.02
  MONTH TO DATE    T                         1.83  -1.83     0.16
  SINCE DEC 1     33.24                     40.59  -7.35    53.42
  SINCE JAN 1     30.10                     35.82  -5.72    50.53

SNOWFALL (IN)
  YESTERDAY        0.0
  MONTH TO DATE    0.0
  SINCE SEP 1      0.0
  SINCE JUL 1      0.0
  SNOW DEPTH       0

DEGREE DAYS
 HEATING
  YESTERDAY        0                         0      0        0
  MONTH TO DATE    0                         0      0        0
  SINCE SEP 1      0                         0      0        0
  SINCE JUL 1      0                         0      0        0

 COOLING
  YESTERDAY       16                        11      5       17
  MONTH TO DATE  188                       252    -64      323
  SINCE SEP 1    188                       252    -64      323
  SINCE JAN 1   2295                      2214     81     2564
..................................................................


WIND (MPH)
  HIGHEST WIND SPEED    13   HIGHEST WIND DIRECTION     S (190)
  HIGHEST GUST SPEED    17   HIGHEST GUST DIRECTION     S (200)
  AVERAGE WIND SPEED     4.5


SKY COVER
  POSSIBLE SUNSHINE  MM
  AVERAGE SKY COVER 0.7


WEATHER CONDITIONS
 THE FOLLOWING WEATHER WAS RECORDED YESTERDAY.
  FOG


RELATIVE HUMIDITY (PERCENT)
 HIGHEST   100           300 AM
 LOWEST     50           300 PM
 AVERAGE    75

..........................................................


THE SHREVEPORT CLIMATE NORMALS FOR TODAY
                         NORMAL    RECORD    YEAR
 MAXIMUM TEMPERATURE (F)   87       103      1956
 MINIMUM TEMPERATURE (F)   65        43      1981


SUNRISE AND SUNSET
SEPTEMBER 19 2017.....SUNRISE   702 AM CDT   SUNSET   716 PM CDT
SEPTEMBER 20 2017.....SUNRISE   702 AM CDT   SUNSET   714 PM CDT


-  INDICATES NEGATIVE NUMBERS.
R  INDICATES RECORD WAS SET OR TIED.
MM INDICATES DATA IS MISSING.
T  INDICATES TRACE AMOUNT.




$$
