000
CDUS44 KSHV 230750
CLISHV


CLIMATE REPORT
NATIONAL WEATHER SERVICE SHREVEPORT, LA
244 AM CDT SUN JUL 23 2017


...................................

...THE SHREVEPORT CLIMATE SUMMARY FOR JULY 22 2017...

CLIMATE NORMAL PERIOD 1981 TO 2010
CLIMATE RECORD PERIOD 1874 TO 2017


WEATHER ITEM   OBSERVED TIME   RECORD YEAR NORMAL DEPARTURE LAST
                VALUE   (LST)  VALUE       VALUE  FROM      YEAR
                                                  NORMAL
..................................................................
TEMPERATURE (F)
 YESTERDAY
  MAXIMUM         95    448 PM 105    1881  94      1      100
  MINIMUM         76    543 AM  62    1947  73      3       81
  AVERAGE         86                        83      3       91

PRECIPITATION (IN)
  YESTERDAY        0.00          3.54 1955   0.10  -0.10     0.06
  MONTH TO DATE    1.74                      2.68  -0.94     2.01
  SINCE DEC 1     25.38                     35.06  -9.68    43.57
  SINCE JAN 1     22.24                     30.29  -8.05    40.68

SNOWFALL (IN)
  YESTERDAY        0.0
  MONTH TO DATE    0.0
  SINCE JUN 1      0.0
  SINCE JUL 1      0.0
  SNOW DEPTH       0

DEGREE DAYS
 HEATING
  YESTERDAY        0                         0      0        0
  MONTH TO DATE    0                         0      0        0
  SINCE JUN 1      0                         0      0        0
  SINCE JUL 1      0                         0      0        0

 COOLING
  YESTERDAY       21                        18      3       26
  MONTH TO DATE  419                       391     28      470
  SINCE JUN 1    867                       835     32      997
  SINCE JAN 1   1409                      1233    176     1457
..................................................................


WIND (MPH)
  HIGHEST WIND SPEED    15   HIGHEST WIND DIRECTION     S (160)
  HIGHEST GUST SPEED    17   HIGHEST GUST DIRECTION     S (180)
  AVERAGE WIND SPEED     6.7


SKY COVER
  POSSIBLE SUNSHINE  MM
  AVERAGE SKY COVER 0.5


WEATHER CONDITIONS
 THE FOLLOWING WEATHER WAS RECORDED YESTERDAY.
  NO SIGNIFICANT WEATHER WAS OBSERVED.


RELATIVE HUMIDITY (PERCENT)
 HIGHEST    94           500 AM
 LOWEST     49           300 PM
 AVERAGE    72

..........................................................


THE SHREVEPORT CLIMATE NORMALS FOR TODAY
                         NORMAL    RECORD    YEAR
 MAXIMUM TEMPERATURE (F)   94       102      2011
                                             1998
                                             1943
 MINIMUM TEMPERATURE (F)   73        62      1947


SUNRISE AND SUNSET
JULY 23 2017..........SUNRISE   624 AM CDT   SUNSET   819 PM CDT
JULY 24 2017..........SUNRISE   625 AM CDT   SUNSET   819 PM CDT


-  INDICATES NEGATIVE NUMBERS.
R  INDICATES RECORD WAS SET OR TIED.
MM INDICATES DATA IS MISSING.
T  INDICATES TRACE AMOUNT.




$$
