000
CDUS44 KSHV 302133
CLISHV


CLIMATE REPORT
NATIONAL WEATHER SERVICE SHREVEPORT, LA
431 PM CDT SAT AUG 30 2014


...................................

...THE SHREVEPORT CLIMATE SUMMARY FOR AUGUST 30 2014...
VALID TODAY AS OF 0400 PM LOCAL TIME.

CLIMATE NORMAL PERIOD 1981 TO 2010
CLIMATE RECORD PERIOD 1874 TO 2014


WEATHER ITEM   OBSERVED TIME   RECORD YEAR NORMAL DEPARTURE LAST
                VALUE   (LST)  VALUE       VALUE  FROM      YEAR
                                                  NORMAL
..................................................................
TEMPERATURE (F)
 TODAY
  MAXIMUM         88    158 PM 107    2000  93     -5       99
  MINIMUM         75    619 AM  54    1986  71      4       71
  AVERAGE         82                        82      0       85

PRECIPITATION (IN)
  TODAY            T             3.30 1991   0.08  -0.08     0.00
  MONTH TO DATE    0.56                      2.64  -2.08     0.18
  SINCE DEC 1     30.97                     38.67  -7.70    32.62
  SINCE JAN 1     25.99                     33.90  -7.91    26.96

DEGREE DAYS
 HEATING
  TODAY            0                         0      0        0
  MONTH TO DATE    0                         0      0        0
  SINCE JUN 1      0                         0      0        0
  SINCE JUL 1      0                         0      0        0

 COOLING
  TODAY           17                        17      0       20
  MONTH TO DATE  549                       548      1      605
  SINCE JUN 1   1504                      1551    -47     1634
  SINCE JAN 1   1874                      1949    -75     2021
..................................................................


WIND (MPH)
  HIGHEST WIND SPEED    14   HIGHEST WIND DIRECTION     E (70)
  HIGHEST GUST SPEED    17   HIGHEST GUST DIRECTION    NE (60)
  AVERAGE WIND SPEED     5.0


SKY COVER
  POSSIBLE SUNSHINE  MM
  AVERAGE SKY COVER 0.9


WEATHER CONDITIONS
 THE FOLLOWING WEATHER WAS RECORDED TODAY.
  LIGHT RAIN


RELATIVE HUMIDITY (PERCENT)
 HIGHEST    94           200 AM
 LOWEST     59           200 PM
 AVERAGE    77

..........................................................


THE SHREVEPORT CLIMATE NORMALS FOR TOMORROW
                         NORMAL    RECORD    YEAR
 MAXIMUM TEMPERATURE (F)   93       109      2000
 MINIMUM TEMPERATURE (F)   70        59      1915


SUNRISE AND SUNSET
AUGUST 30 2014........SUNRISE   649 AM CDT   SUNSET   742 PM CDT
AUGUST 31 2014........SUNRISE   650 AM CDT   SUNSET   741 PM CDT


-  INDICATES NEGATIVE NUMBERS.
R  INDICATES RECORD WAS SET OR TIED.
MM INDICATES DATA IS MISSING.
T  INDICATES TRACE AMOUNT.




$$
