000
CDUS44 KSHV 242159
CLISHV


CLIMATE REPORT
NATIONAL WEATHER SERVICE SHREVEPORT, LA
459 PM CDT MON APR 24 2017


...................................

...THE SHREVEPORT CLIMATE SUMMARY FOR APRIL 24 2017...
VALID TODAY AS OF 0400 PM LOCAL TIME.

CLIMATE NORMAL PERIOD 1981 TO 2010
CLIMATE RECORD PERIOD 1874 TO 2017


WEATHER ITEM   OBSERVED TIME   RECORD YEAR NORMAL DEPARTURE LAST
                VALUE   (LST)  VALUE       VALUE  FROM      YEAR
                                                  NORMAL
..................................................................
TEMPERATURE (F)
 TODAY
  MAXIMUM         79    256 PM  89    2011  79      0       81
                                      1999
                                      1992
  MINIMUM         45    608 AM  39    1910  56    -11       59
  AVERAGE         62                        67     -5       70

PRECIPITATION (IN)
  TODAY            0.00          2.40 1964   0.14  -0.14     0.00
  MONTH TO DATE    3.58                      3.33   0.25     9.20
  SINCE DEC 1     12.31                     21.19  -8.88    29.94
  SINCE JAN 1      9.17                     16.42  -7.25    27.05

SNOWFALL (IN)
  TODAY            0.0
  MONTH TO DATE    0.0
  SINCE MAR 1      0.0
  SINCE JUL 1      0.0
  SNOW DEPTH       0

DEGREE DAYS
 HEATING
  TODAY            3                         2      1        0
  MONTH TO DATE   25                        80    -55       33
  SINCE MAR 1    159                       331   -172      146
  SINCE JUL 1   1190                      2213  -1023     1449

 COOLING
  TODAY            0                         4     -4        5
  MONTH TO DATE  123                        67     56       66
  SINCE MAR 1    224                        98    126      120
  SINCE JAN 1    294                       108    186      138
..................................................................


WIND (MPH)
  HIGHEST WIND SPEED     9   HIGHEST WIND DIRECTION    SE (140)
  HIGHEST GUST SPEED    13   HIGHEST GUST DIRECTION    SE (140)
  AVERAGE WIND SPEED     3.0


SKY COVER
  POSSIBLE SUNSHINE  MM
  AVERAGE SKY COVER 0.1


WEATHER CONDITIONS
 THE FOLLOWING WEATHER WAS RECORDED TODAY.
  NO SIGNIFICANT WEATHER WAS OBSERVED.


RELATIVE HUMIDITY (PERCENT)
 HIGHEST    93          1200 AM
 LOWEST     28           200 PM
 AVERAGE    61

..........................................................


THE SHREVEPORT CLIMATE NORMALS FOR TOMORROW
                         NORMAL    RECORD    YEAR
 MAXIMUM TEMPERATURE (F)   79        89      2015
 MINIMUM TEMPERATURE (F)   56        34      1910


SUNRISE AND SUNSET
APRIL 24 2017.........SUNRISE   635 AM CDT   SUNSET   752 PM CDT
APRIL 25 2017.........SUNRISE   634 AM CDT   SUNSET   752 PM CDT


-  INDICATES NEGATIVE NUMBERS.
R  INDICATES RECORD WAS SET OR TIED.
MM INDICATES DATA IS MISSING.
T  INDICATES TRACE AMOUNT.




$$

20
