340
CDUS46 KMFR 280836
CLISIY


CLIMATE REPORT
NATIONAL WEATHER SERVICE MEDFORD, OR
135 AM PDT FRI JUL 28 2017


...................................

...THE MONTAGUE CA CLIMATE SUMMARY FOR JULY 27 2017...

CLIMATE NORMAL PERIOD 1981 TO 2010
CLIMATE RECORD PERIOD 1948 TO 2017


WEATHER ITEM   OBSERVED TIME   RECORD YEAR NORMAL DEPARTURE LAST
                VALUE   (LST)  VALUE       VALUE  FROM      YEAR
                                                  NORMAL
..................................................................
TEMPERATURE (F)
 YESTERDAY
  MAXIMUM         97    308 PM 106    1973  93      4      102
  MINIMUM         57    524 AM  42    1955  55      2       59
  AVERAGE         77                        74      3       81

PRECIPITATION (IN)
  YESTERDAY        0.00          0.02 1997   0.02  -0.02     0.00
  MONTH TO DATE    T                         0.37  -0.37     0.05
  SINCE OCT 1     15.89                     17.41  -1.52    15.12
  SINCE JAN 1      7.68                     10.58  -2.90    10.03

SNOWFALL (IN)
  YESTERDAY       MM                        MM     MM       MM
  MONTH TO DATE   MM                        MM     MM       MM
  SINCE JUL 1     MM                        MM     MM       MM
  SNOW DEPTH      MM

DEGREE DAYS
 HEATING
  YESTERDAY        0                         0      0        0
  MONTH TO DATE    0                         1     -1       12
  SINCE JUN 1     88                        94     -6       85
  SINCE JUL 1      0                         1     -1       12

 COOLING
  YESTERDAY       12                         9      3       16
  MONTH TO DATE  279                       206     73      176
  SINCE JUN 1    417                       264    153      308
  SINCE JAN 1    432                       277    155      312
..................................................................


WIND (MPH)
  HIGHEST WIND SPEED    18   HIGHEST WIND DIRECTION     N (340)
  HIGHEST GUST SPEED    21   HIGHEST GUST DIRECTION    NW (330)
  AVERAGE WIND SPEED     5.8


SKY COVER
  POSSIBLE SUNSHINE  MM
  AVERAGE SKY COVER 0.0


WEATHER CONDITIONS
 THE FOLLOWING WEATHER WAS RECORDED YESTERDAY.
  NO SIGNIFICANT WEATHER WAS OBSERVED.


RELATIVE HUMIDITY (PERCENT)
 HIGHEST    72           500 AM
 LOWEST     17           300 PM

..........................................................


THE MONTAGUE CA CLIMATE NORMALS FOR TODAY
                         NORMAL    RECORD    YEAR
 MAXIMUM TEMPERATURE (F)   93       105      2009
 MINIMUM TEMPERATURE (F)   55        42      1948


SUNRISE AND SUNSET
JULY 28 2017..........SUNRISE   600 AM PDT   SUNSET   832 PM PDT
JULY 29 2017..........SUNRISE   601 AM PDT   SUNSET   831 PM PDT


-  INDICATES NEGATIVE NUMBERS.
R  INDICATES RECORD WAS SET OR TIED.
MM INDICATES DATA IS MISSING.
T  INDICATES TRACE AMOUNT.




$$
