000
CDUS46 KMFR 260845
CLISIY


CLIMATE REPORT
NATIONAL WEATHER SERVICE MEDFORD, OR
1244 AM PST MON JAN 26 2015


...................................

...THE MONTAGUE CA CLIMATE SUMMARY FOR JANUARY 25 2015...

CLIMATE NORMAL PERIOD 1981 TO 2010
CLIMATE RECORD PERIOD 1948 TO 2015


WEATHER ITEM   OBSERVED TIME   RECORD YEAR NORMAL DEPARTURE LAST
                VALUE   (LST)  VALUE       VALUE  FROM      YEAR
                                                  NORMAL
..................................................................
TEMPERATURE (F)
 YESTERDAY
  MAXIMUM         57    429 PM  59    1984  45     12       58
  MINIMUM         25    444 AM   1    1949  26     -1       19
  AVERAGE         41                        36      5       39

PRECIPITATION (IN)
  YESTERDAY        0.00          0.80 1958   0.04  -0.04     0.00
  MONTH TO DATE    0.71                      1.95  -1.24     0.11
  SINCE OCT 1      6.62                      8.78  -2.16     0.75
  SINCE JAN 1      0.71                      1.95  -1.24     0.11

SNOWFALL (IN)
  YESTERDAY       MM                        MM     MM       MM
  MONTH TO DATE   MM                        MM     MM       MM
  SINCE JUL 1     MM                        MM     MM        0.0
  SNOW DEPTH      MM

DEGREE DAYS
 HEATING
  YESTERDAY       24                        29     -5       26
  MONTH TO DATE  666                       749    -83      766
  SINCE DEC 1   1399                      1676   -277     1924
  SINCE JUL 1   2404                      2982   -578     3244

 COOLING
  YESTERDAY        0                         0      0        0
  MONTH TO DATE    0                         0      0        0
  SINCE DEC 1      0                         0      0        0
  SINCE JAN 1      0                         0      0        0
..................................................................


WIND (MPH)
  HIGHEST WIND SPEED     7   HIGHEST WIND DIRECTION     S (190)
  HIGHEST GUST SPEED     9   HIGHEST GUST DIRECTION    SW (210)
  AVERAGE WIND SPEED     1.2


SKY COVER
  POSSIBLE SUNSHINE  MM
  AVERAGE SKY COVER 0.3


WEATHER CONDITIONS
 THE FOLLOWING WEATHER WAS RECORDED YESTERDAY.
  FOG
  FOG W/VISIBILITY <= 1/4 MILE


RELATIVE HUMIDITY (PERCENT)
 HIGHEST   100           100 AM
 LOWEST     55           400 PM

..........................................................


THE MONTAGUE CA CLIMATE NORMALS FOR TODAY
                         NORMAL    RECORD    YEAR
 MAXIMUM TEMPERATURE (F)   45        63      1987
 MINIMUM TEMPERATURE (F)   26         4      1957


SUNRISE AND SUNSET
JANUARY 26 2015.......SUNRISE   728 AM PST   SUNSET   517 PM PST
JANUARY 27 2015.......SUNRISE   727 AM PST   SUNSET   519 PM PST


-  INDICATES NEGATIVE NUMBERS.
R  INDICATES RECORD WAS SET OR TIED.
MM INDICATES DATA IS MISSING.
T  INDICATES TRACE AMOUNT.




$$
