351
CDUS46 KMFR 270836
CLISIY


CLIMATE REPORT
NATIONAL WEATHER SERVICE MEDFORD, OR
136 AM PDT SAT AUG 27 2016


...................................

...THE MONTAGUE CA CLIMATE SUMMARY FOR AUGUST 26 2016...

CLIMATE NORMAL PERIOD 1981 TO 2010
CLIMATE RECORD PERIOD 1948 TO 2016


WEATHER ITEM   OBSERVED TIME   RECORD YEAR NORMAL DEPARTURE LAST
                VALUE   (LST)  VALUE       VALUE  FROM      YEAR
                                                  NORMAL
..................................................................
TEMPERATURE (F)
 YESTERDAY
  MAXIMUM         96    404 PM  97    1988  87      9       92
  MINIMUM         47    552 AM  33    1993  49     -2       54
  AVERAGE         72                        68      4       73

PRECIPITATION (IN)
  YESTERDAY        0.00          0.12 1978   0.01  -0.01     0.00
  MONTH TO DATE    0.02                      0.32  -0.30     0.01
  SINCE OCT 1     15.14                     17.81  -2.67    13.13
  SINCE JAN 1     10.05                     10.98  -0.93     7.22

SNOWFALL (IN)
  YESTERDAY       MM                        MM     MM       MM
  MONTH TO DATE   MM                        MM     MM       MM
  SINCE JUL 1     MM                        MM     MM       MM
  SNOW DEPTH      MM

DEGREE DAYS
 HEATING
  YESTERDAY        0                         1     -1        0
  MONTH TO DATE    0                         4     -4        0
  SINCE JUN 1     85                       101    -16       17
  SINCE JUL 1     12                         8      4        0

 COOLING
  YESTERDAY        7                         4      3        8
  MONTH TO DATE  246                       171     75      238
  SINCE JUN 1    624                       471    153      796
  SINCE JAN 1    628                       484    144      811
..................................................................


WIND (MPH)
  HIGHEST WIND SPEED    16   HIGHEST WIND DIRECTION     N (360)
  HIGHEST GUST SPEED    20   HIGHEST GUST DIRECTION     N (350)
  AVERAGE WIND SPEED     4.1


SKY COVER
  POSSIBLE SUNSHINE  MM
  AVERAGE SKY COVER 0.0


WEATHER CONDITIONS
 THE FOLLOWING WEATHER WAS RECORDED YESTERDAY.
  NO SIGNIFICANT WEATHER WAS OBSERVED.


RELATIVE HUMIDITY (PERCENT)
 HIGHEST    46           500 AM
 LOWEST      9           400 PM

..........................................................


THE MONTAGUE CA CLIMATE NORMALS FOR TODAY
                         NORMAL    RECORD    YEAR
 MAXIMUM TEMPERATURE (F)   87        99      1971
 MINIMUM TEMPERATURE (F)   49        40      1960


SUNRISE AND SUNSET
AUGUST 27 2016........SUNRISE   631 AM PDT   SUNSET   750 PM PDT
AUGUST 28 2016........SUNRISE   632 AM PDT   SUNSET   749 PM PDT


-  INDICATES NEGATIVE NUMBERS.
R  INDICATES RECORD WAS SET OR TIED.
MM INDICATES DATA IS MISSING.
T  INDICATES TRACE AMOUNT.




$$
