000
CDUS46 KMFR 280037
CLISIY


CLIMATE REPORT
NATIONAL WEATHER SERVICE MEDFORD, OR
537 PM PDT TUE SEP 27 2016


...................................

...THE MONTAGUE CA CLIMATE SUMMARY FOR SEPTEMBER 27 2016...
VALID TODAY AS OF 0500 PM LOCAL TIME.

CLIMATE NORMAL PERIOD 1981 TO 2010
CLIMATE RECORD PERIOD 1948 TO 2016


WEATHER ITEM   OBSERVED TIME   RECORD YEAR NORMAL DEPARTURE LAST
                VALUE   (LST)  VALUE       VALUE  FROM      YEAR
                                                  NORMAL
..................................................................
TEMPERATURE (F)
 TODAY
  MAXIMUM         93    347 PM  96    2003  78     15       84
  MINIMUM         46    606 AM  29    2013  40      6       43
  AVERAGE         70                        59     11       64

PRECIPITATION (IN)
  TODAY            0.00          0.60 1957   0.04  -0.04     0.00
  MONTH TO DATE    0.18                      0.55  -0.37      T
  SINCE OCT 1     15.32                     18.38  -3.06    13.13
  SINCE JAN 1     10.23                     11.55  -1.32     7.22

SNOWFALL (IN)
  TODAY           MM                        MM     MM       MM
  MONTH TO DATE   MM                        MM     MM       MM
  SINCE JUL 1     MM                        MM     MM       MM
  SNOW DEPTH      MM

DEGREE DAYS
 HEATING
  TODAY            0                         7     -7        1
  MONTH TO DATE   92                       103    -11       80
  SINCE SEP 1     92                       103    -11       80
  SINCE JUL 1    105                       120    -15       81

 COOLING
  TODAY            5                         0      5        0
  MONTH TO DATE   30                        42    -12       76
  SINCE SEP 1     30                        42    -12       76
  SINCE JAN 1    684                       543    141      913
..................................................................


WIND (MPH)
  HIGHEST WIND SPEED     7   HIGHEST WIND DIRECTION     E (70)
  HIGHEST GUST SPEED     9   HIGHEST GUST DIRECTION     W (260)
  AVERAGE WIND SPEED     1.9


SKY COVER
  POSSIBLE SUNSHINE  MM
  AVERAGE SKY COVER 0.0


WEATHER CONDITIONS
 THE FOLLOWING WEATHER WAS RECORDED TODAY.
  NO SIGNIFICANT WEATHER WAS OBSERVED.


RELATIVE HUMIDITY (PERCENT)
 HIGHEST    65           600 AM
 LOWEST     11           400 PM

..........................................................


THE MONTAGUE CA CLIMATE NORMALS FOR TOMORROW
                         NORMAL    RECORD    YEAR
 MAXIMUM TEMPERATURE (F)   77        95      1967
 MINIMUM TEMPERATURE (F)   40        33      1986


SUNRISE AND SUNSET
SEPTEMBER 27 2016.....SUNRISE   703 AM PDT   SUNSET   657 PM PDT
SEPTEMBER 28 2016.....SUNRISE   704 AM PDT   SUNSET   656 PM PDT


-  INDICATES NEGATIVE NUMBERS.
R  INDICATES RECORD WAS SET OR TIED.
MM INDICATES DATA IS MISSING.
T  INDICATES TRACE AMOUNT.




$$
